-- Table structure for table `quote_address_item`
--

CREATE TABLE `quote_address_item` (
  `address_item_id` int(10) unsigned NOT NULL AUTO_INCREMENT COMMENT 'Address Item ID',
  `parent_item_id` int(10) unsigned DEFAULT NULL COMMENT 'Parent Item ID',
  `quote_address_id` int(10) unsigned NOT NULL DEFAULT '0' COMMENT 'Quote Address ID',
  `quote_item_id` int(10) unsigned NOT NULL DEFAULT '0' COMMENT 'Quote Item ID',
  `created_at` timestamp NOT NULL DEFAULT CURRENT_TIMESTAMP COMMENT 'Created At',
  `updated_at` timestamp NOT NULL DEFAULT CURRENT_TIMESTAMP ON UPDATE CURRENT_TIMESTAMP COMMENT 'Updated At',
  `applied_rule_ids` text COMMENT 'Applied Rule Ids',
  `additional_data` text COMMENT 'Additional Data',
  `weight` decimal(12,4) DEFAULT '0.0000' COMMENT 'Weight',
  `qty` decimal(12,4) NOT NULL DEFAULT '0.0000' COMMENT 'Qty',
  `discount_amount` decimal(20,4) DEFAULT '0.0000' COMMENT 'Discount Amount',
  `tax_amount` decimal(20,4) DEFAULT '0.0000' COMMENT 'Tax Amount',
  `row_total` decimal(20,4) NOT NULL DEFAULT '0.0000' COMMENT 'Row Total',
  `base_row_total` decimal(20,4) NOT NULL DEFAULT '0.0000' COMMENT 'Base Row Total',
  `row_total_with_discount` decimal(20,4) DEFAULT '0.0000' COMMENT 'Row Total With Discount',
  `base_discount_amount` decimal(20,4) DEFAULT '0.0000' COMMENT 'Base Discount Amount',
  `base_tax_amount` decimal(20,4) DEFAULT '0.0000' COMMENT 'Base Tax Amount',
  `row_weight` decimal(12,4) DEFAULT '0.0000' COMMENT 'Row Weight',
  `product_id` int(10) unsigned DEFAULT NULL COMMENT 'Product ID',
  `super_product_id` int(10) unsigned DEFAULT NULL COMMENT 'Super Product ID',
  `parent_product_id` int(10) unsigned DEFAULT NULL COMMENT 'Parent Product ID',
  `store_id` smallint(5) unsigned DEFAULT NULL COMMENT 'Store ID',
  `sku` varchar(255) DEFAULT NULL COMMENT 'Sku',
  `image` varchar(255) DEFAULT NULL COMMENT 'Image',
  `name` varchar(255) DEFAULT NULL COMMENT 'Name',
  `description` text COMMENT 'Description',
  `is_qty_decimal` int(10) unsigned DEFAULT NULL COMMENT 'Is Qty Decimal',
  `price` decimal(12,4) DEFAULT NULL COMMENT 'Price',
  `discount_percent` decimal(12,4) DEFAULT NULL COMMENT 'Discount Percent',
  `no_discount` int(10) unsigned DEFAULT NULL COMMENT 'No Discount',
  `tax_percent` decimal(12,4) DEFAULT NULL COMMENT 'Tax Percent',
  `base_price` decimal(12,4) DEFAULT NULL COMMENT 'Base Price',
  `base_cost` decimal(12,4) DEFAULT NULL COMMENT 'Base Cost',
  `price_incl_tax` decimal(20,4) DEFAULT NULL COMMENT 'Price Incl Tax',
  `base_price_incl_tax` decimal(20,4) DEFAULT NULL COMMENT 'Base Price Incl Tax',
  `row_total_incl_tax` decimal(20,4) DEFAULT NULL COMMENT 'Row Total Incl Tax',
  `base_row_total_incl_tax` decimal(20,4) DEFAULT NULL COMMENT 'Base Row Total Incl Tax',
  `discount_tax_compensation_amount` decimal(20,4) DEFAULT NULL COMMENT 'Discount Tax Compensation Amount',
  `base_discount_tax_compensation_amount` decimal(20,4) DEFAULT NULL COMMENT 'Base Discount Tax Compensation Amount',
  `gift_message_id` int(11) DEFAULT NULL COMMENT 'Gift Message ID',
  `free_shipping` int(10) unsigned DEFAULT NULL COMMENT 'Free Shipping',
  PRIMARY KEY (`address_item_id`),
  KEY `QUOTE_ADDRESS_ITEM_QUOTE_ADDRESS_ID` (`quote_address_id`),
  KEY `QUOTE_ADDRESS_ITEM_PARENT_ITEM_ID` (`parent_item_id`),
  KEY `QUOTE_ADDRESS_ITEM_QUOTE_ITEM_ID` (`quote_item_id`),
  KEY `QUOTE_ADDRESS_ITEM_STORE_ID` (`store_id`),
  CONSTRAINT `QUOTE_ADDRESS_ITEM_QUOTE_ADDRESS_ID_QUOTE_ADDRESS_ADDRESS_ID` FOREIGN KEY (`quote_address_id`) REFERENCES `quote_address` (`address_id`) ON DELETE CASCADE,
  CONSTRAINT `QUOTE_ADDRESS_ITEM_QUOTE_ITEM_ID_QUOTE_ITEM_ITEM_ID` FOREIGN KEY (`quote_item_id`) REFERENCES `quote_item` (`item_id`) ON DELETE CASCADE,
  CONSTRAINT `QUOTE_ADDR_ITEM_PARENT_ITEM_ID_QUOTE_ADDR_ITEM_ADDR_ITEM_ID` FOREIGN KEY (`parent_item_id`) REFERENCES `quote_address_item` (`address_item_id`) ON DELETE CASCADE
) ENGINE=InnoDB DEFAULT CHARSET=utf8 COMMENT='Sales Flat Quote Address Item';

--
-- Dumping data for table `quote_address_item`
--


--
-- Table structure for table `quote_id_mask`
--

CREATE TABLE `quote_id_mask` (
  `entity_id` int(10) unsigned NOT NULL AUTO_INCREMENT COMMENT 'Entity ID',
  `quote_id` int(10) unsigned NOT NULL COMMENT 'Quote ID',
  `masked_id` varchar(32) DEFAULT NULL COMMENT 'Masked ID',
  PRIMARY KEY (`entity_id`,`quote_id`),
  KEY `QUOTE_ID_MASK_QUOTE_ID` (`quote_id`),
  KEY `QUOTE_ID_MASK_MASKED_ID` (`masked_id`),
  CONSTRAINT `QUOTE_ID_MASK_QUOTE_ID_QUOTE_ENTITY_ID` FOREIGN KEY (`quote_id`) REFERENCES `quote` (`entity_id`) ON DELETE CASCADE
) ENGINE=InnoDB AUTO_INCREMENT=15 DEFAULT CHARSET=utf8 COMMENT='Quote ID and masked ID mapping';

--
-- Dumping data for table `quote_id_mask`
--

INSERT INTO `quote_id_mask` VALUES (9,223,'C6NYv2VV0a6siy65yUsCLBpHbLiE2s5k'),(5,167,'dykKK6G90hdaVujA2u5AyBaZ79T6Q9Rk'),(10,226,'f9zI5YENAtS8c3VavezWetLItB5trfIJ'),(1,140,'fLxvehe8xs5xhYPpcCSZTEi8j0T0f4UG'),(12,334,'GMiuXQevafkRVFCi5Jvood6McFcvpOO7'),(8,220,'HNEynpZpuAS3xAyH2Cjld9kQQLOIFctt'),(2,149,'JAhN5YUZb9ADD03Kdt0xuk93rSHyrYxW'),(13,360,'mWlH3RMiiUJUur4KYIWexrnibIrvpPxC'),(7,212,'mydN3OjjBVVpETEkTUhpprPFqo80v2rS'),(3,153,'OvuQ07I4XtoRIV3ys0Pz2opCEN584zkC'),(11,305,'OZcRkLAO2g5hKWzZdzuKhWhyNphWekiE'),(4,156,'sAv2BBexvY73hYzuGos2QxklQdZeK7dO'),(6,178,'sxhySooHCcpniS8hTHiL8O48BRqc5IBX');

--
-- Table structure for table `quote_item`
--

CREATE TABLE `quote_item` (
  `item_id` int(10) unsigned NOT NULL AUTO_INCREMENT COMMENT 'Item ID',
  `quote_id` int(10) unsigned NOT NULL DEFAULT '0' COMMENT 'Quote ID',
  `created_at` timestamp NOT NULL DEFAULT CURRENT_TIMESTAMP COMMENT 'Created At',
  `updated_at` timestamp NOT NULL DEFAULT CURRENT_TIMESTAMP ON UPDATE CURRENT_TIMESTAMP COMMENT 'Updated At',
  `product_id` int(10) unsigned DEFAULT NULL COMMENT 'Product ID',
  `store_id` smallint(5) unsigned DEFAULT NULL COMMENT 'Store ID',
  `parent_item_id` int(10) unsigned DEFAULT NULL COMMENT 'Parent Item ID',
  `is_virtual` smallint(5) unsigned DEFAULT NULL COMMENT 'Is Virtual',
  `sku` varchar(255) DEFAULT NULL COMMENT 'Sku',
  `name` varchar(255) DEFAULT NULL COMMENT 'Name',
  `description` text COMMENT 'Description',
  `applied_rule_ids` text COMMENT 'Applied Rule Ids',
  `additional_data` text COMMENT 'Additional Data',
  `is_qty_decimal` smallint(5) unsigned DEFAULT NULL COMMENT 'Is Qty Decimal',
  `no_discount` smallint(5) unsigned DEFAULT '0' COMMENT 'No Discount',
  `weight` decimal(12,4) DEFAULT '0.0000' COMMENT 'Weight',
  `qty` decimal(12,4) NOT NULL DEFAULT '0.0000' COMMENT 'Qty',
  `price` decimal(12,4) NOT NULL DEFAULT '0.0000' COMMENT 'Price',
  `base_price` decimal(12,4) NOT NULL DEFAULT '0.0000' COMMENT 'Base Price',
  `custom_price` decimal(12,4) DEFAULT NULL COMMENT 'Custom Price',
  `discount_percent` decimal(12,4) DEFAULT '0.0000' COMMENT 'Discount Percent',
  `discount_amount` decimal(20,4) DEFAULT '0.0000' COMMENT 'Discount Amount',
  `base_discount_amount` decimal(20,4) DEFAULT '0.0000' COMMENT 'Base Discount Amount',
  `tax_percent` decimal(12,4) DEFAULT '0.0000' COMMENT 'Tax Percent',
  `tax_amount` decimal(20,4) DEFAULT '0.0000' COMMENT 'Tax Amount',
  `base_tax_amount` decimal(20,4) DEFAULT '0.0000' COMMENT 'Base Tax Amount',
  `row_total` decimal(20,4) NOT NULL DEFAULT '0.0000' COMMENT 'Row Total',
  `base_row_total` decimal(20,4) NOT NULL DEFAULT '0.0000' COMMENT 'Base Row Total',
  `row_total_with_discount` decimal(20,4) DEFAULT '0.0000' COMMENT 'Row Total With Discount',
  `row_weight` decimal(12,4) DEFAULT '0.0000' COMMENT 'Row Weight',
  `product_type` varchar(255) DEFAULT NULL COMMENT 'Product Type',
  `base_tax_before_discount` decimal(20,4) DEFAULT NULL COMMENT 'Base Tax Before Discount',
  `tax_before_discount` decimal(20,4) DEFAULT NULL COMMENT 'Tax Before Discount',
  `original_custom_price` decimal(12,4) DEFAULT NULL COMMENT 'Original Custom Price',
  `redirect_url` varchar(255) DEFAULT NULL COMMENT 'Redirect Url',
  `base_cost` decimal(12,4) DEFAULT NULL COMMENT 'Base Cost',
  `price_incl_tax` decimal(20,4) DEFAULT NULL COMMENT 'Price Incl Tax',
  `base_price_incl_tax` decimal(20,4) DEFAULT NULL COMMENT 'Base Price Incl Tax',
  `row_total_incl_tax` decimal(20,4) DEFAULT NULL COMMENT 'Row Total Incl Tax',
  `base_row_total_incl_tax` decimal(20,4) DEFAULT NULL COMMENT 'Base Row Total Incl Tax',
  `discount_tax_compensation_amount` decimal(20,4) DEFAULT NULL COMMENT 'Discount Tax Compensation Amount',
  `base_discount_tax_compensation_amount` decimal(20,4) DEFAULT NULL COMMENT 'Base Discount Tax Compensation Amount',
  `gift_message_id` int(11) DEFAULT NULL COMMENT 'Gift Message ID',
  `free_shipping` smallint(5) unsigned NOT NULL DEFAULT '0' COMMENT 'Free Shipping',
  `weee_tax_applied` text COMMENT 'Weee Tax Applied',
  `weee_tax_applied_amount` decimal(12,4) DEFAULT NULL COMMENT 'Weee Tax Applied Amount',
  `weee_tax_applied_row_amount` decimal(12,4) DEFAULT NULL COMMENT 'Weee Tax Applied Row Amount',
  `weee_tax_disposition` decimal(12,4) DEFAULT NULL COMMENT 'Weee Tax Disposition',
  `weee_tax_row_disposition` decimal(12,4) DEFAULT NULL COMMENT 'Weee Tax Row Disposition',
  `base_weee_tax_applied_amount` decimal(12,4) DEFAULT NULL COMMENT 'Base Weee Tax Applied Amount',
  `base_weee_tax_applied_row_amnt` decimal(12,4) DEFAULT NULL COMMENT 'Base Weee Tax Applied Row Amnt',
  `base_weee_tax_disposition` decimal(12,4) DEFAULT NULL COMMENT 'Base Weee Tax Disposition',
  `base_weee_tax_row_disposition` decimal(12,4) DEFAULT NULL COMMENT 'Base Weee Tax Row Disposition',
  PRIMARY KEY (`item_id`),
  KEY `QUOTE_ITEM_PARENT_ITEM_ID` (`parent_item_id`),
  KEY `QUOTE_ITEM_PRODUCT_ID` (`product_id`),
  KEY `QUOTE_ITEM_QUOTE_ID` (`quote_id`),
  KEY `QUOTE_ITEM_STORE_ID` (`store_id`),
  CONSTRAINT `QUOTE_ITEM_PARENT_ITEM_ID_QUOTE_ITEM_ITEM_ID` FOREIGN KEY (`parent_item_id`) REFERENCES `quote_item` (`item_id`) ON DELETE CASCADE,
  CONSTRAINT `QUOTE_ITEM_QUOTE_ID_QUOTE_ENTITY_ID` FOREIGN KEY (`quote_id`) REFERENCES `quote` (`entity_id`) ON DELETE CASCADE,
  CONSTRAINT `QUOTE_ITEM_STORE_ID_STORE_STORE_ID` FOREIGN KEY (`store_id`) REFERENCES `store` (`store_id`) ON DELETE SET NULL
) ENGINE=InnoDB AUTO_INCREMENT=593 DEFAULT CHARSET=utf8 COMMENT='Sales Flat Quote Item';

--
-- Dumping data for table `quote_item`
--

INSERT INTO `quote_item` VALUES (379,149,'2022-05-13 06:50:21','2022-05-13 06:50:21',298,5,NULL,0,'test121','test121',NULL,NULL,NULL,0,0,NULL,1.0000,2.0000,2.0000,NULL,0.0000,0.0000,0.0000,0.0000,0.0000,0.0000,2.0000,2.0000,0.0000,0.0000,'simple',NULL,NULL,NULL,NULL,NULL,2.0000,2.0000,2.0000,2.0000,0.0000,0.0000,NULL,0,NULL,NULL,NULL,NULL,NULL,NULL,NULL,NULL,NULL),(380,153,'2022-05-24 09:48:40','2022-05-24 09:48:41',19498,5,NULL,0,'1118233','1118233-ZP83KCE-TFD-950',NULL,NULL,NULL,0,0,NULL,2.0000,1826.0000,1826.0000,NULL,0.0000,0.0000,0.0000,0.0000,0.0000,0.0000,3652.0000,3652.0000,0.0000,0.0000,'simple',NULL,NULL,NULL,NULL,NULL,1826.0000,1826.0000,3652.0000,3652.0000,0.0000,0.0000,NULL,0,NULL,NULL,NULL,NULL,NULL,NULL,NULL,NULL,NULL),(381,154,'2022-05-24 13:43:53','2022-05-24 13:43:53',4298,5,NULL,0,'1037635','1037635-502-0827',NULL,NULL,NULL,0,0,NULL,1.0000,9.0000,9.0000,NULL,0.0000,0.0000,0.0000,0.0000,0.0000,0.0000,9.0000,9.0000,0.0000,0.0000,'simple',NULL,NULL,NULL,NULL,NULL,9.0000,9.0000,9.0000,9.0000,0.0000,0.0000,NULL,0,NULL,NULL,NULL,NULL,NULL,NULL,NULL,NULL,NULL),(382,155,'2022-05-24 23:37:47','2022-05-24 23:37:47',4299,5,NULL,0,'7099433','7099433-5025',NULL,NULL,NULL,0,0,NULL,1.0000,10.5000,10.5000,NULL,0.0000,0.0000,0.0000,0.0000,0.0000,0.0000,10.5000,10.5000,0.0000,0.0000,'simple',NULL,NULL,NULL,NULL,NULL,10.5000,10.5000,10.5000,10.5000,0.0000,0.0000,NULL,0,NULL,NULL,NULL,NULL,NULL,NULL,NULL,NULL,NULL),(384,156,'2022-05-24 23:39:24','2022-05-24 23:39:24',19407,5,NULL,0,'7048291','7048291-YA6CLBOX',NULL,NULL,NULL,0,0,NULL,1.0000,1.0000,1.0000,NULL,0.0000,0.0000,0.0000,0.0000,0.0000,0.0000,1.0000,1.0000,0.0000,0.0000,'simple',NULL,NULL,NULL,NULL,NULL,1.0000,1.0000,1.0000,1.0000,0.0000,0.0000,NULL,0,NULL,NULL,NULL,NULL,NULL,NULL,NULL,NULL,NULL),(385,160,'2022-06-02 15:03:42','2022-06-02 15:03:42',16009,5,NULL,0,'7129773','7129773-P3BSPD160400Y2C',NULL,NULL,NULL,0,0,NULL,1.0000,31342.0000,31342.0000,NULL,0.0000,0.0000,0.0000,0.0000,0.0000,0.0000,31342.0000,31342.0000,0.0000,0.0000,'simple',NULL,NULL,NULL,NULL,NULL,31342.0000,31342.0000,31342.0000,31342.0000,0.0000,0.0000,NULL,0,NULL,NULL,NULL,NULL,NULL,NULL,NULL,NULL,NULL),(386,163,'2022-06-02 15:11:11','2022-06-02 15:11:11',16009,5,NULL,0,'7129773','7129773-P3BSPD160400Y2C',NULL,NULL,NULL,0,0,NULL,1.0000,31342.0000,31342.0000,NULL,0.0000,0.0000,0.0000,0.0000,0.0000,0.0000,31342.0000,31342.0000,0.0000,0.0000,'simple',NULL,NULL,NULL,NULL,NULL,31342.0000,31342.0000,31342.0000,31342.0000,0.0000,0.0000,NULL,0,NULL,NULL,NULL,NULL,NULL,NULL,NULL,NULL,NULL),(387,165,'2022-06-02 15:32:16','2022-06-02 15:32:16',15787,5,NULL,0,'1069235','1069235-Nucom-10NL-150',NULL,NULL,NULL,0,0,NULL,1.0000,6678.0000,6678.0000,NULL,0.0000,0.0000,0.0000,0.0000,0.0000,0.0000,6678.0000,6678.0000,0.0000,0.0000,'simple',NULL,NULL,NULL,NULL,NULL,6678.0000,6678.0000,6678.0000,6678.0000,0.0000,0.0000,NULL,0,NULL,NULL,NULL,NULL,NULL,NULL,NULL,NULL,NULL),(388,166,'2022-06-02 15:57:40','2022-06-02 15:57:40',17661,5,NULL,0,'7123463','7123463-SPD200480Y3C',NULL,NULL,NULL,0,0,NULL,1.0000,7776.3000,7776.3000,NULL,0.0000,0.0000,0.0000,0.0000,0.0000,0.0000,7776.3000,7776.3000,0.0000,0.0000,'simple',NULL,NULL,NULL,NULL,NULL,7776.3000,7776.3000,7776.3000,7776.3000,0.0000,0.0000,NULL,0,NULL,NULL,NULL,NULL,NULL,NULL,NULL,NULL,NULL),(389,167,'2022-06-02 16:54:25','2022-06-02 16:54:25',16009,5,NULL,0,'7129773','7129773-P3BSPD160400Y2C',NULL,NULL,NULL,0,0,NULL,1.0000,31342.0000,31342.0000,NULL,0.0000,0.0000,0.0000,0.0000,0.0000,0.0000,31342.0000,31342.0000,0.0000,0.0000,'simple',NULL,NULL,NULL,NULL,NULL,31342.0000,31342.0000,31342.0000,31342.0000,0.0000,0.0000,NULL,0,NULL,NULL,NULL,NULL,NULL,NULL,NULL,NULL,NULL),(390,169,'2022-06-02 16:59:19','2022-06-02 16:59:19',16779,5,NULL,0,'1049155','1049155-RGC316039EC',NULL,NULL,NULL,0,0,NULL,1.0000,33200.0000,33200.0000,NULL,0.0000,0.0000,0.0000,0.0000,0.0000,0.0000,33200.0000,33200.0000,0.0000,0.0000,'simple',NULL,NULL,NULL,NULL,NULL,33200.0000,33200.0000,33200.0000,33200.0000,0.0000,0.0000,NULL,0,NULL,NULL,NULL,NULL,NULL,NULL,NULL,NULL,NULL),(391,170,'2022-06-02 17:00:41','2022-06-02 17:00:41',16779,5,NULL,0,'1049155','1049155-RGC316039EC',NULL,NULL,NULL,0,0,NULL,1.0000,33200.0000,33200.0000,NULL,0.0000,0.0000,0.0000,0.0000,0.0000,0.0000,33200.0000,33200.0000,0.0000,0.0000,'simple',NULL,NULL,NULL,NULL,NULL,33200.0000,33200.0000,33200.0000,33200.0000,0.0000,0.0000,NULL,0,NULL,NULL,NULL,NULL,NULL,NULL,NULL,NULL,NULL),(392,171,'2022-06-02 17:11:05','2022-06-02 17:11:05',16779,5,NULL,0,'1049155','1049155-RGC316039EC',NULL,NULL,NULL,0,0,NULL,1.0000,33200.0000,33200.0000,NULL,0.0000,0.0000,0.0000,0.0000,0.0000,0.0000,33200.0000,33200.0000,0.0000,0.0000,'simple',NULL,NULL,NULL,NULL,NULL,33200.0000,33200.0000,33200.0000,33200.0000,0.0000,0.0000,NULL,0,NULL,NULL,NULL,NULL,NULL,NULL,NULL,NULL,NULL),(393,173,'2022-06-02 17:32:28','2022-06-02 17:32:28',16779,5,NULL,0,'1049155','1049155-RGC316039EC',NULL,NULL,NULL,0,0,NULL,1.0000,33200.0000,33200.0000,NULL,0.0000,0.0000,0.0000,0.0000,0.0000,0.0000,33200.0000,33200.0000,0.0000,0.0000,'simple',NULL,NULL,NULL,NULL,NULL,33200.0000,33200.0000,33200.0000,33200.0000,0.0000,0.0000,NULL,0,NULL,NULL,NULL,NULL,NULL,NULL,NULL,NULL,NULL),(394,176,'2022-06-03 15:49:47','2022-06-03 15:49:47',16779,5,NULL,0,'1049155','1049155-RGC316039EC',NULL,NULL,NULL,0,0,NULL,1.0000,33200.0000,33200.0000,NULL,0.0000,0.0000,0.0000,0.0000,0.0000,0.0000,33200.0000,33200.0000,0.0000,0.0000,'simple',NULL,NULL,NULL,NULL,NULL,33200.0000,33200.0000,33200.0000,33200.0000,0.0000,0.0000,NULL,0,NULL,NULL,NULL,NULL,NULL,NULL,NULL,NULL,NULL),(395,177,'2022-06-03 16:23:34','2022-06-03 16:23:34',12380,5,NULL,0,'7123461','7123461-CNDC312T106W',NULL,NULL,NULL,0,0,NULL,1.0000,38136.0000,38136.0000,NULL,0.0000,0.0000,0.0000,0.0000,0.0000,0.0000,38136.0000,38136.0000,0.0000,0.0000,'simple',NULL,NULL,NULL,NULL,NULL,38136.0000,38136.0000,38136.0000,38136.0000,0.0000,0.0000,NULL,0,NULL,NULL,NULL,NULL,NULL,NULL,NULL,NULL,NULL),(397,179,'2022-06-07 09:52:33','2022-06-07 09:52:33',16779,5,NULL,0,'1049155','1049155-RGC316039EC',NULL,NULL,NULL,0,0,NULL,1.0000,33200.0000,33200.0000,NULL,0.0000,0.0000,0.0000,0.0000,0.0000,0.0000,33200.0000,33200.0000,0.0000,0.0000,'simple',NULL,NULL,NULL,NULL,NULL,33200.0000,33200.0000,33200.0000,33200.0000,0.0000,0.0000,NULL,0,NULL,NULL,NULL,NULL,NULL,NULL,NULL,NULL,NULL),(398,180,'2022-06-07 12:46:40','2022-06-07 12:46:50',17661,5,NULL,0,'7123463','7123463-SPD200480Y3C',NULL,NULL,NULL,0,0,NULL,2.0000,7776.3000,7776.3000,NULL,0.0000,0.0000,0.0000,0.0000,0.0000,0.0000,15552.6000,15552.6000,0.0000,0.0000,'simple',NULL,NULL,NULL,NULL,NULL,7776.3000,7776.3000,15552.6000,15552.6000,0.0000,0.0000,NULL,0,NULL,NULL,NULL,NULL,NULL,NULL,NULL,NULL,NULL),(399,180,'2022-06-07 12:46:42','2022-06-07 12:46:42',15787,5,NULL,0,'1069235','1069235-Nucom-10NL-150',NULL,NULL,NULL,0,0,NULL,1.0000,6678.0000,6678.0000,NULL,0.0000,0.0000,0.0000,0.0000,0.0000,0.0000,6678.0000,6678.0000,0.0000,0.0000,'simple',NULL,NULL,NULL,NULL,NULL,6678.0000,6678.0000,6678.0000,6678.0000,0.0000,0.0000,NULL,0,NULL,NULL,NULL,NULL,NULL,NULL,NULL,NULL,NULL),(400,181,'2022-06-08 18:42:31','2022-06-08 18:42:31',739,5,NULL,0,'1096762','1096762-0487E3X411XXC3X4H5X',NULL,NULL,NULL,0,0,NULL,1.0000,21329.2800,21329.2800,NULL,0.0000,0.0000,0.0000,0.0000,0.0000,0.0000,21329.2800,21329.2800,0.0000,0.0000,'simple',NULL,NULL,NULL,NULL,NULL,21329.2800,21329.2800,21329.2800,21329.2800,0.0000,0.0000,NULL,0,NULL,NULL,NULL,NULL,NULL,NULL,NULL,NULL,NULL),(401,182,'2022-06-08 18:52:06','2022-06-08 18:52:06',477,5,NULL,0,'1111015','1111015-0116B6708G43A73W5',NULL,NULL,NULL,0,0,NULL,1.0000,57.0000,57.0000,NULL,0.0000,0.0000,0.0000,0.0000,0.0000,0.0000,57.0000,57.0000,0.0000,0.0000,'simple',NULL,NULL,NULL,NULL,NULL,57.0000,57.0000,57.0000,57.0000,0.0000,0.0000,NULL,0,NULL,NULL,NULL,NULL,NULL,NULL,NULL,NULL,NULL),(402,182,'2022-06-08 18:52:54','2022-06-08 18:52:54',1672,5,NULL,0,'1069266','1069266-1489-M1C150',NULL,NULL,NULL,0,0,NULL,1.0000,99.7500,99.7500,NULL,0.0000,0.0000,0.0000,0.0000,0.0000,0.0000,99.7500,99.7500,0.0000,0.0000,'simple',NULL,NULL,NULL,NULL,NULL,99.7500,99.7500,99.7500,99.7500,0.0000,0.0000,NULL,0,NULL,NULL,NULL,NULL,NULL,NULL,NULL,NULL,NULL),(403,184,'2022-06-08 19:03:57','2022-06-08 19:03:57',12380,5,NULL,0,'7123461','7123461-CNDC312T106W',NULL,NULL,NULL,0,0,NULL,1.0000,38136.0000,38136.0000,NULL,0.0000,0.0000,0.0000,0.0000,0.0000,0.0000,38136.0000,38136.0000,0.0000,0.0000,'simple',NULL,NULL,NULL,NULL,NULL,38136.0000,38136.0000,38136.0000,38136.0000,0.0000,0.0000,NULL,0,NULL,NULL,NULL,NULL,NULL,NULL,NULL,NULL,NULL),(404,185,'2022-06-08 19:14:30','2022-06-08 19:14:30',10043,5,NULL,0,'1118410','1118410-8027899',NULL,NULL,NULL,0,0,NULL,1.0000,743.0000,743.0000,NULL,0.0000,0.0000,0.0000,0.0000,0.0000,0.0000,743.0000,743.0000,0.0000,0.0000,'simple',NULL,NULL,NULL,NULL,NULL,743.0000,743.0000,743.0000,743.0000,0.0000,0.0000,NULL,0,NULL,NULL,NULL,NULL,NULL,NULL,NULL,NULL,NULL),(405,186,'2022-06-08 19:21:18','2022-06-08 19:21:18',971,5,NULL,0,'7088675','7088675-101073828',NULL,NULL,NULL,0,0,NULL,1.0000,918.7500,918.7500,NULL,0.0000,0.0000,0.0000,0.0000,0.0000,0.0000,918.7500,918.7500,0.0000,0.0000,'simple',NULL,NULL,NULL,NULL,NULL,918.7500,918.7500,918.7500,918.7500,0.0000,0.0000,NULL,0,NULL,NULL,NULL,NULL,NULL,NULL,NULL,NULL,NULL),(406,186,'2022-06-08 19:21:23','2022-06-08 19:21:53',996,5,NULL,0,'1056029','1056029-10250T101',NULL,NULL,NULL,0,0,NULL,3.0000,73.5000,73.5000,NULL,0.0000,0.0000,0.0000,0.0000,0.0000,0.0000,220.5000,220.5000,0.0000,0.0000,'simple',NULL,NULL,NULL,NULL,NULL,73.5000,73.5000,220.5000,220.5000,0.0000,0.0000,NULL,0,NULL,NULL,NULL,NULL,NULL,NULL,NULL,NULL,NULL),(407,186,'2022-06-08 19:21:28','2022-06-08 19:21:28',860,5,NULL,0,'1097600','1097600-080A209',NULL,NULL,NULL,0,0,NULL,1.0000,181.2800,181.2800,NULL,0.0000,0.0000,0.0000,0.0000,0.0000,0.0000,181.2800,181.2800,0.0000,0.0000,'simple',NULL,NULL,NULL,NULL,NULL,181.2800,181.2800,181.2800,181.2800,0.0000,0.0000,NULL,0,NULL,NULL,NULL,NULL,NULL,NULL,NULL,NULL,NULL),(408,190,'2022-06-09 16:41:59','2022-06-09 16:41:59',477,5,NULL,0,'1111015','1111015-0116B6708G43A73W5',NULL,NULL,NULL,0,0,NULL,1.0000,57.0000,57.0000,NULL,0.0000,0.0000,0.0000,0.0000,0.0000,0.0000,57.0000,57.0000,0.0000,0.0000,'simple',NULL,NULL,NULL,NULL,NULL,57.0000,57.0000,57.0000,57.0000,0.0000,0.0000,NULL,0,NULL,NULL,NULL,NULL,NULL,NULL,NULL,NULL,NULL),(409,190,'2022-06-09 16:42:26','2022-06-09 16:42:26',12250,5,NULL,0,'1096040','1096040-CE5533',NULL,NULL,NULL,0,0,NULL,1.0000,348.9700,348.9700,NULL,0.0000,0.0000,0.0000,0.0000,0.0000,0.0000,348.9700,348.9700,0.0000,0.0000,'simple',NULL,NULL,NULL,NULL,NULL,348.9700,348.9700,348.9700,348.9700,0.0000,0.0000,NULL,0,NULL,NULL,NULL,NULL,NULL,NULL,NULL,NULL,NULL),(410,191,'2022-06-09 17:27:35','2022-06-09 17:27:35',10044,5,NULL,0,'7131010','7131010-8028320',NULL,NULL,NULL,0,0,NULL,1.0000,10300.0000,10300.0000,NULL,0.0000,0.0000,0.0000,0.0000,0.0000,0.0000,10300.0000,10300.0000,0.0000,0.0000,'simple',NULL,NULL,NULL,NULL,NULL,10300.0000,10300.0000,10300.0000,10300.0000,0.0000,0.0000,NULL,0,NULL,NULL,NULL,NULL,NULL,NULL,NULL,NULL,NULL),(411,192,'2022-06-09 17:34:11','2022-06-09 17:34:16',477,5,NULL,0,'1111015','1111015-0116B6708G43A73W5',NULL,NULL,NULL,0,0,NULL,2.0000,57.0000,57.0000,NULL,0.0000,0.0000,0.0000,0.0000,0.0000,0.0000,114.0000,114.0000,0.0000,0.0000,'simple',NULL,NULL,NULL,NULL,NULL,57.0000,57.0000,114.0000,114.0000,0.0000,0.0000,NULL,0,NULL,NULL,NULL,NULL,NULL,NULL,NULL,NULL,NULL),(412,194,'2022-06-14 13:59:53','2022-06-14 13:59:53',971,5,NULL,0,'7088675','7088675-101073828',NULL,NULL,NULL,0,0,NULL,1.0000,918.7500,918.7500,NULL,0.0000,0.0000,0.0000,0.0000,0.0000,0.0000,918.7500,918.7500,0.0000,0.0000,'simple',NULL,NULL,NULL,NULL,NULL,918.7500,918.7500,918.7500,918.7500,0.0000,0.0000,NULL,0,NULL,NULL,NULL,NULL,NULL,NULL,NULL,NULL,NULL),(413,194,'2022-06-14 13:59:58','2022-06-14 13:59:58',996,5,NULL,0,'1056029','1056029-10250T101',NULL,NULL,NULL,0,0,NULL,1.0000,73.5000,73.5000,NULL,0.0000,0.0000,0.0000,0.0000,0.0000,0.0000,73.5000,73.5000,0.0000,0.0000,'simple',NULL,NULL,NULL,NULL,NULL,73.5000,73.5000,73.5000,73.5000,0.0000,0.0000,NULL,0,NULL,NULL,NULL,NULL,NULL,NULL,NULL,NULL,NULL),(414,196,'2022-06-21 13:03:32','2022-06-21 13:03:32',17661,5,NULL,0,'7123463','7123463-SPD200480Y3C',NULL,NULL,NULL,0,0,NULL,1.0000,7776.3000,7776.3000,NULL,0.0000,0.0000,0.0000,0.0000,0.0000,0.0000,7776.3000,7776.3000,0.0000,0.0000,'simple',NULL,NULL,NULL,NULL,NULL,7776.3000,7776.3000,7776.3000,7776.3000,0.0000,0.0000,NULL,0,NULL,NULL,NULL,NULL,NULL,NULL,NULL,NULL,NULL),(415,197,'2022-06-22 14:29:04','2022-06-22 14:29:04',15786,5,NULL,0,'1069236','1069236-Nucom-10NL-100',NULL,NULL,NULL,0,0,NULL,1.0000,5684.0000,5684.0000,NULL,0.0000,0.0000,0.0000,0.0000,0.0000,0.0000,5684.0000,5684.0000,0.0000,0.0000,'simple',NULL,NULL,NULL,NULL,NULL,5684.0000,5684.0000,5684.0000,5684.0000,0.0000,0.0000,NULL,0,NULL,NULL,NULL,NULL,NULL,NULL,NULL,NULL,NULL),(416,198,'2022-06-22 17:03:41','2022-06-22 17:03:41',16779,5,NULL,0,'1049155','1049155-RGC316039EC',NULL,NULL,NULL,0,0,NULL,1.0000,33200.0000,33200.0000,NULL,0.0000,0.0000,0.0000,0.0000,0.0000,0.0000,33200.0000,33200.0000,0.0000,0.0000,'simple',NULL,NULL,NULL,NULL,NULL,33200.0000,33200.0000,33200.0000,33200.0000,0.0000,0.0000,NULL,0,NULL,NULL,NULL,NULL,NULL,NULL,NULL,NULL,NULL),(417,198,'2022-06-22 17:03:46','2022-06-22 17:03:46',15787,5,NULL,0,'1069235','1069235-Nucom-10NL-150',NULL,NULL,NULL,0,0,NULL,1.0000,6678.0000,6678.0000,NULL,0.0000,0.0000,0.0000,0.0000,0.0000,0.0000,6678.0000,6678.0000,0.0000,0.0000,'simple',NULL,NULL,NULL,NULL,NULL,6678.0000,6678.0000,6678.0000,6678.0000,0.0000,0.0000,NULL,0,NULL,NULL,NULL,NULL,NULL,NULL,NULL,NULL,NULL),(418,203,'2022-06-22 19:24:46','2022-06-22 19:24:54',16779,5,NULL,0,'1049155','1049155-RGC316039EC',NULL,NULL,NULL,0,0,NULL,2.0000,33200.0000,33200.0000,NULL,0.0000,0.0000,0.0000,0.0000,0.0000,0.0000,66400.0000,66400.0000,0.0000,0.0000,'simple',NULL,NULL,NULL,NULL,NULL,33200.0000,33200.0000,66400.0000,66400.0000,0.0000,0.0000,NULL,0,NULL,NULL,NULL,NULL,NULL,NULL,NULL,NULL,NULL),(419,204,'2022-06-23 06:06:12','2022-06-23 06:06:12',16779,5,NULL,0,'1049155','1049155-RGC316039EC',NULL,NULL,NULL,0,0,NULL,1.0000,33200.0000,33200.0000,NULL,0.0000,0.0000,0.0000,0.0000,0.0000,0.0000,33200.0000,33200.0000,0.0000,0.0000,'simple',NULL,NULL,NULL,NULL,NULL,33200.0000,33200.0000,33200.0000,33200.0000,0.0000,0.0000,NULL,0,NULL,NULL,NULL,NULL,NULL,NULL,NULL,NULL,NULL),(420,204,'2022-06-23 06:06:19','2022-06-23 06:06:19',15787,5,NULL,0,'1069235','1069235-Nucom-10NL-150',NULL,NULL,NULL,0,0,NULL,1.0000,6678.0000,6678.0000,NULL,0.0000,0.0000,0.0000,0.0000,0.0000,0.0000,6678.0000,6678.0000,0.0000,0.0000,'simple',NULL,NULL,NULL,NULL,NULL,6678.0000,6678.0000,6678.0000,6678.0000,0.0000,0.0000,NULL,0,NULL,NULL,NULL,NULL,NULL,NULL,NULL,NULL,NULL),(421,205,'2022-06-23 17:24:24','2022-06-23 17:24:24',477,5,NULL,0,'1111015','1111015-0116B6708G43A73W5',NULL,NULL,NULL,0,0,NULL,1.0000,57.0000,57.0000,NULL,0.0000,0.0000,0.0000,0.0000,0.0000,0.0000,57.0000,57.0000,0.0000,0.0000,'simple',NULL,NULL,NULL,NULL,NULL,57.0000,57.0000,57.0000,57.0000,0.0000,0.0000,NULL,0,NULL,NULL,NULL,NULL,NULL,NULL,NULL,NULL,NULL),(422,205,'2022-06-23 17:24:41','2022-06-23 17:24:41',478,5,NULL,0,'1111011','1111011-0116B6708G43G73G4',NULL,NULL,NULL,0,0,NULL,1.0000,60.0000,60.0000,NULL,0.0000,0.0000,0.0000,0.0000,0.0000,0.0000,60.0000,60.0000,0.0000,0.0000,'simple',NULL,NULL,NULL,NULL,NULL,60.0000,60.0000,60.0000,60.0000,0.0000,0.0000,NULL,0,NULL,NULL,NULL,NULL,NULL,NULL,NULL,NULL,NULL),(423,206,'2022-06-23 17:35:01','2022-06-23 17:35:01',477,5,NULL,0,'1111015','1111015-0116B6708G43A73W5',NULL,NULL,NULL,0,0,NULL,1.0000,57.0000,57.0000,NULL,0.0000,0.0000,0.0000,0.0000,0.0000,0.0000,57.0000,57.0000,0.0000,0.0000,'simple',NULL,NULL,NULL,NULL,NULL,57.0000,57.0000,57.0000,57.0000,0.0000,0.0000,NULL,0,NULL,NULL,NULL,NULL,NULL,NULL,NULL,NULL,NULL),(424,206,'2022-06-23 17:35:02','2022-06-23 17:35:02',478,5,NULL,0,'1111011','1111011-0116B6708G43G73G4',NULL,NULL,NULL,0,0,NULL,1.0000,60.0000,60.0000,NULL,0.0000,0.0000,0.0000,0.0000,0.0000,0.0000,60.0000,60.0000,0.0000,0.0000,'simple',NULL,NULL,NULL,NULL,NULL,60.0000,60.0000,60.0000,60.0000,0.0000,0.0000,NULL,0,NULL,NULL,NULL,NULL,NULL,NULL,NULL,NULL,NULL),(425,208,'2022-06-23 18:23:09','2022-06-23 18:23:09',477,5,NULL,0,'1111015','1111015-0116B6708G43A73W5',NULL,NULL,NULL,0,0,NULL,1.0000,57.0000,57.0000,NULL,0.0000,0.0000,0.0000,0.0000,0.0000,0.0000,57.0000,57.0000,0.0000,0.0000,'simple',NULL,NULL,NULL,NULL,NULL,57.0000,57.0000,57.0000,57.0000,0.0000,0.0000,NULL,0,NULL,NULL,NULL,NULL,NULL,NULL,NULL,NULL,NULL),(426,208,'2022-06-23 18:23:10','2022-06-23 18:23:10',478,5,NULL,0,'1111011','1111011-0116B6708G43G73G4',NULL,NULL,NULL,0,0,NULL,1.0000,60.0000,60.0000,NULL,0.0000,0.0000,0.0000,0.0000,0.0000,0.0000,60.0000,60.0000,0.0000,0.0000,'simple',NULL,NULL,NULL,NULL,NULL,60.0000,60.0000,60.0000,60.0000,0.0000,0.0000,NULL,0,NULL,NULL,NULL,NULL,NULL,NULL,NULL,NULL,NULL),(427,209,'2022-06-24 12:59:00','2022-06-24 12:59:00',3849,5,NULL,0,'1088039','1088039-40071354500',NULL,NULL,NULL,0,0,NULL,2.0000,57.7500,57.7500,NULL,0.0000,0.0000,0.0000,0.0000,0.0000,0.0000,115.5000,115.5000,0.0000,0.0000,'simple',NULL,NULL,NULL,NULL,NULL,57.7500,57.7500,115.5000,115.5000,0.0000,0.0000,NULL,0,NULL,NULL,NULL,NULL,NULL,NULL,NULL,NULL,NULL),(428,209,'2022-06-24 12:59:24','2022-06-24 12:59:24',1686,5,NULL,0,'1111227','1111227-1492-EAJ35',NULL,NULL,NULL,0,0,NULL,10.0000,3.0000,3.0000,NULL,0.0000,0.0000,0.0000,0.0000,0.0000,0.0000,30.0000,30.0000,0.0000,0.0000,'simple',NULL,NULL,NULL,NULL,NULL,3.0000,3.0000,30.0000,30.0000,0.0000,0.0000,NULL,0,NULL,NULL,NULL,NULL,NULL,NULL,NULL,NULL,NULL),(429,210,'2022-06-24 13:10:51','2022-06-24 13:10:51',14934,5,NULL,0,'7126344','7126344-KLM-5',NULL,NULL,NULL,0,0,NULL,20.0000,19.6400,19.6400,NULL,0.0000,0.0000,0.0000,0.0000,0.0000,0.0000,392.8000,392.8000,0.0000,0.0000,'simple',NULL,NULL,NULL,NULL,NULL,19.6400,19.6400,392.8000,392.8000,0.0000,0.0000,NULL,0,NULL,NULL,NULL,NULL,NULL,NULL,NULL,NULL,NULL),(430,211,'2022-06-28 14:10:14','2022-06-28 14:10:44',17661,5,NULL,0,'7123463','7123463-SPD200480Y3C',NULL,NULL,NULL,0,0,NULL,100.0000,7776.3000,7776.3000,NULL,0.0000,0.0000,0.0000,0.0000,0.0000,0.0000,777630.0000,777630.0000,0.0000,0.0000,'simple',NULL,NULL,NULL,NULL,NULL,7776.3000,7776.3000,777630.0000,777630.0000,0.0000,0.0000,NULL,0,NULL,NULL,NULL,NULL,NULL,NULL,NULL,NULL,NULL),(431,212,'2022-06-28 15:33:52','2022-06-28 15:33:52',16779,5,NULL,0,'1049155','1049155-RGC316039EC',NULL,NULL,NULL,0,0,NULL,1.0000,33200.0000,33200.0000,NULL,0.0000,0.0000,0.0000,0.0000,0.0000,0.0000,33200.0000,33200.0000,0.0000,0.0000,'simple',NULL,NULL,NULL,NULL,NULL,33200.0000,33200.0000,33200.0000,33200.0000,0.0000,0.0000,NULL,0,NULL,NULL,NULL,NULL,NULL,NULL,NULL,NULL,NULL),(432,218,'2022-06-29 11:49:00','2022-06-29 11:49:00',10016,5,NULL,0,'1110604','1110604-800T-N41',NULL,NULL,NULL,0,0,NULL,1.0000,12.6000,12.6000,NULL,0.0000,0.0000,0.0000,0.0000,0.0000,0.0000,12.6000,12.6000,0.0000,0.0000,'simple',NULL,NULL,NULL,NULL,NULL,12.6000,12.6000,12.6000,12.6000,0.0000,0.0000,NULL,0,NULL,NULL,NULL,NULL,NULL,NULL,NULL,NULL,NULL),(433,219,'2022-06-29 12:47:45','2022-06-29 12:47:45',15787,5,NULL,0,'1069235','1069235-Nucom-10NL-150',NULL,NULL,NULL,0,0,NULL,1.0000,6678.0000,6678.0000,NULL,0.0000,0.0000,0.0000,0.0000,0.0000,0.0000,6678.0000,6678.0000,0.0000,0.0000,'simple',NULL,NULL,NULL,NULL,NULL,6678.0000,6678.0000,6678.0000,6678.0000,0.0000,0.0000,NULL,0,NULL,NULL,NULL,NULL,NULL,NULL,NULL,NULL,NULL),(434,220,'2022-06-29 12:51:53','2022-06-29 12:51:53',10016,5,NULL,0,'1110604','1110604-800T-N41',NULL,NULL,NULL,0,0,NULL,1.0000,12.6000,12.6000,NULL,0.0000,0.0000,0.0000,0.0000,0.0000,0.0000,12.6000,12.6000,0.0000,0.0000,'simple',NULL,NULL,NULL,NULL,NULL,12.6000,12.6000,12.6000,12.6000,0.0000,0.0000,NULL,0,NULL,NULL,NULL,NULL,NULL,NULL,NULL,NULL,NULL),(435,221,'2022-06-29 13:32:51','2022-06-29 13:32:51',13843,5,NULL,0,'1040232','1040232-FNQ-R-9',NULL,NULL,NULL,0,0,NULL,5.0000,14.7000,14.7000,NULL,0.0000,0.0000,0.0000,0.0000,0.0000,0.0000,73.5000,73.5000,0.0000,0.0000,'simple',NULL,NULL,NULL,NULL,NULL,14.7000,14.7000,73.5000,73.5000,0.0000,0.0000,NULL,0,NULL,NULL,NULL,NULL,NULL,NULL,NULL,NULL,NULL),(436,223,'2022-06-29 13:34:27','2022-06-29 13:34:27',13843,5,NULL,0,'1040232','1040232-FNQ-R-9',NULL,NULL,NULL,0,0,NULL,5.0000,14.7000,14.7000,NULL,0.0000,0.0000,0.0000,0.0000,0.0000,0.0000,73.5000,73.5000,0.0000,0.0000,'simple',NULL,NULL,NULL,NULL,NULL,14.7000,14.7000,73.5000,73.5000,0.0000,0.0000,NULL,0,NULL,NULL,NULL,NULL,NULL,NULL,NULL,NULL,NULL),(437,224,'2022-06-29 13:38:32','2022-06-29 13:38:32',13843,5,NULL,0,'1040232','1040232-FNQ-R-9',NULL,NULL,NULL,0,0,NULL,5.0000,14.7000,14.7000,NULL,0.0000,0.0000,0.0000,0.0000,0.0000,0.0000,73.5000,73.5000,0.0000,0.0000,'simple',NULL,NULL,NULL,NULL,NULL,14.7000,14.7000,73.5000,73.5000,0.0000,0.0000,NULL,0,NULL,NULL,NULL,NULL,NULL,NULL,NULL,NULL,NULL),(438,225,'2022-06-29 13:44:14','2022-06-29 13:44:14',2611,5,NULL,0,'7119924','7119924-2085-ECR',NULL,NULL,NULL,0,0,NULL,3.0000,18.9000,18.9000,NULL,0.0000,0.0000,0.0000,0.0000,0.0000,0.0000,56.7000,56.7000,0.0000,0.0000,'simple',NULL,NULL,NULL,NULL,NULL,18.9000,18.9000,56.7000,56.7000,0.0000,0.0000,NULL,0,NULL,NULL,NULL,NULL,NULL,NULL,NULL,NULL,NULL),(439,225,'2022-06-29 13:44:35','2022-06-29 13:44:35',1692,5,NULL,0,'7113828','7113828-1492-FB1M30',NULL,NULL,NULL,0,0,NULL,4.0000,15.7500,15.7500,NULL,0.0000,0.0000,0.0000,0.0000,0.0000,0.0000,63.0000,63.0000,0.0000,0.0000,'simple',NULL,NULL,NULL,NULL,NULL,15.7500,15.7500,63.0000,63.0000,0.0000,0.0000,NULL,0,NULL,NULL,NULL,NULL,NULL,NULL,NULL,NULL,NULL),(440,226,'2022-06-30 04:04:22','2022-06-30 04:04:22',15786,5,NULL,0,'1069236','1069236-Nucom-10NL-100',NULL,NULL,NULL,0,0,NULL,1.0000,5684.0000,5684.0000,NULL,0.0000,0.0000,0.0000,0.0000,0.0000,0.0000,5684.0000,5684.0000,0.0000,0.0000,'simple',NULL,NULL,NULL,NULL,NULL,5684.0000,5684.0000,5684.0000,5684.0000,0.0000,0.0000,NULL,0,NULL,NULL,NULL,NULL,NULL,NULL,NULL,NULL,NULL),(441,231,'2022-07-06 20:18:10','2022-07-06 20:18:10',17661,5,NULL,0,'7123463','7123463-SPD200480Y3C',NULL,NULL,NULL,0,0,NULL,1.0000,7776.3000,7776.3000,NULL,0.0000,0.0000,0.0000,0.0000,0.0000,0.0000,7776.3000,7776.3000,0.0000,0.0000,'simple',NULL,NULL,NULL,NULL,NULL,7776.3000,7776.3000,7776.3000,7776.3000,0.0000,0.0000,NULL,0,NULL,NULL,NULL,NULL,NULL,NULL,NULL,NULL,NULL),(442,236,'2022-07-06 22:17:36','2022-07-06 22:17:36',17661,5,NULL,0,'7123463','7123463-SPD200480Y3C',NULL,NULL,NULL,0,0,NULL,1.0000,7776.3000,7776.3000,NULL,0.0000,0.0000,0.0000,0.0000,0.0000,0.0000,7776.3000,7776.3000,0.0000,0.0000,'simple',NULL,NULL,NULL,NULL,NULL,7776.3000,7776.3000,7776.3000,7776.3000,0.0000,0.0000,NULL,0,NULL,NULL,NULL,NULL,NULL,NULL,NULL,NULL,NULL),(443,237,'2022-07-14 18:16:24','2022-07-14 18:16:24',17661,5,NULL,0,'7123463','7123463-SPD200480Y3C',NULL,NULL,NULL,0,0,NULL,1.0000,7776.3000,7776.3000,NULL,0.0000,0.0000,0.0000,0.0000,0.0000,0.0000,7776.3000,7776.3000,0.0000,0.0000,'simple',NULL,NULL,NULL,NULL,NULL,7776.3000,7776.3000,7776.3000,7776.3000,0.0000,0.0000,NULL,0,NULL,NULL,NULL,NULL,NULL,NULL,NULL,NULL,NULL),(444,238,'2022-07-14 22:35:53','2022-07-14 22:35:53',15787,5,NULL,0,'1069235','1069235-Nucom-10NL-150',NULL,NULL,NULL,0,0,NULL,1.0000,6678.0000,6678.0000,NULL,0.0000,0.0000,0.0000,0.0000,0.0000,0.0000,6678.0000,6678.0000,0.0000,0.0000,'simple',NULL,NULL,NULL,NULL,NULL,6678.0000,6678.0000,6678.0000,6678.0000,0.0000,0.0000,NULL,0,NULL,NULL,NULL,NULL,NULL,NULL,NULL,NULL,NULL),(446,239,'2022-07-15 13:43:23','2022-07-15 13:43:23',15671,5,NULL,0,'1025438','1025438-NGC312036EC',NULL,NULL,NULL,0,0,NULL,1.0000,22950.0000,22950.0000,NULL,0.0000,0.0000,0.0000,0.0000,0.0000,0.0000,22950.0000,22950.0000,0.0000,0.0000,'simple',NULL,NULL,NULL,NULL,NULL,22950.0000,22950.0000,22950.0000,22950.0000,0.0000,0.0000,NULL,0,NULL,NULL,NULL,NULL,NULL,NULL,NULL,NULL,NULL),(447,239,'2022-07-15 13:43:29','2022-07-15 13:43:29',12660,5,NULL,0,'1020401','1020401-D7PR2T',NULL,NULL,NULL,0,0,NULL,1.0000,28.0000,28.0000,NULL,0.0000,0.0000,0.0000,0.0000,0.0000,0.0000,28.0000,28.0000,0.0000,0.0000,'simple',NULL,NULL,NULL,NULL,NULL,28.0000,28.0000,28.0000,28.0000,0.0000,0.0000,NULL,0,NULL,NULL,NULL,NULL,NULL,NULL,NULL,NULL,NULL),(448,240,'2022-07-15 13:44:38','2022-07-15 13:44:43',15671,5,NULL,0,'1025438','1025438-NGC312036EC',NULL,NULL,NULL,0,0,NULL,1.0000,22950.0000,22950.0000,NULL,0.0000,0.0000,0.0000,0.0000,0.0000,0.0000,22950.0000,22950.0000,0.0000,0.0000,'simple',NULL,NULL,NULL,NULL,NULL,22950.0000,22950.0000,22950.0000,22950.0000,0.0000,0.0000,NULL,0,NULL,NULL,NULL,NULL,NULL,NULL,NULL,NULL,NULL),(450,241,'2022-07-15 13:47:06','2022-07-15 13:47:06',12664,5,NULL,0,'1020400','1020400-D7PR4T',NULL,NULL,NULL,0,0,NULL,1.0000,26.0000,26.0000,NULL,0.0000,0.0000,0.0000,0.0000,0.0000,0.0000,26.0000,26.0000,0.0000,0.0000,'simple',NULL,NULL,NULL,NULL,NULL,26.0000,26.0000,26.0000,26.0000,0.0000,0.0000,NULL,0,NULL,NULL,NULL,NULL,NULL,NULL,NULL,NULL,NULL),(451,241,'2022-07-15 13:47:10','2022-07-15 13:47:10',12659,5,NULL,0,'1020399','1020399-D7PR2A',NULL,NULL,NULL,0,0,NULL,1.0000,10.5000,10.5000,NULL,0.0000,0.0000,0.0000,0.0000,0.0000,0.0000,10.5000,10.5000,0.0000,0.0000,'simple',NULL,NULL,NULL,NULL,NULL,10.5000,10.5000,10.5000,10.5000,0.0000,0.0000,NULL,0,NULL,NULL,NULL,NULL,NULL,NULL,NULL,NULL,NULL),(452,241,'2022-07-15 13:47:15','2022-07-15 13:47:15',12662,5,NULL,0,'1020402','1020402-D7PR3T',NULL,NULL,NULL,0,0,NULL,1.0000,13.0000,13.0000,NULL,0.0000,0.0000,0.0000,0.0000,0.0000,0.0000,13.0000,13.0000,0.0000,0.0000,'simple',NULL,NULL,NULL,NULL,NULL,13.0000,13.0000,13.0000,13.0000,0.0000,0.0000,NULL,0,NULL,NULL,NULL,NULL,NULL,NULL,NULL,NULL,NULL),(453,242,'2022-07-15 16:00:56','2022-07-15 16:00:56',12659,5,NULL,0,'1020399','1020399-D7PR2A',NULL,NULL,NULL,0,0,NULL,1.0000,10.5000,10.5000,NULL,0.0000,0.0000,0.0000,0.0000,0.0000,0.0000,10.5000,10.5000,0.0000,0.0000,'simple',NULL,NULL,NULL,NULL,NULL,10.5000,10.5000,10.5000,10.5000,0.0000,0.0000,NULL,0,NULL,NULL,NULL,NULL,NULL,NULL,NULL,NULL,NULL),(454,243,'2022-07-15 16:05:26','2022-07-15 16:05:26',16779,5,NULL,0,'1049155','1049155-RGC316039EC',NULL,NULL,NULL,0,0,NULL,100.0000,33200.0000,33200.0000,NULL,0.0000,0.0000,0.0000,0.0000,0.0000,0.0000,3320000.0000,3320000.0000,0.0000,0.0000,'simple',NULL,NULL,NULL,NULL,NULL,33200.0000,33200.0000,3320000.0000,3320000.0000,0.0000,0.0000,NULL,0,NULL,NULL,NULL,NULL,NULL,NULL,NULL,NULL,NULL),(455,247,'2022-07-20 06:53:46','2022-07-20 06:53:46',16779,5,NULL,0,'1049155','1049155-RGC316039EC',NULL,NULL,NULL,0,0,NULL,1.0000,33200.0000,33200.0000,NULL,0.0000,0.0000,0.0000,0.0000,0.0000,0.0000,33200.0000,33200.0000,0.0000,0.0000,'simple',NULL,NULL,NULL,NULL,NULL,33200.0000,33200.0000,33200.0000,33200.0000,0.0000,0.0000,NULL,0,NULL,NULL,NULL,NULL,NULL,NULL,NULL,NULL,NULL),(456,247,'2022-07-20 06:53:51','2022-07-20 06:53:51',17661,5,NULL,0,'7123463','7123463-SPD200480Y3C',NULL,NULL,NULL,0,0,NULL,1.0000,7776.3000,7776.3000,NULL,0.0000,0.0000,0.0000,0.0000,0.0000,0.0000,7776.3000,7776.3000,0.0000,0.0000,'simple',NULL,NULL,NULL,NULL,NULL,7776.3000,7776.3000,7776.3000,7776.3000,0.0000,0.0000,NULL,0,NULL,NULL,NULL,NULL,NULL,NULL,NULL,NULL,NULL),(457,247,'2022-07-20 06:53:57','2022-07-20 06:53:57',10044,5,NULL,0,'7131010','7131010-8028320',NULL,NULL,NULL,0,0,NULL,1.0000,10300.0000,10300.0000,NULL,0.0000,0.0000,0.0000,0.0000,0.0000,0.0000,10300.0000,10300.0000,0.0000,0.0000,'simple',NULL,NULL,NULL,NULL,NULL,10300.0000,10300.0000,10300.0000,10300.0000,0.0000,0.0000,NULL,0,NULL,NULL,NULL,NULL,NULL,NULL,NULL,NULL,NULL),(458,247,'2022-07-20 06:54:01','2022-07-20 06:54:01',15786,5,NULL,0,'1069236','1069236-Nucom-10NL-100',NULL,NULL,NULL,0,0,NULL,1.0000,5684.0000,5684.0000,NULL,0.0000,0.0000,0.0000,0.0000,0.0000,0.0000,5684.0000,5684.0000,0.0000,0.0000,'simple',NULL,NULL,NULL,NULL,NULL,5684.0000,5684.0000,5684.0000,5684.0000,0.0000,0.0000,NULL,0,NULL,NULL,NULL,NULL,NULL,NULL,NULL,NULL,NULL),(459,247,'2022-07-20 06:54:04','2022-07-20 06:54:04',12380,5,NULL,0,'7123461','7123461-CNDC312T106W',NULL,NULL,NULL,0,0,NULL,1.0000,38136.0000,38136.0000,NULL,0.0000,0.0000,0.0000,0.0000,0.0000,0.0000,38136.0000,38136.0000,0.0000,0.0000,'simple',NULL,NULL,NULL,NULL,NULL,38136.0000,38136.0000,38136.0000,38136.0000,0.0000,0.0000,NULL,0,NULL,NULL,NULL,NULL,NULL,NULL,NULL,NULL,NULL),(467,255,'2022-07-20 17:07:28','2022-07-20 17:07:28',15839,5,NULL,0,'1088057','1088057-O-ESM-AT-3H',NULL,NULL,NULL,0,0,NULL,1.0000,157.5000,157.5000,NULL,0.0000,0.0000,0.0000,0.0000,0.0000,0.0000,157.5000,157.5000,0.0000,0.0000,'simple',NULL,NULL,NULL,NULL,NULL,157.5000,157.5000,157.5000,157.5000,0.0000,0.0000,NULL,0,NULL,NULL,NULL,NULL,NULL,NULL,NULL,NULL,NULL),(468,256,'2022-07-20 19:32:11','2022-07-20 19:32:11',17661,5,NULL,0,'7123463','7123463-SPD200480Y3C',NULL,NULL,NULL,0,0,NULL,1.0000,7776.3000,7776.3000,NULL,0.0000,0.0000,0.0000,0.0000,0.0000,0.0000,7776.3000,7776.3000,0.0000,0.0000,'simple',NULL,NULL,NULL,NULL,NULL,7776.3000,7776.3000,7776.3000,7776.3000,0.0000,0.0000,NULL,0,NULL,NULL,NULL,NULL,NULL,NULL,NULL,NULL,NULL),(469,256,'2022-07-20 19:32:22','2022-07-20 19:32:22',16779,5,NULL,0,'1049155','1049155-RGC316039EC',NULL,NULL,NULL,0,0,NULL,2.0000,33200.0000,33200.0000,NULL,0.0000,0.0000,0.0000,0.0000,0.0000,0.0000,66400.0000,66400.0000,0.0000,0.0000,'simple',NULL,NULL,NULL,NULL,NULL,33200.0000,33200.0000,66400.0000,66400.0000,0.0000,0.0000,NULL,0,NULL,NULL,NULL,NULL,NULL,NULL,NULL,NULL,NULL),(470,257,'2022-07-20 20:16:55','2022-07-20 20:16:55',17661,5,NULL,0,'7123463','7123463-SPD200480Y3C',NULL,NULL,NULL,0,0,NULL,1.0000,7776.3000,7776.3000,NULL,0.0000,0.0000,0.0000,0.0000,0.0000,0.0000,7776.3000,7776.3000,0.0000,0.0000,'simple',NULL,NULL,NULL,NULL,NULL,7776.3000,7776.3000,7776.3000,7776.3000,0.0000,0.0000,NULL,0,NULL,NULL,NULL,NULL,NULL,NULL,NULL,NULL,NULL),(471,257,'2022-07-20 20:17:02','2022-07-20 20:17:02',16779,5,NULL,0,'1049155','1049155-RGC316039EC',NULL,NULL,NULL,0,0,NULL,2.0000,33200.0000,33200.0000,NULL,0.0000,0.0000,0.0000,0.0000,0.0000,0.0000,66400.0000,66400.0000,0.0000,0.0000,'simple',NULL,NULL,NULL,NULL,NULL,33200.0000,33200.0000,66400.0000,66400.0000,0.0000,0.0000,NULL,0,NULL,NULL,NULL,NULL,NULL,NULL,NULL,NULL,NULL),(479,266,'2022-07-21 10:54:06','2022-07-21 10:54:06',17661,5,NULL,0,'7123463','7123463-SPD200480Y3C',NULL,NULL,NULL,0,0,NULL,1.0000,7776.3000,7776.3000,NULL,0.0000,0.0000,0.0000,0.0000,0.0000,0.0000,7776.3000,7776.3000,0.0000,0.0000,'simple',NULL,NULL,NULL,NULL,NULL,7776.3000,7776.3000,7776.3000,7776.3000,0.0000,0.0000,NULL,0,NULL,NULL,NULL,NULL,NULL,NULL,NULL,NULL,NULL),(480,267,'2022-07-21 10:58:37','2022-07-21 10:58:37',17661,5,NULL,0,'7123463','7123463-SPD200480Y3C',NULL,NULL,NULL,0,0,NULL,1.0000,7776.3000,7776.3000,NULL,0.0000,0.0000,0.0000,0.0000,0.0000,0.0000,7776.3000,7776.3000,0.0000,0.0000,'simple',NULL,NULL,NULL,NULL,NULL,7776.3000,7776.3000,7776.3000,7776.3000,0.0000,0.0000,NULL,0,NULL,NULL,NULL,NULL,NULL,NULL,NULL,NULL,NULL),(482,269,'2022-07-21 12:32:54','2022-07-21 12:32:54',17661,5,NULL,0,'7123463','7123463-SPD200480Y3C',NULL,NULL,NULL,0,0,NULL,1.0000,7776.3000,7776.3000,NULL,0.0000,0.0000,0.0000,0.0000,0.0000,0.0000,7776.3000,7776.3000,0.0000,0.0000,'simple',NULL,NULL,NULL,NULL,NULL,7776.3000,7776.3000,7776.3000,7776.3000,0.0000,0.0000,NULL,0,NULL,NULL,NULL,NULL,NULL,NULL,NULL,NULL,NULL),(483,270,'2022-07-21 16:16:45','2022-07-21 16:16:45',477,5,NULL,0,'1111015','1111015-0116B6708G43A73W5',NULL,NULL,NULL,0,0,NULL,1.0000,57.0000,57.0000,NULL,0.0000,0.0000,0.0000,0.0000,0.0000,0.0000,57.0000,57.0000,0.0000,0.0000,'simple',NULL,NULL,NULL,NULL,NULL,57.0000,57.0000,57.0000,57.0000,0.0000,0.0000,NULL,0,NULL,NULL,NULL,NULL,NULL,NULL,NULL,NULL,NULL),(484,270,'2022-07-21 16:16:53','2022-07-21 16:16:53',3476,5,NULL,0,'7102496','7102496-32NNSFBS',NULL,NULL,NULL,0,0,NULL,1.0000,57.7500,57.7500,NULL,0.0000,0.0000,0.0000,0.0000,0.0000,0.0000,57.7500,57.7500,0.0000,0.0000,'simple',NULL,NULL,NULL,NULL,NULL,57.7500,57.7500,57.7500,57.7500,0.0000,0.0000,NULL,0,NULL,NULL,NULL,NULL,NULL,NULL,NULL,NULL,NULL),(485,270,'2022-07-21 16:16:59','2022-07-21 16:16:59',4322,5,NULL,0,'1111386','1111386-5069-RTB18-SPRING',NULL,NULL,NULL,0,0,NULL,1.0000,61.9500,61.9500,NULL,0.0000,0.0000,0.0000,0.0000,0.0000,0.0000,61.9500,61.9500,0.0000,0.0000,'simple',NULL,NULL,NULL,NULL,NULL,61.9500,61.9500,61.9500,61.9500,0.0000,0.0000,NULL,0,NULL,NULL,NULL,NULL,NULL,NULL,NULL,NULL,NULL),(486,272,'2022-07-21 17:00:22','2022-07-21 17:00:22',12662,5,NULL,0,'1020402','1020402-D7PR3T',NULL,NULL,NULL,0,0,NULL,1.0000,13.0000,13.0000,NULL,0.0000,0.0000,0.0000,0.0000,0.0000,0.0000,13.0000,13.0000,0.0000,0.0000,'simple',NULL,NULL,NULL,NULL,NULL,13.0000,13.0000,13.0000,13.0000,0.0000,0.0000,NULL,0,NULL,NULL,NULL,NULL,NULL,NULL,NULL,NULL,NULL),(487,273,'2022-07-21 17:04:11','2022-07-21 17:04:11',15786,5,NULL,0,'1069236','1069236-Nucom-10NL-100',NULL,NULL,NULL,0,0,NULL,1.0000,5684.0000,5684.0000,NULL,0.0000,0.0000,0.0000,0.0000,0.0000,0.0000,5684.0000,5684.0000,0.0000,0.0000,'simple',NULL,NULL,NULL,NULL,NULL,5684.0000,5684.0000,5684.0000,5684.0000,0.0000,0.0000,NULL,0,NULL,NULL,NULL,NULL,NULL,NULL,NULL,NULL,NULL),(491,277,'2022-07-25 16:44:36','2022-07-25 16:44:36',12659,5,NULL,0,'1020399','1020399-D7PR2A',NULL,NULL,NULL,0,0,NULL,1.0000,10.5000,10.5000,NULL,0.0000,0.0000,0.0000,0.0000,0.0000,0.0000,10.5000,10.5000,0.0000,0.0000,'simple',NULL,NULL,NULL,NULL,NULL,10.5000,10.5000,10.5000,10.5000,0.0000,0.0000,NULL,0,NULL,NULL,NULL,NULL,NULL,NULL,NULL,NULL,NULL),(492,278,'2022-07-25 16:56:54','2022-07-25 16:56:54',477,5,NULL,0,'1111015','1111015-0116B6708G43A73W5',NULL,NULL,NULL,0,0,NULL,1.0000,57.0000,57.0000,NULL,0.0000,0.0000,0.0000,0.0000,0.0000,0.0000,57.0000,57.0000,0.0000,0.0000,'simple',NULL,NULL,NULL,NULL,NULL,57.0000,57.0000,57.0000,57.0000,0.0000,0.0000,NULL,0,NULL,NULL,NULL,NULL,NULL,NULL,NULL,NULL,NULL),(493,279,'2022-07-25 17:59:29','2022-07-25 17:59:29',15787,5,NULL,0,'1069235','1069235-Nucom-10NL-150',NULL,NULL,NULL,0,0,NULL,1.0000,6678.0000,6678.0000,NULL,0.0000,0.0000,0.0000,0.0000,0.0000,0.0000,6678.0000,6678.0000,0.0000,0.0000,'simple',NULL,NULL,NULL,NULL,NULL,6678.0000,6678.0000,6678.0000,6678.0000,0.0000,0.0000,NULL,0,NULL,NULL,NULL,NULL,NULL,NULL,NULL,NULL,NULL),(494,280,'2022-07-26 04:34:13','2022-07-26 04:34:13',17661,5,NULL,0,'7123463','7123463-SPD200480Y3C',NULL,NULL,NULL,0,0,NULL,1.0000,7776.3000,7776.3000,NULL,0.0000,0.0000,0.0000,0.0000,0.0000,0.0000,7776.3000,7776.3000,0.0000,0.0000,'simple',NULL,NULL,NULL,NULL,NULL,7776.3000,7776.3000,7776.3000,7776.3000,0.0000,0.0000,NULL,0,NULL,NULL,NULL,NULL,NULL,NULL,NULL,NULL,NULL),(495,280,'2022-07-26 04:34:17','2022-07-26 04:34:17',16779,5,NULL,0,'1049155','1049155-RGC316039EC',NULL,NULL,NULL,0,0,NULL,1.0000,33200.0000,33200.0000,NULL,0.0000,0.0000,0.0000,0.0000,0.0000,0.0000,33200.0000,33200.0000,0.0000,0.0000,'simple',NULL,NULL,NULL,NULL,NULL,33200.0000,33200.0000,33200.0000,33200.0000,0.0000,0.0000,NULL,0,NULL,NULL,NULL,NULL,NULL,NULL,NULL,NULL,NULL),(496,281,'2022-07-26 04:41:04','2022-07-26 04:41:04',16779,5,NULL,0,'1049155','1049155-RGC316039EC',NULL,NULL,NULL,0,0,NULL,1.0000,33200.0000,33200.0000,NULL,0.0000,0.0000,0.0000,0.0000,0.0000,0.0000,33200.0000,33200.0000,0.0000,0.0000,'simple',NULL,NULL,NULL,NULL,NULL,33200.0000,33200.0000,33200.0000,33200.0000,0.0000,0.0000,NULL,0,NULL,NULL,NULL,NULL,NULL,NULL,NULL,NULL,NULL),(497,287,'2022-07-27 09:04:53','2022-07-27 09:04:53',17661,5,NULL,0,'7123463','7123463-SPD200480Y3C',NULL,NULL,NULL,0,0,NULL,1.0000,7776.3000,7776.3000,NULL,0.0000,0.0000,0.0000,0.0000,0.0000,0.0000,7776.3000,7776.3000,0.0000,0.0000,'simple',NULL,NULL,NULL,NULL,NULL,7776.3000,7776.3000,7776.3000,7776.3000,0.0000,0.0000,NULL,0,NULL,NULL,NULL,NULL,NULL,NULL,NULL,NULL,NULL),(498,287,'2022-07-27 09:04:55','2022-07-27 09:04:55',15787,5,NULL,0,'1069235','1069235-Nucom-10NL-150',NULL,NULL,NULL,0,0,NULL,1.0000,6678.0000,6678.0000,NULL,0.0000,0.0000,0.0000,0.0000,0.0000,0.0000,6678.0000,6678.0000,0.0000,0.0000,'simple',NULL,NULL,NULL,NULL,NULL,6678.0000,6678.0000,6678.0000,6678.0000,0.0000,0.0000,NULL,0,NULL,NULL,NULL,NULL,NULL,NULL,NULL,NULL,NULL),(499,289,'2022-07-27 14:45:55','2022-07-27 14:45:55',12664,5,NULL,0,'1020400','1020400-D7PR4T',NULL,NULL,NULL,0,0,NULL,1.0000,26.0000,26.0000,NULL,0.0000,0.0000,0.0000,0.0000,0.0000,0.0000,26.0000,26.0000,0.0000,0.0000,'simple',NULL,NULL,NULL,NULL,NULL,26.0000,26.0000,26.0000,26.0000,0.0000,0.0000,NULL,0,NULL,NULL,NULL,NULL,NULL,NULL,NULL,NULL,NULL),(500,289,'2022-07-27 14:45:59','2022-07-27 14:45:59',15671,5,NULL,0,'1025438','1025438-NGC312036EC',NULL,NULL,NULL,0,0,NULL,1.0000,22950.0000,22950.0000,NULL,0.0000,0.0000,0.0000,0.0000,0.0000,0.0000,22950.0000,22950.0000,0.0000,0.0000,'simple',NULL,NULL,NULL,NULL,NULL,22950.0000,22950.0000,22950.0000,22950.0000,0.0000,0.0000,NULL,0,NULL,NULL,NULL,NULL,NULL,NULL,NULL,NULL,NULL),(501,290,'2022-07-28 02:39:10','2022-07-28 02:39:10',12659,5,NULL,0,'1020399','1020399-D7PR2A',NULL,NULL,NULL,0,0,NULL,1.0000,10.5000,10.5000,NULL,0.0000,0.0000,0.0000,0.0000,0.0000,0.0000,10.5000,10.5000,0.0000,0.0000,'simple',NULL,NULL,NULL,NULL,NULL,10.5000,10.5000,10.5000,10.5000,0.0000,0.0000,NULL,0,NULL,NULL,NULL,NULL,NULL,NULL,NULL,NULL,NULL),(502,290,'2022-07-28 02:39:12','2022-07-28 02:39:14',12664,5,NULL,0,'1020400','1020400-D7PR4T',NULL,NULL,NULL,0,0,NULL,2.0000,26.0000,26.0000,NULL,0.0000,0.0000,0.0000,0.0000,0.0000,0.0000,52.0000,52.0000,0.0000,0.0000,'simple',NULL,NULL,NULL,NULL,NULL,26.0000,26.0000,52.0000,52.0000,0.0000,0.0000,NULL,0,NULL,NULL,NULL,NULL,NULL,NULL,NULL,NULL,NULL),(504,295,'2022-07-29 15:06:36','2022-07-29 15:06:36',17661,5,NULL,0,'7123463','7123463-SPD200480Y3C',NULL,NULL,NULL,0,0,NULL,1.0000,7776.3000,7776.3000,NULL,0.0000,0.0000,0.0000,0.0000,0.0000,0.0000,7776.3000,7776.3000,0.0000,0.0000,'simple',NULL,NULL,NULL,NULL,NULL,7776.3000,7776.3000,7776.3000,7776.3000,0.0000,0.0000,NULL,0,NULL,NULL,NULL,NULL,NULL,NULL,NULL,NULL,NULL),(505,295,'2022-07-29 15:06:39','2022-07-29 15:06:39',16779,5,NULL,0,'1049155','1049155-RGC316039EC',NULL,NULL,NULL,0,0,NULL,1.0000,33200.0000,33200.0000,NULL,0.0000,0.0000,0.0000,0.0000,0.0000,0.0000,33200.0000,33200.0000,0.0000,0.0000,'simple',NULL,NULL,NULL,NULL,NULL,33200.0000,33200.0000,33200.0000,33200.0000,0.0000,0.0000,NULL,0,NULL,NULL,NULL,NULL,NULL,NULL,NULL,NULL,NULL),(506,295,'2022-07-29 15:06:48','2022-07-29 15:06:48',15787,5,NULL,0,'1069235','1069235-Nucom-10NL-150',NULL,NULL,NULL,0,0,NULL,1.0000,6678.0000,6678.0000,NULL,0.0000,0.0000,0.0000,0.0000,0.0000,0.0000,6678.0000,6678.0000,0.0000,0.0000,'simple',NULL,NULL,NULL,NULL,NULL,6678.0000,6678.0000,6678.0000,6678.0000,0.0000,0.0000,NULL,0,NULL,NULL,NULL,NULL,NULL,NULL,NULL,NULL,NULL),(507,297,'2022-07-29 15:43:03','2022-07-29 15:43:03',15786,5,NULL,0,'1069236','1069236-Nucom-10NL-100',NULL,NULL,NULL,0,0,NULL,1.0000,5684.0000,5684.0000,NULL,0.0000,0.0000,0.0000,0.0000,0.0000,0.0000,5684.0000,5684.0000,0.0000,0.0000,'simple',NULL,NULL,NULL,NULL,NULL,5684.0000,5684.0000,5684.0000,5684.0000,0.0000,0.0000,NULL,0,NULL,NULL,NULL,NULL,NULL,NULL,NULL,NULL,NULL),(508,299,'2022-07-29 17:09:02','2022-07-29 17:09:02',17661,5,NULL,0,'7123463','7123463-SPD200480Y3C',NULL,NULL,NULL,0,0,NULL,1.0000,7776.3000,7776.3000,NULL,0.0000,0.0000,0.0000,0.0000,0.0000,0.0000,7776.3000,7776.3000,0.0000,0.0000,'simple',NULL,NULL,NULL,NULL,NULL,7776.3000,7776.3000,7776.3000,7776.3000,0.0000,0.0000,NULL,0,NULL,NULL,NULL,NULL,NULL,NULL,NULL,NULL,NULL),(509,300,'2022-07-29 17:10:33','2022-07-29 17:10:33',17661,5,NULL,0,'7123463','7123463-SPD200480Y3C',NULL,NULL,NULL,0,0,NULL,1.0000,7776.3000,7776.3000,NULL,0.0000,0.0000,0.0000,0.0000,0.0000,0.0000,7776.3000,7776.3000,0.0000,0.0000,'simple',NULL,NULL,NULL,NULL,NULL,7776.3000,7776.3000,7776.3000,7776.3000,0.0000,0.0000,NULL,0,NULL,NULL,NULL,NULL,NULL,NULL,NULL,NULL,NULL),(511,301,'2022-07-29 17:37:26','2022-07-29 17:37:26',15671,5,NULL,0,'1025438','1025438-NGC312036EC',NULL,NULL,NULL,0,0,NULL,1.0000,22950.0000,22950.0000,NULL,0.0000,0.0000,0.0000,0.0000,0.0000,0.0000,22950.0000,22950.0000,0.0000,0.0000,'simple',NULL,NULL,NULL,NULL,NULL,22950.0000,22950.0000,22950.0000,22950.0000,0.0000,0.0000,NULL,0,NULL,NULL,NULL,NULL,NULL,NULL,NULL,NULL,NULL),(512,303,'2022-08-01 10:25:37','2022-08-01 10:25:37',17661,5,NULL,0,'7123463','7123463-SPD200480Y3C',NULL,NULL,NULL,0,0,NULL,1.0000,7776.3000,7776.3000,NULL,0.0000,0.0000,0.0000,0.0000,0.0000,0.0000,7776.3000,7776.3000,0.0000,0.0000,'simple',NULL,NULL,NULL,NULL,NULL,7776.3000,7776.3000,7776.3000,7776.3000,0.0000,0.0000,NULL,0,NULL,NULL,NULL,NULL,NULL,NULL,NULL,NULL,NULL),(513,304,'2022-08-01 11:42:23','2022-08-01 11:42:23',16779,5,NULL,0,'1049155','1049155-RGC316039EC',NULL,NULL,NULL,0,0,NULL,1.0000,33200.0000,33200.0000,NULL,0.0000,0.0000,0.0000,0.0000,0.0000,0.0000,33200.0000,33200.0000,0.0000,0.0000,'simple',NULL,NULL,NULL,NULL,NULL,33200.0000,33200.0000,33200.0000,33200.0000,0.0000,0.0000,NULL,0,NULL,NULL,NULL,NULL,NULL,NULL,NULL,NULL,NULL),(515,311,'2022-08-04 06:35:38','2022-08-04 06:35:38',298,5,NULL,0,'test121','test121',NULL,NULL,NULL,0,0,NULL,1.0000,2.0000,2.0000,NULL,0.0000,0.0000,0.0000,0.0000,0.0000,0.0000,2.0000,2.0000,0.0000,0.0000,'simple',NULL,NULL,NULL,NULL,NULL,2.0000,2.0000,2.0000,2.0000,0.0000,0.0000,NULL,0,NULL,NULL,NULL,NULL,NULL,NULL,NULL,NULL,NULL),(516,312,'2022-08-04 06:42:48','2022-08-04 06:42:48',298,5,NULL,0,'test121','\"#$%&()*+,-./:;<=>?@[\\]^_`{|}~ ¢­®°±²µ¼¿ÁÂÃÉ×ØàáâéíïóŒ̋μ ‐–’‚“”„•⁄€™Ω≤、イキグサスタチップャラワン一三上中主五人他付件佈位作保個側充內全其具出剩力卡叉及口另可台合吊單器固垂型壁套孔安定家寸尾巢工幕座延式後懸扇手扣抽拆拉拔括捲接插撐支散數料斷材板架框標模橋殼毒氈源灣灰無熱牆獨理白盤直相示稅立端箱籤米紅組絶綠網線縁纜膠臂色英藍蜂螢製訊調護費資通進運道部配金鋁錶鐵長門開關險集電面頭顆顯風高鬼魔黃黑齊，：',NULL,NULL,NULL,0,0,NULL,1.0000,2.0000,2.0000,NULL,0.0000,0.0000,0.0000,0.0000,0.0000,0.0000,2.0000,2.0000,0.0000,0.0000,'simple',NULL,NULL,NULL,NULL,NULL,2.0000,2.0000,2.0000,2.0000,0.0000,0.0000,NULL,0,NULL,NULL,NULL,NULL,NULL,NULL,NULL,NULL,NULL),(518,308,'2022-08-04 16:24:34','2022-08-04 16:24:34',15787,5,NULL,0,'1069235','1069235-Nucom-10NL-150',NULL,NULL,NULL,0,0,NULL,1.0000,6678.0000,6678.0000,NULL,0.0000,0.0000,0.0000,0.0000,0.0000,0.0000,6678.0000,6678.0000,0.0000,0.0000,'simple',NULL,NULL,NULL,NULL,NULL,6678.0000,6678.0000,6678.0000,6678.0000,0.0000,0.0000,NULL,0,NULL,NULL,NULL,NULL,NULL,NULL,NULL,NULL,NULL),(519,309,'2022-08-04 16:24:42','2022-08-04 16:24:42',12660,5,NULL,0,'1020401','1020401-D7PR2T',NULL,NULL,NULL,0,0,NULL,1.0000,28.0000,28.0000,NULL,0.0000,0.0000,0.0000,0.0000,0.0000,0.0000,28.0000,28.0000,0.0000,0.0000,'simple',NULL,NULL,NULL,NULL,NULL,28.0000,28.0000,28.0000,28.0000,0.0000,0.0000,NULL,0,NULL,NULL,NULL,NULL,NULL,NULL,NULL,NULL,NULL),(520,314,'2022-08-04 16:27:26','2022-08-04 16:27:26',16779,5,NULL,0,'1049155','1049155-RGC316039EC',NULL,NULL,NULL,0,0,NULL,1.0000,33200.0000,33200.0000,NULL,0.0000,0.0000,0.0000,0.0000,0.0000,0.0000,33200.0000,33200.0000,0.0000,0.0000,'simple',NULL,NULL,NULL,NULL,NULL,33200.0000,33200.0000,33200.0000,33200.0000,0.0000,0.0000,NULL,0,NULL,NULL,NULL,NULL,NULL,NULL,NULL,NULL,NULL),(521,316,'2022-08-04 16:29:00','2022-08-04 16:29:00',16779,5,NULL,0,'1049155','1049155-RGC316039EC',NULL,NULL,NULL,0,0,NULL,1.0000,33200.0000,33200.0000,NULL,0.0000,0.0000,0.0000,0.0000,0.0000,0.0000,33200.0000,33200.0000,0.0000,0.0000,'simple',NULL,NULL,NULL,NULL,NULL,33200.0000,33200.0000,33200.0000,33200.0000,0.0000,0.0000,NULL,0,NULL,NULL,NULL,NULL,NULL,NULL,NULL,NULL,NULL),(522,316,'2022-08-04 16:29:02','2022-08-04 16:29:02',15787,5,NULL,0,'1069235','1069235-Nucom-10NL-150',NULL,NULL,NULL,0,0,NULL,1.0000,6678.0000,6678.0000,NULL,0.0000,0.0000,0.0000,0.0000,0.0000,0.0000,6678.0000,6678.0000,0.0000,0.0000,'simple',NULL,NULL,NULL,NULL,NULL,6678.0000,6678.0000,6678.0000,6678.0000,0.0000,0.0000,NULL,0,NULL,NULL,NULL,NULL,NULL,NULL,NULL,NULL,NULL),(523,317,'2022-08-04 16:31:31','2022-08-04 16:31:31',15786,5,NULL,0,'1069236','1069236-Nucom-10NL-100',NULL,NULL,NULL,0,0,NULL,1.0000,5684.0000,5684.0000,NULL,0.0000,0.0000,0.0000,0.0000,0.0000,0.0000,5684.0000,5684.0000,0.0000,0.0000,'simple',NULL,NULL,NULL,NULL,NULL,5684.0000,5684.0000,5684.0000,5684.0000,0.0000,0.0000,NULL,0,NULL,NULL,NULL,NULL,NULL,NULL,NULL,NULL,NULL),(524,317,'2022-08-04 16:31:36','2022-08-04 16:31:36',15787,5,NULL,0,'1069235','1069235-Nucom-10NL-150',NULL,NULL,NULL,0,0,NULL,1.0000,6678.0000,6678.0000,NULL,0.0000,0.0000,0.0000,0.0000,0.0000,0.0000,6678.0000,6678.0000,0.0000,0.0000,'simple',NULL,NULL,NULL,NULL,NULL,6678.0000,6678.0000,6678.0000,6678.0000,0.0000,0.0000,NULL,0,NULL,NULL,NULL,NULL,NULL,NULL,NULL,NULL,NULL),(525,318,'2022-08-04 16:50:45','2022-08-04 16:50:45',16779,5,NULL,0,'1049155','1049155-RGC316039EC',NULL,NULL,NULL,0,0,NULL,1.0000,33200.0000,33200.0000,NULL,0.0000,0.0000,0.0000,0.0000,0.0000,0.0000,33200.0000,33200.0000,0.0000,0.0000,'simple',NULL,NULL,NULL,NULL,NULL,33200.0000,33200.0000,33200.0000,33200.0000,0.0000,0.0000,NULL,0,NULL,NULL,NULL,NULL,NULL,NULL,NULL,NULL,NULL),(528,321,'2022-08-04 18:29:51','2022-08-04 18:29:51',19563,5,NULL,0,'test','test',NULL,NULL,NULL,0,0,NULL,10.0000,10.0000,10.0000,NULL,0.0000,0.0000,0.0000,0.0000,0.0000,0.0000,100.0000,100.0000,0.0000,0.0000,'simple',NULL,NULL,NULL,NULL,NULL,10.0000,10.0000,100.0000,100.0000,0.0000,0.0000,NULL,0,NULL,NULL,NULL,NULL,NULL,NULL,NULL,NULL,NULL),(529,322,'2022-08-04 18:30:11','2022-08-04 18:30:11',19563,5,NULL,0,'test','test',NULL,NULL,NULL,0,0,NULL,10.0000,10.0000,10.0000,NULL,0.0000,0.0000,0.0000,0.0000,0.0000,0.0000,100.0000,100.0000,0.0000,0.0000,'simple',NULL,NULL,NULL,NULL,NULL,10.0000,10.0000,100.0000,100.0000,0.0000,0.0000,NULL,0,NULL,NULL,NULL,NULL,NULL,NULL,NULL,NULL,NULL),(530,323,'2022-08-04 19:16:43','2022-08-04 19:16:43',19563,5,NULL,0,'test','test',NULL,NULL,NULL,0,0,NULL,10.0000,10.0000,10.0000,NULL,0.0000,0.0000,0.0000,0.0000,0.0000,0.0000,100.0000,100.0000,0.0000,0.0000,'simple',NULL,NULL,NULL,NULL,NULL,10.0000,10.0000,100.0000,100.0000,0.0000,0.0000,NULL,0,NULL,NULL,NULL,NULL,NULL,NULL,NULL,NULL,NULL),(531,324,'2022-08-04 19:16:43','2022-08-04 19:16:43',19563,5,NULL,0,'test','test',NULL,NULL,NULL,0,0,NULL,10.0000,10.0000,10.0000,NULL,0.0000,0.0000,0.0000,0.0000,0.0000,0.0000,100.0000,100.0000,0.0000,0.0000,'simple',NULL,NULL,NULL,NULL,NULL,10.0000,10.0000,100.0000,100.0000,0.0000,0.0000,NULL,0,NULL,NULL,NULL,NULL,NULL,NULL,NULL,NULL,NULL),(532,326,'2022-08-04 20:06:14','2022-08-04 20:06:14',19549,5,NULL,0,'ADB0036','1234',NULL,NULL,NULL,0,0,NULL,10.0000,5.0000,5.0000,NULL,0.0000,0.0000,0.0000,0.0000,0.0000,0.0000,50.0000,50.0000,0.0000,0.0000,'simple',NULL,NULL,NULL,NULL,NULL,5.0000,5.0000,50.0000,50.0000,0.0000,0.0000,NULL,0,NULL,NULL,NULL,NULL,NULL,NULL,NULL,NULL,NULL),(533,327,'2022-08-04 20:13:50','2022-08-04 20:13:50',19549,5,NULL,0,'ADB0036','1234',NULL,NULL,NULL,0,0,NULL,11.0000,5.0000,5.0000,NULL,0.0000,0.0000,0.0000,0.0000,0.0000,0.0000,55.0000,55.0000,0.0000,0.0000,'simple',NULL,NULL,NULL,NULL,NULL,5.0000,5.0000,55.0000,55.0000,0.0000,0.0000,NULL,0,NULL,NULL,NULL,NULL,NULL,NULL,NULL,NULL,NULL),(534,331,'2022-08-04 20:21:17','2022-08-04 20:21:17',15787,5,NULL,0,'1069235','1069235-Nucom-10NL-150',NULL,NULL,NULL,0,0,NULL,1.0000,6678.0000,6678.0000,NULL,0.0000,0.0000,0.0000,0.0000,0.0000,0.0000,6678.0000,6678.0000,0.0000,0.0000,'simple',NULL,NULL,NULL,NULL,NULL,6678.0000,6678.0000,6678.0000,6678.0000,0.0000,0.0000,NULL,0,NULL,NULL,NULL,NULL,NULL,NULL,NULL,NULL,NULL),(535,337,'2022-08-04 23:02:12','2022-08-04 23:02:12',16779,5,NULL,0,'1049155','1049155-RGC316039EC',NULL,NULL,NULL,0,0,NULL,1.0000,33200.0000,33200.0000,NULL,0.0000,0.0000,0.0000,0.0000,0.0000,0.0000,33200.0000,33200.0000,0.0000,0.0000,'simple',NULL,NULL,NULL,NULL,NULL,33200.0000,33200.0000,33200.0000,33200.0000,0.0000,0.0000,NULL,0,NULL,NULL,NULL,NULL,NULL,NULL,NULL,NULL,NULL),(536,337,'2022-08-04 23:02:29','2022-08-04 23:02:29',15787,5,NULL,0,'1069235','1069235-Nucom-10NL-150',NULL,NULL,NULL,0,0,NULL,1.0000,6678.0000,6678.0000,NULL,0.0000,0.0000,0.0000,0.0000,0.0000,0.0000,6678.0000,6678.0000,0.0000,0.0000,'simple',NULL,NULL,NULL,NULL,NULL,6678.0000,6678.0000,6678.0000,6678.0000,0.0000,0.0000,NULL,0,NULL,NULL,NULL,NULL,NULL,NULL,NULL,NULL,NULL),(537,338,'2022-08-04 23:11:14','2022-08-04 23:11:14',16779,5,NULL,0,'1049155','1049155-RGC316039EC',NULL,NULL,NULL,0,0,NULL,1.0000,33200.0000,33200.0000,NULL,0.0000,0.0000,0.0000,0.0000,0.0000,0.0000,33200.0000,33200.0000,0.0000,0.0000,'simple',NULL,NULL,NULL,NULL,NULL,33200.0000,33200.0000,33200.0000,33200.0000,0.0000,0.0000,NULL,0,NULL,NULL,NULL,NULL,NULL,NULL,NULL,NULL,NULL),(538,338,'2022-08-04 23:11:19','2022-08-04 23:11:19',15787,5,NULL,0,'1069235','1069235-Nucom-10NL-150',NULL,NULL,NULL,0,0,NULL,1.0000,6678.0000,6678.0000,NULL,0.0000,0.0000,0.0000,0.0000,0.0000,0.0000,6678.0000,6678.0000,0.0000,0.0000,'simple',NULL,NULL,NULL,NULL,NULL,6678.0000,6678.0000,6678.0000,6678.0000,0.0000,0.0000,NULL,0,NULL,NULL,NULL,NULL,NULL,NULL,NULL,NULL,NULL),(539,339,'2022-08-04 23:24:15','2022-08-04 23:24:15',19549,5,NULL,0,'ADB0036','1234',NULL,NULL,NULL,0,0,NULL,10.0000,10.0000,10.0000,NULL,0.0000,0.0000,0.0000,0.0000,0.0000,0.0000,100.0000,100.0000,0.0000,0.0000,'simple',NULL,NULL,NULL,NULL,NULL,10.0000,10.0000,100.0000,100.0000,0.0000,0.0000,NULL,0,NULL,NULL,NULL,NULL,NULL,NULL,NULL,NULL,NULL),(540,343,'2022-08-05 05:16:00','2022-08-05 05:16:00',10044,5,NULL,0,'7131010','7131010-8028320',NULL,NULL,NULL,0,0,NULL,1.0000,10300.0000,10300.0000,NULL,0.0000,0.0000,0.0000,0.0000,0.0000,0.0000,10300.0000,10300.0000,0.0000,0.0000,'simple',NULL,NULL,NULL,NULL,NULL,10300.0000,10300.0000,10300.0000,10300.0000,0.0000,0.0000,NULL,0,NULL,NULL,NULL,NULL,NULL,NULL,NULL,NULL,NULL),(541,343,'2022-08-05 05:16:04','2022-08-05 05:16:04',16779,5,NULL,0,'1049155','1049155-RGC316039EC',NULL,NULL,NULL,0,0,NULL,1.0000,33200.0000,33200.0000,NULL,0.0000,0.0000,0.0000,0.0000,0.0000,0.0000,33200.0000,33200.0000,0.0000,0.0000,'simple',NULL,NULL,NULL,NULL,NULL,33200.0000,33200.0000,33200.0000,33200.0000,0.0000,0.0000,NULL,0,NULL,NULL,NULL,NULL,NULL,NULL,NULL,NULL,NULL),(542,344,'2022-08-05 06:09:16','2022-08-05 06:09:16',10044,5,NULL,0,'7131010','7131010-8028320',NULL,NULL,NULL,0,0,NULL,1.0000,10300.0000,10300.0000,NULL,0.0000,0.0000,0.0000,0.0000,0.0000,0.0000,10300.0000,10300.0000,0.0000,0.0000,'simple',NULL,NULL,NULL,NULL,NULL,10300.0000,10300.0000,10300.0000,10300.0000,0.0000,0.0000,NULL,0,NULL,NULL,NULL,NULL,NULL,NULL,NULL,NULL,NULL),(543,344,'2022-08-05 06:09:17','2022-08-05 06:09:17',16779,5,NULL,0,'1049155','1049155-RGC316039EC',NULL,NULL,NULL,0,0,NULL,1.0000,33200.0000,33200.0000,NULL,0.0000,0.0000,0.0000,0.0000,0.0000,0.0000,33200.0000,33200.0000,0.0000,0.0000,'simple',NULL,NULL,NULL,NULL,NULL,33200.0000,33200.0000,33200.0000,33200.0000,0.0000,0.0000,NULL,0,NULL,NULL,NULL,NULL,NULL,NULL,NULL,NULL,NULL),(545,347,'2022-08-05 08:10:19','2022-08-05 08:10:19',19549,5,NULL,0,'ADB0036','1234',NULL,NULL,NULL,0,0,NULL,10.0000,10.0000,10.0000,NULL,0.0000,0.0000,0.0000,0.0000,0.0000,0.0000,100.0000,100.0000,0.0000,0.0000,'simple',NULL,NULL,NULL,NULL,NULL,10.0000,10.0000,100.0000,100.0000,0.0000,0.0000,NULL,0,NULL,NULL,NULL,NULL,NULL,NULL,NULL,NULL,NULL),(546,355,'2022-08-05 12:47:39','2022-08-05 12:47:39',477,5,NULL,0,'1111015','1111015-0116B6708G43A73W5',NULL,NULL,NULL,0,0,NULL,10.0000,57.0000,57.0000,NULL,0.0000,0.0000,0.0000,0.0000,0.0000,0.0000,570.0000,570.0000,0.0000,0.0000,'simple',NULL,NULL,NULL,NULL,NULL,57.0000,57.0000,570.0000,570.0000,0.0000,0.0000,NULL,0,NULL,NULL,NULL,NULL,NULL,NULL,NULL,NULL,NULL),(547,356,'2022-08-05 12:56:35','2022-08-05 12:56:41',12644,5,NULL,0,'7128073','7128073-D3RF3T1',NULL,NULL,NULL,0,0,NULL,2.0000,31.5000,31.5000,NULL,0.0000,0.0000,0.0000,0.0000,0.0000,0.0000,63.0000,63.0000,0.0000,0.0000,'simple',NULL,NULL,NULL,NULL,NULL,31.5000,31.5000,63.0000,63.0000,0.0000,0.0000,NULL,0,NULL,NULL,NULL,NULL,NULL,NULL,NULL,NULL,NULL),(548,356,'2022-08-05 12:57:02','2022-08-05 12:57:02',10014,5,NULL,0,'1116991','1116991-800T-N377R',NULL,NULL,NULL,0,0,NULL,3.0000,35.0000,35.0000,NULL,0.0000,0.0000,0.0000,0.0000,0.0000,0.0000,105.0000,105.0000,0.0000,0.0000,'simple',NULL,NULL,NULL,NULL,NULL,35.0000,35.0000,105.0000,105.0000,0.0000,0.0000,NULL,0,NULL,NULL,NULL,NULL,NULL,NULL,NULL,NULL,NULL),(549,356,'2022-08-05 12:57:18','2022-08-05 12:57:18',12660,5,NULL,0,'1020401','1020401-D7PR2T',NULL,NULL,NULL,0,0,NULL,1.0000,28.0000,28.0000,NULL,0.0000,0.0000,0.0000,0.0000,0.0000,0.0000,28.0000,28.0000,0.0000,0.0000,'simple',NULL,NULL,NULL,NULL,NULL,28.0000,28.0000,28.0000,28.0000,0.0000,0.0000,NULL,0,NULL,NULL,NULL,NULL,NULL,NULL,NULL,NULL,NULL),(550,356,'2022-08-05 12:57:48','2022-08-05 12:57:48',12662,5,NULL,0,'1020402','1020402-D7PR3T',NULL,NULL,NULL,0,0,NULL,10.0000,13.0000,13.0000,NULL,0.0000,0.0000,0.0000,0.0000,0.0000,0.0000,130.0000,130.0000,0.0000,0.0000,'simple',NULL,NULL,NULL,NULL,NULL,13.0000,13.0000,130.0000,130.0000,0.0000,0.0000,NULL,0,NULL,NULL,NULL,NULL,NULL,NULL,NULL,NULL,NULL),(551,357,'2022-08-05 13:02:35','2022-08-05 13:02:35',15746,5,NULL,0,'1111033','1111033-NON-200',NULL,NULL,NULL,0,0,NULL,1.0000,51.0000,51.0000,NULL,0.0000,0.0000,0.0000,0.0000,0.0000,0.0000,51.0000,51.0000,0.0000,0.0000,'simple',NULL,NULL,NULL,NULL,NULL,51.0000,51.0000,51.0000,51.0000,0.0000,0.0000,NULL,0,NULL,NULL,NULL,NULL,NULL,NULL,NULL,NULL,NULL),(552,357,'2022-08-05 13:02:40','2022-08-05 13:02:40',10010,5,NULL,0,'1069257','1069257-800T-N310',NULL,NULL,NULL,0,0,NULL,1.0000,52.5000,52.5000,NULL,0.0000,0.0000,0.0000,0.0000,0.0000,0.0000,52.5000,52.5000,0.0000,0.0000,'simple',NULL,NULL,NULL,NULL,NULL,52.5000,52.5000,52.5000,52.5000,0.0000,0.0000,NULL,0,NULL,NULL,NULL,NULL,NULL,NULL,NULL,NULL,NULL),(553,357,'2022-08-05 13:02:44','2022-08-05 13:02:44',477,5,NULL,0,'1111015','1111015-0116B6708G43A73W5',NULL,NULL,NULL,0,0,NULL,1.0000,57.0000,57.0000,NULL,0.0000,0.0000,0.0000,0.0000,0.0000,0.0000,57.0000,57.0000,0.0000,0.0000,'simple',NULL,NULL,NULL,NULL,NULL,57.0000,57.0000,57.0000,57.0000,0.0000,0.0000,NULL,0,NULL,NULL,NULL,NULL,NULL,NULL,NULL,NULL,NULL),(554,357,'2022-08-05 13:02:49','2022-08-05 13:03:23',3476,5,NULL,0,'7102496','7102496-32NNSFBS',NULL,NULL,NULL,0,0,NULL,2.0000,57.7500,57.7500,NULL,0.0000,0.0000,0.0000,0.0000,0.0000,0.0000,115.5000,115.5000,0.0000,0.0000,'simple',NULL,NULL,NULL,NULL,NULL,57.7500,57.7500,115.5000,115.5000,0.0000,0.0000,NULL,0,NULL,NULL,NULL,NULL,NULL,NULL,NULL,NULL,NULL),(555,357,'2022-08-05 13:02:53','2022-08-05 13:02:53',13160,5,NULL,0,'1088058','1088058-EP3556',NULL,NULL,NULL,0,0,NULL,1.0000,61.8000,61.8000,NULL,0.0000,0.0000,0.0000,0.0000,0.0000,0.0000,61.8000,61.8000,0.0000,0.0000,'simple',NULL,NULL,NULL,NULL,NULL,61.8000,61.8000,61.8000,61.8000,0.0000,0.0000,NULL,0,NULL,NULL,NULL,NULL,NULL,NULL,NULL,NULL,NULL),(558,358,'2022-08-05 13:04:40','2022-08-05 13:04:40',10010,5,NULL,0,'1069257','1069257-800T-N310',NULL,NULL,NULL,0,0,NULL,1.0000,52.5000,52.5000,NULL,0.0000,0.0000,0.0000,0.0000,0.0000,0.0000,52.5000,52.5000,0.0000,0.0000,'simple',NULL,NULL,NULL,NULL,NULL,52.5000,52.5000,52.5000,52.5000,0.0000,0.0000,NULL,0,NULL,NULL,NULL,NULL,NULL,NULL,NULL,NULL,NULL),(559,358,'2022-08-05 13:04:40','2022-08-05 13:04:40',477,5,NULL,0,'1111015','1111015-0116B6708G43A73W5',NULL,NULL,NULL,0,0,NULL,1.0000,57.0000,57.0000,NULL,0.0000,0.0000,0.0000,0.0000,0.0000,0.0000,57.0000,57.0000,0.0000,0.0000,'simple',NULL,NULL,NULL,NULL,NULL,57.0000,57.0000,57.0000,57.0000,0.0000,0.0000,NULL,0,NULL,NULL,NULL,NULL,NULL,NULL,NULL,NULL,NULL),(560,358,'2022-08-05 13:04:40','2022-08-05 13:04:40',3476,5,NULL,0,'7102496','7102496-32NNSFBS',NULL,NULL,NULL,0,0,NULL,2.0000,57.7500,57.7500,NULL,0.0000,0.0000,0.0000,0.0000,0.0000,0.0000,115.5000,115.5000,0.0000,0.0000,'simple',NULL,NULL,NULL,NULL,NULL,57.7500,57.7500,115.5000,115.5000,0.0000,0.0000,NULL,0,NULL,NULL,NULL,NULL,NULL,NULL,NULL,NULL,NULL),(561,358,'2022-08-05 13:04:40','2022-08-05 13:04:40',13160,5,NULL,0,'1088058','1088058-EP3556',NULL,NULL,NULL,0,0,NULL,1.0000,61.8000,61.8000,NULL,0.0000,0.0000,0.0000,0.0000,0.0000,0.0000,61.8000,61.8000,0.0000,0.0000,'simple',NULL,NULL,NULL,NULL,NULL,61.8000,61.8000,61.8000,61.8000,0.0000,0.0000,NULL,0,NULL,NULL,NULL,NULL,NULL,NULL,NULL,NULL,NULL),(562,354,'2022-08-05 13:08:19','2022-08-05 13:08:19',19574,5,NULL,0,'9011011320123','9011011320123',NULL,NULL,NULL,0,0,NULL,55.0000,222.0000,222.0000,NULL,0.0000,0.0000,0.0000,0.0000,0.0000,0.0000,12210.0000,12210.0000,0.0000,0.0000,'simple',NULL,NULL,NULL,NULL,NULL,222.0000,222.0000,12210.0000,12210.0000,0.0000,0.0000,NULL,0,NULL,NULL,NULL,NULL,NULL,NULL,NULL,NULL,NULL),(563,359,'2022-08-05 13:08:23','2022-08-05 13:08:23',10015,5,NULL,0,'1110603','1110603-800T-N40',NULL,NULL,NULL,0,0,NULL,25.0000,12.0000,12.0000,NULL,0.0000,0.0000,0.0000,0.0000,0.0000,0.0000,300.0000,300.0000,0.0000,0.0000,'simple',NULL,NULL,NULL,NULL,NULL,12.0000,12.0000,300.0000,300.0000,0.0000,0.0000,NULL,0,NULL,NULL,NULL,NULL,NULL,NULL,NULL,NULL,NULL),(564,360,'2022-08-05 13:11:40','2022-08-05 13:11:40',19574,5,NULL,0,'9011011320123','9011011320123',NULL,NULL,NULL,0,0,NULL,55.0000,222.0000,222.0000,NULL,0.0000,0.0000,0.0000,0.0000,0.0000,0.0000,12210.0000,12210.0000,0.0000,0.0000,'simple',NULL,NULL,NULL,NULL,NULL,222.0000,222.0000,12210.0000,12210.0000,0.0000,0.0000,NULL,0,NULL,NULL,NULL,NULL,NULL,NULL,NULL,NULL,NULL),(565,361,'2022-08-05 13:31:27','2022-08-05 13:31:27',19574,5,NULL,0,'9011011320123','9011011320123',NULL,NULL,NULL,0,0,NULL,55.0000,222.0000,222.0000,NULL,0.0000,0.0000,0.0000,0.0000,0.0000,0.0000,12210.0000,12210.0000,0.0000,0.0000,'simple',NULL,NULL,NULL,NULL,NULL,222.0000,222.0000,12210.0000,12210.0000,0.0000,0.0000,NULL,0,NULL,NULL,NULL,NULL,NULL,NULL,NULL,NULL,NULL),(566,361,'2022-08-05 13:31:27','2022-08-05 13:31:27',19575,5,NULL,0,'234567','234567',NULL,NULL,NULL,0,0,NULL,45.0000,20.0000,20.0000,NULL,0.0000,0.0000,0.0000,0.0000,0.0000,0.0000,900.0000,900.0000,0.0000,0.0000,'simple',NULL,NULL,NULL,NULL,NULL,20.0000,20.0000,900.0000,900.0000,0.0000,0.0000,NULL,0,NULL,NULL,NULL,NULL,NULL,NULL,NULL,NULL,NULL),(569,364,'2022-08-05 18:57:51','2022-08-05 18:57:51',19570,5,NULL,0,'34067','34067',NULL,NULL,NULL,0,0,NULL,25.0000,97.0000,97.0000,NULL,0.0000,0.0000,0.0000,0.0000,0.0000,0.0000,2425.0000,2425.0000,0.0000,0.0000,'simple',NULL,NULL,NULL,NULL,NULL,97.0000,97.0000,2425.0000,2425.0000,0.0000,0.0000,NULL,0,NULL,NULL,NULL,NULL,NULL,NULL,NULL,NULL,NULL),(570,364,'2022-08-05 18:57:51','2022-08-05 18:57:51',19571,5,NULL,0,'SL-1000X','SL-1000X',NULL,NULL,NULL,0,0,NULL,7.0000,16672.0000,16672.0000,NULL,0.0000,0.0000,0.0000,0.0000,0.0000,0.0000,116704.0000,116704.0000,0.0000,0.0000,'simple',NULL,NULL,NULL,NULL,NULL,16672.0000,16672.0000,116704.0000,116704.0000,0.0000,0.0000,NULL,0,NULL,NULL,NULL,NULL,NULL,NULL,NULL,NULL,NULL),(574,332,'2022-08-10 00:45:25','2022-08-10 00:45:25',12659,5,NULL,0,'1020399','1020399-D7PR2A',NULL,NULL,NULL,0,0,NULL,1.0000,12.0000,12.0000,NULL,0.0000,0.0000,0.0000,0.0000,0.0000,0.0000,12.0000,12.0000,0.0000,0.0000,'simple',NULL,NULL,NULL,NULL,NULL,12.0000,12.0000,12.0000,12.0000,0.0000,0.0000,NULL,0,NULL,NULL,NULL,NULL,NULL,NULL,NULL,NULL,NULL),(575,332,'2022-08-10 00:45:25','2022-08-10 00:45:25',12664,5,NULL,0,'1020400','1020400-D7PR4T',NULL,NULL,NULL,0,0,NULL,1.0000,26.0000,26.0000,NULL,0.0000,0.0000,0.0000,0.0000,0.0000,0.0000,26.0000,26.0000,0.0000,0.0000,'simple',NULL,NULL,NULL,NULL,NULL,26.0000,26.0000,26.0000,26.0000,0.0000,0.0000,NULL,0,NULL,NULL,NULL,NULL,NULL,NULL,NULL,NULL,NULL),(576,332,'2022-08-10 00:45:26','2022-08-10 00:45:26',12660,5,NULL,0,'1020401','1020401-D7PR2T',NULL,NULL,NULL,0,0,NULL,1.0000,28.0000,28.0000,NULL,0.0000,0.0000,0.0000,0.0000,0.0000,0.0000,28.0000,28.0000,0.0000,0.0000,'simple',NULL,NULL,NULL,NULL,NULL,28.0000,28.0000,28.0000,28.0000,0.0000,0.0000,NULL,0,NULL,NULL,NULL,NULL,NULL,NULL,NULL,NULL,NULL),(577,385,'2022-08-10 04:31:29','2022-08-10 04:31:29',17661,5,NULL,0,'7123463','7123463-SPD200480Y3C',NULL,NULL,NULL,0,0,NULL,1.0000,7776.3000,7776.3000,NULL,0.0000,0.0000,0.0000,0.0000,0.0000,0.0000,7776.3000,7776.3000,0.0000,0.0000,'simple',NULL,NULL,NULL,NULL,NULL,7776.3000,7776.3000,7776.3000,7776.3000,0.0000,0.0000,NULL,0,NULL,NULL,NULL,NULL,NULL,NULL,NULL,NULL,NULL),(578,385,'2022-08-10 04:31:35','2022-08-10 04:31:35',16779,5,NULL,0,'1049155','1049155-RGC316039EC',NULL,NULL,NULL,0,0,NULL,1.0000,33200.0000,33200.0000,NULL,0.0000,0.0000,0.0000,0.0000,0.0000,0.0000,33200.0000,33200.0000,0.0000,0.0000,'simple',NULL,NULL,NULL,NULL,NULL,33200.0000,33200.0000,33200.0000,33200.0000,0.0000,0.0000,NULL,0,NULL,NULL,NULL,NULL,NULL,NULL,NULL,NULL,NULL),(579,386,'2022-08-10 04:32:57','2022-08-10 04:32:57',15671,5,NULL,0,'1025438','1025438-NGC312036EC',NULL,NULL,NULL,0,0,NULL,1.0000,22950.0000,22950.0000,NULL,0.0000,0.0000,0.0000,0.0000,0.0000,0.0000,22950.0000,22950.0000,0.0000,0.0000,'simple',NULL,NULL,NULL,NULL,NULL,22950.0000,22950.0000,22950.0000,22950.0000,0.0000,0.0000,NULL,0,NULL,NULL,NULL,NULL,NULL,NULL,NULL,NULL,NULL),(580,386,'2022-08-10 04:33:01','2022-08-10 04:33:01',12660,5,NULL,0,'1020401','1020401-D7PR2T',NULL,NULL,NULL,0,0,NULL,1.0000,28.0000,28.0000,NULL,0.0000,0.0000,0.0000,0.0000,0.0000,0.0000,28.0000,28.0000,0.0000,0.0000,'simple',NULL,NULL,NULL,NULL,NULL,28.0000,28.0000,28.0000,28.0000,0.0000,0.0000,NULL,0,NULL,NULL,NULL,NULL,NULL,NULL,NULL,NULL,NULL),(581,390,'2022-08-10 16:22:00','2022-08-10 16:22:51',16779,5,NULL,0,'1049155','1049155-RGC316039EC',NULL,NULL,NULL,0,0,NULL,2.0000,33200.0000,33200.0000,NULL,0.0000,0.0000,0.0000,0.0000,0.0000,0.0000,66400.0000,66400.0000,0.0000,0.0000,'simple',NULL,NULL,NULL,NULL,NULL,33200.0000,33200.0000,66400.0000,66400.0000,0.0000,0.0000,NULL,0,NULL,NULL,NULL,NULL,NULL,NULL,NULL,NULL,NULL),(582,390,'2022-08-10 16:22:03','2022-08-10 16:22:03',15787,5,NULL,0,'1069235','1069235-Nucom-10NL-150',NULL,NULL,NULL,0,0,NULL,1.0000,6678.0000,6678.0000,NULL,0.0000,0.0000,0.0000,0.0000,0.0000,0.0000,6678.0000,6678.0000,0.0000,0.0000,'simple',NULL,NULL,NULL,NULL,NULL,6678.0000,6678.0000,6678.0000,6678.0000,0.0000,0.0000,NULL,0,NULL,NULL,NULL,NULL,NULL,NULL,NULL,NULL,NULL),(583,390,'2022-08-10 16:22:10','2022-08-10 16:22:10',10044,5,NULL,0,'7131010','7131010-8028320',NULL,NULL,NULL,0,0,NULL,1.0000,10300.0000,10300.0000,NULL,0.0000,0.0000,0.0000,0.0000,0.0000,0.0000,10300.0000,10300.0000,0.0000,0.0000,'simple',NULL,NULL,NULL,NULL,NULL,10300.0000,10300.0000,10300.0000,10300.0000,0.0000,0.0000,NULL,0,NULL,NULL,NULL,NULL,NULL,NULL,NULL,NULL,NULL),(585,391,'2022-08-10 16:47:57','2022-08-10 16:47:57',19581,5,NULL,0,'STPHF44GE6L45X','STPHF44GE6L45X',NULL,NULL,NULL,0,0,NULL,2.0000,0.0000,0.0000,NULL,0.0000,0.0000,0.0000,0.0000,0.0000,0.0000,0.0000,0.0000,0.0000,0.0000,'simple',NULL,NULL,NULL,NULL,NULL,0.0000,0.0000,0.0000,0.0000,0.0000,0.0000,NULL,0,NULL,NULL,NULL,NULL,NULL,NULL,NULL,NULL,NULL),(586,392,'2022-08-10 16:50:07','2022-08-10 16:50:07',19581,5,NULL,0,'STPHF44GE6L45X','STPHF44GE6L45X',NULL,NULL,NULL,0,0,NULL,2.0000,0.0000,0.0000,NULL,0.0000,0.0000,0.0000,0.0000,0.0000,0.0000,0.0000,0.0000,0.0000,0.0000,'simple',NULL,NULL,NULL,NULL,NULL,0.0000,0.0000,0.0000,0.0000,0.0000,0.0000,NULL,0,NULL,NULL,NULL,NULL,NULL,NULL,NULL,NULL,NULL),(592,393,'2022-08-10 17:04:35','2022-08-10 17:04:35',19581,5,NULL,0,'STPHF44GE6L45X','STPHF44GE6L45X',NULL,NULL,NULL,0,0,NULL,2.0000,0.0000,0.0000,NULL,0.0000,0.0000,0.0000,0.0000,0.0000,0.0000,0.0000,0.0000,0.0000,0.0000,'simple',NULL,NULL,NULL,NULL,NULL,0.0000,0.0000,0.0000,0.0000,0.0000,0.0000,NULL,0,NULL,NULL,NULL,NULL,NULL,NULL,NULL,NULL,NULL);

--
-- Table structure for table `quote_item_option`
--

CREATE TABLE `quote_item_option` (
  `option_id` int(10) unsigned NOT NULL AUTO_INCREMENT COMMENT 'Option ID',
  `item_id` int(10) unsigned NOT NULL COMMENT 'Item ID',
  `product_id` int(10) unsigned NOT NULL COMMENT 'Product ID',
  `code` varchar(255) NOT NULL COMMENT 'Code',
  `value` text COMMENT 'Value',
  PRIMARY KEY (`option_id`),
  KEY `QUOTE_ITEM_OPTION_ITEM_ID` (`item_id`),
  CONSTRAINT `QUOTE_ITEM_OPTION_ITEM_ID_QUOTE_ITEM_ITEM_ID` FOREIGN KEY (`item_id`) REFERENCES `quote_item` (`item_id`) ON DELETE CASCADE
) ENGINE=InnoDB AUTO_INCREMENT=1310 DEFAULT CHARSET=utf8 COMMENT='Sales Flat Quote Item Option';

--
-- Dumping data for table `quote_item_option`
--

INSERT INTO `quote_item_option` VALUES (1096,379,298,'info_buyRequest','{\"uenc\":\"aHR0cHM6Ly9kZXYtZ29vZ2xlLXB1bmNob3V0LnJhaGlzeXN0ZW1zLmNvbS9pbmRpYS90ZXN0MTIxLmh0bWw,\",\"product\":\"298\",\"selected_configurable_option\":\"\",\"related_product\":\"\",\"item\":\"298\",\"qty\":\"1\"}'),(1097,380,19498,'info_buyRequest','{\"uenc\":\"aHR0cHM6Ly9kZXYtZ29vZ2xlLXB1bmNob3V0LnJhaGlzeXN0ZW1zLmNvbS8,\",\"product\":\"19498\",\"qty\":1}'),(1098,381,4298,'info_buyRequest','{\"uenc\":\"aHR0cHM6Ly9kZXYtZ29vZ2xlLXB1bmNob3V0LnJhaGlzeXN0ZW1zLmNvbS8xMDM3NjM1LTUwMi0wODI3Lmh0bWw,\",\"product\":\"4298\",\"selected_configurable_option\":\"\",\"related_product\":\"\",\"item\":\"4298\",\"qty\":\"1\"}'),(1099,382,4299,'info_buyRequest','{\"uenc\":\"aHR0cHM6Ly9kZXYtZ29vZ2xlLXB1bmNob3V0LnJhaGlzeXN0ZW1zLmNvbS83MDk5NDMzLTUwMjUuaHRtbA,,\",\"product\":\"4299\",\"selected_configurable_option\":\"\",\"related_product\":\"\",\"item\":\"4299\",\"qty\":\"1\"}'),(1101,384,19407,'info_buyRequest','{\"uenc\":\"aHR0cHM6Ly9kZXYtZ29vZ2xlLXB1bmNob3V0LnJhaGlzeXN0ZW1zLmNvbS83MDQ4MjkxLXlhNmNsYm94Lmh0bWw,\",\"product\":\"19407\",\"selected_configurable_option\":\"\",\"related_product\":\"\",\"item\":\"19407\",\"qty\":\"1\"}'),(1102,385,16009,'info_buyRequest','{\"uenc\":\"aHR0cHM6Ly9kZXYtZ29vZ2xlLXB1bmNob3V0LnJhaGlzeXN0ZW1zLmNvbS8_Zmw9MQ,,\",\"product\":\"16009\",\"qty\":1}'),(1103,386,16009,'info_buyRequest','{\"uenc\":\"aHR0cHM6Ly9kZXYtZ29vZ2xlLXB1bmNob3V0LnJhaGlzeXN0ZW1zLmNvbS8,\",\"product\":\"16009\",\"qty\":1}'),(1104,387,15787,'info_buyRequest','{\"uenc\":\"aHR0cHM6Ly9kZXYtZ29vZ2xlLXB1bmNob3V0LnJhaGlzeXN0ZW1zLmNvbS8_Zmw9MQ,,\",\"product\":\"15787\",\"qty\":1}'),(1105,388,17661,'info_buyRequest','{\"uenc\":\"aHR0cHM6Ly9kZXYtZ29vZ2xlLXB1bmNob3V0LnJhaGlzeXN0ZW1zLmNvbS8_Zmw9MQ,,\",\"product\":\"17661\",\"qty\":1}'),(1106,389,16009,'info_buyRequest','{\"uenc\":\"aHR0cHM6Ly9kZXYtZ29vZ2xlLXB1bmNob3V0LnJhaGlzeXN0ZW1zLmNvbS8,\",\"product\":\"16009\",\"qty\":1}'),(1107,390,16779,'info_buyRequest','{\"uenc\":\"aHR0cHM6Ly9kZXYtZ29vZ2xlLXB1bmNob3V0LnJhaGlzeXN0ZW1zLmNvbS8_cG9zaWQ9Smk2Mjk4ZWM1ZDE3Y2U0\",\"product\":\"16779\",\"qty\":1}'),(1108,391,16779,'info_buyRequest','{\"uenc\":\"aHR0cHM6Ly9kZXYtZ29vZ2xlLXB1bmNob3V0LnJhaGlzeXN0ZW1zLmNvbS8_cG9zaWQ9eFE2Mjk4ZWNiMzc0ZWJk\",\"product\":\"16779\",\"qty\":1}'),(1109,392,16779,'info_buyRequest','{\"uenc\":\"aHR0cHM6Ly9kZXYtZ29vZ2xlLXB1bmNob3V0LnJhaGlzeXN0ZW1zLmNvbS8_cG9zaWQ9anc2Mjk4ZWYxOWQ5NWRm\",\"product\":\"16779\",\"qty\":1}'),(1110,393,16779,'info_buyRequest','{\"uenc\":\"aHR0cHM6Ly9kZXYtZ29vZ2xlLXB1bmNob3V0LnJhaGlzeXN0ZW1zLmNvbS8_cG9zaWQ9S3o2Mjk4ZjQxYmI5Zjg4\",\"product\":\"16779\",\"qty\":1}'),(1111,394,16779,'info_buyRequest','{\"uenc\":\"aHR0cHM6Ly9kZXYtZ29vZ2xlLXB1bmNob3V0LnJhaGlzeXN0ZW1zLmNvbS8xMDQ5MTU1LXJnYzMxNjAzOWVjLmh0bWw,\",\"product\":\"16779\",\"selected_configurable_option\":\"\",\"related_product\":\"\",\"item\":\"16779\",\"qty\":\"1\"}'),(1112,395,12380,'info_buyRequest','{\"uenc\":\"aHR0cHM6Ly9kZXYtZ29vZ2xlLXB1bmNob3V0LnJhaGlzeXN0ZW1zLmNvbS8_cG9zaWQ9WnM2MjlhMzU1MjUyN2Zj\",\"product\":\"12380\",\"qty\":1}'),(1114,397,16779,'info_buyRequest','{\"uenc\":\"aHR0cHM6Ly9kZXYtZ29vZ2xlLXB1bmNob3V0LnJhaGlzeXN0ZW1zLmNvbS8_cG9zaWQ9TWQ2MjlmMWZjZThiOGIw\",\"product\":\"16779\",\"qty\":1}'),(1115,398,17661,'info_buyRequest','{\"uenc\":\"aHR0cHM6Ly9kZXYtZ29vZ2xlLXB1bmNob3V0LnJhaGlzeXN0ZW1zLmNvbS8_cG9zaWQ9V1I2MjlmNDg5NjZmZGZl\",\"product\":\"17661\",\"qty\":1}'),(1116,399,15787,'info_buyRequest','{\"uenc\":\"aHR0cHM6Ly9kZXYtZ29vZ2xlLXB1bmNob3V0LnJhaGlzeXN0ZW1zLmNvbS8_cG9zaWQ9V1I2MjlmNDg5NjZmZGZl\",\"product\":\"15787\",\"qty\":1}'),(1117,400,739,'info_buyRequest','{\"uenc\":\"aHR0cHM6Ly9kZXYtZ29vZ2xlLXB1bmNob3V0LnJhaGlzeXN0ZW1zLmNvbS8xMDk2NzYyLTA0ODdlM3g0MTF4eGMzeDRoNXguaHRtbA,,\",\"product\":\"739\",\"selected_configurable_option\":\"\",\"related_product\":\"\",\"item\":\"739\",\"qty\":\"1\"}'),(1118,401,477,'info_buyRequest','{\"uenc\":\"aHR0cHM6Ly9kZXYtZ29vZ2xlLXB1bmNob3V0LnJhaGlzeXN0ZW1zLmNvbS9sYXB0b3BzLWFjY2Vzc29yaWVzLmh0bWw,\",\"product\":\"477\",\"qty\":1}'),(1119,402,1672,'info_buyRequest','{\"uenc\":\"aHR0cHM6Ly9kZXYtZ29vZ2xlLXB1bmNob3V0LnJhaGlzeXN0ZW1zLmNvbS9sYXB0b3BzLWFjY2Vzc29yaWVzLmh0bWw_cD02\",\"product\":\"1672\",\"qty\":1}'),(1120,403,12380,'info_buyRequest','{\"uenc\":\"aHR0cHM6Ly9kZXYtZ29vZ2xlLXB1bmNob3V0LnJhaGlzeXN0ZW1zLmNvbS8_cG9zaWQ9UHM2MmEwZjIxODg0NWYw\",\"product\":\"12380\",\"qty\":1}'),(1121,404,10043,'info_buyRequest','{\"uenc\":\"aHR0cHM6Ly9kZXYtZ29vZ2xlLXB1bmNob3V0LnJhaGlzeXN0ZW1zLmNvbS8xMTE4NDEwLTgwMjc4OTkuaHRtbA,,\",\"product\":\"10043\",\"selected_configurable_option\":\"\",\"related_product\":\"\",\"item\":\"10043\",\"qty\":\"1\"}'),(1122,405,971,'info_buyRequest','{\"uenc\":\"aHR0cHM6Ly9kZXYtZ29vZ2xlLXB1bmNob3V0LnJhaGlzeXN0ZW1zLmNvbS9sYXB0b3BzLWFjY2Vzc29yaWVzLmh0bWw,\",\"product\":\"971\",\"qty\":1}'),(1123,406,996,'info_buyRequest','{\"uenc\":\"aHR0cHM6Ly9kZXYtZ29vZ2xlLXB1bmNob3V0LnJhaGlzeXN0ZW1zLmNvbS9sYXB0b3BzLWFjY2Vzc29yaWVzLmh0bWw,\",\"product\":\"996\",\"qty\":1}'),(1124,407,860,'info_buyRequest','{\"uenc\":\"aHR0cHM6Ly9kZXYtZ29vZ2xlLXB1bmNob3V0LnJhaGlzeXN0ZW1zLmNvbS9sYXB0b3BzLWFjY2Vzc29yaWVzLmh0bWw,\",\"product\":\"860\",\"qty\":1}'),(1125,408,477,'info_buyRequest','{\"uenc\":\"aHR0cHM6Ly9kZXYtZ29vZ2xlLXB1bmNob3V0LnJhaGlzeXN0ZW1zLmNvbS9sYXB0b3BzLWFjY2Vzc29yaWVzLmh0bWw,\",\"product\":\"477\",\"qty\":1}'),(1126,409,12250,'info_buyRequest','{\"uenc\":\"aHR0cHM6Ly9kZXYtZ29vZ2xlLXB1bmNob3V0LnJhaGlzeXN0ZW1zLmNvbS8xMDk2MDQwLWNlNTUzMy5odG1s\",\"product\":\"12250\",\"selected_configurable_option\":\"\",\"related_product\":\"\",\"item\":\"12250\",\"qty\":\"1\"}'),(1127,410,10044,'info_buyRequest','{\"uenc\":\"aHR0cHM6Ly9kZXYtZ29vZ2xlLXB1bmNob3V0LnJhaGlzeXN0ZW1zLmNvbS83MTMxMDEwLTgwMjgzMjAuaHRtbA,,\",\"product\":\"10044\",\"selected_configurable_option\":\"\",\"related_product\":\"\",\"item\":\"10044\",\"qty\":\"1\"}'),(1128,411,477,'info_buyRequest','{\"uenc\":\"aHR0cHM6Ly9kZXYtZ29vZ2xlLXB1bmNob3V0LnJhaGlzeXN0ZW1zLmNvbS9sYXB0b3BzLWFjY2Vzc29yaWVzLmh0bWw,\",\"product\":\"477\",\"qty\":1}'),(1129,412,971,'info_buyRequest','{\"uenc\":\"aHR0cHM6Ly9kZXYtZ29vZ2xlLXB1bmNob3V0LnJhaGlzeXN0ZW1zLmNvbS9sYXB0b3BzLWFjY2Vzc29yaWVzLmh0bWw,\",\"product\":\"971\",\"qty\":1}'),(1130,413,996,'info_buyRequest','{\"uenc\":\"aHR0cHM6Ly9kZXYtZ29vZ2xlLXB1bmNob3V0LnJhaGlzeXN0ZW1zLmNvbS9sYXB0b3BzLWFjY2Vzc29yaWVzLmh0bWw,\",\"product\":\"996\",\"qty\":1}'),(1131,414,17661,'info_buyRequest','{\"uenc\":\"aHR0cHM6Ly9kZXYtZ29vZ2xlLXB1bmNob3V0LnJhaGlzeXN0ZW1zLmNvbS8_cG9zaWQ9Q0Y2MmIxYzE4OTgyZDU5\",\"product\":\"17661\",\"qty\":1}'),(1132,415,15786,'info_buyRequest','{\"uenc\":\"aHR0cHM6Ly9kZXYtZ29vZ2xlLXB1bmNob3V0LnJhaGlzeXN0ZW1zLmNvbS8xMDY5MjM2LW51Y29tLTEwbmwtMTAwLmh0bWw,\",\"product\":\"15786\",\"selected_configurable_option\":\"\",\"related_product\":\"\",\"item\":\"15786\",\"qty\":\"1\"}'),(1133,416,16779,'info_buyRequest','{\"uenc\":\"aHR0cHM6Ly9kZXYtZ29vZ2xlLXB1bmNob3V0LnJhaGlzeXN0ZW1zLmNvbS8_cG9zaWQ9ZlU2MmIzNGI2MzJjZDIy\",\"product\":\"16779\",\"qty\":1}'),(1134,417,15787,'info_buyRequest','{\"uenc\":\"aHR0cHM6Ly9kZXYtZ29vZ2xlLXB1bmNob3V0LnJhaGlzeXN0ZW1zLmNvbS8_cG9zaWQ9ZlU2MmIzNGI2MzJjZDIy\",\"product\":\"15787\",\"qty\":1}'),(1135,418,16779,'info_buyRequest','{\"uenc\":\"aHR0cHM6Ly9kZXYtZ29vZ2xlLXB1bmNob3V0LnJhaGlzeXN0ZW1zLmNvbS8_cG9zaWQ9Ukk2MmIzNmM3MGI1N2Rm\",\"product\":\"16779\",\"qty\":1}'),(1136,419,16779,'info_buyRequest','{\"uenc\":\"aHR0cHM6Ly9kZXYtZ29vZ2xlLXB1bmNob3V0LnJhaGlzeXN0ZW1zLmNvbS8_cG9zaWQ9bFQ2MmI0MDJiZDQ0Mjc4\",\"product\":\"16779\",\"qty\":1}'),(1137,420,15787,'info_buyRequest','{\"uenc\":\"aHR0cHM6Ly9kZXYtZ29vZ2xlLXB1bmNob3V0LnJhaGlzeXN0ZW1zLmNvbS8_cG9zaWQ9bFQ2MmI0MDJiZDQ0Mjc4\",\"product\":\"15787\",\"qty\":1}'),(1138,421,477,'info_buyRequest','{\"uenc\":\"aHR0cHM6Ly9kZXYtZ29vZ2xlLXB1bmNob3V0LnJhaGlzeXN0ZW1zLmNvbS9sYXB0b3BzLWFjY2Vzc29yaWVzLmh0bWw,\",\"product\":\"477\",\"qty\":1}'),(1139,422,478,'info_buyRequest','{\"uenc\":\"aHR0cHM6Ly9kZXYtZ29vZ2xlLXB1bmNob3V0LnJhaGlzeXN0ZW1zLmNvbS9sYXB0b3BzLWFjY2Vzc29yaWVzLmh0bWw,\",\"product\":\"478\",\"qty\":1}'),(1140,423,477,'info_buyRequest','{\"uenc\":\"aHR0cHM6Ly9kZXYtZ29vZ2xlLXB1bmNob3V0LnJhaGlzeXN0ZW1zLmNvbS9sYXB0b3BzLWFjY2Vzc29yaWVzLmh0bWw,\",\"product\":\"477\",\"qty\":1}'),(1141,424,478,'info_buyRequest','{\"uenc\":\"aHR0cHM6Ly9kZXYtZ29vZ2xlLXB1bmNob3V0LnJhaGlzeXN0ZW1zLmNvbS9sYXB0b3BzLWFjY2Vzc29yaWVzLmh0bWw,\",\"product\":\"478\",\"qty\":1}'),(1142,425,477,'info_buyRequest','{\"uenc\":\"aHR0cHM6Ly9kZXYtZ29vZ2xlLXB1bmNob3V0LnJhaGlzeXN0ZW1zLmNvbS9sYXB0b3BzLWFjY2Vzc29yaWVzLmh0bWw,\",\"product\":\"477\",\"qty\":1}'),(1143,426,478,'info_buyRequest','{\"uenc\":\"aHR0cHM6Ly9kZXYtZ29vZ2xlLXB1bmNob3V0LnJhaGlzeXN0ZW1zLmNvbS9sYXB0b3BzLWFjY2Vzc29yaWVzLmh0bWw,\",\"product\":\"478\",\"qty\":1}'),(1144,427,3849,'info_buyRequest','{\"uenc\":\"aHR0cHM6Ly9kZXYtZ29vZ2xlLXB1bmNob3V0LnJhaGlzeXN0ZW1zLmNvbS8xMDg4MDM5LTQwMDcxMzU0NTAwLmh0bWw,\",\"product\":\"3849\",\"selected_configurable_option\":\"\",\"related_product\":\"\",\"item\":\"3849\",\"qty\":\"2\"}'),(1145,428,1686,'info_buyRequest','{\"uenc\":\"aHR0cHM6Ly9kZXYtZ29vZ2xlLXB1bmNob3V0LnJhaGlzeXN0ZW1zLmNvbS8xMTExMjI3LTE0OTItZWFqMzUuaHRtbA,,\",\"product\":\"1686\",\"selected_configurable_option\":\"\",\"related_product\":\"\",\"item\":\"1686\",\"qty\":\"10\"}'),(1146,429,14934,'info_buyRequest','{\"uenc\":\"aHR0cHM6Ly9kZXYtZ29vZ2xlLXB1bmNob3V0LnJhaGlzeXN0ZW1zLmNvbS83MTI2MzQ0LWtsbS01Lmh0bWw,\",\"product\":\"14934\",\"selected_configurable_option\":\"\",\"related_product\":\"\",\"item\":\"14934\",\"qty\":\"20\"}'),(1147,430,17661,'info_buyRequest','{\"uenc\":\"aHR0cHM6Ly9kZXYtZ29vZ2xlLXB1bmNob3V0LnJhaGlzeXN0ZW1zLmNvbS8_cG9zaWQ9ZUE2MmJiMGIzYjM4NTY3\",\"product\":\"17661\",\"qty\":1}'),(1148,431,16779,'info_buyRequest','{\"uenc\":\"aHR0cHM6Ly9kZXYtZ29vZ2xlLXB1bmNob3V0LnJhaGlzeXN0ZW1zLmNvbS8,\",\"product\":\"16779\",\"qty\":1}'),(1149,432,10016,'info_buyRequest','{\"uenc\":\"aHR0cHM6Ly9kZXYtZ29vZ2xlLXB1bmNob3V0LnJhaGlzeXN0ZW1zLmNvbS9sYXB0b3BzLWFjY2Vzc29yaWVzLmh0bWw_cD01JnByb2R1Y3RfbGlzdF9vcmRlcj1wcmljZQ,,\",\"product\":\"10016\",\"qty\":1}'),(1150,433,15787,'info_buyRequest','{\"uenc\":\"aHR0cHM6Ly9kZXYtZ29vZ2xlLXB1bmNob3V0LnJhaGlzeXN0ZW1zLmNvbS8_cG9zaWQ9dVg2MmJjNDlkYjFhMDkx\",\"product\":\"15787\",\"qty\":1}'),(1151,434,10016,'info_buyRequest','{\"uenc\":\"aHR0cHM6Ly9kZXYtZ29vZ2xlLXB1bmNob3V0LnJhaGlzeXN0ZW1zLmNvbS8xMTEwNjA0LTgwMHQtbjQxLmh0bWw,\",\"product\":\"10016\",\"selected_configurable_option\":\"\",\"related_product\":\"\",\"item\":\"10016\",\"qty\":\"1\"}'),(1152,435,13843,'info_buyRequest','{\"uenc\":\"aHR0cHM6Ly9kZXYtZ29vZ2xlLXB1bmNob3V0LnJhaGlzeXN0ZW1zLmNvbS8xMDQwMjMyLWZucS1yLTkuaHRtbA,,\",\"product\":\"13843\",\"selected_configurable_option\":\"\",\"related_product\":\"\",\"item\":\"13843\",\"qty\":\"5\"}'),(1153,436,13843,'info_buyRequest','{\"uenc\":\"aHR0cHM6Ly9kZXYtZ29vZ2xlLXB1bmNob3V0LnJhaGlzeXN0ZW1zLmNvbS8xMDQwMjMyLWZucS1yLTkuaHRtbA,,\",\"product\":\"13843\",\"selected_configurable_option\":\"\",\"related_product\":\"\",\"item\":\"13843\",\"qty\":\"5\"}'),(1154,437,13843,'info_buyRequest','{\"uenc\":\"aHR0cHM6Ly9kZXYtZ29vZ2xlLXB1bmNob3V0LnJhaGlzeXN0ZW1zLmNvbS8xMDQwMjMyLWZucS1yLTkuaHRtbA,,\",\"product\":\"13843\",\"selected_configurable_option\":\"\",\"related_product\":\"\",\"item\":\"13843\",\"qty\":\"5\"}'),(1155,438,2611,'info_buyRequest','{\"uenc\":\"aHR0cHM6Ly9kZXYtZ29vZ2xlLXB1bmNob3V0LnJhaGlzeXN0ZW1zLmNvbS83MTE5OTI0LTIwODUtZWNyLmh0bWw,\",\"product\":\"2611\",\"selected_configurable_option\":\"\",\"related_product\":\"\",\"item\":\"2611\",\"qty\":\"3\"}'),(1156,439,1692,'info_buyRequest','{\"uenc\":\"aHR0cHM6Ly9kZXYtZ29vZ2xlLXB1bmNob3V0LnJhaGlzeXN0ZW1zLmNvbS83MTEzODI4LTE0OTItZmIxbTMwLmh0bWw,\",\"product\":\"1692\",\"selected_configurable_option\":\"\",\"related_product\":\"\",\"item\":\"1692\",\"qty\":\"4\"}'),(1157,440,15786,'info_buyRequest','{\"uenc\":\"aHR0cHM6Ly9kZXYtZ29vZ2xlLXB1bmNob3V0LnJhaGlzeXN0ZW1zLmNvbS8,\",\"product\":\"15786\",\"qty\":1}'),(1158,441,17661,'info_buyRequest','{\"uenc\":\"aHR0cHM6Ly9kZXYtZ29vZ2xlLXB1bmNob3V0LnJhaGlzeXN0ZW1zLmNvbS8_cG9zaWQ9RVg2MmM1ZWRlZTlmZmQ5\",\"product\":\"17661\",\"qty\":1}'),(1159,442,17661,'info_buyRequest','{\"uenc\":\"aHR0cHM6Ly9kZXYtZ29vZ2xlLXB1bmNob3V0LnJhaGlzeXN0ZW1zLmNvbS8,\",\"product\":\"17661\",\"qty\":1}'),(1160,443,17661,'info_buyRequest','{\"uenc\":\"aHR0cHM6Ly9kZXYtZ29vZ2xlLXB1bmNob3V0LnJhaGlzeXN0ZW1zLmNvbS83MTIzNDYzLXNwZDIwMDQ4MHkzYy5odG1s\",\"product\":\"17661\",\"selected_configurable_option\":\"\",\"related_product\":\"\",\"item\":\"17661\",\"qty\":\"1\"}'),(1161,444,15787,'info_buyRequest','{\"uenc\":\"aHR0cHM6Ly9kZXYtZ29vZ2xlLXB1bmNob3V0LnJhaGlzeXN0ZW1zLmNvbS8_cG9zaWQ9enY2MmQwOWEzY2QwOGU1\",\"product\":\"15787\",\"qty\":1}'),(1163,446,15671,'info_buyRequest','{\"uenc\":\"aHR0cHM6Ly9kZXYtZ29vZ2xlLXB1bmNob3V0LnJhaGlzeXN0ZW1zLmNvbS9sYXB0b3BzLWFjY2Vzc29yaWVzLmh0bWw,\",\"product\":\"15671\",\"qty\":1}'),(1164,447,12660,'info_buyRequest','{\"uenc\":\"aHR0cHM6Ly9kZXYtZ29vZ2xlLXB1bmNob3V0LnJhaGlzeXN0ZW1zLmNvbS9sYXB0b3BzLWFjY2Vzc29yaWVzLmh0bWw,\",\"product\":\"12660\",\"qty\":1}'),(1165,448,15671,'info_buyRequest','{\"product\":\"15671\",\"qty\":\"1\"}'),(1167,450,12664,'info_buyRequest','{\"uenc\":\"aHR0cHM6Ly9kZXYtZ29vZ2xlLXB1bmNob3V0LnJhaGlzeXN0ZW1zLmNvbS9sYXB0b3BzLWFjY2Vzc29yaWVzLmh0bWw,\",\"product\":\"12664\",\"qty\":1}'),(1168,451,12659,'info_buyRequest','{\"uenc\":\"aHR0cHM6Ly9kZXYtZ29vZ2xlLXB1bmNob3V0LnJhaGlzeXN0ZW1zLmNvbS9sYXB0b3BzLWFjY2Vzc29yaWVzLmh0bWw,\",\"product\":\"12659\",\"qty\":1}'),(1169,452,12662,'info_buyRequest','{\"uenc\":\"aHR0cHM6Ly9kZXYtZ29vZ2xlLXB1bmNob3V0LnJhaGlzeXN0ZW1zLmNvbS9sYXB0b3BzLWFjY2Vzc29yaWVzLmh0bWw,\",\"product\":\"12662\",\"qty\":1}'),(1170,453,12659,'info_buyRequest','{\"uenc\":\"aHR0cHM6Ly9kZXYtZ29vZ2xlLXB1bmNob3V0LnJhaGlzeXN0ZW1zLmNvbS9sYXB0b3BzLWFjY2Vzc29yaWVzLmh0bWw,\",\"product\":\"12659\",\"qty\":1}'),(1171,454,16779,'info_buyRequest','{\"uenc\":\"aHR0cHM6Ly9kZXYtZ29vZ2xlLXB1bmNob3V0LnJhaGlzeXN0ZW1zLmNvbS8xMDQ5MTU1LXJnYzMxNjAzOWVjLmh0bWw,\",\"product\":\"16779\",\"selected_configurable_option\":\"\",\"related_product\":\"\",\"item\":\"16779\",\"qty\":\"100\"}'),(1172,455,16779,'info_buyRequest','{\"uenc\":\"aHR0cHM6Ly9kZXYtZ29vZ2xlLXB1bmNob3V0LnJhaGlzeXN0ZW1zLmNvbS8_cG9zaWQ9TWk2MmQ3YTY1ZDVhNDE3\",\"product\":\"16779\",\"qty\":1}'),(1173,456,17661,'info_buyRequest','{\"uenc\":\"aHR0cHM6Ly9kZXYtZ29vZ2xlLXB1bmNob3V0LnJhaGlzeXN0ZW1zLmNvbS8_cG9zaWQ9TWk2MmQ3YTY1ZDVhNDE3\",\"product\":\"17661\",\"qty\":1}'),(1174,457,10044,'info_buyRequest','{\"uenc\":\"aHR0cHM6Ly9kZXYtZ29vZ2xlLXB1bmNob3V0LnJhaGlzeXN0ZW1zLmNvbS8_cG9zaWQ9TWk2MmQ3YTY1ZDVhNDE3\",\"product\":\"10044\",\"qty\":1}'),(1175,458,15786,'info_buyRequest','{\"uenc\":\"aHR0cHM6Ly9kZXYtZ29vZ2xlLXB1bmNob3V0LnJhaGlzeXN0ZW1zLmNvbS8_cG9zaWQ9TWk2MmQ3YTY1ZDVhNDE3\",\"product\":\"15786\",\"qty\":1}'),(1176,459,12380,'info_buyRequest','{\"uenc\":\"aHR0cHM6Ly9kZXYtZ29vZ2xlLXB1bmNob3V0LnJhaGlzeXN0ZW1zLmNvbS8_cG9zaWQ9TWk2MmQ3YTY1ZDVhNDE3\",\"product\":\"12380\",\"qty\":1}'),(1184,467,15839,'info_buyRequest','{\"uenc\":\"aHR0cHM6Ly9kZXYtZ29vZ2xlLXB1bmNob3V0LnJhaGlzeXN0ZW1zLmNvbS9jYXRhbG9nc2VhcmNoL3Jlc3VsdC8_cT10ZXN0\",\"product\":\"15839\",\"qty\":1}'),(1185,468,17661,'info_buyRequest','{\"uenc\":\"aHR0cHM6Ly9kZXYtZ29vZ2xlLXB1bmNob3V0LnJhaGlzeXN0ZW1zLmNvbS8_cG9zaWQ9Rng2MmQ4NTgyNjY0NmE5\",\"product\":\"17661\",\"qty\":1}'),(1186,469,16779,'info_buyRequest','{\"uenc\":\"aHR0cHM6Ly9kZXYtZ29vZ2xlLXB1bmNob3V0LnJhaGlzeXN0ZW1zLmNvbS8xMDQ5MTU1LXJnYzMxNjAzOWVjLmh0bWw,\",\"product\":\"16779\",\"selected_configurable_option\":\"\",\"related_product\":\"\",\"item\":\"16779\",\"qty\":\"2\"}'),(1187,470,17661,'info_buyRequest','{\"uenc\":\"aHR0cHM6Ly9kZXYtZ29vZ2xlLXB1bmNob3V0LnJhaGlzeXN0ZW1zLmNvbS8_cG9zaWQ9aEo2MmQ4NjJhOTFkMzQy\",\"product\":\"17661\",\"qty\":1}'),(1188,471,16779,'info_buyRequest','{\"uenc\":\"aHR0cHM6Ly9kZXYtZ29vZ2xlLXB1bmNob3V0LnJhaGlzeXN0ZW1zLmNvbS8xMDQ5MTU1LXJnYzMxNjAzOWVjLmh0bWw,\",\"product\":\"16779\",\"selected_configurable_option\":\"\",\"related_product\":\"\",\"item\":\"16779\",\"qty\":\"2\"}'),(1196,479,17661,'info_buyRequest','{\"uenc\":\"aHR0cHM6Ly9kZXYtZ29vZ2xlLXB1bmNob3V0LnJhaGlzeXN0ZW1zLmNvbS8_cG9zaWQ9VU42MmQ5MzA0NGMwMWI1\",\"product\":\"17661\",\"qty\":1}'),(1197,480,17661,'info_buyRequest','{\"uenc\":\"aHR0cHM6Ly9kZXYtZ29vZ2xlLXB1bmNob3V0LnJhaGlzeXN0ZW1zLmNvbS8_cG9zaWQ9WEE2MmQ5MzEzMGU3OWJk\",\"product\":\"17661\",\"qty\":1}'),(1199,482,17661,'info_buyRequest','{\"uenc\":\"aHR0cHM6Ly9kZXYtZ29vZ2xlLXB1bmNob3V0LnJhaGlzeXN0ZW1zLmNvbS83MTIzNDYzLXNwZDIwMDQ4MHkzYy5odG1s\",\"product\":\"17661\",\"selected_configurable_option\":\"\",\"related_product\":\"\",\"item\":\"17661\",\"qty\":\"1\"}'),(1200,483,477,'info_buyRequest','{\"uenc\":\"aHR0cHM6Ly9kZXYtZ29vZ2xlLXB1bmNob3V0LnJhaGlzeXN0ZW1zLmNvbS9sYXB0b3BzLWFjY2Vzc29yaWVzLmh0bWw_cD01JnByb2R1Y3RfbGlzdF9saW1pdD0zNiZwcm9kdWN0X2xpc3Rfb3JkZXI9cHJpY2U,\",\"product\":\"477\",\"qty\":1}'),(1201,484,3476,'info_buyRequest','{\"uenc\":\"aHR0cHM6Ly9kZXYtZ29vZ2xlLXB1bmNob3V0LnJhaGlzeXN0ZW1zLmNvbS9sYXB0b3BzLWFjY2Vzc29yaWVzLmh0bWw_cD01JnByb2R1Y3RfbGlzdF9saW1pdD0zNiZwcm9kdWN0X2xpc3Rfb3JkZXI9cHJpY2U,\",\"product\":\"3476\",\"qty\":1}'),(1202,485,4322,'info_buyRequest','{\"uenc\":\"aHR0cHM6Ly9kZXYtZ29vZ2xlLXB1bmNob3V0LnJhaGlzeXN0ZW1zLmNvbS9sYXB0b3BzLWFjY2Vzc29yaWVzLmh0bWw_cD01JnByb2R1Y3RfbGlzdF9saW1pdD0zNiZwcm9kdWN0X2xpc3Rfb3JkZXI9cHJpY2U,\",\"product\":\"4322\",\"qty\":1}'),(1203,486,12662,'info_buyRequest','{\"uenc\":\"aHR0cHM6Ly9kZXYtZ29vZ2xlLXB1bmNob3V0LnJhaGlzeXN0ZW1zLmNvbS9sYXB0b3BzLWFjY2Vzc29yaWVzLmh0bWw,\",\"product\":\"12662\",\"qty\":1}'),(1204,487,15786,'info_buyRequest','{\"uenc\":\"aHR0cHM6Ly9kZXYtZ29vZ2xlLXB1bmNob3V0LnJhaGlzeXN0ZW1zLmNvbS8_cG9zaWQ9UGk2MmQ5ODZmZjkwMmU2\",\"product\":\"15786\",\"qty\":1}'),(1208,491,12659,'info_buyRequest','{\"uenc\":\"aHR0cHM6Ly9kZXYtZ29vZ2xlLXB1bmNob3V0LnJhaGlzeXN0ZW1zLmNvbS9sYXB0b3BzLWFjY2Vzc29yaWVzLmh0bWw,\",\"product\":\"12659\",\"qty\":1}'),(1209,492,477,'info_buyRequest','{\"uenc\":\"aHR0cHM6Ly9kZXYtZ29vZ2xlLXB1bmNob3V0LnJhaGlzeXN0ZW1zLmNvbS8xMTExMDE1LTAxMTZiNjcwOGc0M2E3M3c1Lmh0bWw,\",\"product\":\"477\",\"selected_configurable_option\":\"\",\"related_product\":\"\",\"item\":\"477\",\"qty\":\"1\"}'),(1210,493,15787,'info_buyRequest','{\"uenc\":\"aHR0cHM6Ly9kZXYtZ29vZ2xlLXB1bmNob3V0LnJhaGlzeXN0ZW1zLmNvbS8_cG9zaWQ9d3E2MmRlZDllZTYxNjI4\",\"product\":\"15787\",\"qty\":1}'),(1211,494,17661,'info_buyRequest','{\"uenc\":\"aHR0cHM6Ly9kZXYtZ29vZ2xlLXB1bmNob3V0LnJhaGlzeXN0ZW1zLmNvbS8_cG9zaWQ9V2M2MmRmNmViMDdhZjRm\",\"product\":\"17661\",\"qty\":1}'),(1212,495,16779,'info_buyRequest','{\"uenc\":\"aHR0cHM6Ly9kZXYtZ29vZ2xlLXB1bmNob3V0LnJhaGlzeXN0ZW1zLmNvbS8_cG9zaWQ9V2M2MmRmNmViMDdhZjRm\",\"product\":\"16779\",\"qty\":1}'),(1213,496,16779,'info_buyRequest','{\"uenc\":\"aHR0cHM6Ly9kZXYtZ29vZ2xlLXB1bmNob3V0LnJhaGlzeXN0ZW1zLmNvbS8_cG9zaWQ9UXU2MmRmNzA0ZTZjNTJm\",\"product\":\"16779\",\"qty\":1}'),(1214,497,17661,'info_buyRequest','{\"uenc\":\"aHR0cHM6Ly9kZXYtZ29vZ2xlLXB1bmNob3V0LnJhaGlzeXN0ZW1zLmNvbS8_cG9zaWQ9cXI2MmUwZmZhODUwOWU2\",\"product\":\"17661\",\"qty\":1}'),(1215,498,15787,'info_buyRequest','{\"uenc\":\"aHR0cHM6Ly9kZXYtZ29vZ2xlLXB1bmNob3V0LnJhaGlzeXN0ZW1zLmNvbS8_cG9zaWQ9cXI2MmUwZmZhODUwOWU2\",\"product\":\"15787\",\"qty\":1}'),(1216,499,12664,'info_buyRequest','{\"uenc\":\"aHR0cHM6Ly9kZXYtZ29vZ2xlLXB1bmNob3V0LnJhaGlzeXN0ZW1zLmNvbS9sYXB0b3BzLWFjY2Vzc29yaWVzLmh0bWw,\",\"product\":\"12664\",\"qty\":1}'),(1217,500,15671,'info_buyRequest','{\"uenc\":\"aHR0cHM6Ly9kZXYtZ29vZ2xlLXB1bmNob3V0LnJhaGlzeXN0ZW1zLmNvbS9sYXB0b3BzLWFjY2Vzc29yaWVzLmh0bWw,\",\"product\":\"15671\",\"qty\":1}'),(1218,501,12659,'info_buyRequest','{\"uenc\":\"aHR0cHM6Ly9kZXYtZ29vZ2xlLXB1bmNob3V0LnJhaGlzeXN0ZW1zLmNvbS9sYXB0b3BzLWFjY2Vzc29yaWVzLmh0bWw,\",\"product\":\"12659\",\"qty\":1}'),(1219,502,12664,'info_buyRequest','{\"uenc\":\"aHR0cHM6Ly9kZXYtZ29vZ2xlLXB1bmNob3V0LnJhaGlzeXN0ZW1zLmNvbS9sYXB0b3BzLWFjY2Vzc29yaWVzLmh0bWw,\",\"product\":\"12664\",\"qty\":1}'),(1221,504,17661,'info_buyRequest','{\"uenc\":\"aHR0cHM6Ly9kZXYtZ29vZ2xlLXB1bmNob3V0LnJhaGlzeXN0ZW1zLmNvbS8_cG9zaWQ9VlI2MmUzZjc2ZmNkYjQz\",\"product\":\"17661\",\"qty\":1}'),(1222,505,16779,'info_buyRequest','{\"uenc\":\"aHR0cHM6Ly9kZXYtZ29vZ2xlLXB1bmNob3V0LnJhaGlzeXN0ZW1zLmNvbS8_cG9zaWQ9VlI2MmUzZjc2ZmNkYjQz\",\"product\":\"16779\",\"qty\":1}'),(1223,506,15787,'info_buyRequest','{\"uenc\":\"aHR0cHM6Ly9kZXYtZ29vZ2xlLXB1bmNob3V0LnJhaGlzeXN0ZW1zLmNvbS8xMDY5MjM1LW51Y29tLTEwbmwtMTUwLmh0bWw,\",\"product\":\"15787\",\"selected_configurable_option\":\"\",\"related_product\":\"\",\"item\":\"15787\",\"qty\":\"1\"}'),(1224,507,15786,'info_buyRequest','{\"uenc\":\"aHR0cHM6Ly9kZXYtZ29vZ2xlLXB1bmNob3V0LnJhaGlzeXN0ZW1zLmNvbS8_cG9zaWQ9SU02MmUzZmZmZDE4MGU2\",\"product\":\"15786\",\"qty\":1}'),(1225,508,17661,'info_buyRequest','{\"uenc\":\"aHR0cHM6Ly9kZXYtZ29vZ2xlLXB1bmNob3V0LnJhaGlzeXN0ZW1zLmNvbS8_cG9zaWQ9T0k2MmU0MTQxN2I2ZDg5\",\"product\":\"17661\",\"qty\":1}'),(1226,509,17661,'info_buyRequest','{\"uenc\":\"aHR0cHM6Ly9kZXYtZ29vZ2xlLXB1bmNob3V0LnJhaGlzeXN0ZW1zLmNvbS8_cG9zaWQ9bXY2MmU0MTQ4MDhiMTE2\",\"product\":\"17661\",\"qty\":1}'),(1228,511,15671,'info_buyRequest','{\"uenc\":\"aHR0cHM6Ly9kZXYtZ29vZ2xlLXB1bmNob3V0LnJhaGlzeXN0ZW1zLmNvbS9sYXB0b3BzLWFjY2Vzc29yaWVzLmh0bWw,\",\"product\":\"15671\",\"qty\":1}'),(1229,512,17661,'info_buyRequest','{\"uenc\":\"aHR0cHM6Ly9kZXYtZ29vZ2xlLXB1bmNob3V0LnJhaGlzeXN0ZW1zLmNvbS8_cG9zaWQ9a1U2MmU3YWExMGE1Y2Qw\",\"product\":\"17661\",\"qty\":1}'),(1230,513,16779,'info_buyRequest','{\"uenc\":\"aHR0cHM6Ly9kZXYtZ29vZ2xlLXB1bmNob3V0LnJhaGlzeXN0ZW1zLmNvbS8_cG9zaWQ9b1U2MmU3YmMwYzYwNGUx\",\"product\":\"16779\",\"qty\":1}'),(1232,515,298,'info_buyRequest','{\"uenc\":\"aHR0cHM6Ly9kZXYtZ29vZ2xlLXB1bmNob3V0LnJhaGlzeXN0ZW1zLmNvbS9jYXRhbG9nc2VhcmNoL3Jlc3VsdC8_cT10ZXN0MTIx\",\"product\":\"298\",\"qty\":1}'),(1233,516,298,'info_buyRequest','{\"uenc\":\"aHR0cHM6Ly9kZXYtZ29vZ2xlLXB1bmNob3V0LnJhaGlzeXN0ZW1zLmNvbS9jYXRhbG9nc2VhcmNoL3Jlc3VsdC8_cT10ZXN0MTIx\",\"product\":\"298\",\"qty\":1}'),(1235,518,15787,'info_buyRequest','{\"uenc\":\"aHR0cHM6Ly9kZXYtZ29vZ2xlLXB1bmNob3V0LnJhaGlzeXN0ZW1zLmNvbS8,\",\"product\":\"15787\",\"qty\":1}'),(1236,519,12660,'info_buyRequest','{\"uenc\":\"aHR0cHM6Ly9kZXYtZ29vZ2xlLXB1bmNob3V0LnJhaGlzeXN0ZW1zLmNvbS9sYXB0b3BzLWFjY2Vzc29yaWVzLmh0bWw,\",\"product\":\"12660\",\"qty\":1}'),(1237,520,16779,'info_buyRequest','{\"uenc\":\"aHR0cHM6Ly9kZXYtZ29vZ2xlLXB1bmNob3V0LnJhaGlzeXN0ZW1zLmNvbS8_cG9zaWQ9Ylc2MmViZjM2ODJhMDNl\",\"product\":\"16779\",\"qty\":1}'),(1238,521,16779,'info_buyRequest','{\"uenc\":\"aHR0cHM6Ly9kZXYtZ29vZ2xlLXB1bmNob3V0LnJhaGlzeXN0ZW1zLmNvbS8_cG9zaWQ9Y2s2MmViZjNiZGQzOTM5\",\"product\":\"16779\",\"qty\":1}'),(1239,522,15787,'info_buyRequest','{\"uenc\":\"aHR0cHM6Ly9kZXYtZ29vZ2xlLXB1bmNob3V0LnJhaGlzeXN0ZW1zLmNvbS8_cG9zaWQ9Y2s2MmViZjNiZGQzOTM5\",\"product\":\"15787\",\"qty\":1}'),(1240,523,15786,'info_buyRequest','{\"uenc\":\"aHR0cHM6Ly9kZXYtZ29vZ2xlLXB1bmNob3V0LnJhaGlzeXN0ZW1zLmNvbS8_cG9zaWQ9dlQ2MmViZjQ1NzIzMjE2\",\"product\":\"15786\",\"qty\":1}'),(1241,524,15787,'info_buyRequest','{\"uenc\":\"aHR0cHM6Ly9kZXYtZ29vZ2xlLXB1bmNob3V0LnJhaGlzeXN0ZW1zLmNvbS8_cG9zaWQ9dlQ2MmViZjQ1NzIzMjE2\",\"product\":\"15787\",\"qty\":1}'),(1242,525,16779,'info_buyRequest','{\"uenc\":\"aHR0cHM6Ly9kZXYtZ29vZ2xlLXB1bmNob3V0LnJhaGlzeXN0ZW1zLmNvbS8_cG9zaWQ9Z2M2MmViZjhlMTExOWI5\",\"product\":\"16779\",\"qty\":1}'),(1245,528,19563,'info_buyRequest','{\"product\":\"19563\",\"qty\":\"10\"}'),(1246,529,19563,'info_buyRequest','{\"product\":\"19563\",\"qty\":\"10\"}'),(1247,530,19563,'info_buyRequest','{\"product\":\"19563\",\"qty\":\"10\"}'),(1248,531,19563,'info_buyRequest','{\"product\":\"19563\",\"qty\":\"10\"}'),(1249,532,19549,'info_buyRequest','{\"product\":\"19549\",\"qty\":\"10\"}'),(1250,533,19549,'info_buyRequest','{\"product\":\"19549\",\"qty\":\"11\"}'),(1251,534,15787,'info_buyRequest','{\"uenc\":\"aHR0cHM6Ly9kZXYtZ29vZ2xlLXB1bmNob3V0LnJhaGlzeXN0ZW1zLmNvbS8xMDY5MjM1LW51Y29tLTEwbmwtMTUwLmh0bWw,\",\"product\":\"15787\",\"selected_configurable_option\":\"\",\"related_product\":\"\",\"item\":\"15787\",\"qty\":\"1\"}'),(1252,535,16779,'info_buyRequest','{\"uenc\":\"aHR0cHM6Ly9kZXYtZ29vZ2xlLXB1bmNob3V0LnJhaGlzeXN0ZW1zLmNvbS8_cG9zaWQ9bFE2MmVjNGZlYTY5OTI4\",\"product\":\"16779\",\"qty\":1}'),(1253,536,15787,'info_buyRequest','{\"uenc\":\"aHR0cHM6Ly9kZXYtZ29vZ2xlLXB1bmNob3V0LnJhaGlzeXN0ZW1zLmNvbS8_cG9zaWQ9bFE2MmVjNGZlYTY5OTI4\",\"product\":\"15787\",\"qty\":1}'),(1254,537,16779,'info_buyRequest','{\"uenc\":\"aHR0cHM6Ly9kZXYtZ29vZ2xlLXB1bmNob3V0LnJhaGlzeXN0ZW1zLmNvbS8_cG9zaWQ9ZU42MmVjNTIwZGI5N2Ni\",\"product\":\"16779\",\"qty\":1}'),(1255,538,15787,'info_buyRequest','{\"uenc\":\"aHR0cHM6Ly9kZXYtZ29vZ2xlLXB1bmNob3V0LnJhaGlzeXN0ZW1zLmNvbS8_cG9zaWQ9ZU42MmVjNTIwZGI5N2Ni\",\"product\":\"15787\",\"qty\":1}'),(1256,539,19549,'info_buyRequest','{\"product\":\"19549\",\"qty\":\"10\"}'),(1257,540,10044,'info_buyRequest','{\"uenc\":\"aHR0cHM6Ly9kZXYtZ29vZ2xlLXB1bmNob3V0LnJhaGlzeXN0ZW1zLmNvbS8_cG9zaWQ9V1Q2MmVjOWZmYzQyY2Iy\",\"product\":\"10044\",\"qty\":1}'),(1258,541,16779,'info_buyRequest','{\"uenc\":\"aHR0cHM6Ly9kZXYtZ29vZ2xlLXB1bmNob3V0LnJhaGlzeXN0ZW1zLmNvbS8_cG9zaWQ9V1Q2MmVjOWZmYzQyY2Iy\",\"product\":\"16779\",\"qty\":1}'),(1259,542,10044,'info_buyRequest','{\"uenc\":\"aHR0cHM6Ly9kZXYtZ29vZ2xlLXB1bmNob3V0LnJhaGlzeXN0ZW1zLmNvbS8,\",\"product\":\"10044\",\"qty\":1}'),(1260,543,16779,'info_buyRequest','{\"uenc\":\"aHR0cHM6Ly9kZXYtZ29vZ2xlLXB1bmNob3V0LnJhaGlzeXN0ZW1zLmNvbS8,\",\"product\":\"16779\",\"qty\":1}'),(1262,545,19549,'info_buyRequest','{\"product\":\"19549\",\"qty\":\"10\"}'),(1263,546,477,'info_buyRequest','{\"uenc\":\"aHR0cHM6Ly9kZXYtZ29vZ2xlLXB1bmNob3V0LnJhaGlzeXN0ZW1zLmNvbS8xMTExMDE1LTAxMTZiNjcwOGc0M2E3M3c1Lmh0bWw,\",\"product\":\"477\",\"selected_configurable_option\":\"\",\"related_product\":\"\",\"item\":\"477\",\"qty\":\"10\"}'),(1264,547,12644,'info_buyRequest','{\"uenc\":\"aHR0cHM6Ly9kZXYtZ29vZ2xlLXB1bmNob3V0LnJhaGlzeXN0ZW1zLmNvbS9sYXB0b3BzLWFjY2Vzc29yaWVzLmh0bWw_cD00JnByb2R1Y3RfbGlzdF9saW1pdD0zNiZwcm9kdWN0X2xpc3Rfb3JkZXI9cHJpY2U,\",\"product\":\"12644\",\"qty\":1}'),(1265,548,10014,'info_buyRequest','{\"uenc\":\"aHR0cHM6Ly9kZXYtZ29vZ2xlLXB1bmNob3V0LnJhaGlzeXN0ZW1zLmNvbS8xMTE2OTkxLTgwMHQtbjM3N3IuaHRtbA,,\",\"product\":\"10014\",\"selected_configurable_option\":\"\",\"related_product\":\"\",\"item\":\"10014\",\"qty\":\"3\"}'),(1266,549,12660,'info_buyRequest','{\"uenc\":\"aHR0cHM6Ly9kZXYtZ29vZ2xlLXB1bmNob3V0LnJhaGlzeXN0ZW1zLmNvbS8xMDIwNDAxLWQ3cHIydC5odG1s\",\"product\":\"12660\",\"selected_configurable_option\":\"\",\"related_product\":\"\",\"item\":\"12660\",\"qty\":\"1\"}'),(1267,550,12662,'info_buyRequest','{\"uenc\":\"aHR0cHM6Ly9kZXYtZ29vZ2xlLXB1bmNob3V0LnJhaGlzeXN0ZW1zLmNvbS8xMDIwNDAyLWQ3cHIzdC5odG1s\",\"product\":\"12662\",\"selected_configurable_option\":\"\",\"related_product\":\"\",\"item\":\"12662\",\"qty\":\"10\"}'),(1268,551,15746,'info_buyRequest','{\"uenc\":\"aHR0cHM6Ly9kZXYtZ29vZ2xlLXB1bmNob3V0LnJhaGlzeXN0ZW1zLmNvbS9sYXB0b3BzLWFjY2Vzc29yaWVzLmh0bWw_cD01JnByb2R1Y3RfbGlzdF9saW1pdD0zNiZwcm9kdWN0X2xpc3Rfb3JkZXI9cHJpY2U,\",\"product\":\"15746\",\"qty\":1}'),(1269,552,10010,'info_buyRequest','{\"uenc\":\"aHR0cHM6Ly9kZXYtZ29vZ2xlLXB1bmNob3V0LnJhaGlzeXN0ZW1zLmNvbS9sYXB0b3BzLWFjY2Vzc29yaWVzLmh0bWw_cD01JnByb2R1Y3RfbGlzdF9saW1pdD0zNiZwcm9kdWN0X2xpc3Rfb3JkZXI9cHJpY2U,\",\"product\":\"10010\",\"qty\":1}'),(1270,553,477,'info_buyRequest','{\"uenc\":\"aHR0cHM6Ly9kZXYtZ29vZ2xlLXB1bmNob3V0LnJhaGlzeXN0ZW1zLmNvbS9sYXB0b3BzLWFjY2Vzc29yaWVzLmh0bWw_cD01JnByb2R1Y3RfbGlzdF9saW1pdD0zNiZwcm9kdWN0X2xpc3Rfb3JkZXI9cHJpY2U,\",\"product\":\"477\",\"qty\":1}'),(1271,554,3476,'info_buyRequest','{\"uenc\":\"aHR0cHM6Ly9kZXYtZ29vZ2xlLXB1bmNob3V0LnJhaGlzeXN0ZW1zLmNvbS9sYXB0b3BzLWFjY2Vzc29yaWVzLmh0bWw_cD01JnByb2R1Y3RfbGlzdF9saW1pdD0zNiZwcm9kdWN0X2xpc3Rfb3JkZXI9cHJpY2U,\",\"product\":\"3476\",\"qty\":1}'),(1272,555,13160,'info_buyRequest','{\"uenc\":\"aHR0cHM6Ly9kZXYtZ29vZ2xlLXB1bmNob3V0LnJhaGlzeXN0ZW1zLmNvbS9sYXB0b3BzLWFjY2Vzc29yaWVzLmh0bWw_cD01JnByb2R1Y3RfbGlzdF9saW1pdD0zNiZwcm9kdWN0X2xpc3Rfb3JkZXI9cHJpY2U,\",\"product\":\"13160\",\"qty\":1}'),(1275,558,10010,'info_buyRequest','{\"product\":\"10010\",\"qty\":\"1\"}'),(1276,559,477,'info_buyRequest','{\"product\":\"477\",\"qty\":\"1\"}'),(1277,560,3476,'info_buyRequest','{\"product\":\"3476\",\"qty\":\"2\"}'),(1278,561,13160,'info_buyRequest','{\"product\":\"13160\",\"qty\":\"1\"}'),(1279,562,19574,'info_buyRequest','{\"product\":\"19574\",\"qty\":\"55\"}'),(1280,563,10015,'info_buyRequest','{\"uenc\":\"aHR0cHM6Ly9kZXYtZ29vZ2xlLXB1bmNob3V0LnJhaGlzeXN0ZW1zLmNvbS8xMTEwNjAzLTgwMHQtbjQwLmh0bWw,\",\"product\":\"10015\",\"selected_configurable_option\":\"\",\"related_product\":\"\",\"item\":\"10015\",\"qty\":\"25\"}'),(1281,564,19574,'info_buyRequest','{\"product\":\"19574\",\"qty\":\"55\"}'),(1282,565,19574,'info_buyRequest','{\"product\":\"19574\",\"qty\":\"55\"}'),(1283,566,19575,'info_buyRequest','{\"product\":\"19575\",\"qty\":\"45\"}'),(1286,569,19570,'info_buyRequest','{\"product\":\"19570\",\"qty\":\"25\"}'),(1287,570,19571,'info_buyRequest','{\"product\":\"19571\",\"qty\":\"7\"}'),(1291,574,12659,'info_buyRequest','{\"uenc\":\"aHR0cHM6Ly9kZXYtZ29vZ2xlLXB1bmNob3V0LnJhaGlzeXN0ZW1zLmNvbS9sYXB0b3BzLWFjY2Vzc29yaWVzLmh0bWw,\",\"product\":\"12659\",\"qty\":1}'),(1292,575,12664,'info_buyRequest','{\"uenc\":\"aHR0cHM6Ly9kZXYtZ29vZ2xlLXB1bmNob3V0LnJhaGlzeXN0ZW1zLmNvbS9sYXB0b3BzLWFjY2Vzc29yaWVzLmh0bWw,\",\"product\":\"12664\",\"qty\":1}'),(1293,576,12660,'info_buyRequest','{\"uenc\":\"aHR0cHM6Ly9kZXYtZ29vZ2xlLXB1bmNob3V0LnJhaGlzeXN0ZW1zLmNvbS9sYXB0b3BzLWFjY2Vzc29yaWVzLmh0bWw,\",\"product\":\"12660\",\"qty\":1}'),(1294,577,17661,'info_buyRequest','{\"uenc\":\"aHR0cHM6Ly9kZXYtZ29vZ2xlLXB1bmNob3V0LnJhaGlzeXN0ZW1zLmNvbS8_cG9zaWQ9VU82MmYzMzQ5NTcwOWQ0\",\"product\":\"17661\",\"qty\":1}'),(1295,578,16779,'info_buyRequest','{\"uenc\":\"aHR0cHM6Ly9kZXYtZ29vZ2xlLXB1bmNob3V0LnJhaGlzeXN0ZW1zLmNvbS8_cG9zaWQ9VU82MmYzMzQ5NTcwOWQ0\",\"product\":\"16779\",\"qty\":1}'),(1296,579,15671,'info_buyRequest','{\"uenc\":\"aHR0cHM6Ly9kZXYtZ29vZ2xlLXB1bmNob3V0LnJhaGlzeXN0ZW1zLmNvbS9sYXB0b3BzLWFjY2Vzc29yaWVzLmh0bWw,\",\"product\":\"15671\",\"qty\":1}'),(1297,580,12660,'info_buyRequest','{\"uenc\":\"aHR0cHM6Ly9kZXYtZ29vZ2xlLXB1bmNob3V0LnJhaGlzeXN0ZW1zLmNvbS9sYXB0b3BzLWFjY2Vzc29yaWVzLmh0bWw,\",\"product\":\"12660\",\"qty\":1}'),(1298,581,16779,'info_buyRequest','{\"uenc\":\"aHR0cHM6Ly9kZXYtZ29vZ2xlLXB1bmNob3V0LnJhaGlzeXN0ZW1zLmNvbS8_cG9zaWQ9eG02MmYzZGIxZTNkNDli\",\"product\":\"16779\",\"qty\":1}'),(1299,582,15787,'info_buyRequest','{\"uenc\":\"aHR0cHM6Ly9kZXYtZ29vZ2xlLXB1bmNob3V0LnJhaGlzeXN0ZW1zLmNvbS8_cG9zaWQ9eG02MmYzZGIxZTNkNDli\",\"product\":\"15787\",\"qty\":1}'),(1300,583,10044,'info_buyRequest','{\"uenc\":\"aHR0cHM6Ly9kZXYtZ29vZ2xlLXB1bmNob3V0LnJhaGlzeXN0ZW1zLmNvbS8_cG9zaWQ9eG02MmYzZGIxZTNkNDli\",\"product\":\"10044\",\"qty\":1}'),(1302,585,19581,'info_buyRequest','{\"product\":\"19581\",\"qty\":\"2\"}'),(1303,586,19581,'info_buyRequest','{\"product\":\"19581\",\"qty\":\"2\"}'),(1309,592,19581,'info_buyRequest','{\"product\":\"19581\",\"qty\":\"2\"}');

--
-- Table structure for table `quote_shipping_rate`
--

CREATE TABLE `quote_shipping_rate` (
  `rate_id` int(10) unsigned NOT NULL AUTO_INCREMENT COMMENT 'Rate ID',
  `address_id` int(10) unsigned NOT NULL DEFAULT '0' COMMENT 'Address ID',
  `created_at` timestamp NOT NULL DEFAULT CURRENT_TIMESTAMP COMMENT 'Created At',
  `updated_at` timestamp NOT NULL DEFAULT CURRENT_TIMESTAMP ON UPDATE CURRENT_TIMESTAMP COMMENT 'Updated At',
  `carrier` varchar(255) DEFAULT NULL COMMENT 'Carrier',
  `carrier_title` varchar(255) DEFAULT NULL COMMENT 'Carrier Title',
  `code` varchar(255) DEFAULT NULL COMMENT 'Code',
  `method` varchar(255) DEFAULT NULL COMMENT 'Method',
  `method_description` text COMMENT 'Method Description',
  `price` decimal(20,4) NOT NULL DEFAULT '0.0000' COMMENT 'Price',
  `error_message` text COMMENT 'Error Message',
  `method_title` text COMMENT 'Method Title',
  PRIMARY KEY (`rate_id`),
  KEY `QUOTE_SHIPPING_RATE_ADDRESS_ID` (`address_id`),
  CONSTRAINT `QUOTE_SHIPPING_RATE_ADDRESS_ID_QUOTE_ADDRESS_ADDRESS_ID` FOREIGN KEY (`address_id`) REFERENCES `quote_address` (`address_id`) ON DELETE CASCADE
) ENGINE=InnoDB AUTO_INCREMENT=332 DEFAULT CHARSET=utf8 COMMENT='Sales Flat Quote Shipping Rate';

--
-- Dumping data for table `quote_shipping_rate`
--

INSERT INTO `quote_shipping_rate` VALUES (129,275,'2022-04-27 18:34:58','2022-04-27 18:34:58','flatrate','Flat Rate','flatrate_flatrate','flatrate',NULL,5.0000,NULL,'Fixed'),(130,285,'2022-04-28 15:34:26','2022-04-28 15:34:26','flatrate','Flat Rate','flatrate_flatrate','flatrate',NULL,5.0000,NULL,'Fixed'),(131,287,'2022-04-28 16:47:38','2022-04-28 16:47:38','flatrate','Flat Rate','flatrate_flatrate','flatrate',NULL,5.0000,NULL,'Fixed'),(132,299,'2022-05-04 13:38:35','2022-05-04 13:38:35','flatrate','Flat Rate','flatrate_flatrate','flatrate',NULL,5.0000,NULL,'Fixed'),(133,303,'2022-05-04 14:11:57','2022-05-04 14:11:57','flatrate','Flat Rate','flatrate_flatrate','flatrate',NULL,5.0000,NULL,'Fixed'),(134,301,'2022-05-04 14:26:54','2022-05-04 14:26:54','flatrate','Flat Rate','flatrate_flatrate','flatrate',NULL,5.0000,NULL,'Fixed'),(135,307,'2022-05-04 15:16:19','2022-05-04 15:16:19','flatrate','Flat Rate','flatrate_flatrate','flatrate',NULL,5.0000,NULL,'Fixed'),(136,309,'2022-05-04 17:52:16','2022-05-04 17:52:16','flatrate','Flat Rate','flatrate_flatrate','flatrate',NULL,5.0000,NULL,'Fixed'),(137,315,'2022-05-04 18:31:36','2022-05-04 18:31:36','flatrate','Flat Rate','flatrate_flatrate','flatrate',NULL,5.0000,NULL,'Fixed'),(138,325,'2022-05-06 17:08:51','2022-05-06 17:08:51','flatrate','Flat Rate','flatrate_flatrate','flatrate',NULL,5.0000,NULL,'Fixed'),(139,327,'2022-05-06 19:51:23','2022-05-06 19:51:23','flatrate','Flat Rate','flatrate_flatrate','flatrate',NULL,5.0000,NULL,'Fixed'),(140,329,'2022-05-06 20:11:21','2022-05-06 20:11:21','flatrate','Flat Rate','flatrate_flatrate','flatrate',NULL,5.0000,NULL,'Fixed'),(141,331,'2022-05-06 20:13:47','2022-05-06 20:13:47','flatrate','Flat Rate','flatrate_flatrate','flatrate',NULL,10.0000,NULL,'Fixed'),(142,351,'2022-05-24 13:43:53','2022-05-24 13:43:53','flatrate','Flat Rate','flatrate_flatrate','flatrate',NULL,5.0000,NULL,'Fixed'),(143,353,'2022-05-24 23:37:47','2022-05-24 23:37:47','flatrate','Flat Rate','flatrate_flatrate','flatrate',NULL,5.0000,NULL,'Fixed'),(145,363,'2022-06-02 15:04:02','2022-06-02 15:04:02','flatrate','Flat Rate','flatrate_flatrate','flatrate',NULL,5.0000,NULL,'Fixed'),(147,369,'2022-06-02 15:12:08','2022-06-02 15:12:08','flatrate','Flat Rate','flatrate_flatrate','flatrate',NULL,5.0000,NULL,'Fixed'),(148,373,'2022-06-02 15:32:16','2022-06-02 15:32:16','flatrate','Flat Rate','flatrate_flatrate','flatrate',NULL,5.0000,NULL,'Fixed'),(150,375,'2022-06-02 15:57:57','2022-06-02 15:57:57','flatrate','Flat Rate','flatrate_flatrate','flatrate',NULL,5.0000,NULL,'Fixed'),(152,382,'2022-06-02 16:59:29','2022-06-02 16:59:29','flatrate','Flat Rate','flatrate_flatrate','flatrate',NULL,5.0000,NULL,'Fixed'),(153,384,'2022-06-02 17:00:45','2022-06-02 17:00:45','flatrate','Flat Rate','flatrate_flatrate','flatrate',NULL,5.0000,NULL,'Fixed'),(155,390,'2022-06-02 17:32:54','2022-06-02 17:32:54','flatrate','Flat Rate','flatrate_flatrate','flatrate',NULL,5.0000,NULL,'Fixed'),(156,398,'2022-06-03 16:23:46','2022-06-03 16:23:46','flatrate','Flat Rate','flatrate_flatrate','flatrate',NULL,5.0000,NULL,'Fixed'),(157,404,'2022-06-07 09:52:43','2022-06-07 09:52:43','flatrate','Flat Rate','flatrate_flatrate','flatrate',NULL,5.0000,NULL,'Fixed'),(161,406,'2022-06-07 12:46:53','2022-06-07 12:46:53','flatrate','Flat Rate','flatrate_flatrate','flatrate',NULL,15.0000,NULL,'Fixed'),(163,416,'2022-06-08 19:14:39','2022-06-08 19:14:39','flatrate','Flat Rate','flatrate_flatrate','flatrate',NULL,5.0000,NULL,'Fixed'),(167,418,'2022-06-08 19:22:06','2022-06-08 19:22:06','flatrate','Flat Rate','flatrate_flatrate','flatrate',NULL,25.0000,NULL,'Fixed'),(169,428,'2022-06-09 17:27:45','2022-06-09 17:27:45','flatrate','Flat Rate','flatrate_flatrate','flatrate',NULL,5.0000,NULL,'Fixed'),(171,430,'2022-06-09 17:34:46','2022-06-09 17:34:46','flatrate','Flat Rate','flatrate_flatrate','flatrate',NULL,10.0000,NULL,'Fixed'),(173,434,'2022-06-14 14:00:14','2022-06-14 14:00:14','flatrate','Flat Rate','flatrate_flatrate','flatrate',NULL,10.0000,NULL,'Fixed'),(175,438,'2022-06-21 13:04:17','2022-06-21 13:04:17','flatrate','Flat Rate','flatrate_flatrate','flatrate',NULL,5.0000,NULL,'Fixed'),(177,452,'2022-06-22 19:25:04','2022-06-22 19:25:04','flatrate','Flat Rate','flatrate_flatrate','flatrate',NULL,10.0000,NULL,'Fixed'),(179,456,'2022-06-23 17:25:01','2022-06-23 17:25:01','flatrate','Flat Rate','flatrate_flatrate','flatrate',NULL,10.0000,NULL,'Fixed'),(181,458,'2022-06-23 17:35:11','2022-06-23 17:35:11','flatrate','Flat Rate','flatrate_flatrate','flatrate',NULL,10.0000,NULL,'Fixed'),(183,466,'2022-06-24 13:11:02','2022-06-24 13:11:02','flatrate','Flat Rate','flatrate_flatrate','flatrate',NULL,100.0000,NULL,'Fixed'),(185,496,'2022-06-29 13:44:47','2022-06-29 13:44:47','flatrate','Flat Rate','flatrate_flatrate','flatrate',NULL,35.0000,NULL,'Fixed'),(187,520,'2022-07-14 18:16:33','2022-07-14 18:16:33','flatrate','Flat Rate','flatrate_flatrate','flatrate',NULL,5.0000,NULL,'Fixed'),(189,522,'2022-07-14 22:36:00','2022-07-14 22:36:00','flatrate','Flat Rate','flatrate_flatrate','flatrate',NULL,5.0000,NULL,'Fixed'),(191,524,'2022-07-15 13:43:53','2022-07-15 13:43:53','flatrate','Flat Rate','flatrate_flatrate','flatrate',NULL,10.0000,NULL,'Fixed'),(195,526,'2022-07-15 13:44:49','2022-07-15 13:44:49','flatrate','Flat Rate','flatrate_flatrate','flatrate',NULL,5.0000,NULL,'Fixed'),(197,528,'2022-07-15 13:47:30','2022-07-15 13:47:30','flatrate','Flat Rate','flatrate_flatrate','flatrate',NULL,15.0000,NULL,'Fixed'),(199,542,'2022-07-20 07:06:05','2022-07-20 07:06:05','flatrate','Flat Rate','flatrate_flatrate','flatrate',NULL,5.0000,NULL,'Fixed'),(201,548,'2022-07-20 09:39:41','2022-07-20 09:39:41','flatrate','Flat Rate','flatrate_flatrate','flatrate',NULL,5.0000,NULL,'Fixed'),(203,550,'2022-07-20 10:25:48','2022-07-20 10:25:48','flatrate','Flat Rate','flatrate_flatrate','flatrate',NULL,5.0000,NULL,'Fixed'),(205,552,'2022-07-20 10:40:42','2022-07-20 10:40:42','flatrate','Flat Rate','flatrate_flatrate','flatrate',NULL,5.0000,NULL,'Fixed'),(207,560,'2022-07-20 20:17:12','2022-07-20 20:17:12','flatrate','Flat Rate','flatrate_flatrate','flatrate',NULL,15.0000,NULL,'Fixed'),(209,566,'2022-07-21 08:47:52','2022-07-21 08:47:52','flatrate','Flat Rate','flatrate_flatrate','flatrate',NULL,5.0000,NULL,'Fixed'),(211,568,'2022-07-21 08:54:14','2022-07-21 08:54:14','flatrate','Flat Rate','flatrate_flatrate','flatrate',NULL,5.0000,NULL,'Fixed'),(213,570,'2022-07-21 09:11:06','2022-07-21 09:11:06','flatrate','Flat Rate','flatrate_flatrate','flatrate',NULL,5.0000,NULL,'Fixed'),(215,572,'2022-07-21 09:18:58','2022-07-21 09:18:58','flatrate','Flat Rate','flatrate_flatrate','flatrate',NULL,5.0000,NULL,'Fixed'),(217,574,'2022-07-21 09:24:50','2022-07-21 09:24:50','flatrate','Flat Rate','flatrate_flatrate','flatrate',NULL,5.0000,NULL,'Fixed'),(219,576,'2022-07-21 09:52:22','2022-07-21 09:52:22','flatrate','Flat Rate','flatrate_flatrate','flatrate',NULL,5.0000,NULL,'Fixed'),(221,578,'2022-07-21 10:56:18','2022-07-21 10:56:18','flatrate','Flat Rate','flatrate_flatrate','flatrate',NULL,5.0000,NULL,'Fixed'),(223,580,'2022-07-21 10:58:48','2022-07-21 10:58:48','flatrate','Flat Rate','flatrate_flatrate','flatrate',NULL,5.0000,NULL,'Fixed'),(225,582,'2022-07-21 12:21:51','2022-07-21 12:21:51','flatrate','Flat Rate','flatrate_flatrate','flatrate',NULL,5.0000,NULL,'Fixed'),(227,592,'2022-07-21 17:04:21','2022-07-21 17:04:21','flatrate','Flat Rate','flatrate_flatrate','flatrate',NULL,5.0000,NULL,'Fixed'),(229,596,'2022-07-25 14:51:29','2022-07-25 14:51:29','flatrate','Flat Rate','flatrate_flatrate','flatrate',NULL,5.0000,NULL,'Fixed'),(231,600,'2022-07-25 16:44:51','2022-07-25 16:44:51','flatrate','Flat Rate','flatrate_flatrate','flatrate',NULL,5.0000,NULL,'Fixed'),(233,604,'2022-07-25 17:59:42','2022-07-25 17:59:42','flatrate','Flat Rate','flatrate_flatrate','flatrate',NULL,5.0000,NULL,'Fixed'),(235,606,'2022-07-26 04:34:38','2022-07-26 04:34:38','flatrate','Flat Rate','flatrate_flatrate','flatrate',NULL,10.0000,NULL,'Fixed'),(236,608,'2022-07-26 04:41:16','2022-07-26 04:41:16','flatrate','Flat Rate','flatrate_flatrate','flatrate',NULL,5.0000,NULL,'Fixed'),(237,620,'2022-07-27 09:05:11','2022-07-27 09:05:11','flatrate','Flat Rate','flatrate_flatrate','flatrate',NULL,10.0000,NULL,'Fixed'),(239,626,'2022-07-28 02:39:22','2022-07-28 02:39:22','flatrate','Flat Rate','flatrate_flatrate','flatrate',NULL,15.0000,NULL,'Fixed'),(241,636,'2022-07-29 15:07:11','2022-07-29 15:07:11','flatrate','Flat Rate','flatrate_flatrate','flatrate',NULL,15.0000,NULL,'Fixed'),(243,646,'2022-07-29 17:10:44','2022-07-29 17:10:44','flatrate','Flat Rate','flatrate_flatrate','flatrate',NULL,5.0000,NULL,'Fixed'),(245,654,'2022-08-01 11:46:12','2022-08-01 11:46:12','flatrate','Flat Rate','flatrate_flatrate','flatrate',NULL,5.0000,NULL,'Fixed'),(251,664,'2022-08-04 16:27:02','2022-08-04 16:27:02','flatrate','Flat Rate','flatrate_flatrate','flatrate',NULL,5.0000,NULL,'Fixed'),(253,679,'2022-08-04 16:27:30','2022-08-04 16:27:30','flatrate','Flat Rate','flatrate_flatrate','flatrate',NULL,5.0000,NULL,'Fixed'),(256,662,'2022-08-04 16:27:50','2022-08-04 16:27:50','flatrate','Flat Rate','flatrate_flatrate','flatrate',NULL,5.0000,NULL,'Fixed'),(258,684,'2022-08-04 16:29:12','2022-08-04 16:29:12','flatrate','Flat Rate','flatrate_flatrate','flatrate',NULL,10.0000,NULL,'Fixed'),(260,686,'2022-08-04 16:32:10','2022-08-04 16:32:10','flatrate','Flat Rate','flatrate_flatrate','flatrate',NULL,10.0000,NULL,'Fixed'),(262,688,'2022-08-04 16:50:52','2022-08-04 16:50:52','flatrate','Flat Rate','flatrate_flatrate','flatrate',NULL,5.0000,NULL,'Fixed'),(267,696,'2022-08-04 18:29:56','2022-08-04 18:29:56','flatrate','Flat Rate','flatrate_flatrate','flatrate',NULL,50.0000,NULL,'Fixed'),(269,698,'2022-08-04 18:30:45','2022-08-04 18:30:45','flatrate','Flat Rate','flatrate_flatrate','flatrate',NULL,50.0000,NULL,'Fixed'),(272,700,'2022-08-04 19:17:19','2022-08-04 19:17:19','flatrate','Flat Rate','flatrate_flatrate','flatrate',NULL,50.0000,NULL,'Fixed'),(275,706,'2022-08-04 20:06:47','2022-08-04 20:06:47','flatrate','Flat Rate','flatrate_flatrate','flatrate',NULL,50.0000,NULL,'Fixed'),(276,709,'2022-08-04 20:14:43','2022-08-04 20:14:43','flatrate','Flat Rate','flatrate_flatrate','flatrate',NULL,55.0000,NULL,'Fixed'),(278,717,'2022-08-04 20:21:41','2022-08-04 20:21:41','flatrate','Flat Rate','flatrate_flatrate','flatrate',NULL,5.0000,NULL,'Fixed'),(280,731,'2022-08-04 23:11:33','2022-08-04 23:11:33','flatrate','Flat Rate','flatrate_flatrate','flatrate',NULL,10.0000,NULL,'Fixed'),(282,733,'2022-08-04 23:24:29','2022-08-04 23:24:29','flatrate','Flat Rate','flatrate_flatrate','flatrate',NULL,50.0000,NULL,'Fixed'),(284,741,'2022-08-05 05:33:57','2022-08-05 05:33:57','flatrate','Flat Rate','flatrate_flatrate','flatrate',NULL,10.0000,NULL,'Fixed'),(286,743,'2022-08-05 06:09:25','2022-08-05 06:09:25','flatrate','Flat Rate','flatrate_flatrate','flatrate',NULL,10.0000,NULL,'Fixed'),(287,749,'2022-08-05 08:10:29','2022-08-05 08:10:29','flatrate','Flat Rate','flatrate_flatrate','flatrate',NULL,50.0000,NULL,'Fixed'),(289,769,'2022-08-05 12:58:06','2022-08-05 12:58:06','flatrate','Flat Rate','flatrate_flatrate','flatrate',NULL,80.0000,NULL,'Fixed'),(291,771,'2022-08-05 13:03:32','2022-08-05 13:03:32','flatrate','Flat Rate','flatrate_flatrate','flatrate',NULL,30.0000,NULL,'Fixed'),(296,773,'2022-08-05 13:05:14','2022-08-05 13:05:14','flatrate','Flat Rate','flatrate_flatrate','flatrate',NULL,25.0000,NULL,'Fixed'),(300,775,'2022-08-05 13:08:36','2022-08-05 13:08:36','flatrate','Flat Rate','flatrate_flatrate','flatrate',NULL,125.0000,NULL,'Fixed'),(301,765,'2022-08-05 13:09:28','2022-08-05 13:09:28','flatrate','Flat Rate','flatrate_flatrate','flatrate',NULL,275.0000,NULL,'Fixed'),(303,779,'2022-08-05 13:40:10','2022-08-05 13:40:10','flatrate','Flat Rate','flatrate_flatrate','flatrate',NULL,500.0000,NULL,'Fixed'),(307,785,'2022-08-05 19:02:01','2022-08-05 19:02:01','flatrate','Flat Rate','flatrate_flatrate','flatrate',NULL,160.0000,NULL,'Fixed'),(308,827,'2022-08-10 04:31:58','2022-08-10 04:31:58','flatrate','Flat Rate','flatrate_flatrate','flatrate',NULL,10.0000,NULL,'Fixed'),(310,829,'2022-08-10 04:33:19','2022-08-10 04:33:19','flatrate','Flat Rate','flatrate_flatrate','flatrate',NULL,10.0000,NULL,'Fixed'),(314,837,'2022-08-10 16:23:19','2022-08-10 16:23:19','flatrate','Flat Rate','flatrate_flatrate','flatrate',NULL,20.0000,NULL,'Fixed'),(318,839,'2022-08-10 16:48:03','2022-08-10 16:48:03','flatrate','Flat Rate','flatrate_flatrate','flatrate',NULL,10.0000,NULL,'Fixed'),(320,841,'2022-08-10 16:51:51','2022-08-10 16:51:51','flatrate','Flat Rate','flatrate_flatrate','flatrate',NULL,10.0000,NULL,'Fixed'),(331,843,'2022-08-10 17:04:39','2022-08-10 17:04:39','flatrate','Flat Rate','flatrate_flatrate','flatrate',NULL,10.0000,NULL,'Fixed');

--
-- Table structure for table `rahi_equote`
--

CREATE TABLE `rahi_equote` (
  `equote_id` int(10) unsigned NOT NULL AUTO_INCREMENT COMMENT 'Equote ID',
  `poc_name` varchar(255) NOT NULL DEFAULT '' COMMENT 'POC Name',
  `poc_phone_no` varchar(255) NOT NULL DEFAULT '' COMMENT 'POC Phone Number',
  `quote_total` varchar(255) DEFAULT NULL COMMENT 'Quote Total',
  `customer_id` varchar(255) DEFAULT NULL COMMENT 'Customer Id',
  `requester_name` varchar(255) DEFAULT NULL COMMENT 'Requester Name',
  `requester_email` varchar(255) DEFAULT NULL COMMENT 'Requester Email',
  `requester_comments` text NOT NULL COMMENT 'Comments',
  `watchlist_emails` text COMMENT 'Comments',
  `status` varchar(255) NOT NULL DEFAULT 'New' COMMENT 'Status',
  `create_date` timestamp NOT NULL DEFAULT CURRENT_TIMESTAMP COMMENT 'Creation Date',
  `update_date` timestamp NOT NULL DEFAULT CURRENT_TIMESTAMP ON UPDATE CURRENT_TIMESTAMP COMMENT 'Update Date',
  PRIMARY KEY (`equote_id`)
) ENGINE=InnoDB AUTO_INCREMENT=75 DEFAULT CHARSET=utf8 COMMENT='rahi_equote';

--
-- Dumping data for table `rahi_equote`
--

INSERT INTO `rahi_equote` VALUES (1,'Kaustubh Borate','9999999999','2160','31','Kaustubh Borate','kaustubh.borate@rahisystems.com','testing',NULL,'Ready','2022-07-29 13:22:02','2022-07-29 14:12:53'),(2,'Kaustubh Borate','9999999999',NULL,'31','Kaustubh Borate','kaustubh.borate@rahisystems.com','testing',NULL,'New','2022-07-29 13:30:16','2022-07-29 13:30:16'),(3,'Sumit Nautiyal','9876543211','25701.5','32','Sumit Nautiyal','sumit.nautiyal@rahisystems.com','test','sumit.nautiyal@rahisystems.com','Ready','2022-07-29 13:35:41','2022-07-29 16:51:47'),(4,'Sumit Nautiyal','9876543211',NULL,'32','Sumit Nautiyal','sumit.nautiyal@rahisystems.com','test','sumit.nautiyal@rahisystems.com,sumit@test.com','New','2022-07-29 15:57:08','2022-07-29 15:57:08'),(5,'Kaustubh Borate','9999999999',NULL,'31','Kaustubh Borate','kaustubh.borate@rahisystems.com','Testing',NULL,'New','2022-07-29 16:29:21','2022-07-29 16:29:21'),(6,'Sumit Nautiyal','9876543211',NULL,'32','Sumit Nautiyal','sumit.nautiyal@rahisystems.com','comments','sumit.nautiyal@rahisystems.com,sumit@test.com','Working','2022-07-29 16:39:05','2022-07-29 16:42:28'),(7,'test','test',NULL,'16','Mounika Alla','mounika.a@rahisystems.com','test',NULL,'New','2022-07-29 17:38:30','2022-07-29 17:38:30'),(8,'test','test',NULL,'16','Mounika Alla','mounika.a@rahisystems.com','test',NULL,'New','2022-07-29 18:41:30','2022-07-29 18:41:30'),(9,'Kaustubh Borate','9999999999',NULL,'0','Kaustubh Borate','kaustubh.borate@rahisystems.com','testing',NULL,'New','2022-07-30 05:11:21','2022-07-30 05:11:21'),(10,'Kaustubh Borate','9999999999','0','31','Kaustubh Borate','kaustubh.borate@rahisystems.com','testing',NULL,'Negotiating','2022-07-30 05:22:49','2022-08-03 11:55:41'),(11,'xyz','1234567489',NULL,'0',' ',NULL,'witch, Current Monitoring, .15-60A Continuous, Output:\r\nN.O. 1.0A@30VAC/DC, Micro Split-Core Go/No Go,\r\nHawkeye 300',NULL,'New','2022-08-02 19:16:03','2022-08-02 19:16:03'),(12,'kevin','2096758548',NULL,'0',' ',NULL,'Switch, Current Monitoring, .15-60A Cont\r\nFull Description:\r\nSwitch, Current Monitoring, .15-60A Continuous, Output:\r\nN.O. 1.0A@30VAC/DC, Micro Split-Core Go/No Go,\r\nHawkeye 300',NULL,'New','2022-08-02 19:17:43','2022-08-02 19:17:43'),(13,'Eugene','2096758524',NULL,'0',' ',NULL,'Google objects to any additional or different terms in any Supplier documents, including\r\nquotations, acknowledgments, or online terms.',NULL,'New','2022-08-02 19:23:30','2022-08-02 19:23:30'),(19,'Kaustubh Borate','09999999999','1120','31','Kaustubh Borate','kaustubh.borate@rahisystems.com','Testing',NULL,'Working','2022-08-03 17:12:58','2022-08-04 03:35:12'),(20,'123','123',NULL,'37','fengran huang','fengran.huang@rahisystems.com','123',NULL,'New','2022-08-03 17:13:37','2022-08-03 17:13:37'),(21,'kevin','1234567489',NULL,'35','Kevin Chemparathy','kevin.chemparathy@rahisystems.com','Module, I/O Analog Input, 16 Inputs (8 or 4 Differential),\r\nControlLogix 1756-IF',NULL,'Ready','2022-08-03 17:14:08','2022-08-03 17:23:09'),(22,'Bhavya','12345',NULL,'36','bhavya seth','bhavya.seth@rahisystems.com','NEED IT ASAP',NULL,'Ready','2022-08-03 17:14:34','2022-08-03 17:22:59'),(26,'Kaustubh Borate','09999999999','1669','31','Kaustubh Borate','kaustubh.borate@rahisystems.com','testinh',NULL,'Ready','2022-08-04 09:08:29','2022-08-04 09:14:05'),(27,'Kaustubh Borate','09999999999',NULL,'31','Kaustubh Borate','kaustubh.borate@rahisystems.com','test',NULL,'New','2022-08-04 09:09:22','2022-08-04 09:09:22'),(29,'Kaustubh Borate','09999999999','2520','31','Kaustubh Borate','kaustubh.borate@rahisystems.com','testing',NULL,'New','2022-08-04 11:10:00','2022-08-05 04:12:33'),(31,'Sumit Nautiyal','9876543211','0','32','Sumit Nautiyal','sumit.nautiyal@rahisystems.com','TEst COmments','sumit.nautiyal@rahisystems.com,sumit@test.in,sumit@google.com','Ready','2022-08-04 11:46:43','2022-08-05 10:09:50'),(37,'Bhavya','6506509337874','50','36','bhavya seth','bhavya.seth@rahisystems.com','asap',NULL,'Ready','2022-08-04 16:13:06','2022-08-04 16:17:42'),(38,'kevin','2096758548','50','35','Kevin Chemparathy','kevin.chemparathy@rahisystems.com','as soon as possible please',NULL,'Ready','2022-08-04 16:13:11','2022-08-04 16:17:54'),(39,'Sumit Nautiyal','9876543211','144','32','Sumit Nautiyal','sumit.nautiyal@rahisystems.com','test comments','sumit.nautiyal@rahisystems.com','Ready','2022-08-04 16:47:07','2022-08-04 17:18:34'),(40,'test','4752434752','100','16','Mounika Alla','mounika.a@rahisystems.com','test',NULL,'Ready','2022-08-04 16:56:20','2022-08-04 16:57:39'),(41,'kevin','2096758548','246920','16','Mounika Alla','mounika.a@rahisystems.com','Please process as soon as possible','kevin.chemparathy@rahisystems.com,bhavya.seth@rahisystems.com,fengran.huang@rahisystems.com','Ready','2022-08-04 19:35:14','2022-08-04 23:34:15'),(42,'Test 2','2096758524','246631','35','Kevin Chemparathy','kevin.chemparathy@rahisystems.com','Please Work',NULL,'Ready','2022-08-04 22:47:19','2022-08-04 22:55:51'),(43,'kevin','2096758548','100','16','Mounika Alla','mounika.a@rahisystems.com','asap',NULL,'Ready','2022-08-04 23:20:57','2022-08-04 23:23:59'),(47,'Kevin C','5106512205','118644','35','Kevin Chemparathy','kevin.chemparathy@rahisystems.com','Please process as soon as possible. Thank you','bhavya.seth@rahisystems.com,fengran.huang@rahisystems.com','Ready','2022-08-05 08:17:21','2022-08-05 09:11:58'),(48,'Kaustubh','0987654321','76540','34','Akshay Satbhai','akshay.satbhai@rahisystems.com','TEST','akshay.satbhai@rahisystems.com,kaustubh.borate@rahisystems.com','New','2022-08-05 09:28:31','2022-08-05 10:22:48'),(49,'Akshay Satbhai','08668508571',NULL,'34','Akshay Satbhai','akshay.satbhai@rahisystems.com','Test',NULL,'New','2022-08-05 09:35:00','2022-08-05 09:35:00'),(50,'Akshay','08668508571','0','34','Akshay Satbhai','akshay.satbhai@rahisystems.com','Test',NULL,'New','2022-08-05 09:36:43','2022-08-05 11:23:25'),(51,'Kevin C','5106512205','119129','16','Mounika Alla','mounika.a@rahisystems.com','Please process as soon as possible. Thank you','bhavya.seth@rahisystems.com,fengran.huang@rahisystems.com','Ready','2022-08-05 09:46:54','2022-08-05 18:31:44'),(52,'Akshay','12345678','2055844','15','Ashish Bubne','ashish.bubne@rahisystems.com','Test',NULL,'Ready','2022-08-05 12:44:43','2022-08-07 09:48:06'),(53,'Akshay Satbhai','08668508571','0','15','Ashish Bubne','ashish.bubne@rahisystems.com','Test',NULL,'New','2022-08-08 12:10:36','2022-08-08 12:11:14'),(54,'Akshay Satbhai','08668508571','144','15','Ashish Bubne','ashish.bubne@rahisystems.com','Test',NULL,'New','2022-08-08 12:16:05','2022-08-08 12:16:27'),(55,'Akshay Satbhai','08668508571','672','15','Ashish Bubne','ashish.bubne@rahisystems.com','test',NULL,'New','2022-08-08 12:17:42','2022-08-08 12:18:06'),(56,'Akshay Satbhai','08668508571','69','15','Ashish Bubne','ashish.bubne@rahisystems.com','Test',NULL,'New','2022-08-08 12:19:09','2022-08-08 13:27:56'),(57,'Darren Keyser','4024682049',NULL,'18','Punchout User','aribatestall@gmail.com','Test Quote Darren K',NULL,'New','2022-08-08 20:31:02','2022-08-08 20:31:02'),(58,'Akshay Satbhai','08668508571','60','15','Ashish Bubne','ashish.bubne@rahisystems.com','TEST',NULL,'New','2022-08-09 04:43:18','2022-08-09 04:45:10'),(59,'Akshay Satbhai','08668508571','120','15','Ashish Bubne','ashish.bubne@rahisystems.com','Test',NULL,'New','2022-08-09 04:50:58','2022-08-09 04:51:34'),(60,'Ashish Bubne','9822133584',NULL,'15','Ashish Bubne','ashish.bubne@rahisystems.com','Test','ashish.bubne@rahisystems.com,','New','2022-08-10 03:27:05','2022-08-10 03:27:05'),(61,'Ashish Bubne','9822133584','340','15','Ashish Bubne','ashish.bubne@rahisystems.com','test','ashish.bubne@rahisystems.com,','Ready','2022-08-10 03:28:03','2022-08-10 03:38:06'),(62,'Ashish Bubne','9822133584',NULL,'15','Ashish Bubne','ashish.bubne@rahisystems.com','test','ashish.bubne@rahisystems.com,','Working','2022-08-10 04:24:11','2022-08-10 04:51:07'),(63,'Akshay Satbhai','08668508571',NULL,'15',' ',NULL,'rgrg',NULL,'New','2022-08-10 05:03:32','2022-08-10 05:03:32'),(64,'Akshay Satbhai','08668508571',NULL,'15','Ashish Bubne','ashish.bubne@rahisystems.com','Test',NULL,'New','2022-08-10 05:04:31','2022-08-10 05:04:31'),(65,'Akshay Satbhai','08668508571',NULL,'15','Ashish Bubne','ashish.bubne@rahisystems.com','Test',NULL,'New','2022-08-10 05:09:36','2022-08-10 05:09:36'),(66,'Akshay Satbhai','08668508571',NULL,'15','Ashish Bubne','ashish.bubne@rahisystems.com','Test',NULL,'New','2022-08-10 05:10:33','2022-08-10 05:10:33'),(67,'Akshay Satbhai','08668508571',NULL,'15','Ashish Bubne','ashish.bubne@rahisystems.com','TEST',NULL,'New','2022-08-10 05:11:24','2022-08-10 05:11:24'),(68,'Akshay Satbhai','08668508571',NULL,'15','Ashish Bubne','ashish.bubne@rahisystems.com','Test',NULL,'New','2022-08-10 05:14:48','2022-08-10 05:14:48'),(69,'Kaustubh Borate','09999999999',NULL,'15','Ashish Bubne','ashish.bubne@rahisystems.com','testing',NULL,'New','2022-08-10 07:35:02','2022-08-10 07:35:02'),(70,'Kaustubh Borate','09999999999',NULL,'15','Ashish Bubne','ashish.bubne@rahisystems.com','testing',NULL,'New','2022-08-10 07:39:52','2022-08-10 07:39:52'),(71,'Kaustubh Borate','09999999999',NULL,'15','Ashish Bubne','ashish.bubne@rahisystems.com','test',NULL,'New','2022-08-10 07:51:51','2022-08-10 07:51:51'),(72,'Akshay Satbhai','08668508571',NULL,'15','Ashish Bubne','ashish.bubne@rahisystems.com','Test',NULL,'New','2022-08-10 07:51:54','2022-08-10 07:51:54'),(73,'Akshay Satbhai','08668508571',NULL,'15','Ashish Bubne','ashish.bubne@rahisystems.com','Test',NULL,'New','2022-08-10 07:53:30','2022-08-10 07:53:30'),(74,'kevin','5106512205','18716','16','Mounika Alla','mounika.a@rahisystems.com','please process asap',NULL,'Ready','2022-08-10 16:42:27','2022-08-10 16:45:11');

--
-- Table structure for table `rahi_equote_attachments`
--

CREATE TABLE `rahi_equote_attachments` (
  `entity_id` int(10) unsigned NOT NULL AUTO_INCREMENT COMMENT 'Entity ID',
  `equote_id` int(10) unsigned DEFAULT NULL COMMENT 'Equote ID',
  `equote_item_id` int(10) unsigned DEFAULT NULL COMMENT 'Equote Item Id',
  `item_mpn` varchar(225) NOT NULL DEFAULT '' COMMENT 'Item MPN',
  `user_name` varchar(225) DEFAULT NULL,
  `path` text NOT NULL COMMENT 'Attachment Path',
  `create_date` timestamp NOT NULL DEFAULT CURRENT_TIMESTAMP COMMENT 'Creation Date',
  PRIMARY KEY (`entity_id`),
  KEY `RAHI_EQUOTE_ATTACHMENTS_EQUOTE_ID_RAHI_EQUOTE_EQUOTE_ID` (`equote_id`),
  CONSTRAINT `RAHI_EQUOTE_ATTACHMENTS_EQUOTE_ID_RAHI_EQUOTE_EQUOTE_ID` FOREIGN KEY (`equote_id`) REFERENCES `rahi_equote` (`equote_id`) ON DELETE CASCADE
) ENGINE=InnoDB AUTO_INCREMENT=86 DEFAULT CHARSET=utf8 COMMENT='rahi_equote_attachments';

--
-- Dumping data for table `rahi_equote_attachments`
--

INSERT INTO `rahi_equote_attachments` VALUES (1,1,0,'',NULL,'/m/6/m6060060p1d63620v.jpeg','2022-07-29 13:22:02'),(2,2,0,'',NULL,'/w/m/wmphf2e.jpeg','2022-07-29 13:30:16'),(3,2,2,'1y9712u31',NULL,'/m/6/m6060060p1d63620v_1.jpeg','2022-07-29 13:30:16'),(4,5,0,'',NULL,'/r/a/rahi_systems_sk-r1-mcb1-pf753.jpg','2022-07-29 16:29:21'),(5,5,6,'1020400-D7PR4T',NULL,'/j/a/jabra-evolve2-40-stereo-front-on-boom-up-lb_2.jpg','2022-07-29 16:29:21'),(6,5,6,'1020400-D7PR4T',NULL,'/r/a/rahi_systems_wgi210issljxx.jpg','2022-07-29 16:29:21'),(7,9,0,'',NULL,'/e/x/export_catalog_product_20220707_043115.csv','2022-07-30 05:11:21'),(8,9,0,'',NULL,'/k/a/kaustubhborateresumemay2022.docx.pdf','2022-07-30 05:11:22'),(9,9,12,'1y9712u31',NULL,'/c/a/careers360.pdf','2022-07-30 05:11:22'),(10,9,12,'1y9712u31',NULL,'/g/a/gate_pass_with_address.pdf','2022-07-30 05:11:22'),(12,10,13,'44277GGDKK',NULL,'/i/t/itemwithgpnresults289.csv','2022-07-30 05:22:49'),(13,13,16,'1489-M1C300',NULL,'/w/a/warmly_virtual_background.png','2022-08-02 19:23:30'),(14,13,17,'M200V33UVQ',NULL,'/w/a/warmly_virtual_background_1.png','2022-08-02 19:23:31'),(23,19,23,'1276DHJSK',NULL,'/w/m/wmphf2e_1.jpeg','2022-08-03 17:12:59'),(24,22,0,'',NULL,'/4/3/4300619467.pdf','2022-08-03 17:14:34'),(25,22,26,'ADB0036',NULL,'/c/l/cley.jpg','2022-08-03 17:14:34'),(26,22,26,'ADB0036',NULL,'/e/s/estimate_2005347.pdf','2022-08-03 17:20:19'),(27,19,0,'','Rahi Admin','/8/5/850038452850038000.jpeg','2022-08-04 04:33:47'),(28,19,0,'','Rahi Admin','/r/g/rgrkcbnjy_1.jpg','2022-08-04 04:33:47'),(29,26,0,'','Rahi Admin','/r/g/rgrkcbnjy_3.jpg','2022-08-04 09:11:46'),(30,26,32,'1y9712u31','Rahi Admin','/w/m/wmphf2e_3.png','2022-08-04 09:11:46'),(31,26,34,'2342432','Rahi Admin','/r/g/rgrkcbnjy_4.jpg','2022-08-04 09:11:46'),(39,31,0,'','Sumit Nautiyal','/m/y/my_account___billing_rahi.com_july_2022.pdf','2022-08-04 11:46:43'),(40,31,41,'mpnTest','Sumit Nautiyal','/e/s/estimate_2005347_1.pdf','2022-08-04 11:46:43'),(41,31,42,'mpn12','Sumit Nautiyal','/2/8/28973598_2.jpg','2022-08-04 11:46:43'),(44,37,0,'','bhavya seth','/4/3/4300619467_1.pdf','2022-08-04 16:13:06'),(45,37,49,'adb0036','bhavya seth','/c/l/cley_1.jpg','2022-08-04 16:13:06'),(46,37,49,'adb0036','Bhavya  Seth','/4/3/4300619467_2.pdf','2022-08-04 16:15:18'),(47,40,52,'test','Mounika Alla','/g/0/g011481407_invoice.pdf','2022-08-04 16:56:20'),(48,43,61,'adb0036','Mounika Alla','/s/c/screenshot_3_.png','2022-08-04 23:20:57'),(55,47,67,'34067','Kevin Chemparathy','/s/c/screenshot_1_.png','2022-08-05 08:17:21'),(56,47,68,'SL-1000X','Kevin Chemparathy','/s/c/screenshot_2_.png','2022-08-05 08:17:21'),(57,48,0,'','Akshay Satbhai','/i/m/image_7__3.png','2022-08-05 09:28:31'),(58,51,72,'34067','Mounika Alla','/s/c/screenshot_1__1.png','2022-08-05 09:46:54'),(59,51,72,'34067','Mounika Alla','/s/c/screenshot_2__1.png','2022-08-05 09:46:54'),(60,48,74,'9011011320','Akshay S','/b/u/bulk_error.png','2022-08-05 10:22:48'),(61,52,0,'','Akshay S','/g/l/globaldata_pricelist_made_2022-08-01_22_59_4.pdf','2022-08-05 12:52:08'),(62,52,0,'','Akshay S','/1/0/1087379.jpg','2022-08-05 12:52:28'),(63,52,0,'','Akshay S','/i/m/image_7__4.png','2022-08-05 12:53:06'),(64,52,0,'','Akshay S','/s/c/scroller1.png','2022-08-05 12:53:47'),(65,52,0,'','Akshay S','/c/l/cloud_service_model.png','2022-08-05 12:54:28'),(66,60,90,'1020399-D7PR2A','Ashish Bubne','/e/r/error-503-service-unavailable.png','2022-08-10 03:27:06'),(67,60,90,'1020399-D7PR2A','Ashish Bubne','/e/r/error-503-service-unavailable_1.png','2022-08-10 03:27:06'),(68,61,0,'','Ashish Bubne','/e/r/error-503-service-unavailable_2.png','2022-08-10 03:28:03'),(69,61,92,'1020400-D7PR4T','Ashish Bubne','/e/r/error-503-service-unavailable_3.png','2022-08-10 03:28:03'),(70,62,0,'','Ashish Bubne','/e/r/error-503-service-unavailable_4.png','2022-08-10 04:24:11'),(71,62,93,'34535134','Ashish Bubne','/e/r/error-503-service-unavailable_5.png','2022-08-10 04:24:11'),(72,62,93,'34535134','Ashish Bubne','/e/r/error-503-service-unavailable_6.png','2022-08-10 04:24:12'),(73,63,95,'8A6k6s8h5a0y','Ashish Bubne','/s/a/sample_20__3_3.csv','2022-08-10 05:03:32'),(74,63,95,'8A6k6s8h5a0y','Ashish Bubne','/1/0/1087379_1.jpg','2022-08-10 05:03:32'),(75,64,0,'','Ashish Bubne','/g/l/globaldata_pricelist_made_2022-07-20_21_40_2.pdf','2022-08-10 05:04:31'),(76,64,96,'8A6k6s8h5a0y','Ashish Bubne','/s/a/sample_20__3_4.csv','2022-08-10 05:04:31'),(77,64,96,'8A6k6s8h5a0y','Ashish Bubne','/s/a/sample_20__3_5.csv','2022-08-10 05:04:31'),(78,65,0,'','Ashish Bubne','/s/a/sample_21__2_1.csv','2022-08-10 05:09:36'),(79,65,0,'','Ashish Bubne','/s/a/sample_21__2_2.csv','2022-08-10 05:09:36'),(80,66,0,'','Ashish Bubne','/g/l/globaldata_pricelist_made_2022-08-01_22_59_5.pdf','2022-08-10 05:10:33'),(81,66,0,'','Ashish Bubne','/g/l/globaldata_pricelist_made_2022-07-21_22_21_2.pdf','2022-08-10 05:10:33'),(82,68,0,'','Ashish Bubne','/g/l/globaldata_pricelist_made_2022-08-01_22_59_6.pdf','2022-08-10 05:14:48'),(83,69,101,'21345','Ashish Bubne','/m/6/m6060060p1d63620v_3.jpeg','2022-08-10 07:35:02'),(84,70,0,'','Ashish Bubne','/8/5/850038452850038000_3.jpeg','2022-08-10 07:39:52'),(85,70,102,'1y9712u31','Ashish Bubne','/w/m/wmphf2e_2.jpeg','2022-08-10 07:39:52');

--
-- Table structure for table `rahi_equote_comments`
--

CREATE TABLE `rahi_equote_comments` (
  `entity_id` int(10) unsigned NOT NULL AUTO_INCREMENT COMMENT 'Entity ID',
  `equote_id` int(10) unsigned DEFAULT NULL COMMENT 'Equote ID',
  `user_name` text COMMENT 'User Name',
  `comment` text NOT NULL COMMENT 'Comment',
  `status` varchar(255) NOT NULL DEFAULT 'New' COMMENT 'Status',
  `create_date` timestamp NOT NULL DEFAULT CURRENT_TIMESTAMP COMMENT 'Creation Date',
  PRIMARY KEY (`entity_id`)
) ENGINE=InnoDB AUTO_INCREMENT=61 DEFAULT CHARSET=utf8 COMMENT='rahi_equote_comments';

--
-- Dumping data for table `rahi_equote_comments`
--

INSERT INTO `rahi_equote_comments` VALUES (1,1,'Rahi Admin','Testing','Working','2022-07-29 13:31:14'),(2,1,'Rahi Admin','Testing','Ready','2022-07-29 14:12:53'),(3,3,'Sumit Nautiyal','please let me know ASAP. thanks','New','2022-07-29 16:40:10'),(4,6,'Sumit Nautiyal','we are working on it. please provide us 2 business days.','Working','2022-07-29 16:42:28'),(5,6,'Sumit Nautiyal','we are working on it. please provide us 2 business days.	','Working','2022-07-29 16:42:43'),(6,3,'Sumit Nautiyal','please give us 1 business days to review.','Working','2022-07-29 16:44:29'),(7,3,'Sumit Nautiyal','we are ready','Ready','2022-07-29 16:51:47'),(8,10,'Rahi Admin','test','Negotiating','2022-08-03 11:55:41'),(9,22,'Bhavya  Seth','THANKS FOR THE REQUEST ','Working','2022-08-03 17:20:04'),(10,21,'Kevin Chemparathy','thanks for the quote request ','Working','2022-08-03 17:20:05'),(11,22,'Bhavya  Seth','DONE','Ready','2022-08-03 17:22:59'),(12,21,'Kevin Chemparathy','Done','Ready','2022-08-03 17:23:09'),(13,22,'bhavya seth','NEED THIS TOMORROW ','Ready','2022-08-03 17:32:01'),(14,19,'Rahi Admin','testing','Working','2022-08-04 03:29:06'),(15,14,'Akshay S','Test','Working','2022-08-04 04:54:53'),(16,14,'Akshay S','Test1','Punched','2022-08-04 04:56:19'),(17,24,'Akshay S','ready to punch','Ready','2022-08-04 07:01:13'),(18,26,'Kaustubh Borate','testung','New','2022-08-04 09:13:29'),(19,26,'Rahi Admin','testing','Ready','2022-08-04 09:14:05'),(20,28,'Akshay S','The quote is ready','Ready','2022-08-04 10:09:37'),(21,28,'Akshay S','in Negotiating Status','Negotiating','2022-08-04 10:32:43'),(22,28,'Akshay Satbhai','ok','Negotiating','2022-08-04 10:33:12'),(23,31,'Sumit Nautiyal','test','Ready','2022-08-04 16:08:35'),(24,37,'Bhavya  Seth','test2 ','Working','2022-08-04 16:16:55'),(25,38,'Kevin Chemparathy','Test 2.1','Working','2022-08-04 16:17:02'),(26,37,'Bhavya  Seth','test_2','Ready','2022-08-04 16:17:42'),(27,38,'Kevin Chemparathy','Test 2.2','Ready','2022-08-04 16:17:54'),(28,37,'bhavya seth','thanks will order','Ready','2022-08-04 16:18:22'),(29,38,'Kevin Chemparathy','Thanks will order ','Ready','2022-08-04 16:18:35'),(30,31,'Sumit Nautiyal','test','Ready','2022-08-04 16:44:30'),(31,39,'Sumit Nautiyal','ready','Ready','2022-08-04 16:47:56'),(32,8,'Mounika Alla','test','New','2022-08-04 16:54:06'),(33,40,'Sumit Nautiyal','ready','Ready','2022-08-04 16:56:46'),(34,41,'Kevin Chemparathy','Thank you for the Order Please be advised of Q3 Pricing Changes ','Working','2022-08-04 20:59:08'),(35,41,'Mounika Alla','Noted will review and approve ','Working','2022-08-04 21:07:25'),(36,41,'Kevin Chemparathy','Items are ready to Punch Out','Ready','2022-08-04 21:08:06'),(37,41,'Mounika Alla','Test 3','Ready','2022-08-04 21:08:37'),(38,42,'Kevin Chemparathy','Please Work','Working','2022-08-04 22:55:27'),(39,42,'Kevin Chemparathy','Really hope this works\n','Ready','2022-08-04 22:55:51'),(40,42,'Kevin Chemparathy','Update It didn\'t work :( ','Ready','2022-08-04 22:58:27'),(41,43,'Kevin Chemparathy','thank you','Ready','2022-08-04 23:23:59'),(42,45,'Akshay S','Test','Working','2022-08-05 06:05:08'),(43,45,'Akshay S','TEST','Ready','2022-08-05 06:24:22'),(44,46,'Akshay Satbhai','Test','New','2022-08-05 06:53:18'),(45,46,'Akshay S','TEST\n','Negotiating','2022-08-05 06:56:28'),(46,46,'Akshay S','TEST','Ready','2022-08-05 06:59:09'),(47,45,'Akshay S','TEST','Ready','2022-08-05 07:40:38'),(48,47,'Kevin Chemparathy','Thank you for your Order. It is ready for Punch Out. ','Working','2022-08-05 09:11:04'),(49,47,'Kevin Chemparathy','Order is Ready for Punch Out','Ready','2022-08-05 09:11:58'),(50,47,'Kevin Chemparathy','Thank you Rahi ','Ready','2022-08-05 09:37:24'),(51,51,'Kevin Chemparathy','Thank you Google for your Order. It is now ready for punch out.','Ready','2022-08-05 09:52:52'),(52,52,'Akshay S','Test','Negotiating','2022-08-05 12:54:48'),(53,52,'Akshay S','Test','Ready','2022-08-05 13:02:17'),(54,51,'Kevin Chemparathy','Thank you Google for your Order. It is now ready for punch out.','Ready','2022-08-05 18:32:13'),(55,51,'Mounika Alla','Thank You Rahi Team','Ready','2022-08-05 18:34:02'),(56,52,'Ashish Bubne','Test','Ready','2022-08-08 12:08:27'),(57,61,'PO2GO Team','Ready to go','Ready','2022-08-10 03:38:06'),(58,62,'PO2GO Team','we have received your quotation we are working on it','Working','2022-08-10 04:51:07'),(59,74,'Kevin Chemparathy','Order is ready for punch out process','Ready','2022-08-10 16:45:11'),(60,74,'Mounika Alla','Thank You','Ready','2022-08-10 16:46:54');

--
-- Table structure for table `rahi_equote_items`
--

CREATE TABLE `rahi_equote_items` (
  `entity_id` int(10) unsigned NOT NULL AUTO_INCREMENT COMMENT 'Item ID',
  `equote_id` int(10) unsigned NOT NULL COMMENT 'Equote ID',
  `gpn` varchar(255) NOT NULL COMMENT 'product GPN',
  `mpn` varchar(255) NOT NULL COMMENT 'Product MPN',
  `manufacturer` varchar(255) DEFAULT NULL COMMENT 'manufacturer',
  `requested_qty` varchar(255) DEFAULT NULL COMMENT 'Requested Quantity',
  `description` text NOT NULL COMMENT 'Product Description',
  `need_by_date` text COMMENT 'Need By Date',
  `unit_price` varchar(255) NOT NULL DEFAULT '' COMMENT 'Unit Price',
  `lead_time` varchar(255) NOT NULL DEFAULT '' COMMENT 'Lead Time',
  `eol` int(11) NOT NULL DEFAULT '0' COMMENT 'End of Life',
  `replacement_item` varchar(255) NOT NULL DEFAULT '' COMMENT 'Replacemet Item',
  `netsuite_id` varchar(255) NOT NULL DEFAULT '' COMMENT 'Netsuite Id',
  `create_date` timestamp NOT NULL DEFAULT CURRENT_TIMESTAMP COMMENT 'Creation Date',
  `update_date` timestamp NOT NULL DEFAULT CURRENT_TIMESTAMP ON UPDATE CURRENT_TIMESTAMP COMMENT 'Update Date',
  PRIMARY KEY (`entity_id`),
  KEY `RAHI_EQUOTE_ITEMS_EQUOTE_ID_RAHI_EQUOTE_EQUOTE_ID` (`equote_id`),
  CONSTRAINT `RAHI_EQUOTE_ITEMS_EQUOTE_ID_RAHI_EQUOTE_EQUOTE_ID` FOREIGN KEY (`equote_id`) REFERENCES `rahi_equote` (`equote_id`) ON DELETE CASCADE
) ENGINE=InnoDB AUTO_INCREMENT=107 DEFAULT CHARSET=utf8 COMMENT='rahi_equote_items';

--
-- Dumping data for table `rahi_equote_items`
--

INSERT INTO `rahi_equote_items` VALUES (1,1,'554727','1y9712u31','rahi','54','TESTING','07/29/2022','40','',0,'','','2022-07-29 13:22:02','2022-07-30 06:28:57'),(2,2,'5527818','1y9712u31','Rahi','53','testing','07/31/2022','','',0,'','','2022-07-29 13:30:16','2022-07-29 13:30:16'),(3,3,'test gpn','test1','google','121','test desc','07/29/2022','121','21111113',1,'Replacement 100','213112','2022-07-29 13:35:41','2022-07-29 16:45:33'),(4,3,'abc238732','abc238732gpn','Amazon','55','amazon prod',NULL,'21.1','898days',0,'','211','2022-07-29 15:42:56','2022-07-29 15:42:56'),(5,4,'newGpn','newMpn','Google','212','test','07/29/2022','','',0,'','','2022-07-29 15:57:08','2022-07-29 15:57:08'),(6,5,'1020400-D7PR4T','1020400-D7PR4T','Rahi','10','testing','07/30/2022','','',0,'','','2022-07-29 16:29:21','2022-07-29 16:29:21'),(7,6,'21','testmpn','google','212','testmpn desc','07/29/2022','','',0,'','','2022-07-29 16:39:05','2022-07-29 16:39:05'),(8,6,'gpn','jsdakkjsa','amazon','12','jndkan','07/29/2022','','',0,'','','2022-07-29 16:39:05','2022-07-29 16:39:05'),(9,3,'Replacement 100','Replacement 100MPN','3M','100','test',NULL,'99.0','30 days',0,'','NS-98766','2022-07-29 16:47:11','2022-07-29 16:47:11'),(10,7,'','test',NULL,'test','test','07/29/2022','','',0,'','','2022-07-29 17:38:30','2022-07-29 17:38:30'),(11,8,'','test',NULL,'test','test','07/29/2022','','',0,'','','2022-07-29 18:41:30','2022-07-29 18:41:30'),(12,9,'63276439','1y9712u31','bgsghkka','23','testing','07/26/2022','','',0,'','','2022-07-30 05:11:22','2022-07-30 05:11:22'),(13,10,'5537872','44277GGDKK','rahi','23','testing','07/26/2022','45','',0,'','','2022-07-30 05:22:49','2022-08-03 11:35:47'),(14,11,'07034538','H300',NULL,'1','Switch, Current Monitoring, .15-60A Continuous, Output:\r\nN.O. 1.0A@30VAC/DC, Micro Split-Core Go/No Go,\r\nHawkeye 300',NULL,'','',0,'','','2022-08-02 19:16:03','2022-08-02 19:16:03'),(15,12,'','H300',NULL,'1','Switch, Current Monitoring, .15-60A Cont\r\nFull Description:\r\nSwitch, Current Monitoring, .15-60A Continuous, Output:\r\nN.O. 1.0A@30VAC/DC, Micro Split-Core Go/No Go,\r\nHawkeye 300',NULL,'','',0,'','','2022-08-02 19:17:43','2022-08-02 19:17:43'),(16,13,'7068576','1489-M1C300','Rockwell Automation, Inc.','2','Circuit Breaker, AC Device, 30 Amp, Single Pole, Trip\r\nCurve C, Standard Terminal','09/16/2022','','',0,'','','2022-08-02 19:23:30','2022-08-02 19:23:30'),(17,13,'1131911','M200V33UVQ','Panel Components & Systems, Inc','1','Voltage Relay, AC, Monitoring, 3 Phase, 100 <500 V,\r\nFrequency 50/60/400 Hz','10/20/2022','','',0,'','','2022-08-02 19:23:30','2022-08-02 19:23:30'),(23,19,'','1276DHJSK','Rahi','20','Test item ','08/03/2022','56','',1,'','','2022-08-03 17:12:58','2022-08-04 07:37:05'),(24,20,'','123ada',NULL,'1','123',NULL,'','',0,'','','2022-08-03 17:13:37','2022-08-03 17:13:37'),(25,21,'','ABZ1756IF16',NULL,'3','Module, I/O Analog Input, 16 Inputs (8 or 4 Differential),ControlLogix 1756-IF',NULL,'','11 (Days)',0,'','123','2022-08-03 17:14:08','2022-08-03 17:20:39'),(26,22,'1234','ADB0036','AVOCENT','11','ADAPTERS','08/26/2022','5.00','11 DAYS',0,'N/A','1234','2022-08-03 17:14:34','2022-08-03 17:20:19'),(31,19,'56789','456789','7890','890','7890',NULL,'','',0,'','','2022-08-04 07:31:09','2022-08-04 07:31:09'),(32,26,'7y8668','1y9712u31','809809','547','7657','08/25/2022','3','5',1,'','ww','2022-08-04 09:08:29','2022-08-04 09:11:46'),(33,27,'63276439','1y9712u31',NULL,'23','testing','08/30/2022','','',0,'','','2022-08-04 09:09:22','2022-08-04 09:09:22'),(34,26,'42656','2342432','ttsgf','7','645676',NULL,'4','',0,'','','2022-08-04 09:11:46','2022-08-04 09:11:46'),(39,29,'63276439','1y9712u31','bgsghkka','23','testi','08/19/2022','10','',1,'','','2022-08-04 11:10:00','2022-08-05 04:12:33'),(41,31,'gpn Test','mpnTest','Punchout','12','mpnTest desc','08/04/2022','45.00','132',0,'','212112','2022-08-04 11:46:43','2022-08-05 10:16:10'),(42,31,'gpn322','mpn12','Flipkart','23','testing','08/04/2022','99','12',1,'','121212','2022-08-04 11:46:43','2022-08-05 10:16:10'),(49,37,'07004014','adb0036','avocent','10','adapters','08/12/2022','5','5',0,'N/A','10039','2022-08-04 16:13:06','2022-08-04 16:15:18'),(50,38,'07004014','adb0036','avocent','10','adaptors',NULL,'5','',0,'N/A','10039','2022-08-04 16:13:11','2022-08-04 16:15:10'),(51,39,'','1020399',NULL,'12','Relay, DPDT, 120VAC, 4430 Ohms Coil Resistance, Plug-In, General Purpose, w/ Plain Cover, D7 Series','08/31/2022','12','132',0,'','212112','2022-08-04 16:47:07','2022-08-04 17:18:34'),(52,40,'test','test','test','10','test','08/04/2022','10','',0,'','10039','2022-08-04 16:56:20','2022-08-04 16:57:39'),(53,41,'1022346','RS2416RP+','Synology Inc.','1','Server, NAS, Btrfs, 100-240VAC, 50/60Hz, 1 Phase, CPUIntel Atom C2538/64-bit/Quad Core 2.4GHz, 2GB DDR3,12x Drive Bays, 2x USB 2.0 /2x USB 3.0/4x RJ-45 1GbELAN Ports, Raid SATA Controller, Redundant Pwr Sply,2U Rackmount, RoHS','08/26/2022','2679','',0,'','85311','2022-08-04 19:35:14','2022-08-04 21:00:17'),(54,41,'1096598','1096598-AFP','All Fab Precision San Jose','1084','FILLER, 2RU X 18.4\", IKEA4, IZUMI, BEITHIR, ASTORIA\r\nForm Factor','08/26/2022','215','',0,'','118609','2022-08-04 19:35:14','2022-08-04 21:00:17'),(55,41,'1085465','3000057780761.1','Dell','4','Server, Dell R240, w/out Drives, 1U, 4x3.5in DriveChassis, 1x4 & 1x8 PCIe3 slots, 1xE-2224 3.4GHz CPU,4x16GB DDR4-2666 2Rx8 UDIMM, iDRAC9 Ent, S140,Broadcom 1GbE DP LOM, 1x450W AC PSU, TPMNuvoton v2.0','08/26/2022','2723','',0,'','116919&whence=','2022-08-04 19:35:14','2022-08-04 21:00:17'),(56,41,'1091123','B071DZTP26','iPrimio','17','Rack Stop, Caster Cup, Solid Rubber','08/26/2022','17','',1,'','80417','2022-08-04 19:35:14','2022-08-04 23:34:15'),(58,42,'1022346','RS2416RP+','Synology Inc.','1','Server, NAS, Btrfs, 100-240VAC, 50/60Hz, 1 Phase, CPUIntel Atom C2538/64-bit/Quad Core 2.4GHz, 2GB DDR3,12x Drive Bays, 2x USB 2.0 /2x USB 3.0/4x RJ-45 1GbELAN Ports, Raid SATA Controller, Redundant Pwr Sply,2U Rackmount, RoHS','08/26/2022','2679','',0,'','85311','2022-08-04 22:47:19','2022-08-04 22:55:09'),(59,42,'1096598','1096598-AFP','All Fab Precision San Jose','1084','FILLER, 2RU X 18.4','08/26/2022','215','',0,'','118609','2022-08-04 22:47:19','2022-08-04 22:55:09'),(60,42,'1085465','3000057780761.1','Dell','4','Server, Dell R240, w/out Drives, 1U, 4x3.5in DriveChassis, 1x4 & 1x8 PCIe3 slots, 1xE-2224 3.4GHz CPU,4x16GB DDR4-2666 2Rx8 UDIMM, iDRAC9 Ent, S140,Broadcom 1GbE DP LOM, 1x450W AC PSU, TPMNuvoton v2.0','08/26/2022','2723','',0,'','116919&whence=','2022-08-04 22:47:19','2022-08-04 22:55:09'),(61,43,'07004014','adb0036','avocent','10','adaptor','08/26/2022','10','',0,'','10039','2022-08-04 23:20:57','2022-08-04 23:23:23'),(62,29,'45678','45678','dfghjk','56','dfgj',NULL,'45','',0,'','','2022-08-05 04:12:33','2022-08-05 04:12:33'),(67,47,'1087272','34067','Brimar Industries, Inc.','20','Tag, LOTO, Red/White/Black, 15 mil Vinyl, 3/4 in BrassHoop, 3-1/4 W x 5-5/8 in L (C-325X5625-TAG)','08/26/2022','97','11',0,'','46705','2022-08-05 08:17:21','2022-08-05 09:01:42'),(68,47,'1085469','SL-1000X','ServerLIFT Corporation','7','Lift, Electric, 1000 lb. Lifting Capacity, 3ft 11.25in L x 2ftW x 6ft 6in H, Platform L 24 in W 21in, Lift Range 5.21into 8.73 ft','08/26/2022','16672','18',0,'','25437','2022-08-05 08:17:21','2022-08-05 09:01:42'),(69,48,'8483887939','8668508571','Google','12','Key Storage Lock 5401D, Master Lock','08/10/2022','6578','',1,'9011011320','','2022-08-05 09:28:31','2022-08-05 10:22:48'),(70,49,'','123456',NULL,'1234','Test',NULL,'','',0,'','','2022-08-05 09:35:00','2022-08-05 09:35:00'),(71,50,'1234567','1234',NULL,'123','Test',NULL,'','',1,'','','2022-08-05 09:36:43','2022-08-05 11:24:32'),(72,51,'1087272','34067','Brimar Industries, Inc.','25','Tag, LOTO, Red/White/Black, 15 mil Vinyl, 3/4 in BrassHoop, 3-1/4 W x 5-5/8 in L (C-325X5625-TAG)','08/26/2022','97','11',0,'','46705','2022-08-05 09:46:54','2022-08-05 18:31:44'),(73,51,'1085469','SL-1000X','ServerLIFT Corporation','7','Lift, Electric, 1000 lb. Lifting Capacity, 3ft 11.25in L x 2ftW x 6ft 6in H, Platform L 24 in W 21in, Lift Range 5.21into 8.73 ft','08/26/2022','16672','10',0,'','25437','2022-08-05 09:46:54','2022-08-05 18:31:44'),(74,48,'10837767','9011011320','Rahi','10','Key Storage Lock',NULL,'7654','10',0,'','12345gf@#$','2022-08-05 10:22:48','2022-08-05 10:22:48'),(75,52,'1234567','8668508571','Amazon','1234','Test','Thu, 11 Aug 2022','1666','10',0,'','asdfgh1234$$$','2022-08-05 12:44:43','2022-08-07 09:48:06'),(81,53,'1234567','8668508571',NULL,'1667','Test',NULL,'','',0,'','','2022-08-08 12:10:36','2022-08-08 12:13:52'),(82,54,'','12344321',NULL,'12','Test',NULL,'12','',0,'','','2022-08-08 12:16:05','2022-08-08 12:16:27'),(83,55,'','12344321',NULL,'12','Test',NULL,'56','',0,'','','2022-08-08 12:17:42','2022-08-08 12:18:06'),(84,56,'4321','12344321',NULL,'12','Test',NULL,'57','',1,'','','2022-08-08 12:19:09','2022-08-08 13:24:58'),(86,56,'asdfghjkl','23456789','Geo','23','Padded',NULL,'3','',0,'','','2022-08-08 13:27:56','2022-08-08 13:27:56'),(87,57,'','Test Quote Darren K','Rahi','1','Test Quote Darren K','08/31/2022','','',0,'','','2022-08-08 20:31:02','2022-08-08 20:31:02'),(88,58,'','23456789',NULL,'12','Scanner, Barcode, 1D/2D, Optical Character Recogn',NULL,'5','',0,'','','2022-08-09 04:43:18','2022-08-09 04:46:35'),(89,59,'','23456789',NULL,'12','30\' yellow cat5 patch',NULL,'10','',0,'','','2022-08-09 04:50:58','2022-08-09 04:51:34'),(90,60,'2345345','1020399-D7PR2A','Test','10','Test','07/26/2022','','',0,'','','2022-08-10 03:27:06','2022-08-10 03:27:06'),(91,60,'2345345','1020400-D7PR4T','Test','5','Test',NULL,'','',0,'','','2022-08-10 03:27:06','2022-08-10 03:27:06'),(92,61,'2345345','1020400-D7PR4T','Test','10','Test','07/26/2022','34','',0,'','','2022-08-10 03:28:03','2022-08-10 03:29:12'),(93,62,'2345345','34535134','Test','10','Test','08/18/2022','','',0,'','','2022-08-10 04:24:11','2022-08-10 04:24:11'),(94,62,'2345345','345351341','Test','10','TEst','08/22/2022','','',0,'','','2022-08-10 04:24:12','2022-08-10 04:24:12'),(95,63,'8s4a8t3b8h8a7i','8A6k6s8h5a0y','Rahi','78','30\' yellow cat5 patch w/ approved rj45,Crimping Tool, w/ Cable Stripper, For RJ11/RJ12/RJ45 Modular Plugs, 8.26 x 3.15 x 1.81 in, 0.75 lbs,SUP, VELCRO 3/4\" ONE WRAP, 25YD ROLL, Key Storage Lock 5401D, Master Lock\r\n\r\n\r\n\r\n','08/17/2022','','',0,'','','2022-08-10 05:03:32','2022-08-10 05:03:32'),(96,64,'8s4a8t3b8h8a7i','8A6k6s8h5a0y','rahi','67','30\' yellow cat5 patch w/ approved rj45,Crimping Tool, w/ Cable Stripper, For RJ11/RJ12/RJ45 Modular Plugs, 8.26 x 3.15 x 1.81 in, 0.75 lbs,SUP, VELCRO 3/4\" ONE WRAP, 25YD ROLL, Key Storage Lock 5401D, Master Lock\r\n\r\n\r\n\r\n','08/17/2022','','',0,'','','2022-08-10 05:04:31','2022-08-10 05:04:31'),(97,65,'','1',NULL,'1','Test',NULL,'','',0,'','','2022-08-10 05:09:36','2022-08-10 05:09:36'),(98,66,'','12',NULL,'12','Test',NULL,'','',0,'','','2022-08-10 05:10:33','2022-08-10 05:10:33'),(99,67,'','1232',NULL,'132','Test',NULL,'','',0,'','','2022-08-10 05:11:24','2022-08-10 05:11:24'),(100,68,'','12',NULL,'12','Test',NULL,'','',0,'','','2022-08-10 05:14:48','2022-08-10 05:14:48'),(101,69,'','21345',NULL,'1234','testing',NULL,'','',0,'','','2022-08-10 07:35:02','2022-08-10 07:35:02'),(102,70,'','1y9712u31',NULL,'23','testing',NULL,'','',0,'','','2022-08-10 07:39:52','2022-08-10 07:39:52'),(103,71,'','1y9712u31',NULL,'23','test','08/18/2022','','',0,'','','2022-08-10 07:51:51','2022-08-10 07:51:51'),(104,72,'','121',NULL,'123','Test',NULL,'','',0,'','','2022-08-10 07:51:54','2022-08-10 07:51:54'),(105,73,'','12',NULL,'123','Test',NULL,'','',0,'','','2022-08-10 07:53:30','2022-08-10 07:53:30'),(106,74,'1078957','STPHF44GE6L45X','Siemens','2','Bus Plug, Sentron SPD, STP Plug Type, Horizontal,Fused Protection, 3 Phase, 4 Wire, IP55 Rating, InternalGround, 480/277V, TPS6L(1 0 Mode), 450kA per PhaseSurge Current',NULL,'9358','',0,'','43728','2022-08-10 16:42:27','2022-08-10 16:44:46');

--
-- Table structure for table `rating`
--

CREATE TABLE `rating` (
  `rating_id` smallint(5) unsigned NOT NULL AUTO_INCREMENT COMMENT 'Rating ID',
  `entity_id` smallint(5) unsigned NOT NULL DEFAULT '0' COMMENT 'Entity ID',
  `rating_code` varchar(64) NOT NULL COMMENT 'Rating Code',
  `position` smallint(5) unsigned NOT NULL DEFAULT '0' COMMENT 'Rating Position On Storefront',
  `is_active` smallint(6) NOT NULL DEFAULT '1' COMMENT 'Rating is active.',
  PRIMARY KEY (`rating_id`),
  UNIQUE KEY `RATING_RATING_CODE` (`rating_code`),
  KEY `RATING_ENTITY_ID` (`entity_id`),
  CONSTRAINT `RATING_ENTITY_ID_RATING_ENTITY_ENTITY_ID` FOREIGN KEY (`entity_id`) REFERENCES `rating_entity` (`entity_id`) ON DELETE CASCADE
) ENGINE=InnoDB AUTO_INCREMENT=4 DEFAULT CHARSET=utf8 COMMENT='Ratings';

--
-- Dumping data for table `rating`
--

INSERT INTO `rating` VALUES (1,1,'Quality',0,1),(2,1,'Value',0,1),(3,1,'Price',0,1);

--
-- Table structure for table `rating_entity`
--

CREATE TABLE `rating_entity` (
  `entity_id` smallint(5) unsigned NOT NULL AUTO_INCREMENT COMMENT 'Entity ID',
  `entity_code` varchar(64) NOT NULL COMMENT 'Entity Code',
  PRIMARY KEY (`entity_id`),
  UNIQUE KEY `RATING_ENTITY_ENTITY_CODE` (`entity_code`)
) ENGINE=InnoDB AUTO_INCREMENT=4 DEFAULT CHARSET=utf8 COMMENT='Rating entities';

--
-- Dumping data for table `rating_entity`
--

INSERT INTO `rating_entity` VALUES (1,'product'),(2,'product_review'),(3,'review');

--
-- Table structure for table `rating_option`
--

CREATE TABLE `rating_option` (
  `option_id` int(10) unsigned NOT NULL AUTO_INCREMENT COMMENT 'Rating Option ID',
  `rating_id` smallint(5) unsigned NOT NULL DEFAULT '0' COMMENT 'Rating ID',
  `code` varchar(32) NOT NULL COMMENT 'Rating Option Code',
  `value` smallint(5) unsigned NOT NULL DEFAULT '0' COMMENT 'Rating Option Value',
  `position` smallint(5) unsigned NOT NULL DEFAULT '0' COMMENT 'Ration option position on Storefront',
  PRIMARY KEY (`option_id`),
  KEY `RATING_OPTION_RATING_ID` (`rating_id`),
  CONSTRAINT `RATING_OPTION_RATING_ID_RATING_RATING_ID` FOREIGN KEY (`rating_id`) REFERENCES `rating` (`rating_id`) ON DELETE CASCADE
) ENGINE=InnoDB AUTO_INCREMENT=16 DEFAULT CHARSET=utf8 COMMENT='Rating options';

--
-- Dumping data for table `rating_option`
--

INSERT INTO `rating_option` VALUES (1,1,'1',1,1),(2,1,'2',2,2),(3,1,'3',3,3),(4,1,'4',4,4),(5,1,'5',5,5),(6,2,'1',1,1),(7,2,'2',2,2),(8,2,'3',3,3),(9,2,'4',4,4),(10,2,'5',5,5),(11,3,'1',1,1),(12,3,'2',2,2),(13,3,'3',3,3),(14,3,'4',4,4),(15,3,'5',5,5);

--
-- Table structure for table `rating_option_vote`
--

CREATE TABLE `rating_option_vote` (
  `vote_id` bigint(20) unsigned NOT NULL AUTO_INCREMENT COMMENT 'Vote ID',
  `option_id` int(10) unsigned NOT NULL DEFAULT '0' COMMENT 'Vote option ID',
  `remote_ip` varchar(16) NOT NULL COMMENT 'Customer IP',
  `remote_ip_long` bigint(20) NOT NULL DEFAULT '0' COMMENT 'Customer IP converted to long integer format',
  `customer_id` int(10) unsigned DEFAULT '0' COMMENT 'Customer ID',
  `entity_pk_value` bigint(20) unsigned NOT NULL DEFAULT '0' COMMENT 'Product ID',
  `rating_id` smallint(5) unsigned NOT NULL DEFAULT '0' COMMENT 'Rating ID',
  `review_id` bigint(20) unsigned DEFAULT NULL COMMENT 'Review ID',
  `percent` smallint(6) NOT NULL DEFAULT '0' COMMENT 'Percent amount',
  `value` smallint(6) NOT NULL DEFAULT '0' COMMENT 'Vote option value',
  PRIMARY KEY (`vote_id`),
  KEY `RATING_OPTION_VOTE_REVIEW_ID_REVIEW_REVIEW_ID` (`review_id`),
  KEY `RATING_OPTION_VOTE_OPTION_ID` (`option_id`),
  CONSTRAINT `RATING_OPTION_VOTE_OPTION_ID_RATING_OPTION_OPTION_ID` FOREIGN KEY (`option_id`) REFERENCES `rating_option` (`option_id`) ON DELETE CASCADE,
  CONSTRAINT `RATING_OPTION_VOTE_REVIEW_ID_REVIEW_REVIEW_ID` FOREIGN KEY (`review_id`) REFERENCES `review` (`review_id`) ON DELETE CASCADE
) ENGINE=InnoDB AUTO_INCREMENT=4 DEFAULT CHARSET=utf8 COMMENT='Rating option values';

--
-- Dumping data for table `rating_option_vote`
--


--
-- Table structure for table `rating_option_vote_aggregated`
--

CREATE TABLE `rating_option_vote_aggregated` (
  `primary_id` int(11) NOT NULL AUTO_INCREMENT COMMENT 'Vote aggregation ID',
  `rating_id` smallint(5) unsigned NOT NULL DEFAULT '0' COMMENT 'Rating ID',
  `entity_pk_value` bigint(20) unsigned NOT NULL DEFAULT '0' COMMENT 'Product ID',
  `vote_count` int(10) unsigned NOT NULL DEFAULT '0' COMMENT 'Vote dty',
  `vote_value_sum` int(10) unsigned NOT NULL DEFAULT '0' COMMENT 'General vote sum',
  `percent` smallint(6) NOT NULL DEFAULT '0' COMMENT 'Vote percent',
  `percent_approved` smallint(6) DEFAULT '0' COMMENT 'Vote percent approved by admin',
  `store_id` smallint(5) unsigned NOT NULL DEFAULT '0' COMMENT 'Store ID',
  PRIMARY KEY (`primary_id`),
  KEY `RATING_OPTION_VOTE_AGGREGATED_RATING_ID` (`rating_id`),
  KEY `RATING_OPTION_VOTE_AGGREGATED_STORE_ID` (`store_id`),
  CONSTRAINT `RATING_OPTION_VOTE_AGGREGATED_RATING_ID_RATING_RATING_ID` FOREIGN KEY (`rating_id`) REFERENCES `rating` (`rating_id`) ON DELETE CASCADE,
  CONSTRAINT `RATING_OPTION_VOTE_AGGREGATED_STORE_ID_STORE_STORE_ID` FOREIGN KEY (`store_id`) REFERENCES `store` (`store_id`) ON DELETE CASCADE
) ENGINE=InnoDB AUTO_INCREMENT=7 DEFAULT CHARSET=utf8 COMMENT='Rating vote aggregated';

--
-- Dumping data for table `rating_option_vote_aggregated`
--


--
-- Table structure for table `rating_store`
--

CREATE TABLE `rating_store` (
  `rating_id` smallint(5) unsigned NOT NULL DEFAULT '0' COMMENT 'Rating ID',
  `store_id` smallint(5) unsigned NOT NULL DEFAULT '0' COMMENT 'Store ID',
  PRIMARY KEY (`rating_id`,`store_id`),
  KEY `RATING_STORE_STORE_ID` (`store_id`),
  CONSTRAINT `RATING_STORE_RATING_ID_RATING_RATING_ID` FOREIGN KEY (`rating_id`) REFERENCES `rating` (`rating_id`) ON DELETE CASCADE,
  CONSTRAINT `RATING_STORE_STORE_ID_STORE_STORE_ID` FOREIGN KEY (`store_id`) REFERENCES `store` (`store_id`) ON DELETE CASCADE
) ENGINE=InnoDB DEFAULT CHARSET=utf8 COMMENT='Rating Store';

--
-- Dumping data for table `rating_store`
--

INSERT INTO `rating_store` VALUES (1,0),(2,0),(3,0),(1,5),(2,5),(3,5);

--
-- Table structure for table `rating_title`
--

CREATE TABLE `rating_title` (
  `rating_id` smallint(5) unsigned NOT NULL DEFAULT '0' COMMENT 'Rating ID',
  `store_id` smallint(5) unsigned NOT NULL DEFAULT '0' COMMENT 'Store ID',
  `value` varchar(255) NOT NULL COMMENT 'Rating Label',
  PRIMARY KEY (`rating_id`,`store_id`),
  KEY `RATING_TITLE_STORE_ID` (`store_id`),
  CONSTRAINT `RATING_TITLE_RATING_ID_RATING_RATING_ID` FOREIGN KEY (`rating_id`) REFERENCES `rating` (`rating_id`) ON DELETE CASCADE,
  CONSTRAINT `RATING_TITLE_STORE_ID_STORE_STORE_ID` FOREIGN KEY (`store_id`) REFERENCES `store` (`store_id`) ON DELETE CASCADE
) ENGINE=InnoDB DEFAULT CHARSET=utf8 COMMENT='Rating Title';

--
-- Dumping data for table `rating_title`
--


--
-- Table structure for table `release_notification_viewer_log`
--

CREATE TABLE `release_notification_viewer_log` (
  `id` int(10) unsigned NOT NULL AUTO_INCREMENT COMMENT 'Log ID',
  `viewer_id` int(10) unsigned NOT NULL COMMENT 'Viewer admin user ID',
  `last_view_version` varchar(16) NOT NULL COMMENT 'Viewer last view on product version',
  PRIMARY KEY (`id`),
  UNIQUE KEY `RELEASE_NOTIFICATION_VIEWER_LOG_VIEWER_ID` (`viewer_id`),
  CONSTRAINT `RELEASE_NOTIFICATION_VIEWER_LOG_VIEWER_ID_ADMIN_USER_USER_ID` FOREIGN KEY (`viewer_id`) REFERENCES `admin_user` (`user_id`) ON DELETE CASCADE
) ENGINE=InnoDB DEFAULT CHARSET=utf8 COMMENT='Release Notification Viewer Log Table';

--
-- Dumping data for table `release_notification_viewer_log`
--


--
-- Table structure for table `report_compared_product_index`
--

CREATE TABLE `report_compared_product_index` (
  `index_id` bigint(20) unsigned NOT NULL AUTO_INCREMENT COMMENT 'Index ID',
  `visitor_id` int(10) unsigned DEFAULT NULL COMMENT 'Visitor ID',
  `customer_id` int(10) unsigned DEFAULT NULL COMMENT 'Customer ID',
  `product_id` int(10) unsigned NOT NULL COMMENT 'Product ID',
  `store_id` smallint(5) unsigned DEFAULT NULL COMMENT 'Store ID',
  `added_at` timestamp NOT NULL DEFAULT CURRENT_TIMESTAMP COMMENT 'Added At',
  PRIMARY KEY (`index_id`),
  UNIQUE KEY `REPORT_COMPARED_PRODUCT_INDEX_VISITOR_ID_PRODUCT_ID` (`visitor_id`,`product_id`),
  UNIQUE KEY `REPORT_COMPARED_PRODUCT_INDEX_CUSTOMER_ID_PRODUCT_ID` (`customer_id`,`product_id`),
  KEY `REPORT_COMPARED_PRODUCT_INDEX_STORE_ID` (`store_id`),
  KEY `REPORT_COMPARED_PRODUCT_INDEX_ADDED_AT` (`added_at`),
  KEY `REPORT_COMPARED_PRODUCT_INDEX_PRODUCT_ID` (`product_id`),
  CONSTRAINT `REPORT_CMPD_PRD_IDX_CSTR_ID_CSTR_ENTT_ENTT_ID` FOREIGN KEY (`customer_id`) REFERENCES `customer_entity` (`entity_id`) ON DELETE CASCADE,
  CONSTRAINT `REPORT_CMPD_PRD_IDX_PRD_ID_CAT_PRD_ENTT_ENTT_ID` FOREIGN KEY (`product_id`) REFERENCES `catalog_product_entity` (`entity_id`) ON DELETE CASCADE,
  CONSTRAINT `REPORT_COMPARED_PRODUCT_INDEX_STORE_ID_STORE_STORE_ID` FOREIGN KEY (`store_id`) REFERENCES `store` (`store_id`) ON DELETE SET NULL
) ENGINE=InnoDB DEFAULT CHARSET=utf8 COMMENT='Reports Compared Product Index Table';

--
-- Dumping data for table `report_compared_product_index`
--


--
-- Table structure for table `report_event`
--

CREATE TABLE `report_event` (
  `event_id` bigint(20) unsigned NOT NULL AUTO_INCREMENT COMMENT 'Event ID',
  `logged_at` timestamp NOT NULL DEFAULT CURRENT_TIMESTAMP COMMENT 'Logged At',
  `event_type_id` smallint(5) unsigned NOT NULL DEFAULT '0' COMMENT 'Event Type ID',
  `object_id` int(10) unsigned NOT NULL DEFAULT '0' COMMENT 'Object ID',
  `subject_id` int(10) unsigned NOT NULL DEFAULT '0' COMMENT 'Subject ID',
  `subtype` smallint(5) unsigned NOT NULL DEFAULT '0' COMMENT 'Subtype',
  `store_id` smallint(5) unsigned NOT NULL COMMENT 'Store ID',
  PRIMARY KEY (`event_id`),
  KEY `REPORT_EVENT_EVENT_TYPE_ID` (`event_type_id`),
  KEY `REPORT_EVENT_SUBJECT_ID` (`subject_id`),
  KEY `REPORT_EVENT_OBJECT_ID` (`object_id`),
  KEY `REPORT_EVENT_SUBTYPE` (`subtype`),
  KEY `REPORT_EVENT_STORE_ID` (`store_id`),
  CONSTRAINT `REPORT_EVENT_EVENT_TYPE_ID_REPORT_EVENT_TYPES_EVENT_TYPE_ID` FOREIGN KEY (`event_type_id`) REFERENCES `report_event_types` (`event_type_id`) ON DELETE CASCADE,
  CONSTRAINT `REPORT_EVENT_STORE_ID_STORE_STORE_ID` FOREIGN KEY (`store_id`) REFERENCES `store` (`store_id`) ON DELETE CASCADE
) ENGINE=InnoDB DEFAULT CHARSET=utf8 COMMENT='Reports Event Table';

--
-- Dumping data for table `report_event`
--


--
-- Table structure for table `report_event_types`
--

CREATE TABLE `report_event_types` (
  `event_type_id` smallint(5) unsigned NOT NULL AUTO_INCREMENT COMMENT 'Event Type ID',
  `event_name` varchar(64) NOT NULL COMMENT 'Event Name',
  `customer_login` smallint(5) unsigned NOT NULL DEFAULT '0' COMMENT 'Customer Login',
  PRIMARY KEY (`event_type_id`)
) ENGINE=InnoDB AUTO_INCREMENT=7 DEFAULT CHARSET=utf8 COMMENT='Reports Event Type Table';

--
-- Dumping data for table `report_event_types`
--

INSERT INTO `report_event_types` VALUES (1,'catalog_product_view',0),(2,'sendfriend_product',0),(3,'catalog_product_compare_add_product',0),(4,'checkout_cart_add_product',0),(5,'wishlist_add_product',0),(6,'wishlist_share',0);

--
-- Table structure for table `report_viewed_product_aggregated_daily`
--

CREATE TABLE `report_viewed_product_aggregated_daily` (
  `id` int(10) unsigned NOT NULL AUTO_INCREMENT COMMENT 'ID',
  `period` date DEFAULT NULL COMMENT 'Period',
  `store_id` smallint(5) unsigned DEFAULT NULL COMMENT 'Store ID',
  `product_id` int(10) unsigned DEFAULT NULL COMMENT 'Product ID',
  `product_name` varchar(255) DEFAULT NULL COMMENT 'Product Name',
  `product_price` decimal(12,4) NOT NULL DEFAULT '0.0000' COMMENT 'Product Price',
  `views_num` int(11) NOT NULL DEFAULT '0' COMMENT 'Number of Views',
  `rating_pos` smallint(5) unsigned NOT NULL DEFAULT '0' COMMENT 'Rating Pos',
  PRIMARY KEY (`id`),
  UNIQUE KEY `REPORT_VIEWED_PRD_AGGRED_DAILY_PERIOD_STORE_ID_PRD_ID` (`period`,`store_id`,`product_id`),
  KEY `REPORT_VIEWED_PRODUCT_AGGREGATED_DAILY_STORE_ID` (`store_id`),
  KEY `REPORT_VIEWED_PRODUCT_AGGREGATED_DAILY_PRODUCT_ID` (`product_id`),
  CONSTRAINT `REPORT_VIEWED_PRD_AGGRED_DAILY_PRD_ID_CAT_PRD_ENTT_ENTT_ID` FOREIGN KEY (`product_id`) REFERENCES `catalog_product_entity` (`entity_id`) ON DELETE CASCADE,
  CONSTRAINT `REPORT_VIEWED_PRODUCT_AGGREGATED_DAILY_STORE_ID_STORE_STORE_ID` FOREIGN KEY (`store_id`) REFERENCES `store` (`store_id`) ON DELETE CASCADE
) ENGINE=InnoDB DEFAULT CHARSET=utf8 COMMENT='Most Viewed Products Aggregated Daily';

--
-- Dumping data for table `report_viewed_product_aggregated_daily`
--


--
-- Table structure for table `report_viewed_product_aggregated_monthly`
--

CREATE TABLE `report_viewed_product_aggregated_monthly` (
  `id` int(10) unsigned NOT NULL AUTO_INCREMENT COMMENT 'ID',
  `period` date DEFAULT NULL COMMENT 'Period',
  `store_id` smallint(5) unsigned DEFAULT NULL COMMENT 'Store ID',
  `product_id` int(10) unsigned DEFAULT NULL COMMENT 'Product ID',
  `product_name` varchar(255) DEFAULT NULL COMMENT 'Product Name',
  `product_price` decimal(12,4) NOT NULL DEFAULT '0.0000' COMMENT 'Product Price',
  `views_num` int(11) NOT NULL DEFAULT '0' COMMENT 'Number of Views',
  `rating_pos` smallint(5) unsigned NOT NULL DEFAULT '0' COMMENT 'Rating Pos',
  PRIMARY KEY (`id`),
  UNIQUE KEY `REPORT_VIEWED_PRD_AGGRED_MONTHLY_PERIOD_STORE_ID_PRD_ID` (`period`,`store_id`,`product_id`),
  KEY `REPORT_VIEWED_PRODUCT_AGGREGATED_MONTHLY_STORE_ID` (`store_id`),
  KEY `REPORT_VIEWED_PRODUCT_AGGREGATED_MONTHLY_PRODUCT_ID` (`product_id`),
  CONSTRAINT `REPORT_VIEWED_PRD_AGGRED_MONTHLY_PRD_ID_CAT_PRD_ENTT_ENTT_ID` FOREIGN KEY (`product_id`) REFERENCES `catalog_product_entity` (`entity_id`) ON DELETE CASCADE,
  CONSTRAINT `REPORT_VIEWED_PRODUCT_AGGREGATED_MONTHLY_STORE_ID_STORE_STORE_ID` FOREIGN KEY (`store_id`) REFERENCES `store` (`store_id`) ON DELETE CASCADE
) ENGINE=InnoDB DEFAULT CHARSET=utf8 COMMENT='Most Viewed Products Aggregated Monthly';

--
-- Dumping data for table `report_viewed_product_aggregated_monthly`
--


--
-- Table structure for table `report_viewed_product_aggregated_yearly`
--

CREATE TABLE `report_viewed_product_aggregated_yearly` (
  `id` int(10) unsigned NOT NULL AUTO_INCREMENT COMMENT 'ID',
  `period` date DEFAULT NULL COMMENT 'Period',
  `store_id` smallint(5) unsigned DEFAULT NULL COMMENT 'Store ID',
  `product_id` int(10) unsigned DEFAULT NULL COMMENT 'Product ID',
  `product_name` varchar(255) DEFAULT NULL COMMENT 'Product Name',
  `product_price` decimal(12,4) NOT NULL DEFAULT '0.0000' COMMENT 'Product Price',
  `views_num` int(11) NOT NULL DEFAULT '0' COMMENT 'Number of Views',
  `rating_pos` smallint(5) unsigned NOT NULL DEFAULT '0' COMMENT 'Rating Pos',
  PRIMARY KEY (`id`),
  UNIQUE KEY `REPORT_VIEWED_PRD_AGGRED_YEARLY_PERIOD_STORE_ID_PRD_ID` (`period`,`store_id`,`product_id`),
  KEY `REPORT_VIEWED_PRODUCT_AGGREGATED_YEARLY_STORE_ID` (`store_id`),
  KEY `REPORT_VIEWED_PRODUCT_AGGREGATED_YEARLY_PRODUCT_ID` (`product_id`),
  CONSTRAINT `REPORT_VIEWED_PRD_AGGRED_YEARLY_PRD_ID_CAT_PRD_ENTT_ENTT_ID` FOREIGN KEY (`product_id`) REFERENCES `catalog_product_entity` (`entity_id`) ON DELETE CASCADE,
  CONSTRAINT `REPORT_VIEWED_PRODUCT_AGGREGATED_YEARLY_STORE_ID_STORE_STORE_ID` FOREIGN KEY (`store_id`) REFERENCES `store` (`store_id`) ON DELETE CASCADE
) ENGINE=InnoDB DEFAULT CHARSET=utf8 COMMENT='Most Viewed Products Aggregated Yearly';

--
-- Dumping data for table `report_viewed_product_aggregated_yearly`
--


--
-- Table structure for table `report_viewed_product_index`
--

CREATE TABLE `report_viewed_product_index` (
  `index_id` bigint(20) unsigned NOT NULL AUTO_INCREMENT COMMENT 'Index ID',
  `visitor_id` int(10) unsigned DEFAULT NULL COMMENT 'Visitor ID',
  `customer_id` int(10) unsigned DEFAULT NULL COMMENT 'Customer ID',
  `product_id` int(10) unsigned NOT NULL COMMENT 'Product ID',
  `store_id` smallint(5) unsigned DEFAULT NULL COMMENT 'Store ID',
  `added_at` timestamp NOT NULL DEFAULT CURRENT_TIMESTAMP COMMENT 'Added At',
  PRIMARY KEY (`index_id`),
  UNIQUE KEY `REPORT_VIEWED_PRODUCT_INDEX_VISITOR_ID_PRODUCT_ID` (`visitor_id`,`product_id`),
  UNIQUE KEY `REPORT_VIEWED_PRODUCT_INDEX_CUSTOMER_ID_PRODUCT_ID` (`customer_id`,`product_id`),
  KEY `REPORT_VIEWED_PRODUCT_INDEX_STORE_ID` (`store_id`),
  KEY `REPORT_VIEWED_PRODUCT_INDEX_ADDED_AT` (`added_at`),
  KEY `REPORT_VIEWED_PRODUCT_INDEX_PRODUCT_ID` (`product_id`),
  CONSTRAINT `REPORT_VIEWED_PRD_IDX_CSTR_ID_CSTR_ENTT_ENTT_ID` FOREIGN KEY (`customer_id`) REFERENCES `customer_entity` (`entity_id`) ON DELETE CASCADE,
  CONSTRAINT `REPORT_VIEWED_PRD_IDX_PRD_ID_CAT_PRD_ENTT_ENTT_ID` FOREIGN KEY (`product_id`) REFERENCES `catalog_product_entity` (`entity_id`) ON DELETE CASCADE,
  CONSTRAINT `REPORT_VIEWED_PRODUCT_INDEX_STORE_ID_STORE_STORE_ID` FOREIGN KEY (`store_id`) REFERENCES `store` (`store_id`) ON DELETE SET NULL
) ENGINE=InnoDB DEFAULT CHARSET=utf8 COMMENT='Reports Viewed Product Index Table';

--
-- Dumping data for table `report_viewed_product_index`
--


--
-- Table structure for table `reporting_counts`
--

CREATE TABLE `reporting_counts` (
  `entity_id` int(10) unsigned NOT NULL AUTO_INCREMENT COMMENT 'Entity ID',
  `type` varchar(255) DEFAULT NULL COMMENT 'Item Reported',
  `count` int(10) unsigned DEFAULT NULL COMMENT 'Count Value',
  `updated_at` timestamp NOT NULL DEFAULT CURRENT_TIMESTAMP ON UPDATE CURRENT_TIMESTAMP COMMENT 'Updated At',
  PRIMARY KEY (`entity_id`)
) ENGINE=InnoDB DEFAULT CHARSET=utf8 COMMENT='Reporting for all count related events generated via the cron job';

--
-- Dumping data for table `reporting_counts`
--


--
-- Table structure for table `reporting_module_status`
--

CREATE TABLE `reporting_module_status` (
  `entity_id` int(10) unsigned NOT NULL AUTO_INCREMENT COMMENT 'Module ID',
  `name` varchar(255) DEFAULT NULL COMMENT 'Module Name',
  `active` varchar(255) DEFAULT NULL COMMENT 'Module Active Status',
  `setup_version` varchar(255) DEFAULT NULL COMMENT 'Module Version',
  `state` varchar(255) DEFAULT NULL COMMENT 'Module State',
  `updated_at` timestamp NOT NULL DEFAULT CURRENT_TIMESTAMP ON UPDATE CURRENT_TIMESTAMP COMMENT 'Updated At',
  PRIMARY KEY (`entity_id`)
) ENGINE=InnoDB DEFAULT CHARSET=utf8 COMMENT='Module Status Table';

--
-- Dumping data for table `reporting_module_status`
--


--
-- Table structure for table `reporting_orders`
--

CREATE TABLE `reporting_orders` (
  `entity_id` int(10) unsigned NOT NULL AUTO_INCREMENT COMMENT 'Entity ID',
  `customer_id` int(10) unsigned DEFAULT NULL COMMENT 'Customer ID',
  `total` decimal(20,4) unsigned DEFAULT NULL,
  `total_base` decimal(20,4) unsigned DEFAULT NULL,
  `item_count` int(10) unsigned NOT NULL COMMENT 'Line Item Count',
  `updated_at` timestamp NOT NULL DEFAULT CURRENT_TIMESTAMP COMMENT 'Updated At',
  PRIMARY KEY (`entity_id`)
) ENGINE=InnoDB DEFAULT CHARSET=utf8 COMMENT='Reporting for all orders';

--
-- Dumping data for table `reporting_orders`
--


--
-- Table structure for table `reporting_system_updates`
--

CREATE TABLE `reporting_system_updates` (
  `entity_id` int(10) unsigned NOT NULL AUTO_INCREMENT COMMENT 'Entity ID',
  `type` varchar(255) DEFAULT NULL COMMENT 'Update Type',
  `action` varchar(255) DEFAULT NULL COMMENT 'Action Performed',
  `updated_at` timestamp NOT NULL DEFAULT CURRENT_TIMESTAMP COMMENT 'Updated At',
  PRIMARY KEY (`entity_id`)
) ENGINE=InnoDB DEFAULT CHARSET=utf8 COMMENT='Reporting for system updates';

--
-- Dumping data for table `reporting_system_updates`
--


--
-- Table structure for table `reporting_users`
--

CREATE TABLE `reporting_users` (
  `entity_id` int(10) unsigned NOT NULL AUTO_INCREMENT COMMENT 'Entity ID',
  `type` varchar(255) DEFAULT NULL COMMENT 'User Type',
  `action` varchar(255) DEFAULT NULL COMMENT 'Action Performed',
  `updated_at` timestamp NOT NULL DEFAULT CURRENT_TIMESTAMP COMMENT 'Updated At',
  PRIMARY KEY (`entity_id`)
) ENGINE=InnoDB DEFAULT CHARSET=utf8 COMMENT='Reporting for user actions';

--
-- Dumping data for table `reporting_users`
--


--
-- Table structure for table `review`
--

CREATE TABLE `review` (
  `review_id` bigint(20) unsigned NOT NULL AUTO_INCREMENT COMMENT 'Review ID',
  `created_at` timestamp NOT NULL DEFAULT CURRENT_TIMESTAMP COMMENT 'Review create date',
  `entity_id` smallint(5) unsigned NOT NULL DEFAULT '0' COMMENT 'Entity ID',
  `entity_pk_value` int(10) unsigned NOT NULL DEFAULT '0' COMMENT 'Product ID',
  `status_id` smallint(5) unsigned NOT NULL DEFAULT '0' COMMENT 'Status code',
  PRIMARY KEY (`review_id`),
  KEY `REVIEW_ENTITY_ID` (`entity_id`),
  KEY `REVIEW_STATUS_ID` (`status_id`),
  KEY `REVIEW_ENTITY_PK_VALUE` (`entity_pk_value`),
  CONSTRAINT `REVIEW_ENTITY_ID_REVIEW_ENTITY_ENTITY_ID` FOREIGN KEY (`entity_id`) REFERENCES `review_entity` (`entity_id`) ON DELETE CASCADE,
  CONSTRAINT `REVIEW_STATUS_ID_REVIEW_STATUS_STATUS_ID` FOREIGN KEY (`status_id`) REFERENCES `review_status` (`status_id`) ON DELETE NO ACTION
) ENGINE=InnoDB AUTO_INCREMENT=2 DEFAULT CHARSET=utf8 COMMENT='Review base information';

--
-- Dumping data for table `review`
--


--
-- Table structure for table `review_detail`
--

CREATE TABLE `review_detail` (
  `detail_id` bigint(20) unsigned NOT NULL AUTO_INCREMENT COMMENT 'Review detail ID',
  `review_id` bigint(20) unsigned NOT NULL DEFAULT '0' COMMENT 'Review ID',
  `store_id` smallint(5) unsigned DEFAULT '0' COMMENT 'Store ID',
  `title` varchar(255) NOT NULL COMMENT 'Title',
  `detail` text NOT NULL COMMENT 'Detail description',
  `nickname` varchar(128) NOT NULL COMMENT 'User nickname',
  `customer_id` int(10) unsigned DEFAULT NULL COMMENT 'Customer ID',
  PRIMARY KEY (`detail_id`),
  KEY `REVIEW_DETAIL_REVIEW_ID` (`review_id`),
  KEY `REVIEW_DETAIL_STORE_ID` (`store_id`),
  KEY `REVIEW_DETAIL_CUSTOMER_ID` (`customer_id`),
  CONSTRAINT `REVIEW_DETAIL_CUSTOMER_ID_CUSTOMER_ENTITY_ENTITY_ID` FOREIGN KEY (`customer_id`) REFERENCES `customer_entity` (`entity_id`) ON DELETE SET NULL,
  CONSTRAINT `REVIEW_DETAIL_REVIEW_ID_REVIEW_REVIEW_ID` FOREIGN KEY (`review_id`) REFERENCES `review` (`review_id`) ON DELETE CASCADE,
  CONSTRAINT `REVIEW_DETAIL_STORE_ID_STORE_STORE_ID` FOREIGN KEY (`store_id`) REFERENCES `store` (`store_id`) ON DELETE SET NULL
) ENGINE=InnoDB AUTO_INCREMENT=2 DEFAULT CHARSET=utf8 COMMENT='Review detail information';

--
-- Dumping data for table `review_detail`
--


--
-- Table structure for table `review_entity`
--

CREATE TABLE `review_entity` (
  `entity_id` smallint(5) unsigned NOT NULL AUTO_INCREMENT COMMENT 'Review entity ID',
  `entity_code` varchar(32) NOT NULL COMMENT 'Review entity code',
  PRIMARY KEY (`entity_id`)
) ENGINE=InnoDB AUTO_INCREMENT=4 DEFAULT CHARSET=utf8 COMMENT='Review entities';

--
-- Dumping data for table `review_entity`
--

INSERT INTO `review_entity` VALUES (1,'product'),(2,'customer'),(3,'category');

--
-- Table structure for table `review_entity_summary`
--

CREATE TABLE `review_entity_summary` (
  `primary_id` bigint(20) NOT NULL AUTO_INCREMENT COMMENT 'Summary review entity ID',
  `entity_pk_value` bigint(20) NOT NULL DEFAULT '0' COMMENT 'Product ID',
  `entity_type` smallint(6) NOT NULL DEFAULT '0' COMMENT 'Entity type ID',
  `reviews_count` smallint(6) NOT NULL DEFAULT '0' COMMENT 'Qty of reviews',
  `rating_summary` smallint(6) NOT NULL DEFAULT '0' COMMENT 'Summarized rating',
  `store_id` smallint(5) unsigned NOT NULL DEFAULT '0' COMMENT 'Store ID',
  PRIMARY KEY (`primary_id`),
  UNIQUE KEY `REVIEW_ENTITY_SUMMARY_ENTITY_PK_VALUE_STORE_ID_ENTITY_TYPE` (`entity_pk_value`,`store_id`,`entity_type`),
  KEY `REVIEW_ENTITY_SUMMARY_STORE_ID` (`store_id`),
  CONSTRAINT `REVIEW_ENTITY_SUMMARY_STORE_ID_STORE_STORE_ID` FOREIGN KEY (`store_id`) REFERENCES `store` (`store_id`) ON DELETE CASCADE
) ENGINE=InnoDB AUTO_INCREMENT=2 DEFAULT CHARSET=utf8 COMMENT='Review aggregates';

--
-- Dumping data for table `review_entity_summary`
--


--
-- Table structure for table `review_status`
--

CREATE TABLE `review_status` (
  `status_id` smallint(5) unsigned NOT NULL AUTO_INCREMENT COMMENT 'Status ID',
  `status_code` varchar(32) NOT NULL COMMENT 'Status code',
  PRIMARY KEY (`status_id`)
) ENGINE=InnoDB AUTO_INCREMENT=4 DEFAULT CHARSET=utf8 COMMENT='Review statuses';

--
-- Dumping data for table `review_status`
--

INSERT INTO `review_status` VALUES (1,'Approved'),(2,'Pending'),(3,'Not Approved');

--
-- Table structure for table `review_store`
--

CREATE TABLE `review_store` (
  `review_id` bigint(20) unsigned NOT NULL COMMENT 'Review ID',
  `store_id` smallint(5) unsigned NOT NULL COMMENT 'Store ID',
  PRIMARY KEY (`review_id`,`store_id`),
  KEY `REVIEW_STORE_STORE_ID` (`store_id`),
  CONSTRAINT `REVIEW_STORE_REVIEW_ID_REVIEW_REVIEW_ID` FOREIGN KEY (`review_id`) REFERENCES `review` (`review_id`) ON DELETE CASCADE,
  CONSTRAINT `REVIEW_STORE_STORE_ID_STORE_STORE_ID` FOREIGN KEY (`store_id`) REFERENCES `store` (`store_id`) ON DELETE CASCADE
) ENGINE=InnoDB DEFAULT CHARSET=utf8 COMMENT='Review Store';

--
-- Dumping data for table `review_store`
--


--
-- Table structure for table `sales_bestsellers_aggregated_daily`
--

CREATE TABLE `sales_bestsellers_aggregated_daily` (
  `id` int(10) unsigned NOT NULL AUTO_INCREMENT COMMENT 'ID',
  `period` date DEFAULT NULL COMMENT 'Period',
  `store_id` smallint(5) unsigned DEFAULT NULL COMMENT 'Store ID',
  `product_id` int(10) unsigned DEFAULT NULL COMMENT 'Product ID',
  `product_name` varchar(255) DEFAULT NULL COMMENT 'Product Name',
  `product_price` decimal(12,4) NOT NULL DEFAULT '0.0000' COMMENT 'Product Price',
  `qty_ordered` decimal(12,4) NOT NULL DEFAULT '0.0000' COMMENT 'Qty Ordered',
  `rating_pos` smallint(5) unsigned NOT NULL DEFAULT '0' COMMENT 'Rating Pos',
  PRIMARY KEY (`id`),
  UNIQUE KEY `SALES_BESTSELLERS_AGGREGATED_DAILY_PERIOD_STORE_ID_PRODUCT_ID` (`period`,`store_id`,`product_id`),
  KEY `SALES_BESTSELLERS_AGGREGATED_DAILY_STORE_ID` (`store_id`),
  KEY `SALES_BESTSELLERS_AGGREGATED_DAILY_PRODUCT_ID` (`product_id`),
  CONSTRAINT `SALES_BESTSELLERS_AGGREGATED_DAILY_STORE_ID_STORE_STORE_ID` FOREIGN KEY (`store_id`) REFERENCES `store` (`store_id`) ON DELETE CASCADE
) ENGINE=InnoDB DEFAULT CHARSET=utf8 COMMENT='Sales Bestsellers Aggregated Daily';

--
-- Dumping data for table `sales_bestsellers_aggregated_daily`
--


--
-- Table structure for table `sales_bestsellers_aggregated_monthly`
--

CREATE TABLE `sales_bestsellers_aggregated_monthly` (
  `id` int(10) unsigned NOT NULL AUTO_INCREMENT COMMENT 'ID',
  `period` date DEFAULT NULL COMMENT 'Period',
  `store_id` smallint(5) unsigned DEFAULT NULL COMMENT 'Store ID',
  `product_id` int(10) unsigned DEFAULT NULL COMMENT 'Product ID',
  `product_name` varchar(255) DEFAULT NULL COMMENT 'Product Name',
  `product_price` decimal(12,4) NOT NULL DEFAULT '0.0000' COMMENT 'Product Price',
  `qty_ordered` decimal(12,4) NOT NULL DEFAULT '0.0000' COMMENT 'Qty Ordered',
  `rating_pos` smallint(5) unsigned NOT NULL DEFAULT '0' COMMENT 'Rating Pos',
  PRIMARY KEY (`id`),
  UNIQUE KEY `SALES_BESTSELLERS_AGGREGATED_MONTHLY_PERIOD_STORE_ID_PRODUCT_ID` (`period`,`store_id`,`product_id`),
  KEY `SALES_BESTSELLERS_AGGREGATED_MONTHLY_STORE_ID` (`store_id`),
  KEY `SALES_BESTSELLERS_AGGREGATED_MONTHLY_PRODUCT_ID` (`product_id`),
  CONSTRAINT `SALES_BESTSELLERS_AGGREGATED_MONTHLY_STORE_ID_STORE_STORE_ID` FOREIGN KEY (`store_id`) REFERENCES `store` (`store_id`) ON DELETE CASCADE
) ENGINE=InnoDB DEFAULT CHARSET=utf8 COMMENT='Sales Bestsellers Aggregated Monthly';

--
-- Dumping data for table `sales_bestsellers_aggregated_monthly`
--


--
-- Table structure for table `sales_bestsellers_aggregated_yearly`
--

CREATE TABLE `sales_bestsellers_aggregated_yearly` (
  `id` int(10) unsigned NOT NULL AUTO_INCREMENT COMMENT 'ID',
  `period` date DEFAULT NULL COMMENT 'Period',
  `store_id` smallint(5) unsigned DEFAULT NULL COMMENT 'Store ID',
  `product_id` int(10) unsigned DEFAULT NULL COMMENT 'Product ID',
  `product_name` varchar(255) DEFAULT NULL COMMENT 'Product Name',
  `product_price` decimal(12,4) NOT NULL DEFAULT '0.0000' COMMENT 'Product Price',
  `qty_ordered` decimal(12,4) NOT NULL DEFAULT '0.0000' COMMENT 'Qty Ordered',
  `rating_pos` smallint(5) unsigned NOT NULL DEFAULT '0' COMMENT 'Rating Pos',
  PRIMARY KEY (`id`),
  UNIQUE KEY `SALES_BESTSELLERS_AGGREGATED_YEARLY_PERIOD_STORE_ID_PRODUCT_ID` (`period`,`store_id`,`product_id`),
  KEY `SALES_BESTSELLERS_AGGREGATED_YEARLY_STORE_ID` (`store_id`),
  KEY `SALES_BESTSELLERS_AGGREGATED_YEARLY_PRODUCT_ID` (`product_id`),
  CONSTRAINT `SALES_BESTSELLERS_AGGREGATED_YEARLY_STORE_ID_STORE_STORE_ID` FOREIGN KEY (`store_id`) REFERENCES `store` (`store_id`) ON DELETE CASCADE
) ENGINE=InnoDB DEFAULT CHARSET=utf8 COMMENT='Sales Bestsellers Aggregated Yearly';

--
-- Dumping data for table `sales_bestsellers_aggregated_yearly`
--


--
-- Table structure for table `sales_creditmemo`
--

CREATE TABLE `sales_creditmemo` (
  `entity_id` int(10) unsigned NOT NULL AUTO_INCREMENT COMMENT 'Entity ID',
  `store_id` smallint(5) unsigned DEFAULT NULL COMMENT 'Store ID',
  `adjustment_positive` decimal(20,4) DEFAULT NULL COMMENT 'Adjustment Positive',
  `base_shipping_tax_amount` decimal(20,4) DEFAULT NULL COMMENT 'Base Shipping Tax Amount',
  `store_to_order_rate` decimal(20,4) DEFAULT NULL COMMENT 'Store To Order Rate',
  `base_discount_amount` decimal(20,4) DEFAULT NULL COMMENT 'Base Discount Amount',
  `base_to_order_rate` decimal(20,4) DEFAULT NULL COMMENT 'Base To Order Rate',
  `grand_total` decimal(20,4) DEFAULT NULL COMMENT 'Grand Total',
  `base_adjustment_negative` decimal(20,4) DEFAULT NULL COMMENT 'Base Adjustment Negative',
  `base_subtotal_incl_tax` decimal(20,4) DEFAULT NULL COMMENT 'Base Subtotal Incl Tax',
  `shipping_amount` decimal(20,4) DEFAULT NULL COMMENT 'Shipping Amount',
  `subtotal_incl_tax` decimal(20,4) DEFAULT NULL COMMENT 'Subtotal Incl Tax',
  `adjustment_negative` decimal(20,4) DEFAULT NULL COMMENT 'Adjustment Negative',
  `base_shipping_amount` decimal(20,4) DEFAULT NULL COMMENT 'Base Shipping Amount',
  `store_to_base_rate` decimal(20,4) DEFAULT NULL COMMENT 'Store To Base Rate',
  `base_to_global_rate` decimal(20,4) DEFAULT NULL COMMENT 'Base To Global Rate',
  `base_adjustment` decimal(20,4) DEFAULT NULL COMMENT 'Base Adjustment',
  `base_subtotal` decimal(20,4) DEFAULT NULL COMMENT 'Base Subtotal',
  `discount_amount` decimal(20,4) DEFAULT NULL COMMENT 'Discount Amount',
  `subtotal` decimal(20,4) DEFAULT NULL COMMENT 'Subtotal',
  `adjustment` decimal(20,4) DEFAULT NULL COMMENT 'Adjustment',
  `base_grand_total` decimal(20,4) DEFAULT NULL COMMENT 'Base Grand Total',
  `base_adjustment_positive` decimal(20,4) DEFAULT NULL COMMENT 'Base Adjustment Positive',
  `base_tax_amount` decimal(20,4) DEFAULT NULL COMMENT 'Base Tax Amount',
  `shipping_tax_amount` decimal(20,4) DEFAULT NULL COMMENT 'Shipping Tax Amount',
  `tax_amount` decimal(20,4) DEFAULT NULL COMMENT 'Tax Amount',
  `order_id` int(10) unsigned NOT NULL COMMENT 'Order ID',
  `email_sent` smallint(5) unsigned DEFAULT NULL COMMENT 'Email Sent',
  `send_email` smallint(5) unsigned DEFAULT NULL COMMENT 'Send Email',
  `creditmemo_status` int(11) DEFAULT NULL COMMENT 'Creditmemo Status',
  `state` int(11) DEFAULT NULL COMMENT 'State',
  `shipping_address_id` int(11) DEFAULT NULL COMMENT 'Shipping Address ID',
  `billing_address_id` int(11) DEFAULT NULL COMMENT 'Billing Address ID',
  `invoice_id` int(11) DEFAULT NULL COMMENT 'Invoice ID',
  `store_currency_code` varchar(3) DEFAULT NULL COMMENT 'Store Currency Code',
  `order_currency_code` varchar(3) DEFAULT NULL COMMENT 'Order Currency Code',
  `base_currency_code` varchar(3) DEFAULT NULL COMMENT 'Base Currency Code',
  `global_currency_code` varchar(3) DEFAULT NULL COMMENT 'Global Currency Code',
  `transaction_id` varchar(255) DEFAULT NULL COMMENT 'Transaction ID',
  `increment_id` varchar(50) DEFAULT NULL COMMENT 'Increment ID',
  `created_at` timestamp NOT NULL DEFAULT CURRENT_TIMESTAMP COMMENT 'Created At',
  `updated_at` timestamp NOT NULL DEFAULT CURRENT_TIMESTAMP ON UPDATE CURRENT_TIMESTAMP COMMENT 'Updated At',
  `discount_tax_compensation_amount` decimal(20,4) DEFAULT NULL COMMENT 'Discount Tax Compensation Amount',
  `base_discount_tax_compensation_amount` decimal(20,4) DEFAULT NULL COMMENT 'Base Discount Tax Compensation Amount',
  `shipping_discount_tax_compensation_amount` decimal(20,4) DEFAULT NULL COMMENT 'Shipping Discount Tax Compensation Amount',
  `base_shipping_discount_tax_compensation_amnt` decimal(20,4) DEFAULT NULL COMMENT 'Base Shipping Discount Tax Compensation Amount',
  `shipping_incl_tax` decimal(20,4) DEFAULT NULL COMMENT 'Shipping Incl Tax',
  `base_shipping_incl_tax` decimal(20,4) DEFAULT NULL COMMENT 'Base Shipping Incl Tax',
  `discount_description` varchar(255) DEFAULT NULL COMMENT 'Discount Description',
  `customer_note` text COMMENT 'Customer Note',
  `customer_note_notify` smallint(5) unsigned DEFAULT NULL COMMENT 'Customer Note Notify',
  PRIMARY KEY (`entity_id`),
  UNIQUE KEY `SALES_CREDITMEMO_INCREMENT_ID_STORE_ID` (`increment_id`,`store_id`),
  KEY `SALES_CREDITMEMO_STORE_ID` (`store_id`),
  KEY `SALES_CREDITMEMO_ORDER_ID` (`order_id`),
  KEY `SALES_CREDITMEMO_CREDITMEMO_STATUS` (`creditmemo_status`),
  KEY `SALES_CREDITMEMO_STATE` (`state`),
  KEY `SALES_CREDITMEMO_CREATED_AT` (`created_at`),
  KEY `SALES_CREDITMEMO_UPDATED_AT` (`updated_at`),
  KEY `SALES_CREDITMEMO_SEND_EMAIL` (`send_email`),
  KEY `SALES_CREDITMEMO_EMAIL_SENT` (`email_sent`),
  CONSTRAINT `SALES_CREDITMEMO_ORDER_ID_SALES_ORDER_ENTITY_ID` FOREIGN KEY (`order_id`) REFERENCES `sales_order` (`entity_id`) ON DELETE CASCADE,
  CONSTRAINT `SALES_CREDITMEMO_STORE_ID_STORE_STORE_ID` FOREIGN KEY (`store_id`) REFERENCES `store` (`store_id`) ON DELETE SET NULL
) ENGINE=InnoDB DEFAULT CHARSET=utf8 COMMENT='Sales Flat Creditmemo';

--
-- Dumping data for table `sales_creditmemo`
--


--
-- Table structure for table `sales_creditmemo_comment`
--

CREATE TABLE `sales_creditmemo_comment` (
  `entity_id` int(10) unsigned NOT NULL AUTO_INCREMENT COMMENT 'Entity ID',
  `parent_id` int(10) unsigned NOT NULL COMMENT 'Parent ID',
  `is_customer_notified` int(11) DEFAULT NULL COMMENT 'Is Customer Notified',
  `is_visible_on_front` smallint(5) unsigned NOT NULL DEFAULT '0' COMMENT 'Is Visible On Front',
  `comment` text COMMENT 'Comment',
  `created_at` timestamp NOT NULL DEFAULT CURRENT_TIMESTAMP COMMENT 'Created At',
  PRIMARY KEY (`entity_id`),
  KEY `SALES_CREDITMEMO_COMMENT_CREATED_AT` (`created_at`),
  KEY `SALES_CREDITMEMO_COMMENT_PARENT_ID` (`parent_id`),
  CONSTRAINT `SALES_CREDITMEMO_COMMENT_PARENT_ID_SALES_CREDITMEMO_ENTITY_ID` FOREIGN KEY (`parent_id`) REFERENCES `sales_creditmemo` (`entity_id`) ON DELETE CASCADE
) ENGINE=InnoDB DEFAULT CHARSET=utf8 COMMENT='Sales Flat Creditmemo Comment';

--
-- Dumping data for table `sales_creditmemo_comment`
--


--
-- Table structure for table `sales_creditmemo_grid`
--

CREATE TABLE `sales_creditmemo_grid` (
  `entity_id` int(10) unsigned NOT NULL COMMENT 'Entity ID',
  `increment_id` varchar(50) DEFAULT NULL COMMENT 'Increment ID',
  `created_at` timestamp NULL DEFAULT NULL COMMENT 'Created At',
  `updated_at` timestamp NULL DEFAULT NULL COMMENT 'Updated At',
  `order_id` int(10) unsigned NOT NULL COMMENT 'Order ID',
  `order_increment_id` varchar(50) DEFAULT NULL COMMENT 'Order Increment ID',
  `order_created_at` timestamp NULL DEFAULT NULL COMMENT 'Order Created At',
  `billing_name` varchar(255) DEFAULT NULL COMMENT 'Billing Name',
  `state` int(11) DEFAULT NULL COMMENT 'Status',
  `base_grand_total` decimal(20,4) DEFAULT NULL COMMENT 'Base Grand Total',
  `order_status` varchar(32) DEFAULT NULL COMMENT 'Order Status',
  `store_id` smallint(5) unsigned DEFAULT NULL COMMENT 'Store ID',
  `billing_address` varchar(255) DEFAULT NULL COMMENT 'Billing Address',
  `shipping_address` varchar(255) DEFAULT NULL COMMENT 'Shipping Address',
  `customer_name` varchar(128) NOT NULL COMMENT 'Customer Name',
  `customer_email` varchar(128) DEFAULT NULL COMMENT 'Customer Email',
  `customer_group_id` smallint(6) DEFAULT NULL COMMENT 'Customer Group ID',
  `payment_method` varchar(32) DEFAULT NULL COMMENT 'Payment Method',
  `shipping_information` varchar(255) DEFAULT NULL COMMENT 'Shipping Method Name',
  `subtotal` decimal(20,4) DEFAULT NULL COMMENT 'Subtotal',
  `shipping_and_handling` decimal(20,4) DEFAULT NULL COMMENT 'Shipping and handling amount',
  `adjustment_positive` decimal(20,4) DEFAULT NULL COMMENT 'Adjustment Positive',
  `adjustment_negative` decimal(20,4) DEFAULT NULL COMMENT 'Adjustment Negative',
  `order_base_grand_total` decimal(20,4) DEFAULT NULL COMMENT 'Order Grand Total',
  PRIMARY KEY (`entity_id`),
  UNIQUE KEY `SALES_CREDITMEMO_GRID_INCREMENT_ID_STORE_ID` (`increment_id`,`store_id`),
  KEY `SALES_CREDITMEMO_GRID_ORDER_INCREMENT_ID` (`order_increment_id`),
  KEY `SALES_CREDITMEMO_GRID_CREATED_AT` (`created_at`),
  KEY `SALES_CREDITMEMO_GRID_UPDATED_AT` (`updated_at`),
  KEY `SALES_CREDITMEMO_GRID_ORDER_CREATED_AT` (`order_created_at`),
  KEY `SALES_CREDITMEMO_GRID_STATE` (`state`),
  KEY `SALES_CREDITMEMO_GRID_BILLING_NAME` (`billing_name`),
  KEY `SALES_CREDITMEMO_GRID_ORDER_STATUS` (`order_status`),
  KEY `SALES_CREDITMEMO_GRID_BASE_GRAND_TOTAL` (`base_grand_total`),
  KEY `SALES_CREDITMEMO_GRID_STORE_ID` (`store_id`),
  KEY `SALES_CREDITMEMO_GRID_ORDER_BASE_GRAND_TOTAL` (`order_base_grand_total`),
  KEY `SALES_CREDITMEMO_GRID_ORDER_ID` (`order_id`),
  FULLTEXT KEY `FTI_32B7BA885941A8254EE84AE650ABDC86` (`increment_id`,`order_increment_id`,`billing_name`,`billing_address`,`shipping_address`,`customer_name`,`customer_email`)
) ENGINE=InnoDB DEFAULT CHARSET=utf8 COMMENT='Sales Flat Creditmemo Grid';

--
-- Dumping data for table `sales_creditmemo_grid`
--


--
-- Table structure for table `sales_creditmemo_item`
--

CREATE TABLE `sales_creditmemo_item` (
  `entity_id` int(10) unsigned NOT NULL AUTO_INCREMENT COMMENT 'Entity ID',
  `parent_id` int(10) unsigned NOT NULL COMMENT 'Parent ID',
  `base_price` decimal(12,4) DEFAULT NULL COMMENT 'Base Price',
  `tax_amount` decimal(12,4) DEFAULT NULL COMMENT 'Tax Amount',
  `base_row_total` decimal(12,4) DEFAULT NULL COMMENT 'Base Row Total',
  `discount_amount` decimal(12,4) DEFAULT NULL COMMENT 'Discount Amount',
  `row_total` decimal(12,4) DEFAULT NULL COMMENT 'Row Total',
  `base_discount_amount` decimal(12,4) DEFAULT NULL COMMENT 'Base Discount Amount',
  `price_incl_tax` decimal(12,4) DEFAULT NULL COMMENT 'Price Incl Tax',
  `base_tax_amount` decimal(12,4) DEFAULT NULL COMMENT 'Base Tax Amount',
  `base_price_incl_tax` decimal(12,4) DEFAULT NULL COMMENT 'Base Price Incl Tax',
  `qty` decimal(12,4) DEFAULT NULL COMMENT 'Qty',
  `base_cost` decimal(12,4) DEFAULT NULL COMMENT 'Base Cost',
  `price` decimal(12,4) DEFAULT NULL COMMENT 'Price',
  `base_row_total_incl_tax` decimal(12,4) DEFAULT NULL COMMENT 'Base Row Total Incl Tax',
  `row_total_incl_tax` decimal(12,4) DEFAULT NULL COMMENT 'Row Total Incl Tax',
  `product_id` int(11) DEFAULT NULL COMMENT 'Product ID',
  `order_item_id` int(11) DEFAULT NULL COMMENT 'Order Item ID',
  `additional_data` text COMMENT 'Additional Data',
  `description` text COMMENT 'Description',
  `sku` varchar(255) DEFAULT NULL COMMENT 'Sku',
  `name` varchar(255) DEFAULT NULL COMMENT 'Name',
  `discount_tax_compensation_amount` decimal(12,4) DEFAULT NULL COMMENT 'Discount Tax Compensation Amount',
  `base_discount_tax_compensation_amount` decimal(12,4) DEFAULT NULL COMMENT 'Base Discount Tax Compensation Amount',
  `tax_ratio` text COMMENT 'Ratio of tax in the creditmemo item over tax of the order item',
  `weee_tax_applied` text COMMENT 'Weee Tax Applied',
  `weee_tax_applied_amount` decimal(12,4) DEFAULT NULL COMMENT 'Weee Tax Applied Amount',
  `weee_tax_applied_row_amount` decimal(12,4) DEFAULT NULL COMMENT 'Weee Tax Applied Row Amount',
  `weee_tax_disposition` decimal(12,4) DEFAULT NULL COMMENT 'Weee Tax Disposition',
  `weee_tax_row_disposition` decimal(12,4) DEFAULT NULL COMMENT 'Weee Tax Row Disposition',
  `base_weee_tax_applied_amount` decimal(12,4) DEFAULT NULL COMMENT 'Base Weee Tax Applied Amount',
  `base_weee_tax_applied_row_amnt` decimal(12,4) DEFAULT NULL COMMENT 'Base Weee Tax Applied Row Amnt',
  `base_weee_tax_disposition` decimal(12,4) DEFAULT NULL COMMENT 'Base Weee Tax Disposition',
  `base_weee_tax_row_disposition` decimal(12,4) DEFAULT NULL COMMENT 'Base Weee Tax Row Disposition',
  PRIMARY KEY (`entity_id`),
  KEY `SALES_CREDITMEMO_ITEM_PARENT_ID` (`parent_id`),
  CONSTRAINT `SALES_CREDITMEMO_ITEM_PARENT_ID_SALES_CREDITMEMO_ENTITY_ID` FOREIGN KEY (`parent_id`) REFERENCES `sales_creditmemo` (`entity_id`) ON DELETE CASCADE
) ENGINE=InnoDB DEFAULT CHARSET=utf8 COMMENT='Sales Flat Creditmemo Item';

--
-- Dumping data for table `sales_creditmemo_item`
--


--
-- Table structure for table `sales_invoice`
--

CREATE TABLE `sales_invoice` (
  `entity_id` int(10) unsigned NOT NULL AUTO_INCREMENT COMMENT 'Entity ID',
  `store_id` smallint(5) unsigned DEFAULT NULL COMMENT 'Store ID',
  `base_grand_total` decimal(20,4) DEFAULT NULL COMMENT 'Base Grand Total',
  `shipping_tax_amount` decimal(20,4) DEFAULT NULL COMMENT 'Shipping Tax Amount',
  `tax_amount` decimal(20,4) DEFAULT NULL COMMENT 'Tax Amount',
  `base_tax_amount` decimal(20,4) DEFAULT NULL COMMENT 'Base Tax Amount',
  `store_to_order_rate` decimal(20,4) DEFAULT NULL COMMENT 'Store To Order Rate',
  `base_shipping_tax_amount` decimal(20,4) DEFAULT NULL COMMENT 'Base Shipping Tax Amount',
  `base_discount_amount` decimal(20,4) DEFAULT NULL COMMENT 'Base Discount Amount',
  `base_to_order_rate` decimal(20,4) DEFAULT NULL COMMENT 'Base To Order Rate',
  `grand_total` decimal(20,4) DEFAULT NULL COMMENT 'Grand Total',
  `shipping_amount` decimal(20,4) DEFAULT NULL COMMENT 'Shipping Amount',
  `subtotal_incl_tax` decimal(20,4) DEFAULT NULL COMMENT 'Subtotal Incl Tax',
  `base_subtotal_incl_tax` decimal(20,4) DEFAULT NULL COMMENT 'Base Subtotal Incl Tax',
  `store_to_base_rate` decimal(20,4) DEFAULT NULL COMMENT 'Store To Base Rate',
  `base_shipping_amount` decimal(20,4) DEFAULT NULL COMMENT 'Base Shipping Amount',
  `total_qty` decimal(12,4) DEFAULT NULL COMMENT 'Total Qty',
  `base_to_global_rate` decimal(20,4) DEFAULT NULL COMMENT 'Base To Global Rate',
  `subtotal` decimal(20,4) DEFAULT NULL COMMENT 'Subtotal',
  `base_subtotal` decimal(20,4) DEFAULT NULL COMMENT 'Base Subtotal',
  `discount_amount` decimal(20,4) DEFAULT NULL COMMENT 'Discount Amount',
  `billing_address_id` int(11) DEFAULT NULL COMMENT 'Billing Address ID',
  `is_used_for_refund` smallint(5) unsigned DEFAULT NULL COMMENT 'Is Used For Refund',
  `order_id` int(10) unsigned NOT NULL COMMENT 'Order ID',
  `email_sent` smallint(5) unsigned DEFAULT NULL COMMENT 'Email Sent',
  `send_email` smallint(5) unsigned DEFAULT NULL COMMENT 'Send Email',
  `can_void_flag` smallint(5) unsigned DEFAULT NULL COMMENT 'Can Void Flag',
  `state` int(11) DEFAULT NULL COMMENT 'State',
  `shipping_address_id` int(11) DEFAULT NULL COMMENT 'Shipping Address ID',
  `store_currency_code` varchar(3) DEFAULT NULL COMMENT 'Store Currency Code',
  `transaction_id` varchar(255) DEFAULT NULL COMMENT 'Transaction ID',
  `order_currency_code` varchar(3) DEFAULT NULL COMMENT 'Order Currency Code',
  `base_currency_code` varchar(3) DEFAULT NULL COMMENT 'Base Currency Code',
  `global_currency_code` varchar(3) DEFAULT NULL COMMENT 'Global Currency Code',
  `increment_id` varchar(50) DEFAULT NULL COMMENT 'Increment ID',
  `created_at` timestamp NOT NULL DEFAULT CURRENT_TIMESTAMP COMMENT 'Created At',
  `updated_at` timestamp NOT NULL DEFAULT CURRENT_TIMESTAMP ON UPDATE CURRENT_TIMESTAMP COMMENT 'Updated At',
  `discount_tax_compensation_amount` decimal(20,4) DEFAULT NULL COMMENT 'Discount Tax Compensation Amount',
  `base_discount_tax_compensation_amount` decimal(20,4) DEFAULT NULL COMMENT 'Base Discount Tax Compensation Amount',
  `shipping_discount_tax_compensation_amount` decimal(20,4) DEFAULT NULL COMMENT 'Shipping Discount Tax Compensation Amount',
  `base_shipping_discount_tax_compensation_amnt` decimal(20,4) DEFAULT NULL COMMENT 'Base Shipping Discount Tax Compensation Amount',
  `shipping_incl_tax` decimal(20,4) DEFAULT NULL COMMENT 'Shipping Incl Tax',
  `base_shipping_incl_tax` decimal(20,4) DEFAULT NULL COMMENT 'Base Shipping Incl Tax',
  `base_total_refunded` decimal(20,4) DEFAULT NULL COMMENT 'Base Total Refunded',
  `discount_description` varchar(255) DEFAULT NULL COMMENT 'Discount Description',
  `customer_note` text COMMENT 'Customer Note',
  `customer_note_notify` smallint(5) unsigned DEFAULT NULL COMMENT 'Customer Note Notify',
  PRIMARY KEY (`entity_id`),
  UNIQUE KEY `SALES_INVOICE_INCREMENT_ID_STORE_ID` (`increment_id`,`store_id`),
  KEY `SALES_INVOICE_STORE_ID` (`store_id`),
  KEY `SALES_INVOICE_GRAND_TOTAL` (`grand_total`),
  KEY `SALES_INVOICE_ORDER_ID` (`order_id`),
  KEY `SALES_INVOICE_STATE` (`state`),
  KEY `SALES_INVOICE_CREATED_AT` (`created_at`),
  KEY `SALES_INVOICE_UPDATED_AT` (`updated_at`),
  KEY `SALES_INVOICE_SEND_EMAIL` (`send_email`),
  KEY `SALES_INVOICE_EMAIL_SENT` (`email_sent`),
  CONSTRAINT `SALES_INVOICE_ORDER_ID_SALES_ORDER_ENTITY_ID` FOREIGN KEY (`order_id`) REFERENCES `sales_order` (`entity_id`) ON DELETE CASCADE,
  CONSTRAINT `SALES_INVOICE_STORE_ID_STORE_STORE_ID` FOREIGN KEY (`store_id`) REFERENCES `store` (`store_id`) ON DELETE SET NULL
) ENGINE=InnoDB AUTO_INCREMENT=5 DEFAULT CHARSET=utf8 COMMENT='Sales Flat Invoice';

--
-- Dumping data for table `sales_invoice`
--

INSERT INTO `sales_invoice` VALUES (1,NULL,950.0000,0.0000,0.0000,0.0000,0.0000,0.0000,0.0000,1.0000,950.0000,50.0000,900.0000,900.0000,0.0000,50.0000,10.0000,1.0000,900.0000,900.0000,0.0000,2,NULL,1,NULL,1,0,2,1,'USD',NULL,'USD','USD','USD','000000001','2021-01-20 02:33:29','2021-01-20 02:33:30',0.0000,0.0000,0.0000,0.0000,50.0000,50.0000,NULL,NULL,NULL,NULL),(2,NULL,2736.0000,0.0000,0.0000,0.0000,0.0000,0.0000,0.0000,1.0000,2736.0000,85.0000,2651.0000,2651.0000,0.0000,85.0000,17.0000,1.0000,2651.0000,2651.0000,0.0000,10,NULL,5,NULL,1,0,2,9,'USD',NULL,'USD','USD','USD','11000000001','2021-06-02 04:54:31','2021-06-02 04:54:34',0.0000,0.0000,0.0000,0.0000,85.0000,85.0000,NULL,NULL,NULL,NULL),(3,NULL,2012.0000,0.0000,0.0000,0.0000,0.0000,0.0000,0.0000,1.0000,2012.0000,35.0000,1977.0000,1977.0000,0.0000,35.0000,7.0000,1.0000,1977.0000,1977.0000,0.0000,12,NULL,6,NULL,1,0,2,11,'USD',NULL,'USD','USD','USD','11000000002','2021-06-02 05:18:47','2021-06-02 05:18:50',0.0000,0.0000,0.0000,0.0000,35.0000,35.0000,NULL,NULL,NULL,NULL),(4,NULL,8489.0000,0.0000,0.0000,0.0000,0.0000,0.0000,0.0000,1.0000,8489.0000,155.0000,8334.0000,8334.0000,0.0000,155.0000,31.0000,1.0000,8334.0000,8334.0000,0.0000,16,NULL,8,NULL,1,0,2,15,'USD',NULL,'USD','USD','USD','18000000001','2021-07-15 09:12:41','2021-07-15 09:12:43',0.0000,0.0000,0.0000,0.0000,155.0000,155.0000,NULL,NULL,NULL,NULL);

--
-- Table structure for table `sales_invoice_comment`
--

CREATE TABLE `sales_invoice_comment` (
  `entity_id` int(10) unsigned NOT NULL AUTO_INCREMENT COMMENT 'Entity ID',
  `parent_id` int(10) unsigned NOT NULL COMMENT 'Parent ID',
  `is_customer_notified` smallint(5) unsigned DEFAULT NULL COMMENT 'Is Customer Notified',
  `is_visible_on_front` smallint(5) unsigned NOT NULL DEFAULT '0' COMMENT 'Is Visible On Front',
  `comment` text COMMENT 'Comment',
  `created_at` timestamp NOT NULL DEFAULT CURRENT_TIMESTAMP COMMENT 'Created At',
  PRIMARY KEY (`entity_id`),
  KEY `SALES_INVOICE_COMMENT_CREATED_AT` (`created_at`),
  KEY `SALES_INVOICE_COMMENT_PARENT_ID` (`parent_id`),
  CONSTRAINT `SALES_INVOICE_COMMENT_PARENT_ID_SALES_INVOICE_ENTITY_ID` FOREIGN KEY (`parent_id`) REFERENCES `sales_invoice` (`entity_id`) ON DELETE CASCADE
) ENGINE=InnoDB DEFAULT CHARSET=utf8 COMMENT='Sales Flat Invoice Comment';

--
-- Dumping data for table `sales_invoice_comment`
--


--
-- Table structure for table `sales_invoice_grid`
--

CREATE TABLE `sales_invoice_grid` (
  `entity_id` int(10) unsigned NOT NULL COMMENT 'Entity ID',
  `increment_id` varchar(50) DEFAULT NULL COMMENT 'Increment ID',
  `state` int(11) DEFAULT NULL COMMENT 'State',
  `store_id` smallint(5) unsigned DEFAULT NULL COMMENT 'Store ID',
  `store_name` varchar(255) DEFAULT NULL COMMENT 'Store Name',
  `order_id` int(10) unsigned NOT NULL COMMENT 'Order ID',
  `order_increment_id` varchar(50) DEFAULT NULL COMMENT 'Order Increment ID',
  `order_created_at` timestamp NULL DEFAULT NULL COMMENT 'Order Created At',
  `customer_name` varchar(255) DEFAULT NULL COMMENT 'Customer Name',
  `customer_email` varchar(255) DEFAULT NULL COMMENT 'Customer Email',
  `customer_group_id` int(11) DEFAULT NULL,
  `payment_method` varchar(128) DEFAULT NULL COMMENT 'Payment Method',
  `store_currency_code` varchar(3) DEFAULT NULL COMMENT 'Store Currency Code',
  `order_currency_code` varchar(3) DEFAULT NULL COMMENT 'Order Currency Code',
  `base_currency_code` varchar(3) DEFAULT NULL COMMENT 'Base Currency Code',
  `global_currency_code` varchar(3) DEFAULT NULL COMMENT 'Global Currency Code',
  `billing_name` varchar(255) DEFAULT NULL COMMENT 'Billing Name',
  `billing_address` varchar(255) DEFAULT NULL COMMENT 'Billing Address',
  `shipping_address` varchar(255) DEFAULT NULL COMMENT 'Shipping Address',
  `shipping_information` varchar(255) DEFAULT NULL COMMENT 'Shipping Method Name',
  `subtotal` decimal(20,4) DEFAULT NULL COMMENT 'Subtotal',
  `shipping_and_handling` decimal(20,4) DEFAULT NULL COMMENT 'Shipping and handling amount',
  `grand_total` decimal(20,4) DEFAULT NULL COMMENT 'Grand Total',
  `created_at` timestamp NULL DEFAULT NULL COMMENT 'Created At',
  `updated_at` timestamp NULL DEFAULT NULL COMMENT 'Updated At',
  `base_grand_total` decimal(20,4) DEFAULT NULL COMMENT 'Base Grand Total',
  PRIMARY KEY (`entity_id`),
  UNIQUE KEY `SALES_INVOICE_GRID_INCREMENT_ID_STORE_ID` (`increment_id`,`store_id`),
  KEY `SALES_INVOICE_GRID_STORE_ID` (`store_id`),
  KEY `SALES_INVOICE_GRID_GRAND_TOTAL` (`grand_total`),
  KEY `SALES_INVOICE_GRID_ORDER_ID` (`order_id`),
  KEY `SALES_INVOICE_GRID_STATE` (`state`),
  KEY `SALES_INVOICE_GRID_ORDER_INCREMENT_ID` (`order_increment_id`),
  KEY `SALES_INVOICE_GRID_CREATED_AT` (`created_at`),
  KEY `SALES_INVOICE_GRID_UPDATED_AT` (`updated_at`),
  KEY `SALES_INVOICE_GRID_ORDER_CREATED_AT` (`order_created_at`),
  KEY `SALES_INVOICE_GRID_BILLING_NAME` (`billing_name`),
  KEY `SALES_INVOICE_GRID_BASE_GRAND_TOTAL` (`base_grand_total`),
  FULLTEXT KEY `FTI_95D9C924DD6A8734EB8B5D01D60F90DE` (`increment_id`,`order_increment_id`,`billing_name`,`billing_address`,`shipping_address`,`customer_name`,`customer_email`)
) ENGINE=InnoDB DEFAULT CHARSET=utf8 COMMENT='Sales Flat Invoice Grid';

--
-- Dumping data for table `sales_invoice_grid`
--

INSERT INTO `sales_invoice_grid` VALUES (1,'000000001',2,1,'Main Website\nMain Website Store\nEnglish',1,'000000001','2021-01-20 02:33:00','Magentech Magentech','cuongtd@ytcvn.com',1,'checkmo','USD','USD','USD','USD','Magentech Magentech','Magentech,Magentech,Ha Noi,10000','Magentech,Magentech,Ha Noi,10000','Flat Rate - Fixed',900.0000,50.0000,950.0000,'2021-01-20 02:33:29','2021-01-20 02:33:29',950.0000),(2,'11000000001',2,11,'Main Website\nMain Website Store\nIran',5,'11000000001','2021-06-02 04:52:39','Magentech Magentech','cuongtd@ytcvn.com',1,'checkmo','USD','USD','USD','USD','Magentech Magentech','Magentech,Magentech,Ha Noi,10000','Magentech,Magentech,Ha Noi,10000','Flat Rate - Fixed',2651.0000,85.0000,2736.0000,'2021-06-02 04:54:31','2021-06-02 04:54:31',2736.0000),(3,'11000000002',2,11,'Main Website\nMain Website Store\nIran',6,'11000000002','2021-06-02 05:16:10','Magentech Magentech','cuongtd@ytcvn.com',1,'checkmo','USD','USD','USD','USD','Magentech Magentech','Magentech,Magentech,Ha Noi,10000','Magentech,Magentech,Ha Noi,10000','Flat Rate - Fixed',1977.0000,35.0000,2012.0000,'2021-06-02 05:18:47','2021-06-02 05:18:47',2012.0000),(4,'18000000001',2,18,'Main Website\nMain Website Store\nMauritius',8,'18000000001','2021-07-15 09:11:25','Magentech Magentech','cuongtd@ytcvn.com',1,'checkmo','USD','USD','USD','USD','Magentech Magentech','Magentech,Magentech,Ha Noi,10000','Magentech,Magentech,Ha Noi,10000','Flat Rate - Fixed',8334.0000,155.0000,8489.0000,'2021-07-15 09:12:41','2021-07-15 09:12:41',8489.0000);

--
-- Table structure for table `sales_invoice_item`
--

CREATE TABLE `sales_invoice_item` (
  `entity_id` int(10) unsigned NOT NULL AUTO_INCREMENT COMMENT 'Entity ID',
  `parent_id` int(10) unsigned NOT NULL COMMENT 'Parent ID',
  `base_price` decimal(12,4) DEFAULT NULL COMMENT 'Base Price',
  `tax_amount` decimal(12,4) DEFAULT NULL COMMENT 'Tax Amount',
  `base_row_total` decimal(20,4) DEFAULT NULL COMMENT 'Base Row Total',
  `discount_amount` decimal(12,4) DEFAULT NULL COMMENT 'Discount Amount',
  `row_total` decimal(20,4) DEFAULT NULL COMMENT 'Row Total',
  `base_discount_amount` decimal(12,4) DEFAULT NULL COMMENT 'Base Discount Amount',
  `price_incl_tax` decimal(12,4) DEFAULT NULL COMMENT 'Price Incl Tax',
  `base_tax_amount` decimal(12,4) DEFAULT NULL COMMENT 'Base Tax Amount',
  `base_price_incl_tax` decimal(12,4) DEFAULT NULL COMMENT 'Base Price Incl Tax',
  `qty` decimal(12,4) DEFAULT NULL COMMENT 'Qty',
  `base_cost` decimal(12,4) DEFAULT NULL COMMENT 'Base Cost',
  `price` decimal(12,4) DEFAULT NULL COMMENT 'Price',
  `base_row_total_incl_tax` decimal(12,4) DEFAULT NULL COMMENT 'Base Row Total Incl Tax',
  `row_total_incl_tax` decimal(12,4) DEFAULT NULL COMMENT 'Row Total Incl Tax',
  `product_id` int(11) DEFAULT NULL COMMENT 'Product ID',
  `order_item_id` int(11) DEFAULT NULL COMMENT 'Order Item ID',
  `additional_data` text COMMENT 'Additional Data',
  `description` text COMMENT 'Description',
  `sku` varchar(255) DEFAULT NULL COMMENT 'Sku',
  `name` varchar(255) DEFAULT NULL COMMENT 'Name',
  `discount_tax_compensation_amount` decimal(12,4) DEFAULT NULL COMMENT 'Discount Tax Compensation Amount',
  `base_discount_tax_compensation_amount` decimal(12,4) DEFAULT NULL COMMENT 'Base Discount Tax Compensation Amount',
  `tax_ratio` text COMMENT 'Ratio of tax invoiced over tax of the order item',
  `weee_tax_applied` text COMMENT 'Weee Tax Applied',
  `weee_tax_applied_amount` decimal(12,4) DEFAULT NULL COMMENT 'Weee Tax Applied Amount',
  `weee_tax_applied_row_amount` decimal(12,4) DEFAULT NULL COMMENT 'Weee Tax Applied Row Amount',
  `weee_tax_disposition` decimal(12,4) DEFAULT NULL COMMENT 'Weee Tax Disposition',
  `weee_tax_row_disposition` decimal(12,4) DEFAULT NULL COMMENT 'Weee Tax Row Disposition',
  `base_weee_tax_applied_amount` decimal(12,4) DEFAULT NULL COMMENT 'Base Weee Tax Applied Amount',
  `base_weee_tax_applied_row_amnt` decimal(12,4) DEFAULT NULL COMMENT 'Base Weee Tax Applied Row Amnt',
  `base_weee_tax_disposition` decimal(12,4) DEFAULT NULL COMMENT 'Base Weee Tax Disposition',
  `base_weee_tax_row_disposition` decimal(12,4) DEFAULT NULL COMMENT 'Base Weee Tax Row Disposition',
  PRIMARY KEY (`entity_id`),
  KEY `SALES_INVOICE_ITEM_PARENT_ID` (`parent_id`),
  CONSTRAINT `SALES_INVOICE_ITEM_PARENT_ID_SALES_INVOICE_ENTITY_ID` FOREIGN KEY (`parent_id`) REFERENCES `sales_invoice` (`entity_id`) ON DELETE CASCADE
) ENGINE=InnoDB AUTO_INCREMENT=23 DEFAULT CHARSET=utf8 COMMENT='Sales Flat Invoice Item';

--
-- Dumping data for table `sales_invoice_item`
--

INSERT INTO `sales_invoice_item` VALUES (1,1,90.0000,0.0000,900.0000,NULL,900.0000,NULL,90.0000,0.0000,90.0000,10.0000,NULL,90.0000,900.0000,900.0000,12,1,NULL,NULL,'MK-01289','Apple iPhone Plus Silicon Case',0.0000,0.0000,NULL,'[]',NULL,0.0000,NULL,0.0000,NULL,NULL,NULL,0.0000),(2,2,220.0000,0.0000,440.0000,NULL,440.0000,NULL,220.0000,0.0000,220.0000,2.0000,NULL,220.0000,440.0000,440.0000,21,14,NULL,NULL,'MK-01953','Travel Leather Backpack',0.0000,0.0000,NULL,'[]',NULL,0.0000,NULL,0.0000,NULL,NULL,NULL,0.0000),(3,2,90.0000,0.0000,180.0000,NULL,180.0000,NULL,90.0000,0.0000,90.0000,2.0000,NULL,90.0000,180.0000,180.0000,39,15,NULL,NULL,'MK-0109735','Google Pixel Android 8.1 OPM',0.0000,0.0000,NULL,'[]',NULL,0.0000,NULL,0.0000,NULL,NULL,NULL,0.0000),(4,2,88.0000,0.0000,88.0000,NULL,88.0000,NULL,88.0000,0.0000,88.0000,1.0000,NULL,88.0000,88.0000,88.0000,38,16,NULL,NULL,'MK-583642','iPhone 7 Plus 64GB Silver',0.0000,0.0000,NULL,'[]',NULL,0.0000,NULL,0.0000,NULL,NULL,NULL,0.0000),(5,2,250.0000,0.0000,750.0000,NULL,750.0000,NULL,250.0000,0.0000,250.0000,3.0000,NULL,250.0000,750.0000,750.0000,36,17,NULL,NULL,'MK-4253901','Samsung Galaxy J7 Prime 64Gb',0.0000,0.0000,NULL,'[]',NULL,0.0000,NULL,0.0000,NULL,NULL,NULL,0.0000),(6,2,400.0000,0.0000,400.0000,NULL,400.0000,NULL,400.0000,0.0000,400.0000,1.0000,NULL,400.0000,400.0000,400.0000,19,18,NULL,NULL,'MK-96354','Samsung Galaxy S8 Plus Gray',0.0000,0.0000,NULL,'[]',NULL,0.0000,NULL,0.0000,NULL,NULL,NULL,0.0000),(7,2,20.0000,0.0000,80.0000,NULL,80.0000,NULL,20.0000,0.0000,20.0000,4.0000,NULL,20.0000,80.0000,80.0000,18,19,NULL,NULL,'MK-879020','iPhone 6s Plus Red Case',0.0000,0.0000,NULL,'[]',NULL,0.0000,NULL,0.0000,NULL,NULL,NULL,0.0000),(8,2,95.0000,0.0000,95.0000,NULL,95.0000,NULL,95.0000,0.0000,95.0000,1.0000,NULL,95.0000,95.0000,95.0000,40,20,NULL,NULL,'MK-012967','iPad Pro 10.5 inch Retina',0.0000,0.0000,NULL,'[]',NULL,0.0000,NULL,0.0000,NULL,NULL,NULL,0.0000),(9,2,206.0000,0.0000,618.0000,NULL,618.0000,NULL,206.0000,0.0000,206.0000,3.0000,NULL,206.0000,618.0000,618.0000,17,21,NULL,NULL,'MK-852456','iPhone 6s Plus Black Gray 128Gb',0.0000,0.0000,NULL,'[]',NULL,0.0000,NULL,0.0000,NULL,NULL,NULL,0.0000),(10,3,206.0000,0.0000,206.0000,NULL,206.0000,NULL,206.0000,0.0000,206.0000,1.0000,NULL,206.0000,206.0000,206.0000,17,22,NULL,NULL,'MK-852456','iPhone 6s Plus Black Gray 128Gb',0.0000,0.0000,NULL,'[]',NULL,0.0000,NULL,0.0000,NULL,NULL,NULL,0.0000),(11,3,156.0000,0.0000,156.0000,NULL,156.0000,NULL,156.0000,0.0000,156.0000,1.0000,NULL,156.0000,156.0000,156.0000,16,23,NULL,NULL,'MK-965027','iPad Pro 9.7 inch Wifi Cellular 16GB',0.0000,0.0000,NULL,'[]',NULL,0.0000,NULL,0.0000,NULL,NULL,NULL,0.0000),(12,3,500.0000,0.0000,500.0000,NULL,500.0000,NULL,500.0000,0.0000,500.0000,1.0000,NULL,500.0000,500.0000,500.0000,15,24,NULL,NULL,'MK-85602-1','iPhone 8 Plus 64GB Full Color',0.0000,0.0000,NULL,'[]',NULL,0.0000,NULL,0.0000,NULL,NULL,NULL,0.0000),(13,3,320.0000,0.0000,320.0000,NULL,320.0000,NULL,320.0000,0.0000,320.0000,1.0000,NULL,320.0000,320.0000,320.0000,14,25,NULL,NULL,'MK-968012','iPad Mini 4G Wifi Cellular 64GB',0.0000,0.0000,NULL,'[]',NULL,0.0000,NULL,0.0000,NULL,NULL,NULL,0.0000),(14,3,75.0000,0.0000,75.0000,NULL,75.0000,NULL,75.0000,0.0000,75.0000,1.0000,NULL,75.0000,75.0000,75.0000,13,26,NULL,NULL,'MK-01963','Apple Iphone X 512Gb White',0.0000,0.0000,NULL,'[]',NULL,0.0000,NULL,0.0000,NULL,NULL,NULL,0.0000),(15,3,110.0000,0.0000,110.0000,NULL,110.0000,NULL,110.0000,0.0000,110.0000,1.0000,NULL,110.0000,110.0000,110.0000,12,27,NULL,NULL,'MK-01289','Apple iPhone Plus Silicon Case',0.0000,0.0000,NULL,'[]',NULL,0.0000,NULL,0.0000,NULL,NULL,NULL,0.0000),(16,3,610.0000,0.0000,610.0000,NULL,610.0000,NULL,610.0000,0.0000,610.0000,1.0000,NULL,610.0000,610.0000,610.0000,11,28,NULL,NULL,'MK-96803','Washing Machines & Dryers',0.0000,0.0000,NULL,'[]',NULL,0.0000,NULL,0.0000,NULL,NULL,NULL,0.0000),(17,4,615.0000,0.0000,615.0000,NULL,615.0000,NULL,615.0000,0.0000,615.0000,1.0000,NULL,615.0000,615.0000,615.0000,65,35,NULL,NULL,'MK-8570645','High Back Executive Chair Black',0.0000,0.0000,NULL,'[]',NULL,0.0000,NULL,0.0000,NULL,NULL,NULL,0.0000),(18,4,268.0000,0.0000,804.0000,NULL,804.0000,NULL,268.0000,0.0000,268.0000,3.0000,NULL,268.0000,804.0000,804.0000,66,36,NULL,NULL,'MK-0130102','Merango Microfiber Living Room',0.0000,0.0000,NULL,'[]',NULL,0.0000,NULL,0.0000,NULL,NULL,NULL,0.0000),(19,4,410.0000,0.0000,3280.0000,NULL,3280.0000,NULL,410.0000,0.0000,410.0000,8.0000,NULL,410.0000,3280.0000,3280.0000,64,37,NULL,NULL,'MK-858696','Sparkle Paper Towels 24 Giant',0.0000,0.0000,NULL,'[]',NULL,0.0000,NULL,0.0000,NULL,NULL,NULL,0.0000),(20,4,317.0000,0.0000,1585.0000,NULL,1585.0000,NULL,317.0000,0.0000,317.0000,5.0000,NULL,317.0000,1585.0000,1585.0000,63,38,NULL,NULL,'MK-0853102','Relax Massage Chair Recliner',0.0000,0.0000,NULL,'[]',NULL,0.0000,NULL,0.0000,NULL,NULL,NULL,0.0000),(21,4,105.0000,0.0000,1050.0000,NULL,1050.0000,NULL,105.0000,0.0000,105.0000,10.0000,NULL,105.0000,1050.0000,1050.0000,62,39,NULL,NULL,'MK-777031','Silent Quartz Decorative Wall',0.0000,0.0000,NULL,'[]',NULL,0.0000,NULL,0.0000,NULL,NULL,NULL,0.0000),(22,4,250.0000,0.0000,1000.0000,NULL,1000.0000,NULL,250.0000,0.0000,250.0000,4.0000,NULL,250.0000,1000.0000,1000.0000,61,40,NULL,NULL,'MK-455023','Floor Uplight Lamp 69 Inch White',0.0000,0.0000,NULL,'[]',NULL,0.0000,NULL,0.0000,NULL,NULL,NULL,0.0000);

--
-- Table structure for table `sales_invoiced_aggregated`
--

CREATE TABLE `sales_invoiced_aggregated` (
  `id` int(10) unsigned NOT NULL AUTO_INCREMENT COMMENT 'ID',
  `period` date DEFAULT NULL COMMENT 'Period',
  `store_id` smallint(5) unsigned DEFAULT NULL COMMENT 'Store ID',
  `order_status` varchar(50) DEFAULT NULL COMMENT 'Order Status',
  `orders_count` int(11) NOT NULL DEFAULT '0' COMMENT 'Orders Count',
  `orders_invoiced` decimal(12,4) DEFAULT NULL COMMENT 'Orders Invoiced',
  `invoiced` decimal(12,4) DEFAULT NULL COMMENT 'Invoiced',
  `invoiced_captured` decimal(12,4) DEFAULT NULL COMMENT 'Invoiced Captured',
  `invoiced_not_captured` decimal(12,4) DEFAULT NULL COMMENT 'Invoiced Not Captured',
  PRIMARY KEY (`id`),
  UNIQUE KEY `SALES_INVOICED_AGGREGATED_PERIOD_STORE_ID_ORDER_STATUS` (`period`,`store_id`,`order_status`),
  KEY `SALES_INVOICED_AGGREGATED_STORE_ID` (`store_id`),
  CONSTRAINT `SALES_INVOICED_AGGREGATED_STORE_ID_STORE_STORE_ID` FOREIGN KEY (`store_id`) REFERENCES `store` (`store_id`) ON DELETE SET NULL
) ENGINE=InnoDB DEFAULT CHARSET=utf8 COMMENT='Sales Invoiced Aggregated';

--
-- Dumping data for table `sales_invoiced_aggregated`
--


--
-- Table structure for table `sales_invoiced_aggregated_order`
--

CREATE TABLE `sales_invoiced_aggregated_order` (
  `id` int(10) unsigned NOT NULL AUTO_INCREMENT COMMENT 'ID',
  `period` date DEFAULT NULL COMMENT 'Period',
  `store_id` smallint(5) unsigned DEFAULT NULL COMMENT 'Store ID',
  `order_status` varchar(50) NOT NULL COMMENT 'Order Status',
  `orders_count` int(11) NOT NULL DEFAULT '0' COMMENT 'Orders Count',
  `orders_invoiced` decimal(12,4) DEFAULT NULL COMMENT 'Orders Invoiced',
  `invoiced` decimal(12,4) DEFAULT NULL COMMENT 'Invoiced',
  `invoiced_captured` decimal(12,4) DEFAULT NULL COMMENT 'Invoiced Captured',
  `invoiced_not_captured` decimal(12,4) DEFAULT NULL COMMENT 'Invoiced Not Captured',
  PRIMARY KEY (`id`),
  UNIQUE KEY `SALES_INVOICED_AGGREGATED_ORDER_PERIOD_STORE_ID_ORDER_STATUS` (`period`,`store_id`,`order_status`),
  KEY `SALES_INVOICED_AGGREGATED_ORDER_STORE_ID` (`store_id`),
  CONSTRAINT `SALES_INVOICED_AGGREGATED_ORDER_STORE_ID_STORE_STORE_ID` FOREIGN KEY (`store_id`) REFERENCES `store` (`store_id`) ON DELETE SET NULL
) ENGINE=InnoDB DEFAULT CHARSET=utf8 COMMENT='Sales Invoiced Aggregated Order';

--
-- Dumping data for table `sales_invoiced_aggregated_order`
--


--
-- Table structure for table `sales_order_address`
--

CREATE TABLE `sales_order_address` (
  `entity_id` int(10) unsigned NOT NULL AUTO_INCREMENT COMMENT 'Entity ID',
  `parent_id` int(10) unsigned DEFAULT NULL COMMENT 'Parent ID',
  `customer_address_id` int(11) DEFAULT NULL COMMENT 'Customer Address ID',
  `quote_address_id` int(11) DEFAULT NULL COMMENT 'Quote Address ID',
  `region_id` int(11) DEFAULT NULL COMMENT 'Region ID',
  `customer_id` int(11) DEFAULT NULL COMMENT 'Customer ID',
  `fax` varchar(255) DEFAULT NULL COMMENT 'Fax',
  `region` varchar(255) DEFAULT NULL COMMENT 'Region',
  `postcode` varchar(255) DEFAULT NULL COMMENT 'Postcode',
  `lastname` varchar(255) DEFAULT NULL COMMENT 'Lastname',
  `street` varchar(255) DEFAULT NULL COMMENT 'Street',
  `city` varchar(255) DEFAULT NULL COMMENT 'City',
  `email` varchar(255) DEFAULT NULL COMMENT 'Email',
  `telephone` varchar(255) DEFAULT NULL COMMENT 'Phone Number',
  `country_id` varchar(2) DEFAULT NULL COMMENT 'Country ID',
  `firstname` varchar(255) DEFAULT NULL COMMENT 'Firstname',
  `address_type` varchar(255) DEFAULT NULL COMMENT 'Address Type',
  `prefix` varchar(255) DEFAULT NULL COMMENT 'Prefix',
  `middlename` varchar(255) DEFAULT NULL COMMENT 'Middlename',
  `suffix` varchar(255) DEFAULT NULL COMMENT 'Suffix',
  `company` varchar(255) DEFAULT NULL COMMENT 'Company',
  `vat_id` text COMMENT 'Vat ID',
  `vat_is_valid` smallint(6) DEFAULT NULL COMMENT 'Vat Is Valid',
  `vat_request_id` text COMMENT 'Vat Request ID',
  `vat_request_date` text COMMENT 'Vat Request Date',
  `vat_request_success` smallint(6) DEFAULT NULL COMMENT 'Vat Request Success',
  `vertex_vat_country_code` varchar(255) DEFAULT NULL COMMENT 'Vertex Customer Vat Country',
  PRIMARY KEY (`entity_id`),
  KEY `SALES_ORDER_ADDRESS_PARENT_ID` (`parent_id`),
  CONSTRAINT `SALES_ORDER_ADDRESS_PARENT_ID_SALES_ORDER_ENTITY_ID` FOREIGN KEY (`parent_id`) REFERENCES `sales_order` (`entity_id`) ON DELETE CASCADE
) ENGINE=InnoDB AUTO_INCREMENT=27 DEFAULT CHARSET=utf8 COMMENT='Sales Flat Order Address';

--
-- Dumping data for table `sales_order_address`
--

INSERT INTO `sales_order_address` VALUES (1,1,1,2,NULL,NULL,NULL,NULL,'10000','Magentech','Magentech','Ha Noi','cuongtd@ytcvn.com','123456789','VN','Magentech','shipping',NULL,NULL,NULL,'Magentech',NULL,NULL,NULL,NULL,NULL,NULL),(2,1,NULL,5,NULL,NULL,NULL,NULL,'10000','Magentech','Magentech','Ha Noi','cuongtd@ytcvn.com','123456789','VN','Magentech','billing',NULL,NULL,NULL,'Magentech',NULL,NULL,NULL,NULL,NULL,NULL),(3,2,2,25,NULL,NULL,NULL,NULL,'92126','admin','fgfgf','fgfgfg','admin678@gmail.com','fgfgfgfg','TT','admin','shipping',NULL,NULL,NULL,NULL,NULL,NULL,NULL,NULL,NULL,NULL),(4,2,NULL,26,NULL,NULL,NULL,NULL,'92126','admin','fgfgf','fgfgfg','admin678@gmail.com','fgfgfgfg','TT','admin','billing',NULL,NULL,NULL,NULL,NULL,NULL,NULL,NULL,NULL,NULL),(5,3,2,28,NULL,NULL,NULL,NULL,'92126','admin','fgfgf','fgfgfg','admin678@gmail.com','fgfgfgfg','TT','admin','shipping',NULL,NULL,NULL,NULL,NULL,NULL,NULL,NULL,NULL,NULL),(6,3,2,31,NULL,NULL,NULL,NULL,'92126','admin','fgfgf','fgfgfg','admin678@gmail.com','fgfgfgfg','TT','admin','billing',NULL,NULL,NULL,NULL,NULL,NULL,NULL,NULL,NULL,NULL),(7,4,1,7,NULL,NULL,NULL,NULL,'10000','Magentech','Magentech','Ha Noi','cuongtd@ytcvn.com','123456789','VN','Magentech','shipping',NULL,NULL,NULL,'Magentech',NULL,NULL,NULL,NULL,NULL,NULL),(8,4,1,72,NULL,NULL,NULL,NULL,'10000','Magentech','Magentech','Ha Noi','cuongtd@ytcvn.com','123456789','VN','Magentech','billing',NULL,NULL,NULL,'Magentech',NULL,NULL,NULL,NULL,NULL,NULL),(9,5,1,74,NULL,NULL,NULL,NULL,'10000','Magentech','Magentech','Ha Noi','cuongtd@ytcvn.com','123456789','VN','Magentech','shipping',NULL,NULL,NULL,'Magentech',NULL,NULL,NULL,NULL,NULL,NULL),(10,5,1,103,NULL,NULL,NULL,NULL,'10000','Magentech','Magentech','Ha Noi','cuongtd@ytcvn.com','123456789','VN','Magentech','billing',NULL,NULL,NULL,'Magentech',NULL,NULL,NULL,NULL,NULL,NULL),(11,6,1,105,NULL,NULL,NULL,NULL,'10000','Magentech','Magentech','Ha Noi','cuongtd@ytcvn.com','123456789','VN','Magentech','shipping',NULL,NULL,NULL,'Magentech',NULL,NULL,NULL,NULL,NULL,NULL),(12,6,1,106,NULL,NULL,NULL,NULL,'10000','Magentech','Magentech','Ha Noi','cuongtd@ytcvn.com','123456789','VN','Magentech','billing',NULL,NULL,NULL,'Magentech',NULL,NULL,NULL,NULL,NULL,NULL),(13,7,1,108,NULL,NULL,NULL,NULL,'10000','Magentech','Magentech','Ha Noi','cuongtd@ytcvn.com','123456789','VN','Magentech','shipping',NULL,NULL,NULL,'Magentech',NULL,NULL,NULL,NULL,NULL,NULL),(14,7,1,109,NULL,NULL,NULL,NULL,'10000','Magentech','Magentech','Ha Noi','cuongtd@ytcvn.com','123456789','VN','Magentech','billing',NULL,NULL,NULL,'Magentech',NULL,NULL,NULL,NULL,NULL,NULL),(15,8,1,111,NULL,NULL,NULL,NULL,'10000','Magentech','Magentech','Ha Noi','cuongtd@ytcvn.com','123456789','VN','Magentech','shipping',NULL,NULL,NULL,'Magentech',NULL,NULL,NULL,NULL,NULL,NULL),(16,8,1,134,NULL,NULL,NULL,NULL,'10000','Magentech','Magentech','Ha Noi','cuongtd@ytcvn.com','123456789','VN','Magentech','billing',NULL,NULL,NULL,'Magentech',NULL,NULL,NULL,NULL,NULL,NULL),(17,9,3,198,NULL,NULL,NULL,NULL,'98224','nguyen','Hà Nội','hanoi','admin876@gmail.com','0347338465','VN','jena','shipping',NULL,NULL,NULL,NULL,NULL,NULL,NULL,NULL,NULL,NULL),(18,9,NULL,201,NULL,NULL,NULL,NULL,'98224','nguyen','Hà Nội','hanoi','admin876@gmail.com','0347338465','VN','jena','billing',NULL,NULL,NULL,NULL,NULL,NULL,NULL,NULL,NULL,NULL),(19,10,4,203,NULL,NULL,NULL,NULL,'98224','nguyen','18 thái hà','hanoi','admin876@gmail.com','0347338465','VN','jena','shipping',NULL,NULL,NULL,NULL,NULL,NULL,NULL,NULL,NULL,NULL),(20,10,NULL,204,NULL,NULL,NULL,NULL,'98224','nguyen','18 thái hà','hanoi','admin876@gmail.com','0347338465','VN','jena','billing',NULL,NULL,NULL,NULL,NULL,NULL,NULL,NULL,NULL,NULL),(21,11,6,664,12,NULL,NULL,'California','94538','seth','fremont','fremont','bhavya.seth@rahisystems.com','4088879244','US','bhavya','shipping',NULL,NULL,NULL,'google',NULL,NULL,NULL,NULL,NULL,NULL),(22,11,NULL,677,12,NULL,NULL,'California','94538','seth','fremont','fremont','bhavya.seth@rahisystems.com','4088879244','US','bhavya','billing',NULL,NULL,NULL,'google',NULL,NULL,NULL,NULL,NULL,NULL),(23,12,7,662,12,NULL,NULL,'California','94538','Chemparathy','4 fremont','fremont','kevin.chemparathy@rahisystems.com','2581342581','US','Kevin','shipping',NULL,NULL,NULL,NULL,NULL,NULL,NULL,NULL,NULL,NULL),(24,12,NULL,680,12,NULL,NULL,'California','94538','Chemparathy','4 fremont','fremont','kevin.chemparathy@rahisystems.com','2581342581','US','Kevin','billing',NULL,NULL,NULL,NULL,NULL,NULL,NULL,NULL,NULL,NULL),(25,13,6,706,12,NULL,NULL,'California','94538','seth','fremont','fremont','bhavya.seth@rahisystems.com','4088879244','US','bhavya','shipping',NULL,NULL,NULL,'google',NULL,NULL,NULL,NULL,NULL,NULL),(26,13,6,707,12,NULL,NULL,'California','94538','seth','fremont','fremont','bhavya.seth@rahisystems.com','4088879244','US','bhavya','billing',NULL,NULL,NULL,'google',NULL,NULL,NULL,NULL,NULL,NULL);

--
-- Table structure for table `sales_order_aggregated_created`
--

CREATE TABLE `sales_order_aggregated_created` (
  `id` int(10) unsigned NOT NULL AUTO_INCREMENT COMMENT 'ID',
  `period` date DEFAULT NULL COMMENT 'Period',
  `store_id` smallint(5) unsigned DEFAULT NULL COMMENT 'Store ID',
  `order_status` varchar(50) NOT NULL COMMENT 'Order Status',
  `orders_count` int(11) NOT NULL DEFAULT '0' COMMENT 'Orders Count',
  `total_qty_ordered` decimal(12,4) NOT NULL DEFAULT '0.0000' COMMENT 'Total Qty Ordered',
  `total_qty_invoiced` decimal(12,4) NOT NULL DEFAULT '0.0000' COMMENT 'Total Qty Invoiced',
  `total_income_amount` decimal(20,4) NOT NULL DEFAULT '0.0000' COMMENT 'Total Income Amount',
  `total_revenue_amount` decimal(20,4) NOT NULL DEFAULT '0.0000' COMMENT 'Total Revenue Amount',
  `total_profit_amount` decimal(20,4) NOT NULL DEFAULT '0.0000' COMMENT 'Total Profit Amount',
  `total_invoiced_amount` decimal(20,4) NOT NULL DEFAULT '0.0000' COMMENT 'Total Invoiced Amount',
  `total_canceled_amount` decimal(20,4) NOT NULL DEFAULT '0.0000' COMMENT 'Total Canceled Amount',
  `total_paid_amount` decimal(20,4) NOT NULL DEFAULT '0.0000' COMMENT 'Total Paid Amount',
  `total_refunded_amount` decimal(20,4) NOT NULL DEFAULT '0.0000' COMMENT 'Total Refunded Amount',
  `total_tax_amount` decimal(20,4) NOT NULL DEFAULT '0.0000' COMMENT 'Total Tax Amount',
  `total_tax_amount_actual` decimal(20,4) NOT NULL DEFAULT '0.0000' COMMENT 'Total Tax Amount Actual',
  `total_shipping_amount` decimal(20,4) NOT NULL DEFAULT '0.0000' COMMENT 'Total Shipping Amount',
  `total_shipping_amount_actual` decimal(20,4) NOT NULL DEFAULT '0.0000' COMMENT 'Total Shipping Amount Actual',
  `total_discount_amount` decimal(20,4) NOT NULL DEFAULT '0.0000' COMMENT 'Total Discount Amount',
  `total_discount_amount_actual` decimal(20,4) NOT NULL DEFAULT '0.0000' COMMENT 'Total Discount Amount Actual',
  PRIMARY KEY (`id`),
  UNIQUE KEY `SALES_ORDER_AGGREGATED_CREATED_PERIOD_STORE_ID_ORDER_STATUS` (`period`,`store_id`,`order_status`),
  KEY `SALES_ORDER_AGGREGATED_CREATED_STORE_ID` (`store_id`),
  CONSTRAINT `SALES_ORDER_AGGREGATED_CREATED_STORE_ID_STORE_STORE_ID` FOREIGN KEY (`store_id`) REFERENCES `store` (`store_id`) ON DELETE SET NULL
) ENGINE=InnoDB DEFAULT CHARSET=utf8 COMMENT='Sales Order Aggregated Created';

--
-- Dumping data for table `sales_order_aggregated_created`
--


--
-- Table structure for table `sales_order_aggregated_updated`
--

CREATE TABLE `sales_order_aggregated_updated` (
  `id` int(10) unsigned NOT NULL AUTO_INCREMENT COMMENT 'ID',
  `period` date DEFAULT NULL COMMENT 'Period',
  `store_id` smallint(5) unsigned DEFAULT NULL COMMENT 'Store ID',
  `order_status` varchar(50) NOT NULL COMMENT 'Order Status',
  `orders_count` int(11) NOT NULL DEFAULT '0' COMMENT 'Orders Count',
  `total_qty_ordered` decimal(12,4) NOT NULL DEFAULT '0.0000' COMMENT 'Total Qty Ordered',
  `total_qty_invoiced` decimal(12,4) NOT NULL DEFAULT '0.0000' COMMENT 'Total Qty Invoiced',
  `total_income_amount` decimal(20,4) NOT NULL DEFAULT '0.0000' COMMENT 'Total Income Amount',
  `total_revenue_amount` decimal(20,4) NOT NULL DEFAULT '0.0000' COMMENT 'Total Revenue Amount',
  `total_profit_amount` decimal(20,4) NOT NULL DEFAULT '0.0000' COMMENT 'Total Profit Amount',
  `total_invoiced_amount` decimal(20,4) NOT NULL DEFAULT '0.0000' COMMENT 'Total Invoiced Amount',
  `total_canceled_amount` decimal(20,4) NOT NULL DEFAULT '0.0000' COMMENT 'Total Canceled Amount',
  `total_paid_amount` decimal(20,4) NOT NULL DEFAULT '0.0000' COMMENT 'Total Paid Amount',
  `total_refunded_amount` decimal(20,4) NOT NULL DEFAULT '0.0000' COMMENT 'Total Refunded Amount',
  `total_tax_amount` decimal(20,4) NOT NULL DEFAULT '0.0000' COMMENT 'Total Tax Amount',
  `total_tax_amount_actual` decimal(20,4) NOT NULL DEFAULT '0.0000' COMMENT 'Total Tax Amount Actual',
  `total_shipping_amount` decimal(20,4) NOT NULL DEFAULT '0.0000' COMMENT 'Total Shipping Amount',
  `total_shipping_amount_actual` decimal(20,4) NOT NULL DEFAULT '0.0000' COMMENT 'Total Shipping Amount Actual',
  `total_discount_amount` decimal(20,4) NOT NULL DEFAULT '0.0000' COMMENT 'Total Discount Amount',
  `total_discount_amount_actual` decimal(20,4) NOT NULL DEFAULT '0.0000' COMMENT 'Total Discount Amount Actual',
  PRIMARY KEY (`id`),
  UNIQUE KEY `SALES_ORDER_AGGREGATED_UPDATED_PERIOD_STORE_ID_ORDER_STATUS` (`period`,`store_id`,`order_status`),
  KEY `SALES_ORDER_AGGREGATED_UPDATED_STORE_ID` (`store_id`),
  CONSTRAINT `SALES_ORDER_AGGREGATED_UPDATED_STORE_ID_STORE_STORE_ID` FOREIGN KEY (`store_id`) REFERENCES `store` (`store_id`) ON DELETE SET NULL
) ENGINE=InnoDB DEFAULT CHARSET=utf8 COMMENT='Sales Order Aggregated Updated';

--
-- Dumping data for table `sales_order_aggregated_updated`
--


--
-- Table structure for table `sales_order_grid`
--

CREATE TABLE `sales_order_grid` (
  `entity_id` int(10) unsigned NOT NULL COMMENT 'Entity ID',
  `status` varchar(32) DEFAULT NULL COMMENT 'Status',
  `store_id` smallint(5) unsigned DEFAULT NULL COMMENT 'Store ID',
  `store_name` varchar(255) DEFAULT NULL COMMENT 'Store Name',
  `customer_id` int(10) unsigned DEFAULT NULL COMMENT 'Customer ID',
  `base_grand_total` decimal(20,4) DEFAULT NULL COMMENT 'Base Grand Total',
  `base_total_paid` decimal(20,4) DEFAULT NULL COMMENT 'Base Total Paid',
  `grand_total` decimal(20,4) DEFAULT NULL COMMENT 'Grand Total',
  `total_paid` decimal(20,4) DEFAULT NULL COMMENT 'Total Paid',
  `increment_id` varchar(50) DEFAULT NULL COMMENT 'Increment ID',
  `base_currency_code` varchar(3) DEFAULT NULL COMMENT 'Base Currency Code',
  `order_currency_code` varchar(255) DEFAULT NULL COMMENT 'Order Currency Code',
  `shipping_name` varchar(255) DEFAULT NULL COMMENT 'Shipping Name',
  `billing_name` varchar(255) DEFAULT NULL COMMENT 'Billing Name',
  `created_at` timestamp NULL DEFAULT NULL COMMENT 'Created At',
  `updated_at` timestamp NULL DEFAULT NULL COMMENT 'Updated At',
  `billing_address` varchar(255) DEFAULT NULL COMMENT 'Billing Address',
  `shipping_address` varchar(255) DEFAULT NULL COMMENT 'Shipping Address',
  `shipping_information` varchar(255) DEFAULT NULL COMMENT 'Shipping Method Name',
  `customer_email` varchar(255) DEFAULT NULL COMMENT 'Customer Email',
  `customer_group` varchar(255) DEFAULT NULL COMMENT 'Customer Group',
  `subtotal` decimal(20,4) DEFAULT NULL COMMENT 'Subtotal',
  `shipping_and_handling` decimal(20,4) DEFAULT NULL COMMENT 'Shipping and handling amount',
  `customer_name` varchar(255) DEFAULT NULL COMMENT 'Customer Name',
  `payment_method` varchar(255) DEFAULT NULL COMMENT 'Payment Method',
  `total_refunded` decimal(20,4) DEFAULT NULL COMMENT 'Total Refunded',
  `pickup_location_code` varchar(255) DEFAULT NULL COMMENT 'Pickup Location Code',
  PRIMARY KEY (`entity_id`),
  UNIQUE KEY `SALES_ORDER_GRID_INCREMENT_ID_STORE_ID` (`increment_id`,`store_id`),
  KEY `SALES_ORDER_GRID_STATUS` (`status`),
  KEY `SALES_ORDER_GRID_STORE_ID` (`store_id`),
  KEY `SALES_ORDER_GRID_BASE_GRAND_TOTAL` (`base_grand_total`),
  KEY `SALES_ORDER_GRID_BASE_TOTAL_PAID` (`base_total_paid`),
  KEY `SALES_ORDER_GRID_GRAND_TOTAL` (`grand_total`),
  KEY `SALES_ORDER_GRID_TOTAL_PAID` (`total_paid`),
  KEY `SALES_ORDER_GRID_SHIPPING_NAME` (`shipping_name`),
  KEY `SALES_ORDER_GRID_BILLING_NAME` (`billing_name`),
  KEY `SALES_ORDER_GRID_CREATED_AT` (`created_at`),
  KEY `SALES_ORDER_GRID_CUSTOMER_ID` (`customer_id`),
  KEY `SALES_ORDER_GRID_UPDATED_AT` (`updated_at`),
  KEY `SALES_ORDER_GRID_PICKUP_LOCATION_CODE` (`pickup_location_code`),
  FULLTEXT KEY `FTI_65B9E9925EC58F0C7C2E2F6379C233E7` (`increment_id`,`billing_name`,`shipping_name`,`shipping_address`,`billing_address`,`customer_name`,`customer_email`)
) ENGINE=InnoDB DEFAULT CHARSET=utf8 COMMENT='Sales Flat Order Grid';

--
-- Dumping data for table `sales_order_grid`
--

INSERT INTO `sales_order_grid` VALUES (1,'complete',1,'Main Website\nMain Website Store\nEnglish',1,950.0000,950.0000,950.0000,950.0000,'000000001','USD','USD','Magentech Magentech','Magentech Magentech','2021-01-20 02:33:00','2021-01-20 02:33:40','Magentech,Magentech,Ha Noi,10000','Magentech,Magentech,Ha Noi,10000','Flat Rate - Fixed','cuongtd@ytcvn.com','1',900.0000,50.0000,'Magentech Magentech','checkmo',NULL,NULL),(2,'pending',1,'Main Website\nMain Website Store\nEnglish',2,3805.0000,NULL,3805.0000,NULL,'000000002','USD','USD','admin admin','admin admin','2021-01-28 02:14:58','2021-01-28 02:14:58','fgfgf,fgfgfg,92126','fgfgf,fgfgfg,92126','Flat Rate - Fixed','admin678@gmail.com','1',3730.0000,75.0000,'admin admin','checkmo',NULL,NULL),(3,'pending',1,'Main Website\nMain Website Store\nEnglish',2,1698.0000,NULL,1698.0000,NULL,'000000003','USD','USD','admin admin','admin admin','2021-01-28 02:41:37','2021-01-28 02:41:37','fgfgf,fgfgfg,92126','fgfgf,fgfgfg,92126','Flat Rate - Fixed','admin678@gmail.com','1',1658.0000,40.0000,'admin admin','checkmo',NULL,NULL),(4,'pending',1,'Main Website\nMain Website Store\nEnglish',1,518.0000,NULL,518.0000,NULL,'000000004','USD','USD','Magentech Magentech','Magentech Magentech','2021-04-28 03:30:56','2021-04-28 03:30:56','Magentech,Magentech,Ha Noi,10000','Magentech,Magentech,Ha Noi,10000','Flat Rate - Fixed','cuongtd@ytcvn.com','1',503.0000,15.0000,'Magentech Magentech','checkmo',NULL,NULL),(5,'complete',11,'Main Website\nMain Website Store\nIran',1,2736.0000,2736.0000,2736.0000,2736.0000,'11000000001','USD','USD','Magentech Magentech','Magentech Magentech','2021-06-02 04:52:39','2021-06-02 04:54:51','Magentech,Magentech,Ha Noi,10000','Magentech,Magentech,Ha Noi,10000','Flat Rate - Fixed','cuongtd@ytcvn.com','1',2651.0000,85.0000,'Magentech Magentech','checkmo',NULL,NULL),(6,'complete',11,'Main Website\nMain Website Store\nIran',1,2012.0000,2012.0000,2012.0000,2012.0000,'11000000002','USD','USD','Magentech Magentech','Magentech Magentech','2021-06-02 05:16:10','2021-06-02 05:19:21','Magentech,Magentech,Ha Noi,10000','Magentech,Magentech,Ha Noi,10000','Flat Rate - Fixed','cuongtd@ytcvn.com','1',1977.0000,35.0000,'Magentech Magentech','checkmo',NULL,NULL),(7,'pending',14,'Main Website\nMain Website Store\nDominica',1,28980.0000,NULL,28980.0000,NULL,'14000000001','USD','USD','Magentech Magentech','Magentech Magentech','2021-06-08 08:11:26','2021-06-08 08:11:27','Magentech,Magentech,Ha Noi,10000','Magentech,Magentech,Ha Noi,10000','Flat Rate - Fixed','cuongtd@ytcvn.com','1',28380.0000,600.0000,'Magentech Magentech','checkmo',NULL,NULL),(8,'complete',18,'Main Website\nMain Website Store\nMauritius',1,8489.0000,8489.0000,8489.0000,8489.0000,'18000000001','USD','USD','Magentech Magentech','Magentech Magentech','2021-07-15 09:11:25','2021-07-15 09:13:00','Magentech,Magentech,Ha Noi,10000','Magentech,Magentech,Ha Noi,10000','Flat Rate - Fixed','cuongtd@ytcvn.com','1',8334.0000,155.0000,'Magentech Magentech','checkmo',NULL,NULL),(9,'pending',28,'Main Website\nMain Website Store\nRomania',3,2185.0000,NULL,2185.0000,NULL,'28000000001','USD','USD','jena nguyen','jena nguyen','2021-10-23 01:43:54','2021-10-23 01:43:54','Hà Nội,hanoi,98224','Hà Nội,hanoi,98224','Flat Rate - Fixed','admin876@gmail.com','1',2150.0000,35.0000,'jena nguyen','checkmo',NULL,NULL),(10,'pending',28,'Main Website\nMain Website Store\nRomania',3,440.0000,NULL,440.0000,NULL,'28000000002','USD','USD','jena nguyen','jena nguyen','2021-10-23 01:52:24','2021-10-23 01:52:24','18 thái hà,hanoi,98224','18 thái hà,hanoi,98224','Flat Rate - Fixed','admin876@gmail.com','1',435.0000,5.0000,'jena nguyen','checkmo',NULL,NULL),(11,'pending',5,'Main Website\nMain Website Store\nIndia',36,33.0000,NULL,33.0000,NULL,'5000000001','USD','USD','bhavya seth','bhavya seth','2022-08-04 16:27:02','2022-08-04 16:27:03','google,fremont,fremont,California,94538','google,fremont,fremont,California,94538','Flat Rate - Fixed','bhavya.seth@rahisystems.com','1',28.0000,5.0000,'bhavya seth','cashondelivery',NULL,NULL),(12,'pending',5,'Main Website\nMain Website Store\nIndia',35,6683.0000,NULL,6683.0000,NULL,'5000000002','USD','USD','Kevin Chemparathy','Kevin Chemparathy','2022-08-04 16:27:50','2022-08-04 16:27:50','4 fremont,fremont,California,94538','4 fremont,fremont,California,94538','Flat Rate - Fixed','kevin.chemparathy@rahisystems.com','1',6678.0000,5.0000,'Kevin Chemparathy','banktransfer',NULL,NULL),(13,'pending',5,'Main Website\nMain Website Store\nIndia',36,100.0000,NULL,100.0000,NULL,'5000000003','USD','USD','bhavya seth','bhavya seth','2022-08-04 20:06:48','2022-08-04 20:06:48','google,fremont,fremont,California,94538','google,fremont,fremont,California,94538','Flat Rate - Fixed','bhavya.seth@rahisystems.com','1',50.0000,50.0000,'bhavya seth','cashondelivery',NULL,NULL);

--
-- Table structure for table `sales_order_item`
--

CREATE TABLE `sales_order_item` (
  `item_id` int(10) unsigned NOT NULL AUTO_INCREMENT COMMENT 'Item ID',
  `order_id` int(10) unsigned NOT NULL DEFAULT '0' COMMENT 'Order ID',
  `parent_item_id` int(10) unsigned DEFAULT NULL COMMENT 'Parent Item ID',
  `quote_item_id` int(10) unsigned DEFAULT NULL COMMENT 'Quote Item ID',
  `store_id` smallint(5) unsigned DEFAULT NULL COMMENT 'Store ID',
  `created_at` timestamp NOT NULL DEFAULT CURRENT_TIMESTAMP COMMENT 'Created At',
  `updated_at` timestamp NOT NULL DEFAULT CURRENT_TIMESTAMP ON UPDATE CURRENT_TIMESTAMP COMMENT 'Updated At',
  `product_id` int(10) unsigned DEFAULT NULL COMMENT 'Product ID',
  `product_type` varchar(255) DEFAULT NULL COMMENT 'Product Type',
  `product_options` text COMMENT 'Product Options',
  `weight` decimal(12,4) DEFAULT '0.0000' COMMENT 'Weight',
  `is_virtual` smallint(5) unsigned DEFAULT NULL COMMENT 'Is Virtual',
  `sku` varchar(255) DEFAULT NULL COMMENT 'Sku',
  `name` varchar(255) DEFAULT NULL COMMENT 'Name',
  `description` text COMMENT 'Description',
  `applied_rule_ids` text COMMENT 'Applied Rule Ids',
  `additional_data` text COMMENT 'Additional Data',
  `is_qty_decimal` smallint(5) unsigned DEFAULT NULL COMMENT 'Is Qty Decimal',
  `no_discount` smallint(5) unsigned NOT NULL DEFAULT '0' COMMENT 'No Discount',
  `qty_backordered` decimal(12,4) DEFAULT '0.0000' COMMENT 'Qty Backordered',
  `qty_canceled` decimal(12,4) DEFAULT '0.0000' COMMENT 'Qty Canceled',
  `qty_invoiced` decimal(12,4) DEFAULT '0.0000' COMMENT 'Qty Invoiced',
  `qty_ordered` decimal(12,4) DEFAULT '0.0000' COMMENT 'Qty Ordered',
  `qty_refunded` decimal(12,4) DEFAULT '0.0000' COMMENT 'Qty Refunded',
  `qty_shipped` decimal(12,4) DEFAULT '0.0000' COMMENT 'Qty Shipped',
  `base_cost` decimal(12,4) DEFAULT '0.0000' COMMENT 'Base Cost',
  `price` decimal(12,4) NOT NULL DEFAULT '0.0000' COMMENT 'Price',
  `base_price` decimal(12,4) NOT NULL DEFAULT '0.0000' COMMENT 'Base Price',
  `original_price` decimal(12,4) DEFAULT NULL COMMENT 'Original Price',
  `base_original_price` decimal(12,4) DEFAULT NULL COMMENT 'Base Original Price',
  `tax_percent` decimal(12,4) DEFAULT '0.0000' COMMENT 'Tax Percent',
  `tax_amount` decimal(20,4) DEFAULT '0.0000' COMMENT 'Tax Amount',
  `base_tax_amount` decimal(20,4) DEFAULT '0.0000' COMMENT 'Base Tax Amount',
  `tax_invoiced` decimal(20,4) DEFAULT '0.0000' COMMENT 'Tax Invoiced',
  `base_tax_invoiced` decimal(20,4) DEFAULT '0.0000' COMMENT 'Base Tax Invoiced',
  `discount_percent` decimal(12,4) DEFAULT '0.0000' COMMENT 'Discount Percent',
  `discount_amount` decimal(20,4) DEFAULT '0.0000' COMMENT 'Discount Amount',
  `base_discount_amount` decimal(20,4) DEFAULT '0.0000' COMMENT 'Base Discount Amount',
  `discount_invoiced` decimal(20,4) DEFAULT '0.0000' COMMENT 'Discount Invoiced',
  `base_discount_invoiced` decimal(20,4) DEFAULT '0.0000' COMMENT 'Base Discount Invoiced',
  `amount_refunded` decimal(20,4) DEFAULT '0.0000' COMMENT 'Amount Refunded',
  `base_amount_refunded` decimal(20,4) DEFAULT '0.0000' COMMENT 'Base Amount Refunded',
  `row_total` decimal(20,4) NOT NULL DEFAULT '0.0000' COMMENT 'Row Total',
  `base_row_total` decimal(20,4) NOT NULL DEFAULT '0.0000' COMMENT 'Base Row Total',
  `row_invoiced` decimal(20,4) NOT NULL DEFAULT '0.0000' COMMENT 'Row Invoiced',
  `base_row_invoiced` decimal(20,4) NOT NULL DEFAULT '0.0000' COMMENT 'Base Row Invoiced',
  `row_weight` decimal(12,4) DEFAULT '0.0000' COMMENT 'Row Weight',
  `base_tax_before_discount` decimal(20,4) DEFAULT NULL COMMENT 'Base Tax Before Discount',
  `tax_before_discount` decimal(20,4) DEFAULT NULL COMMENT 'Tax Before Discount',
  `ext_order_item_id` varchar(255) DEFAULT NULL COMMENT 'Ext Order Item ID',
  `locked_do_invoice` smallint(5) unsigned DEFAULT NULL COMMENT 'Locked Do Invoice',
  `locked_do_ship` smallint(5) unsigned DEFAULT NULL COMMENT 'Locked Do Ship',
  `price_incl_tax` decimal(20,4) DEFAULT NULL COMMENT 'Price Incl Tax',
  `base_price_incl_tax` decimal(20,4) DEFAULT NULL COMMENT 'Base Price Incl Tax',
  `row_total_incl_tax` decimal(20,4) DEFAULT NULL COMMENT 'Row Total Incl Tax',
  `base_row_total_incl_tax` decimal(20,4) DEFAULT NULL COMMENT 'Base Row Total Incl Tax',
  `discount_tax_compensation_amount` decimal(20,4) DEFAULT NULL COMMENT 'Discount Tax Compensation Amount',
  `base_discount_tax_compensation_amount` decimal(20,4) DEFAULT NULL COMMENT 'Base Discount Tax Compensation Amount',
  `discount_tax_compensation_invoiced` decimal(20,4) DEFAULT NULL COMMENT 'Discount Tax Compensation Invoiced',
  `base_discount_tax_compensation_invoiced` decimal(20,4) DEFAULT NULL COMMENT 'Base Discount Tax Compensation Invoiced',
  `discount_tax_compensation_refunded` decimal(20,4) DEFAULT NULL COMMENT 'Discount Tax Compensation Refunded',
  `base_discount_tax_compensation_refunded` decimal(20,4) DEFAULT NULL COMMENT 'Base Discount Tax Compensation Refunded',
  `tax_canceled` decimal(12,4) DEFAULT NULL COMMENT 'Tax Canceled',
  `discount_tax_compensation_canceled` decimal(20,4) DEFAULT NULL COMMENT 'Discount Tax Compensation Canceled',
  `tax_refunded` decimal(20,4) DEFAULT NULL COMMENT 'Tax Refunded',
  `base_tax_refunded` decimal(20,4) DEFAULT NULL COMMENT 'Base Tax Refunded',
  `discount_refunded` decimal(20,4) DEFAULT NULL COMMENT 'Discount Refunded',
  `base_discount_refunded` decimal(20,4) DEFAULT NULL COMMENT 'Base Discount Refunded',
  `gift_message_id` int(11) DEFAULT NULL COMMENT 'Gift Message ID',
  `gift_message_available` int(11) DEFAULT NULL COMMENT 'Gift Message Available',
  `free_shipping` smallint(5) unsigned NOT NULL DEFAULT '0' COMMENT 'Free Shipping',
  `weee_tax_applied` text COMMENT 'Weee Tax Applied',
  `weee_tax_applied_amount` decimal(12,4) DEFAULT NULL COMMENT 'Weee Tax Applied Amount',
  `weee_tax_applied_row_amount` decimal(12,4) DEFAULT NULL COMMENT 'Weee Tax Applied Row Amount',
  `weee_tax_disposition` decimal(12,4) DEFAULT NULL COMMENT 'Weee Tax Disposition',
  `weee_tax_row_disposition` decimal(12,4) DEFAULT NULL COMMENT 'Weee Tax Row Disposition',
  `base_weee_tax_applied_amount` decimal(12,4) DEFAULT NULL COMMENT 'Base Weee Tax Applied Amount',
  `base_weee_tax_applied_row_amnt` decimal(12,4) DEFAULT NULL COMMENT 'Base Weee Tax Applied Row Amnt',
  `base_weee_tax_disposition` decimal(12,4) DEFAULT NULL COMMENT 'Base Weee Tax Disposition',
  `base_weee_tax_row_disposition` decimal(12,4) DEFAULT NULL COMMENT 'Base Weee Tax Row Disposition',
  PRIMARY KEY (`item_id`),
  KEY `SALES_ORDER_ITEM_ORDER_ID` (`order_id`),
  KEY `SALES_ORDER_ITEM_STORE_ID` (`store_id`),
  CONSTRAINT `SALES_ORDER_ITEM_ORDER_ID_SALES_ORDER_ENTITY_ID` FOREIGN KEY (`order_id`) REFERENCES `sales_order` (`entity_id`) ON DELETE CASCADE,
  CONSTRAINT `SALES_ORDER_ITEM_STORE_ID_STORE_STORE_ID` FOREIGN KEY (`store_id`) REFERENCES `store` (`store_id`) ON DELETE SET NULL
) ENGINE=InnoDB AUTO_INCREMENT=49 DEFAULT CHARSET=utf8 COMMENT='Sales Flat Order Item';

--
