-- Table structure for table `customer_address_entity`
--

CREATE TABLE `customer_address_entity` (
  `entity_id` int(10) unsigned NOT NULL AUTO_INCREMENT COMMENT 'Entity ID',
  `increment_id` varchar(50) DEFAULT NULL COMMENT 'Increment ID',
  `parent_id` int(10) unsigned DEFAULT NULL COMMENT 'Parent ID',
  `created_at` timestamp NOT NULL DEFAULT CURRENT_TIMESTAMP COMMENT 'Created At',
  `updated_at` timestamp NOT NULL DEFAULT CURRENT_TIMESTAMP ON UPDATE CURRENT_TIMESTAMP COMMENT 'Updated At',
  `is_active` smallint(5) unsigned NOT NULL DEFAULT '1' COMMENT 'Is Active',
  `city` varchar(255) NOT NULL COMMENT 'City',
  `company` varchar(255) DEFAULT NULL COMMENT 'Company',
  `country_id` varchar(255) NOT NULL COMMENT 'Country',
  `fax` varchar(255) DEFAULT NULL COMMENT 'Fax',
  `firstname` varchar(255) NOT NULL COMMENT 'First Name',
  `lastname` varchar(255) NOT NULL COMMENT 'Last Name',
  `middlename` varchar(255) DEFAULT NULL COMMENT 'Middle Name',
  `postcode` varchar(255) DEFAULT NULL COMMENT 'Zip/Postal Code',
  `prefix` varchar(40) DEFAULT NULL COMMENT 'Name Prefix',
  `region` varchar(255) DEFAULT NULL COMMENT 'State/Province',
  `region_id` int(10) unsigned DEFAULT NULL COMMENT 'State/Province',
  `street` text NOT NULL COMMENT 'Street Address',
  `suffix` varchar(40) DEFAULT NULL COMMENT 'Name Suffix',
  `telephone` varchar(255) NOT NULL COMMENT 'Phone Number',
  `vat_id` varchar(255) DEFAULT NULL COMMENT 'VAT number',
  `vat_is_valid` int(10) unsigned DEFAULT NULL COMMENT 'VAT number validity',
  `vat_request_date` varchar(255) DEFAULT NULL COMMENT 'VAT number validation request date',
  `vat_request_id` varchar(255) DEFAULT NULL COMMENT 'VAT number validation request ID',
  `vat_request_success` int(10) unsigned DEFAULT NULL COMMENT 'VAT number validation request success',
  PRIMARY KEY (`entity_id`),
  KEY `CUSTOMER_ADDRESS_ENTITY_PARENT_ID` (`parent_id`),
  CONSTRAINT `CUSTOMER_ADDRESS_ENTITY_PARENT_ID_CUSTOMER_ENTITY_ENTITY_ID` FOREIGN KEY (`parent_id`) REFERENCES `customer_entity` (`entity_id`) ON DELETE CASCADE
) ENGINE=InnoDB AUTO_INCREMENT=8 DEFAULT CHARSET=utf8 COMMENT='Customer Address Entity';

--
-- Dumping data for table `customer_address_entity`
--

INSERT INTO `customer_address_entity` VALUES (1,NULL,1,'2021-01-20 02:32:57','2021-01-20 02:32:57',1,'Ha Noi','Magentech','VN',NULL,'Magentech','Magentech',NULL,'10000',NULL,NULL,0,'Magentech',NULL,'123456789',NULL,NULL,NULL,NULL,NULL),(2,NULL,2,'2021-01-28 02:14:55','2021-01-28 02:14:55',1,'fgfgfg',NULL,'TT',NULL,'admin','admin',NULL,'92126',NULL,NULL,0,'fgfgf',NULL,'fgfgfgfg',NULL,NULL,NULL,NULL,NULL),(3,NULL,3,'2021-10-23 01:43:54','2021-10-23 01:43:54',1,'hanoi',NULL,'VN',NULL,'jena','nguyen',NULL,'98224',NULL,NULL,0,'Hà Nội',NULL,'0347338465',NULL,NULL,NULL,NULL,NULL),(4,NULL,3,'2021-10-23 01:52:24','2021-10-23 01:52:24',1,'hanoi',NULL,'VN',NULL,'jena','nguyen',NULL,'98224',NULL,NULL,0,'18 thái hà',NULL,'0347338465',NULL,NULL,NULL,NULL,NULL),(5,NULL,5,'2022-04-27 18:37:28','2022-05-09 14:00:59',1,'Charlottesville','PO2GO','US',NULL,'Katie','Hamilton',NULL,'22901',NULL,'Virginia',61,'3317 Berkmar Dr',NULL,'4028050785',NULL,NULL,NULL,NULL,NULL),(6,NULL,36,'2022-08-04 16:27:02','2022-08-04 16:27:02',1,'fremont','google','US',NULL,'bhavya','seth',NULL,'94538',NULL,'California',12,'fremont',NULL,'4088879244',NULL,NULL,NULL,NULL,NULL),(7,NULL,35,'2022-08-04 16:27:50','2022-08-04 16:27:50',1,'fremont',NULL,'US',NULL,'Kevin','Chemparathy',NULL,'94538',NULL,'California',12,'4 fremont',NULL,'2581342581',NULL,NULL,NULL,NULL,NULL);

--
-- Table structure for table `customer_address_entity_datetime`
--

CREATE TABLE `customer_address_entity_datetime` (
  `value_id` int(11) NOT NULL AUTO_INCREMENT COMMENT 'Value ID',
  `attribute_id` smallint(5) unsigned NOT NULL DEFAULT '0' COMMENT 'Attribute ID',
  `entity_id` int(10) unsigned NOT NULL DEFAULT '0' COMMENT 'Entity ID',
  `value` datetime DEFAULT NULL COMMENT 'Value',
  PRIMARY KEY (`value_id`),
  UNIQUE KEY `CUSTOMER_ADDRESS_ENTITY_DATETIME_ENTITY_ID_ATTRIBUTE_ID` (`entity_id`,`attribute_id`),
  KEY `CUSTOMER_ADDRESS_ENTITY_DATETIME_ATTRIBUTE_ID` (`attribute_id`),
  KEY `CUSTOMER_ADDRESS_ENTITY_DATETIME_ENTITY_ID_ATTRIBUTE_ID_VALUE` (`entity_id`,`attribute_id`,`value`),
  CONSTRAINT `CSTR_ADDR_ENTT_DTIME_ATTR_ID_EAV_ATTR_ATTR_ID` FOREIGN KEY (`attribute_id`) REFERENCES `eav_attribute` (`attribute_id`) ON DELETE CASCADE,
  CONSTRAINT `CSTR_ADDR_ENTT_DTIME_ENTT_ID_CSTR_ADDR_ENTT_ENTT_ID` FOREIGN KEY (`entity_id`) REFERENCES `customer_address_entity` (`entity_id`) ON DELETE CASCADE
) ENGINE=InnoDB DEFAULT CHARSET=utf8 COMMENT='Customer Address Entity Datetime';

--
-- Dumping data for table `customer_address_entity_datetime`
--


--
-- Table structure for table `customer_address_entity_decimal`
--

CREATE TABLE `customer_address_entity_decimal` (
  `value_id` int(11) NOT NULL AUTO_INCREMENT COMMENT 'Value ID',
  `attribute_id` smallint(5) unsigned NOT NULL DEFAULT '0' COMMENT 'Attribute ID',
  `entity_id` int(10) unsigned NOT NULL DEFAULT '0' COMMENT 'Entity ID',
  `value` decimal(12,4) NOT NULL DEFAULT '0.0000' COMMENT 'Value',
  PRIMARY KEY (`value_id`),
  UNIQUE KEY `CUSTOMER_ADDRESS_ENTITY_DECIMAL_ENTITY_ID_ATTRIBUTE_ID` (`entity_id`,`attribute_id`),
  KEY `CUSTOMER_ADDRESS_ENTITY_DECIMAL_ATTRIBUTE_ID` (`attribute_id`),
  KEY `CUSTOMER_ADDRESS_ENTITY_DECIMAL_ENTITY_ID_ATTRIBUTE_ID_VALUE` (`entity_id`,`attribute_id`,`value`),
  CONSTRAINT `CSTR_ADDR_ENTT_DEC_ATTR_ID_EAV_ATTR_ATTR_ID` FOREIGN KEY (`attribute_id`) REFERENCES `eav_attribute` (`attribute_id`) ON DELETE CASCADE,
  CONSTRAINT `CSTR_ADDR_ENTT_DEC_ENTT_ID_CSTR_ADDR_ENTT_ENTT_ID` FOREIGN KEY (`entity_id`) REFERENCES `customer_address_entity` (`entity_id`) ON DELETE CASCADE
) ENGINE=InnoDB DEFAULT CHARSET=utf8 COMMENT='Customer Address Entity Decimal';

--
-- Dumping data for table `customer_address_entity_decimal`
--


--
-- Table structure for table `customer_address_entity_int`
--

CREATE TABLE `customer_address_entity_int` (
  `value_id` int(11) NOT NULL AUTO_INCREMENT COMMENT 'Value ID',
  `attribute_id` smallint(5) unsigned NOT NULL DEFAULT '0' COMMENT 'Attribute ID',
  `entity_id` int(10) unsigned NOT NULL DEFAULT '0' COMMENT 'Entity ID',
  `value` int(11) NOT NULL DEFAULT '0' COMMENT 'Value',
  PRIMARY KEY (`value_id`),
  UNIQUE KEY `CUSTOMER_ADDRESS_ENTITY_INT_ENTITY_ID_ATTRIBUTE_ID` (`entity_id`,`attribute_id`),
  KEY `CUSTOMER_ADDRESS_ENTITY_INT_ATTRIBUTE_ID` (`attribute_id`),
  KEY `CUSTOMER_ADDRESS_ENTITY_INT_ENTITY_ID_ATTRIBUTE_ID_VALUE` (`entity_id`,`attribute_id`,`value`),
  CONSTRAINT `CSTR_ADDR_ENTT_INT_ATTR_ID_EAV_ATTR_ATTR_ID` FOREIGN KEY (`attribute_id`) REFERENCES `eav_attribute` (`attribute_id`) ON DELETE CASCADE,
  CONSTRAINT `CSTR_ADDR_ENTT_INT_ENTT_ID_CSTR_ADDR_ENTT_ENTT_ID` FOREIGN KEY (`entity_id`) REFERENCES `customer_address_entity` (`entity_id`) ON DELETE CASCADE
) ENGINE=InnoDB DEFAULT CHARSET=utf8 COMMENT='Customer Address Entity Int';

--
-- Dumping data for table `customer_address_entity_int`
--


--
-- Table structure for table `customer_address_entity_text`
--

CREATE TABLE `customer_address_entity_text` (
  `value_id` int(11) NOT NULL AUTO_INCREMENT COMMENT 'Value ID',
  `attribute_id` smallint(5) unsigned NOT NULL DEFAULT '0' COMMENT 'Attribute ID',
  `entity_id` int(10) unsigned NOT NULL DEFAULT '0' COMMENT 'Entity ID',
  `value` text NOT NULL COMMENT 'Value',
  PRIMARY KEY (`value_id`),
  UNIQUE KEY `CUSTOMER_ADDRESS_ENTITY_TEXT_ENTITY_ID_ATTRIBUTE_ID` (`entity_id`,`attribute_id`),
  KEY `CUSTOMER_ADDRESS_ENTITY_TEXT_ATTRIBUTE_ID` (`attribute_id`),
  CONSTRAINT `CSTR_ADDR_ENTT_TEXT_ATTR_ID_EAV_ATTR_ATTR_ID` FOREIGN KEY (`attribute_id`) REFERENCES `eav_attribute` (`attribute_id`) ON DELETE CASCADE,
  CONSTRAINT `CSTR_ADDR_ENTT_TEXT_ENTT_ID_CSTR_ADDR_ENTT_ENTT_ID` FOREIGN KEY (`entity_id`) REFERENCES `customer_address_entity` (`entity_id`) ON DELETE CASCADE
) ENGINE=InnoDB DEFAULT CHARSET=utf8 COMMENT='Customer Address Entity Text';

--
-- Dumping data for table `customer_address_entity_text`
--


--
-- Table structure for table `customer_address_entity_varchar`
--

CREATE TABLE `customer_address_entity_varchar` (
  `value_id` int(11) NOT NULL AUTO_INCREMENT COMMENT 'Value ID',
  `attribute_id` smallint(5) unsigned NOT NULL DEFAULT '0' COMMENT 'Attribute ID',
  `entity_id` int(10) unsigned NOT NULL DEFAULT '0' COMMENT 'Entity ID',
  `value` varchar(255) DEFAULT NULL COMMENT 'Value',
  PRIMARY KEY (`value_id`),
  UNIQUE KEY `CUSTOMER_ADDRESS_ENTITY_VARCHAR_ENTITY_ID_ATTRIBUTE_ID` (`entity_id`,`attribute_id`),
  KEY `CUSTOMER_ADDRESS_ENTITY_VARCHAR_ATTRIBUTE_ID` (`attribute_id`),
  KEY `CUSTOMER_ADDRESS_ENTITY_VARCHAR_ENTITY_ID_ATTRIBUTE_ID_VALUE` (`entity_id`,`attribute_id`,`value`),
  CONSTRAINT `CSTR_ADDR_ENTT_VCHR_ATTR_ID_EAV_ATTR_ATTR_ID` FOREIGN KEY (`attribute_id`) REFERENCES `eav_attribute` (`attribute_id`) ON DELETE CASCADE,
  CONSTRAINT `CSTR_ADDR_ENTT_VCHR_ENTT_ID_CSTR_ADDR_ENTT_ENTT_ID` FOREIGN KEY (`entity_id`) REFERENCES `customer_address_entity` (`entity_id`) ON DELETE CASCADE
) ENGINE=InnoDB DEFAULT CHARSET=utf8 COMMENT='Customer Address Entity Varchar';

--
-- Dumping data for table `customer_address_entity_varchar`
--


--
-- Table structure for table `customer_eav_attribute`
--

CREATE TABLE `customer_eav_attribute` (
  `attribute_id` smallint(5) unsigned NOT NULL COMMENT 'Attribute ID',
  `is_visible` smallint(5) unsigned NOT NULL DEFAULT '1' COMMENT 'Is Visible',
  `input_filter` varchar(255) DEFAULT NULL COMMENT 'Input Filter',
  `multiline_count` smallint(5) unsigned NOT NULL DEFAULT '1' COMMENT 'Multiline Count',
  `validate_rules` text COMMENT 'Validate Rules',
  `is_system` smallint(5) unsigned NOT NULL DEFAULT '0' COMMENT 'Is System',
  `sort_order` int(10) unsigned NOT NULL DEFAULT '0' COMMENT 'Sort Order',
  `data_model` varchar(255) DEFAULT NULL COMMENT 'Data Model',
  `is_used_in_grid` smallint(5) unsigned NOT NULL DEFAULT '0' COMMENT 'Is Used in Grid',
  `is_visible_in_grid` smallint(5) unsigned NOT NULL DEFAULT '0' COMMENT 'Is Visible in Grid',
  `is_filterable_in_grid` smallint(5) unsigned NOT NULL DEFAULT '0' COMMENT 'Is Filterable in Grid',
  `is_searchable_in_grid` smallint(5) unsigned NOT NULL DEFAULT '0' COMMENT 'Is Searchable in Grid',
  PRIMARY KEY (`attribute_id`),
  KEY `CUSTOMER_EAV_ATTRIBUTE_SORT_ORDER` (`sort_order`),
  CONSTRAINT `CUSTOMER_EAV_ATTRIBUTE_ATTRIBUTE_ID_EAV_ATTRIBUTE_ATTRIBUTE_ID` FOREIGN KEY (`attribute_id`) REFERENCES `eav_attribute` (`attribute_id`) ON DELETE CASCADE
) ENGINE=InnoDB DEFAULT CHARSET=utf8 COMMENT='Customer Eav Attribute';

--
-- Dumping data for table `customer_eav_attribute`
--

INSERT INTO `customer_eav_attribute` VALUES (1,1,NULL,0,NULL,1,10,NULL,1,1,1,0),(2,0,NULL,0,NULL,1,0,NULL,0,0,0,0),(3,1,NULL,0,NULL,1,20,NULL,1,1,0,1),(4,0,NULL,0,NULL,0,30,NULL,0,0,0,0),(5,1,'trim',0,'{\"max_text_length\":255,\"min_text_length\":1}',1,40,NULL,0,0,0,0),(6,0,'trim',0,NULL,0,50,NULL,0,0,0,0),(7,1,'trim',0,'{\"max_text_length\":255,\"min_text_length\":1}',1,60,NULL,0,0,0,0),(8,0,NULL,0,NULL,0,70,NULL,0,0,0,0),(9,1,NULL,0,'{\"input_validation\":\"email\"}',1,80,NULL,1,1,1,1),(10,1,NULL,0,NULL,1,25,NULL,1,1,1,0),(11,0,'date',0,'{\"input_validation\":\"date\"}',0,90,NULL,1,1,1,0),(12,0,NULL,0,NULL,1,0,NULL,0,0,0,0),(13,0,NULL,0,NULL,1,0,NULL,0,0,0,0),(14,0,NULL,0,'{\"input_validation\":\"date\"}',1,0,NULL,0,0,0,0),(15,0,NULL,0,NULL,1,0,NULL,0,0,0,0),(16,0,NULL,0,NULL,1,0,NULL,0,0,0,0),(17,0,NULL,0,'{\"max_text_length\":255}',0,100,NULL,1,1,0,1),(18,0,NULL,0,NULL,1,0,NULL,1,1,1,0),(19,0,NULL,0,NULL,0,0,NULL,1,1,1,0),(20,0,NULL,0,'[]',0,110,NULL,1,1,1,0),(21,1,NULL,0,NULL,1,28,NULL,0,0,0,0),(22,0,NULL,0,NULL,0,10,NULL,0,0,0,0),(23,1,'trim',0,'{\"max_text_length\":255,\"min_text_length\":1}',1,20,NULL,1,0,0,1),(24,0,'trim',0,NULL,0,30,NULL,0,0,0,0),(25,1,'trim',0,'{\"max_text_length\":255,\"min_text_length\":1}',1,40,NULL,1,0,0,1),(26,0,NULL,0,NULL,0,50,NULL,0,0,0,0),(27,1,NULL,0,'{\"max_text_length\":255,\"min_text_length\":1}',1,60,NULL,1,0,0,1),(28,1,NULL,3,'{\"max_text_length\":255,\"min_text_length\":1}',1,70,NULL,1,0,0,1),(29,1,NULL,0,'{\"max_text_length\":255,\"min_text_length\":1}',1,100,NULL,1,0,0,1),(30,1,NULL,0,NULL,1,80,NULL,1,1,1,0),(31,1,NULL,0,NULL,1,90,NULL,1,1,0,1),(32,1,NULL,0,NULL,1,90,NULL,0,0,0,0),(33,1,NULL,0,'[]',1,110,'Magento\\Customer\\Model\\Attribute\\Data\\Postcode',1,1,1,1),(34,1,NULL,0,'{\"max_text_length\":255,\"min_text_length\":1}',1,120,NULL,1,1,1,1),(35,0,NULL,0,'{\"max_text_length\":255,\"min_text_length\":1}',0,130,NULL,1,0,0,1),(36,1,NULL,0,NULL,1,140,NULL,0,0,0,0),(37,0,NULL,0,NULL,1,0,NULL,0,0,0,0),(38,0,NULL,0,NULL,1,0,NULL,0,0,0,0),(39,0,NULL,0,NULL,1,0,NULL,0,0,0,0),(40,0,NULL,0,NULL,1,0,NULL,0,0,0,0),(41,0,NULL,0,NULL,0,0,NULL,0,0,0,0),(42,0,NULL,0,NULL,1,0,NULL,0,0,0,0),(43,0,NULL,0,NULL,1,0,NULL,0,0,0,0),(44,0,NULL,0,NULL,1,0,NULL,0,0,0,0),(153,0,NULL,0,NULL,0,90,NULL,0,0,0,0);

--
-- Table structure for table `customer_eav_attribute_website`
--

CREATE TABLE `customer_eav_attribute_website` (
  `attribute_id` smallint(5) unsigned NOT NULL COMMENT 'Attribute ID',
  `website_id` smallint(5) unsigned NOT NULL COMMENT 'Website ID',
  `is_visible` smallint(5) unsigned DEFAULT NULL COMMENT 'Is Visible',
  `is_required` smallint(5) unsigned DEFAULT NULL COMMENT 'Is Required',
  `default_value` text COMMENT 'Default Value',
  `multiline_count` smallint(5) unsigned DEFAULT NULL COMMENT 'Multiline Count',
  PRIMARY KEY (`attribute_id`,`website_id`),
  KEY `CUSTOMER_EAV_ATTRIBUTE_WEBSITE_WEBSITE_ID` (`website_id`),
  CONSTRAINT `CSTR_EAV_ATTR_WS_ATTR_ID_EAV_ATTR_ATTR_ID` FOREIGN KEY (`attribute_id`) REFERENCES `eav_attribute` (`attribute_id`) ON DELETE CASCADE,
  CONSTRAINT `CSTR_EAV_ATTR_WS_WS_ID_STORE_WS_WS_ID` FOREIGN KEY (`website_id`) REFERENCES `store_website` (`website_id`) ON DELETE CASCADE
) ENGINE=InnoDB DEFAULT CHARSET=utf8 COMMENT='Customer Eav Attribute Website';

--
-- Dumping data for table `customer_eav_attribute_website`
--

INSERT INTO `customer_eav_attribute_website` VALUES (1,1,NULL,NULL,NULL,NULL),(3,1,NULL,NULL,NULL,NULL),(5,1,NULL,NULL,NULL,NULL),(6,1,NULL,NULL,NULL,NULL),(7,1,NULL,NULL,NULL,NULL),(9,1,NULL,NULL,NULL,NULL),(10,1,NULL,NULL,NULL,NULL),(11,1,NULL,NULL,NULL,NULL),(17,1,NULL,NULL,NULL,NULL),(18,1,NULL,NULL,NULL,NULL),(19,1,NULL,NULL,NULL,NULL),(20,1,NULL,NULL,NULL,NULL),(21,1,NULL,NULL,NULL,NULL),(23,1,NULL,NULL,NULL,NULL),(24,1,NULL,NULL,NULL,NULL),(25,1,NULL,NULL,NULL,NULL),(27,1,NULL,NULL,NULL,NULL),(28,1,NULL,NULL,NULL,NULL),(29,1,NULL,NULL,NULL,NULL),(30,1,NULL,NULL,NULL,NULL),(31,1,NULL,NULL,NULL,NULL),(32,1,NULL,NULL,NULL,NULL),(33,1,NULL,NULL,NULL,NULL),(34,1,NULL,NULL,NULL,NULL),(35,1,NULL,NULL,NULL,NULL),(36,1,NULL,NULL,NULL,NULL),(153,1,NULL,NULL,NULL,NULL);

--
-- Table structure for table `customer_entity`
--

CREATE TABLE `customer_entity` (
  `entity_id` int(10) unsigned NOT NULL AUTO_INCREMENT COMMENT 'Entity ID',
  `website_id` smallint(5) unsigned DEFAULT NULL COMMENT 'Website ID',
  `email` varchar(255) DEFAULT NULL COMMENT 'Email',
  `group_id` smallint(5) unsigned NOT NULL DEFAULT '0' COMMENT 'Group ID',
  `increment_id` varchar(50) DEFAULT NULL COMMENT 'Increment ID',
  `store_id` smallint(5) unsigned DEFAULT '0' COMMENT 'Store ID',
  `created_at` timestamp NOT NULL DEFAULT CURRENT_TIMESTAMP COMMENT 'Created At',
  `updated_at` timestamp NOT NULL DEFAULT CURRENT_TIMESTAMP ON UPDATE CURRENT_TIMESTAMP COMMENT 'Updated At',
  `is_active` smallint(5) unsigned NOT NULL DEFAULT '1' COMMENT 'Is Active',
  `disable_auto_group_change` smallint(5) unsigned NOT NULL DEFAULT '0' COMMENT 'Disable automatic group change based on VAT ID',
  `created_in` varchar(255) DEFAULT NULL COMMENT 'Created From',
  `prefix` varchar(40) DEFAULT NULL COMMENT 'Name Prefix',
  `firstname` varchar(255) DEFAULT NULL COMMENT 'First Name',
  `middlename` varchar(255) DEFAULT NULL COMMENT 'Middle Name/Initial',
  `lastname` varchar(255) DEFAULT NULL COMMENT 'Last Name',
  `suffix` varchar(40) DEFAULT NULL COMMENT 'Name Suffix',
  `dob` date DEFAULT NULL COMMENT 'Date of Birth',
  `password_hash` varchar(128) DEFAULT NULL COMMENT 'Password_hash',
  `rp_token` varchar(128) DEFAULT NULL COMMENT 'Reset password token',
  `rp_token_created_at` datetime DEFAULT NULL COMMENT 'Reset password token creation time',
  `default_billing` int(10) unsigned DEFAULT NULL COMMENT 'Default Billing Address',
  `default_shipping` int(10) unsigned DEFAULT NULL COMMENT 'Default Shipping Address',
  `taxvat` varchar(50) DEFAULT NULL COMMENT 'Tax/VAT Number',
  `confirmation` varchar(64) DEFAULT NULL COMMENT 'Is Confirmed',
  `gender` smallint(5) unsigned DEFAULT NULL COMMENT 'Gender',
  `failures_num` smallint(6) DEFAULT '0' COMMENT 'Failure Number',
  `first_failure` timestamp NULL DEFAULT NULL COMMENT 'First Failure',
  `lock_expires` timestamp NULL DEFAULT NULL COMMENT 'Lock Expiration Date',
  `mp_smtp_email_marketing_synced` smallint(6) DEFAULT '0' COMMENT 'Mp SMTP Email Marketing synced',
  PRIMARY KEY (`entity_id`),
  UNIQUE KEY `CUSTOMER_ENTITY_EMAIL_WEBSITE_ID` (`email`,`website_id`),
  KEY `CUSTOMER_ENTITY_STORE_ID` (`store_id`),
  KEY `CUSTOMER_ENTITY_WEBSITE_ID` (`website_id`),
  KEY `CUSTOMER_ENTITY_FIRSTNAME` (`firstname`),
  KEY `CUSTOMER_ENTITY_LASTNAME` (`lastname`),
  CONSTRAINT `CUSTOMER_ENTITY_STORE_ID_STORE_STORE_ID` FOREIGN KEY (`store_id`) REFERENCES `store` (`store_id`) ON DELETE SET NULL,
  CONSTRAINT `CUSTOMER_ENTITY_WEBSITE_ID_STORE_WEBSITE_WEBSITE_ID` FOREIGN KEY (`website_id`) REFERENCES `store_website` (`website_id`) ON DELETE SET NULL
) ENGINE=InnoDB AUTO_INCREMENT=39 DEFAULT CHARSET=utf8 COMMENT='Customer Entity';

--
-- Dumping data for table `customer_entity`
--

INSERT INTO `customer_entity` VALUES (1,1,'cuongtd@ytcvn.com',1,NULL,NULL,'2020-12-16 04:30:15','2021-07-16 07:29:13',1,0,'Default Store View',NULL,'Magentech',NULL,'Magentech',NULL,NULL,'37191b0257e6c66945b0802bf2048a5d31afff076f7439658ffb9035da237c1e:zy9txrjPp3Txf4QwZ0KSnqXmUFjC2cA5:3_32_2_67108864','ta4borfxshPn4FAA8v2ULmcAmP7d5WlO','2020-12-16 04:30:17',1,1,NULL,NULL,NULL,0,NULL,NULL,0),(2,1,'admin678@gmail.com',1,NULL,NULL,'2021-01-28 01:49:24','2021-01-28 02:14:55',1,0,'English',NULL,'admin',NULL,'admin',NULL,NULL,'c362e43a7e8667b0229a31acfba17cfd02a7c2e9e68dd6508bd812aeb47c24d7:eEycfPpvgBHpXaUt:2','u58WtdHwYJ9FHqXyx4ITlqJh9gubivx4','2021-01-28 01:49:26',2,2,NULL,NULL,NULL,0,NULL,NULL,0),(3,1,'admin876@gmail.com',1,NULL,NULL,'2021-10-23 01:30:49','2021-10-23 01:43:54',1,0,'Romania',NULL,'jena',NULL,'nguyen',NULL,NULL,'ecf103757a4137e9ea34c8e4253a0322bedab03f0f776e93a382cec1495c9503:3PqQrMvpbWpjk4Z02jwVwdAbuqMbTr7n:3_32_2_67108864','HtsuOyX7KrECt1x1UxMVuITlbGgp57J9','2021-10-23 01:30:49',3,3,NULL,NULL,NULL,0,NULL,NULL,0),(4,1,'admin45@gmail.com',1,NULL,NULL,'2022-01-04 09:33:48','2022-01-04 09:33:48',1,0,'Yemen',NULL,'admin',NULL,'admin',NULL,NULL,'d0d80b930b06ed9f35582262e0a93913d94c08f3ed1b8df9b83d90669a64d4af:cJiGhlhPllkU0YOMXK8CcJCKcHozCY8x:3_32_2_67108864','Xc6qGwG14JJ82A6hIbtApTX0rtvzbNy3','2022-01-04 09:33:48',NULL,NULL,NULL,NULL,NULL,0,NULL,NULL,0),(5,1,'katie.hamilton@punchout2go.com',1,NULL,5,'2022-04-27 15:47:18','2022-05-09 14:00:59',1,0,'India',NULL,'Katie',NULL,'Hamilton',NULL,NULL,NULL,'xBZDL9wBZdzX4GF014l9ieZB2KqJWjSM','2022-04-27 15:47:18',5,5,NULL,NULL,0,0,NULL,NULL,0),(6,1,'brianna.lacasse@punchout2go.com',1,NULL,5,'2022-04-27 18:09:59','2022-04-27 21:04:14',1,0,'India',NULL,'Brianna',NULL,'LaCasse',NULL,NULL,NULL,'0abVy3mLgyHEacjiNzvcJdGw6Gx2Wuv8','2022-04-27 18:09:59',NULL,NULL,NULL,NULL,0,0,NULL,NULL,0),(7,1,'rebecca.anderson@punchout2go.com',1,NULL,5,'2022-04-27 23:54:01','2022-05-04 17:51:47',1,0,'India',NULL,'Rebecca',NULL,'Anderson',NULL,NULL,NULL,'0FIN2PX1X5xOTlbqFJDXwGUz0IgfKm7R','2022-04-27 23:54:01',NULL,NULL,NULL,NULL,0,0,NULL,NULL,0),(8,1,'tucker.gregg@punchout2go.com',1,NULL,5,'2022-04-28 15:33:40','2022-06-02 15:32:07',1,0,'India',NULL,'Tucker',NULL,'Gregg',NULL,NULL,NULL,'nXnTHfOKFYrSvFW0ZAYQJmtITWl98zgd','2022-04-28 15:33:40',NULL,NULL,NULL,NULL,0,0,NULL,NULL,0),(9,1,'bobby@punchout2go.com',1,NULL,5,'2022-05-06 20:10:18','2022-05-06 20:13:18',1,0,'India',NULL,'Bobby',NULL,'Pearson',NULL,NULL,NULL,'qNiNc5mhJ7r87QTsf8XbTNvXf6GYo7RN','2022-05-06 20:10:18',NULL,NULL,NULL,NULL,0,0,NULL,NULL,0),(10,1,'Carol.Njama@punchout2go.com',1,NULL,5,'2022-05-24 23:37:20','2022-05-24 23:37:20',1,0,'India',NULL,'Carol',NULL,'Njama',NULL,NULL,NULL,'SbWbRvi9lLAKEK7ZDCmat1GZajeTeekT','2022-05-24 23:37:20',NULL,NULL,NULL,NULL,0,0,NULL,NULL,0),(11,1,'steve.mullins@punchout2go.com',1,NULL,5,'2022-05-26 18:30:50','2022-05-26 18:30:50',1,0,'India',NULL,'Steve',NULL,'Mullins',NULL,NULL,NULL,'Y96MYz52UtqyEWsadd4Q1b7mpRRJNRj9','2022-05-26 18:30:50',NULL,NULL,NULL,NULL,0,0,NULL,NULL,0),(12,1,'catalog_tester@ariba.com',1,NULL,5,'2022-06-02 00:49:31','2022-06-02 00:49:31',1,0,'India',NULL,'Punchout User',NULL,'No Last Name',NULL,NULL,NULL,'dnbh8TgcjI1y6wNOthdYKx1JqqxEdbNs','2022-06-02 00:49:31',NULL,NULL,NULL,NULL,0,0,NULL,NULL,0),(13,1,'sujitprusti@google.com',1,NULL,5,'2022-06-02 15:02:35','2022-06-02 15:10:00',1,0,'India',NULL,'Punchout User',NULL,'No Last Name',NULL,NULL,NULL,'uubywMcOeHHLGbXNFlv80DUqZTdUXST8','2022-06-02 15:02:35',NULL,NULL,NULL,NULL,0,0,NULL,NULL,0),(14,1,'manusingh@google.com',1,NULL,5,'2022-06-02 15:29:33','2022-06-02 15:29:33',1,0,'India',NULL,'Punchout User',NULL,'No Last Name',NULL,NULL,NULL,'uIec0EPJTV3vr9B6yGmh3tfo5FvCf3rs','2022-06-02 15:29:33',NULL,NULL,NULL,NULL,0,0,NULL,NULL,0),(15,1,'ashish.bubne@rahisystems.com',1,NULL,5,'2022-06-02 15:57:06','2022-08-04 09:43:32',1,0,'India',NULL,'Ashish',NULL,'Bubne',NULL,NULL,NULL,'dFFLqRD5bcXjz8kUQg6jKC9ukV9sLp5g','2022-06-02 15:57:06',NULL,NULL,NULL,NULL,0,2,'2022-08-04 09:43:09',NULL,0),(16,1,'mounika.a@rahisystems.com',1,NULL,5,'2022-06-02 16:56:40','2022-06-02 16:56:40',1,0,'India',NULL,'Mounika',NULL,'Alla',NULL,NULL,'710f1a98a83d9f4dda7838920208fe0b1032a43b3cac05acd6c3bd946154e866:RC41pLL7FrpGfPwCJqbX1vuMJDNbUWXx:3_32_2_67108864',NULL,NULL,NULL,NULL,NULL,NULL,NULL,0,NULL,NULL,0),(18,1,'aribatestall@gmail.com',1,NULL,5,'2022-06-08 19:13:13','2022-06-08 19:13:13',1,0,'India',NULL,'Punchout',NULL,'User',NULL,NULL,'94c56d286e8528c610c73f58e1b38a0fcd4a31165306f0c65dfa50c3e5cb2a84:XDrrk43iXAaiVB2aOhgeGiNDAZUWNrXy:3_32_2_67108864',NULL,NULL,NULL,NULL,NULL,NULL,NULL,0,NULL,NULL,0),(19,1,'aribatestall-uat-venkannadoraa@gmail.com',1,NULL,5,'2022-06-09 16:41:32','2022-06-09 16:41:32',1,0,'India',NULL,'Punchout',NULL,'User',NULL,NULL,'fb01eabe3bef350101696998775122f2bec633c244c61ded1cdd581a8fe1598b:eFtGtLHJxUt9rDDSnbUcqSLggzJBl31R:3_32_2_67108864',NULL,NULL,NULL,NULL,NULL,NULL,NULL,0,NULL,NULL,0),(20,1,'Jason.Wynn@punchout2go.com',1,NULL,5,'2022-06-13 19:36:59','2022-06-13 19:36:59',1,0,'India',NULL,'Jason',NULL,'Wynn',NULL,NULL,'2991c3352364e88da9b349d296f7da51d659c6c3a21d9c523eb229b061ade0da:k9Zjk6NJKyl9bgWIoHh0PKj3lNjeRKm1:3_32_2_67108864',NULL,NULL,NULL,NULL,NULL,NULL,NULL,0,NULL,NULL,0),(21,1,'elliott.karlinsky@punchout2go.com',1,NULL,5,'2022-06-21 13:03:10','2022-06-21 13:03:11',1,0,'India',NULL,'Elliott',NULL,'Karlinsky',NULL,NULL,'37cca604634e1b643afb901a1a223ba52f62fc8f8ea639c14c2833d0633348f8:mA3YgozuXyRHDcYy9pHjj0VZdGjsXoMx:3_32_2_67108864',NULL,NULL,NULL,NULL,NULL,NULL,NULL,0,NULL,NULL,0),(22,1,'john.jertson@punchout2go.com',1,NULL,5,'2022-06-22 18:02:59','2022-06-22 18:02:59',1,0,'India',NULL,'John',NULL,'Jertson',NULL,NULL,'f96920cc039ac6b8751f04aedb2fc9d200812e0c346d1e11151b00a9ecc23a30:0FSxt9omnwK1iY3kzfCAajfKrpxo6TlS:3_32_2_67108864',NULL,NULL,NULL,NULL,NULL,NULL,NULL,0,NULL,NULL,0),(23,1,'elliott.karlinsky@tradecentric.com',1,NULL,5,'2022-06-28 14:07:10','2022-06-28 14:07:10',1,0,'India',NULL,'Elliott',NULL,'Karlinsky',NULL,NULL,'311b6a422d2d61d30251a35a805e6f6c62d1f520375e24fdd5316e3dc50e7285:id94DJgMGaAAzZHXmyYPVDCQYrp9wxzs:3_32_2_67108864',NULL,NULL,NULL,NULL,NULL,NULL,NULL,0,NULL,NULL,0),(24,1,'robbiny@google.com',1,NULL,5,'2022-06-28 20:12:38','2022-06-28 20:12:38',1,0,'India',NULL,'Punchout',NULL,'User',NULL,NULL,'eda3ca765462c3ecdc584f492539d47fa9f81ed97df407a6080a9e00f448486d:6Szorz0K1wShf30R7GeZXyxKjn4Kmc3N:3_32_2_67108864',NULL,NULL,NULL,NULL,NULL,NULL,NULL,0,NULL,NULL,0),(25,1,'tejas.ambole@rahisystems.com',1,NULL,5,'2022-06-30 06:26:57','2022-07-29 14:39:53',1,0,'India',NULL,'Tejas',NULL,'Ambole',NULL,NULL,'b2ee7d59e8600eec33c2cdd9b8e82e6dfb09eb611dcb7d98e80c4bc75aee4ad9:5jqgCFvK0JcilVUfX2EhsTKQhLkLyuT7:3_32_2_67108864','VsW85CLbznyTFKpDXfMWF4Ez6n0wreSg','2022-07-29 14:39:53',NULL,NULL,NULL,NULL,NULL,1,'2022-07-29 14:38:53',NULL,0),(26,1,'aribatestall-uat-ankurjai@gmail.com',1,NULL,5,'2022-07-06 20:12:52','2022-07-06 20:12:52',1,0,'India',NULL,'Punchout',NULL,'User',NULL,NULL,'c3f81da18e3331d34194c5148cadefadb04be4c51e2be922204fc03f3ae5ac60:muxf0SdLNI3AjCG2jUDZEJigleyP0GDK:3_32_2_67108864',NULL,NULL,NULL,NULL,NULL,NULL,NULL,0,NULL,NULL,0),(27,1,'steve.mullins@tradecentric.com',1,NULL,5,'2022-07-14 18:16:08','2022-07-14 18:16:08',1,0,'India',NULL,'Steve',NULL,'Mullins',NULL,NULL,'1e453a79942fb4399ae2a5944125d4e943ed068b3c7790668df22792f2ac29f5:Kb868YCR7LDhzqKxfxNQBmdZkAjJr9Oi:3_32_2_67108864',NULL,NULL,NULL,NULL,NULL,NULL,NULL,0,NULL,NULL,0),(28,1,'aribatestall-uat-harishmu@gmail.com',1,NULL,5,'2022-07-15 13:42:06','2022-07-15 13:42:06',1,0,'India',NULL,'Punchout',NULL,'User',NULL,NULL,'5367ffdd37fc3915d106561105a9a69e453f489de50c7456a5715c47f57065c7:NMyQuGfLMIvhHcqjRd4Umr64Y6jAL1cP:3_32_2_67108864',NULL,NULL,NULL,NULL,NULL,NULL,NULL,0,NULL,NULL,0),(29,1,'abhijeet.dhara@rahisystems.com',1,NULL,5,'2022-07-20 06:53:29','2022-07-20 06:53:29',1,0,'India',NULL,'Abhijeet',NULL,'Dhara',NULL,NULL,'3d1a8ce88a9ac335a289f398bd1b6ae5c062007cf5aed6ca2722f7a6f7937d36:BdkK8DyQWUzVJxCpgloPnavRCKiNhN2A:3_32_2_67108864',NULL,NULL,NULL,NULL,NULL,NULL,NULL,0,NULL,NULL,0),(30,1,'tucker.gregg@tradecentric.com',1,NULL,5,'2022-07-20 19:31:53','2022-07-20 19:31:53',1,0,'India',NULL,'Tucker',NULL,'Gregg',NULL,NULL,'93cb8c84536092c68cce204bc0e1d0b57e80449efa1f99b6d0de374acc205bf7:HUpCF7StWdhAuBI08ZxI51yHSSeWrd0V:3_32_2_67108864',NULL,NULL,NULL,NULL,NULL,NULL,NULL,0,NULL,NULL,0),(31,1,'kaustubh.borate@rahisystems.com',1,NULL,5,'2022-07-29 13:09:42','2022-07-29 13:09:43',1,0,'India',NULL,'Kaustubh',NULL,'Borate',NULL,NULL,'d35eade558cf5ad20e8eb800c0313af3916a3157af5e0c82577e63d36ef4850d:Uwfm5WJZp0uICX2VB0v2iy895xfOjF8F:3_32_2_67108864','DzjDMmLgjqC0esJMddJHoTh7eayhcxSp','2022-07-29 13:09:43',NULL,NULL,NULL,NULL,NULL,0,NULL,NULL,0),(32,1,'sumit.nautiyal@rahisystems.com',1,NULL,5,'2022-07-29 13:34:44','2022-07-29 13:34:44',1,0,'India',NULL,'Sumit',NULL,'Nautiyal',NULL,NULL,'a9c14bb9582ac1801547bc555c9eeff372d8df30df37eee644b14955b6a9c77b:Dq3qNwThBImlaBNuLp7jVxKhG6KlSAQH:3_32_2_67108864','KBVxjhZitrQEepTeaEBK46NaEpa9ImHx','2022-07-29 13:34:44',NULL,NULL,NULL,NULL,NULL,0,NULL,NULL,0),(33,1,'thomas.davis@tradecentric.com',1,NULL,5,'2022-07-29 15:36:45','2022-07-29 15:36:45',1,0,'India',NULL,'Thomas',NULL,'Davis',NULL,NULL,'4a3281c5222c2562e267a2392f9ae6351ae811454b9819a855a388358a62c37f:6LMV3cdBuxpCowZK3v8HK2AKQ60SFgta:3_32_2_67108864',NULL,NULL,NULL,NULL,NULL,NULL,NULL,0,NULL,NULL,0),(34,1,'akshay.satbhai@rahisystems.com',1,NULL,5,'2022-08-02 08:47:53','2022-08-02 08:47:53',1,0,'India',NULL,'Akshay',NULL,'Satbhai',NULL,NULL,'dff3492785b0608fa4fe401958f301eec311e55b22792b4f9a82ef753a5caa6b:MQH9mtlV46q0YsQaL9Hn1iTZ3INjumyD:3_32_2_67108864','APfQ9ML5Wf18CI8dFMRc0ahvxQ1NEq7x','2022-08-02 08:47:53',NULL,NULL,NULL,NULL,NULL,0,NULL,NULL,0),(35,1,'kevin.chemparathy@rahisystems.com',1,NULL,5,'2022-08-03 17:07:54','2022-08-04 16:27:50',1,0,'India',NULL,'Kevin',NULL,'Chemparathy',NULL,NULL,'e14cc8e1d72b213ec6f13c217101982d271bc6066a1d0d5faac371ed59b6f089:NrKgWBuwdWJbxzVcutvgxnrU6WEfZVF4:3_32_2_67108864','M7yRsPQBIrUiDabx1m8uN8GSUMMnhEGQ','2022-08-03 17:07:54',7,7,NULL,NULL,NULL,0,NULL,NULL,0),(36,1,'bhavya.seth@rahisystems.com',1,NULL,5,'2022-08-03 17:09:03','2022-08-04 16:27:02',1,0,'India',NULL,'bhavya',NULL,'seth',NULL,NULL,'8287e919af6fb6d6b1658bce466cb6c7e9bebfcf7408dcdeb8897ee9fc0c21ca:clAstkOjbanWzgOCiLN8ifT7C1wR20Yg:3_32_2_67108864','YzEBvbqgwobiLPuJ76y1J0kXJCSPdLLx','2022-08-03 17:09:03',6,6,NULL,NULL,NULL,0,NULL,NULL,0),(37,1,'fengran.huang@rahisystems.com',1,NULL,5,'2022-08-03 17:10:30','2022-08-03 17:10:30',1,0,'India',NULL,'fengran',NULL,'huang',NULL,NULL,'553690402cb5bd88fd2b36bb3a973844397113af8dc7e491f99bff6fab67d540:glmShJOiuHA5Sg8bnaVYDk1p5YuxaC98:3_32_2_67108864','ms7wsLjD3kHz5K8sx92ECIYefYkWWdV4','2022-08-03 17:10:30',NULL,NULL,NULL,NULL,NULL,0,NULL,NULL,0),(38,1,'bubneashish@gmail.com',1,NULL,5,'2022-08-04 09:44:05','2022-08-04 09:44:05',1,0,'India',NULL,'Ashish',NULL,'bubne',NULL,NULL,'5f636828a0355fc134e742417bf09630f0e9b012c64d7f5fe7753660eb68d233:Wr9T3iPhRvP8v863os8HNn2VpJvQia3T:3_32_2_67108864','goH3256i9IDeHremPMIeaTSRd6x3yWIk','2022-08-04 09:44:05',NULL,NULL,NULL,NULL,NULL,0,NULL,NULL,0);

--
-- Table structure for table `customer_entity_datetime`
--

CREATE TABLE `customer_entity_datetime` (
  `value_id` int(11) NOT NULL AUTO_INCREMENT COMMENT 'Value ID',
  `attribute_id` smallint(5) unsigned NOT NULL DEFAULT '0' COMMENT 'Attribute ID',
  `entity_id` int(10) unsigned NOT NULL DEFAULT '0' COMMENT 'Entity ID',
  `value` datetime DEFAULT NULL COMMENT 'Value',
  PRIMARY KEY (`value_id`),
  UNIQUE KEY `CUSTOMER_ENTITY_DATETIME_ENTITY_ID_ATTRIBUTE_ID` (`entity_id`,`attribute_id`),
  KEY `CUSTOMER_ENTITY_DATETIME_ATTRIBUTE_ID` (`attribute_id`),
  KEY `CUSTOMER_ENTITY_DATETIME_ENTITY_ID_ATTRIBUTE_ID_VALUE` (`entity_id`,`attribute_id`,`value`),
  CONSTRAINT `CUSTOMER_ENTITY_DATETIME_ATTRIBUTE_ID_EAV_ATTRIBUTE_ATTRIBUTE_ID` FOREIGN KEY (`attribute_id`) REFERENCES `eav_attribute` (`attribute_id`) ON DELETE CASCADE,
  CONSTRAINT `CUSTOMER_ENTITY_DATETIME_ENTITY_ID_CUSTOMER_ENTITY_ENTITY_ID` FOREIGN KEY (`entity_id`) REFERENCES `customer_entity` (`entity_id`) ON DELETE CASCADE
) ENGINE=InnoDB DEFAULT CHARSET=utf8 COMMENT='Customer Entity Datetime';

--
-- Dumping data for table `customer_entity_datetime`
--


--
-- Table structure for table `customer_entity_decimal`
--

CREATE TABLE `customer_entity_decimal` (
  `value_id` int(11) NOT NULL AUTO_INCREMENT COMMENT 'Value ID',
  `attribute_id` smallint(5) unsigned NOT NULL DEFAULT '0' COMMENT 'Attribute ID',
  `entity_id` int(10) unsigned NOT NULL DEFAULT '0' COMMENT 'Entity ID',
  `value` decimal(12,4) NOT NULL DEFAULT '0.0000' COMMENT 'Value',
  PRIMARY KEY (`value_id`),
  UNIQUE KEY `CUSTOMER_ENTITY_DECIMAL_ENTITY_ID_ATTRIBUTE_ID` (`entity_id`,`attribute_id`),
  KEY `CUSTOMER_ENTITY_DECIMAL_ATTRIBUTE_ID` (`attribute_id`),
  KEY `CUSTOMER_ENTITY_DECIMAL_ENTITY_ID_ATTRIBUTE_ID_VALUE` (`entity_id`,`attribute_id`,`value`),
  CONSTRAINT `CUSTOMER_ENTITY_DECIMAL_ATTRIBUTE_ID_EAV_ATTRIBUTE_ATTRIBUTE_ID` FOREIGN KEY (`attribute_id`) REFERENCES `eav_attribute` (`attribute_id`) ON DELETE CASCADE,
  CONSTRAINT `CUSTOMER_ENTITY_DECIMAL_ENTITY_ID_CUSTOMER_ENTITY_ENTITY_ID` FOREIGN KEY (`entity_id`) REFERENCES `customer_entity` (`entity_id`) ON DELETE CASCADE
) ENGINE=InnoDB DEFAULT CHARSET=utf8 COMMENT='Customer Entity Decimal';

--
-- Dumping data for table `customer_entity_decimal`
--


--
-- Table structure for table `customer_entity_int`
--

CREATE TABLE `customer_entity_int` (
  `value_id` int(11) NOT NULL AUTO_INCREMENT COMMENT 'Value ID',
  `attribute_id` smallint(5) unsigned NOT NULL DEFAULT '0' COMMENT 'Attribute ID',
  `entity_id` int(10) unsigned NOT NULL DEFAULT '0' COMMENT 'Entity ID',
  `value` int(11) NOT NULL DEFAULT '0' COMMENT 'Value',
  PRIMARY KEY (`value_id`),
  UNIQUE KEY `CUSTOMER_ENTITY_INT_ENTITY_ID_ATTRIBUTE_ID` (`entity_id`,`attribute_id`),
  KEY `CUSTOMER_ENTITY_INT_ATTRIBUTE_ID` (`attribute_id`),
  KEY `CUSTOMER_ENTITY_INT_ENTITY_ID_ATTRIBUTE_ID_VALUE` (`entity_id`,`attribute_id`,`value`),
  CONSTRAINT `CUSTOMER_ENTITY_INT_ATTRIBUTE_ID_EAV_ATTRIBUTE_ATTRIBUTE_ID` FOREIGN KEY (`attribute_id`) REFERENCES `eav_attribute` (`attribute_id`) ON DELETE CASCADE,
  CONSTRAINT `CUSTOMER_ENTITY_INT_ENTITY_ID_CUSTOMER_ENTITY_ENTITY_ID` FOREIGN KEY (`entity_id`) REFERENCES `customer_entity` (`entity_id`) ON DELETE CASCADE
) ENGINE=InnoDB DEFAULT CHARSET=utf8 COMMENT='Customer Entity Int';

--
-- Dumping data for table `customer_entity_int`
--


--
-- Table structure for table `customer_entity_text`
--

CREATE TABLE `customer_entity_text` (
  `value_id` int(11) NOT NULL AUTO_INCREMENT COMMENT 'Value ID',
  `attribute_id` smallint(5) unsigned NOT NULL DEFAULT '0' COMMENT 'Attribute ID',
  `entity_id` int(10) unsigned NOT NULL DEFAULT '0' COMMENT 'Entity ID',
  `value` text NOT NULL COMMENT 'Value',
  PRIMARY KEY (`value_id`),
  UNIQUE KEY `CUSTOMER_ENTITY_TEXT_ENTITY_ID_ATTRIBUTE_ID` (`entity_id`,`attribute_id`),
  KEY `CUSTOMER_ENTITY_TEXT_ATTRIBUTE_ID` (`attribute_id`),
  CONSTRAINT `CUSTOMER_ENTITY_TEXT_ATTRIBUTE_ID_EAV_ATTRIBUTE_ATTRIBUTE_ID` FOREIGN KEY (`attribute_id`) REFERENCES `eav_attribute` (`attribute_id`) ON DELETE CASCADE,
  CONSTRAINT `CUSTOMER_ENTITY_TEXT_ENTITY_ID_CUSTOMER_ENTITY_ENTITY_ID` FOREIGN KEY (`entity_id`) REFERENCES `customer_entity` (`entity_id`) ON DELETE CASCADE
) ENGINE=InnoDB DEFAULT CHARSET=utf8 COMMENT='Customer Entity Text';

--
-- Dumping data for table `customer_entity_text`
--


--
-- Table structure for table `customer_entity_varchar`
--

CREATE TABLE `customer_entity_varchar` (
  `value_id` int(11) NOT NULL AUTO_INCREMENT COMMENT 'Value ID',
  `attribute_id` smallint(5) unsigned NOT NULL DEFAULT '0' COMMENT 'Attribute ID',
  `entity_id` int(10) unsigned NOT NULL DEFAULT '0' COMMENT 'Entity ID',
  `value` varchar(255) DEFAULT NULL COMMENT 'Value',
  PRIMARY KEY (`value_id`),
  UNIQUE KEY `CUSTOMER_ENTITY_VARCHAR_ENTITY_ID_ATTRIBUTE_ID` (`entity_id`,`attribute_id`),
  KEY `CUSTOMER_ENTITY_VARCHAR_ATTRIBUTE_ID` (`attribute_id`),
  KEY `CUSTOMER_ENTITY_VARCHAR_ENTITY_ID_ATTRIBUTE_ID_VALUE` (`entity_id`,`attribute_id`,`value`),
  CONSTRAINT `CUSTOMER_ENTITY_VARCHAR_ATTRIBUTE_ID_EAV_ATTRIBUTE_ATTRIBUTE_ID` FOREIGN KEY (`attribute_id`) REFERENCES `eav_attribute` (`attribute_id`) ON DELETE CASCADE,
  CONSTRAINT `CUSTOMER_ENTITY_VARCHAR_ENTITY_ID_CUSTOMER_ENTITY_ENTITY_ID` FOREIGN KEY (`entity_id`) REFERENCES `customer_entity` (`entity_id`) ON DELETE CASCADE
) ENGINE=InnoDB DEFAULT CHARSET=utf8 COMMENT='Customer Entity Varchar';

--
-- Dumping data for table `customer_entity_varchar`
--


--
-- Table structure for table `customer_form_attribute`
--

CREATE TABLE `customer_form_attribute` (
  `form_code` varchar(32) NOT NULL COMMENT 'Form Code',
  `attribute_id` smallint(5) unsigned NOT NULL COMMENT 'Attribute ID',
  PRIMARY KEY (`form_code`,`attribute_id`),
  KEY `CUSTOMER_FORM_ATTRIBUTE_ATTRIBUTE_ID` (`attribute_id`),
  CONSTRAINT `CUSTOMER_FORM_ATTRIBUTE_ATTRIBUTE_ID_EAV_ATTRIBUTE_ATTRIBUTE_ID` FOREIGN KEY (`attribute_id`) REFERENCES `eav_attribute` (`attribute_id`) ON DELETE CASCADE
) ENGINE=InnoDB DEFAULT CHARSET=utf8 COMMENT='Customer Form Attribute';

--
-- Dumping data for table `customer_form_attribute`
--

INSERT INTO `customer_form_attribute` VALUES ('adminhtml_customer',1),('adminhtml_customer',3),('adminhtml_customer',4),('customer_account_create',4),('customer_account_edit',4),('adminhtml_customer',5),('customer_account_create',5),('customer_account_edit',5),('adminhtml_customer',6),('customer_account_create',6),('customer_account_edit',6),('adminhtml_customer',7),('customer_account_create',7),('customer_account_edit',7),('adminhtml_customer',8),('customer_account_create',8),('customer_account_edit',8),('adminhtml_checkout',9),('adminhtml_customer',9),('customer_account_create',9),('customer_account_edit',9),('adminhtml_checkout',10),('adminhtml_customer',10),('adminhtml_checkout',11),('adminhtml_customer',11),('customer_account_create',11),('customer_account_edit',11),('adminhtml_checkout',17),('adminhtml_customer',17),('customer_account_create',17),('customer_account_edit',17),('adminhtml_customer',19),('customer_account_create',19),('customer_account_edit',19),('adminhtml_checkout',20),('adminhtml_customer',20),('customer_account_create',20),('customer_account_edit',20),('adminhtml_customer',21),('adminhtml_customer_address',22),('customer_address_edit',22),('customer_register_address',22),('adminhtml_customer_address',23),('customer_address_edit',23),('customer_register_address',23),('adminhtml_customer_address',24),('customer_address_edit',24),('customer_register_address',24),('adminhtml_customer_address',25),('customer_address_edit',25),('customer_register_address',25),('adminhtml_customer_address',26),('customer_address_edit',26),('customer_register_address',26),('adminhtml_customer_address',27),('customer_address_edit',27),('customer_register_address',27),('adminhtml_customer_address',28),('customer_address_edit',28),('customer_register_address',28),('adminhtml_customer_address',29),('customer_address_edit',29),('customer_register_address',29),('adminhtml_customer_address',30),('customer_address_edit',30),('customer_register_address',30),('adminhtml_customer_address',31),('customer_address_edit',31),('customer_register_address',31),('adminhtml_customer_address',32),('customer_address_edit',32),('customer_register_address',32),('adminhtml_customer_address',33),('customer_address_edit',33),('customer_register_address',33),('adminhtml_customer_address',34),('customer_address_edit',34),('customer_register_address',34),('adminhtml_customer_address',35),('customer_address_edit',35),('customer_register_address',35),('adminhtml_customer_address',36),('customer_address_edit',36),('customer_register_address',36),('adminhtml_customer',153);

--
-- Table structure for table `customer_grid_flat`
--

CREATE TABLE `customer_grid_flat` (
  `entity_id` int(10) unsigned NOT NULL COMMENT 'Entity ID',
  `name` text COMMENT 'Name',
  `email` varchar(255) DEFAULT NULL COMMENT 'Email',
  `group_id` int(11) DEFAULT NULL COMMENT 'Group_id',
  `created_at` timestamp NULL DEFAULT NULL COMMENT 'Created_at',
  `website_id` int(11) DEFAULT NULL COMMENT 'Website_id',
  `confirmation` varchar(255) DEFAULT NULL COMMENT 'Confirmation',
  `created_in` text COMMENT 'Created_in',
  `dob` date DEFAULT NULL COMMENT 'Dob',
  `gender` int(11) DEFAULT NULL COMMENT 'Gender',
  `taxvat` varchar(255) DEFAULT NULL COMMENT 'Taxvat',
  `lock_expires` timestamp NULL DEFAULT NULL COMMENT 'Lock_expires',
  `shipping_full` text COMMENT 'Shipping_full',
  `billing_full` text COMMENT 'Billing_full',
  `billing_firstname` varchar(255) DEFAULT NULL COMMENT 'Billing_firstname',
  `billing_lastname` varchar(255) DEFAULT NULL COMMENT 'Billing_lastname',
  `billing_telephone` varchar(255) DEFAULT NULL COMMENT 'Billing_telephone',
  `billing_postcode` varchar(255) DEFAULT NULL COMMENT 'Billing_postcode',
  `billing_country_id` varchar(255) DEFAULT NULL COMMENT 'Billing_country_id',
  `billing_region` varchar(255) DEFAULT NULL COMMENT 'Billing_region',
  `billing_region_id` int(11) DEFAULT NULL COMMENT 'Billing_region_id',
  `billing_street` varchar(255) DEFAULT NULL COMMENT 'Billing_street',
  `billing_city` varchar(255) DEFAULT NULL COMMENT 'Billing_city',
  `billing_fax` varchar(255) DEFAULT NULL COMMENT 'Billing_fax',
  `billing_vat_id` varchar(255) DEFAULT NULL COMMENT 'Billing_vat_id',
  `billing_company` varchar(255) DEFAULT NULL COMMENT 'Billing_company',
  PRIMARY KEY (`entity_id`),
  KEY `CUSTOMER_GRID_FLAT_GROUP_ID` (`group_id`),
  KEY `CUSTOMER_GRID_FLAT_CREATED_AT` (`created_at`),
  KEY `CUSTOMER_GRID_FLAT_WEBSITE_ID` (`website_id`),
  KEY `CUSTOMER_GRID_FLAT_CONFIRMATION` (`confirmation`),
  KEY `CUSTOMER_GRID_FLAT_DOB` (`dob`),
  KEY `CUSTOMER_GRID_FLAT_GENDER` (`gender`),
  KEY `CUSTOMER_GRID_FLAT_BILLING_COUNTRY_ID` (`billing_country_id`),
  FULLTEXT KEY `FTI_8746F705702DD5F6D45B8C7CE7FE9F2F` (`name`,`email`,`created_in`,`taxvat`,`shipping_full`,`billing_full`,`billing_firstname`,`billing_lastname`,`billing_telephone`,`billing_postcode`,`billing_region`,`billing_city`,`billing_fax`,`billing_company`)
) ENGINE=InnoDB DEFAULT CHARSET=utf8 COMMENT='customer_grid_flat';

--
-- Dumping data for table `customer_grid_flat`
--

INSERT INTO `customer_grid_flat` VALUES (1,'Magentech Magentech','cuongtd@ytcvn.com',1,'2020-12-16 04:30:15',1,NULL,'Default Store View',NULL,NULL,NULL,NULL,'Magentech Ha Noi 10000','Magentech Ha Noi 10000','Magentech','Magentech','123456789','10000','VN',NULL,0,'Magentech','Ha Noi',NULL,NULL,'Magentech'),(2,'admin admin','admin678@gmail.com',1,'2021-01-28 01:49:24',1,NULL,'English',NULL,NULL,NULL,NULL,'fgfgf fgfgfg 92126','fgfgf fgfgfg 92126','admin','admin','fgfgfgfg','92126','TT',NULL,0,'fgfgf','fgfgfg',NULL,NULL,NULL),(3,'jena nguyen','admin876@gmail.com',1,'2021-10-23 01:30:49',1,NULL,'Romania',NULL,NULL,NULL,NULL,'Hà Nội hanoi 98224','Hà Nội hanoi 98224','jena','nguyen','0347338465','98224','VN',NULL,0,'Hà Nội','hanoi',NULL,NULL,NULL),(4,'admin admin','admin45@gmail.com',1,'2022-01-04 09:33:48',1,NULL,'Yemen',NULL,NULL,NULL,NULL,'','',NULL,NULL,NULL,NULL,NULL,NULL,NULL,NULL,NULL,NULL,NULL,NULL),(5,'Katie Hamilton','katie.hamilton@punchout2go.com',1,'2022-04-27 15:47:18',1,NULL,'India',NULL,0,NULL,NULL,'3317 Berkmar Dr Charlottesville Virginia 22901','3317 Berkmar Dr Charlottesville Virginia 22901','Katie','Hamilton','4028050785','22901','US','Virginia',61,'3317 Berkmar Dr','Charlottesville',NULL,NULL,'PO2GO'),(6,'Brianna LaCasse','brianna.lacasse@punchout2go.com',1,'2022-04-27 18:09:59',1,NULL,'India',NULL,0,NULL,NULL,'','',NULL,NULL,NULL,NULL,NULL,NULL,NULL,NULL,NULL,NULL,NULL,NULL),(7,'Rebecca Anderson','rebecca.anderson@punchout2go.com',1,'2022-04-27 23:54:01',1,NULL,'India',NULL,0,NULL,NULL,'','',NULL,NULL,NULL,NULL,NULL,NULL,NULL,NULL,NULL,NULL,NULL,NULL),(8,'Tucker Gregg','tucker.gregg@punchout2go.com',1,'2022-04-28 15:33:40',1,NULL,'India',NULL,0,NULL,NULL,'','',NULL,NULL,NULL,NULL,NULL,NULL,NULL,NULL,NULL,NULL,NULL,NULL),(9,'Bobby Pearson','bobby@punchout2go.com',1,'2022-05-06 20:10:18',1,NULL,'India',NULL,0,NULL,NULL,'','',NULL,NULL,NULL,NULL,NULL,NULL,NULL,NULL,NULL,NULL,NULL,NULL),(10,'Carol Njama','Carol.Njama@punchout2go.com',1,'2022-05-24 23:37:20',1,NULL,'India',NULL,0,NULL,NULL,'','',NULL,NULL,NULL,NULL,NULL,NULL,NULL,NULL,NULL,NULL,NULL,NULL),(11,'Steve Mullins','steve.mullins@punchout2go.com',1,'2022-05-26 18:30:50',1,NULL,'India',NULL,0,NULL,NULL,'','',NULL,NULL,NULL,NULL,NULL,NULL,NULL,NULL,NULL,NULL,NULL,NULL),(12,'Punchout User No Last Name','catalog_tester@ariba.com',1,'2022-06-02 00:49:31',1,NULL,'India',NULL,0,NULL,NULL,'','',NULL,NULL,NULL,NULL,NULL,NULL,NULL,NULL,NULL,NULL,NULL,NULL),(13,'Punchout User No Last Name','sujitprusti@google.com',1,'2022-06-02 15:02:35',1,NULL,'India',NULL,0,NULL,NULL,'','',NULL,NULL,NULL,NULL,NULL,NULL,NULL,NULL,NULL,NULL,NULL,NULL),(14,'Punchout User No Last Name','manusingh@google.com',1,'2022-06-02 15:29:33',1,NULL,'India',NULL,0,NULL,NULL,'','',NULL,NULL,NULL,NULL,NULL,NULL,NULL,NULL,NULL,NULL,NULL,NULL),(15,'Ashish Bubne','ashish.bubne@rahisystems.com',1,'2022-06-02 15:57:06',1,NULL,'India',NULL,0,NULL,NULL,'','',NULL,NULL,NULL,NULL,NULL,NULL,NULL,NULL,NULL,NULL,NULL,NULL),(16,'Mounika Alla','mounika.a@rahisystems.com',1,'2022-06-02 16:56:40',1,NULL,'India',NULL,NULL,NULL,NULL,'','',NULL,NULL,NULL,NULL,NULL,NULL,NULL,NULL,NULL,NULL,NULL,NULL),(18,'Punchout User','aribatestall@gmail.com',1,'2022-06-08 19:13:13',1,NULL,'India',NULL,NULL,NULL,NULL,'','',NULL,NULL,NULL,NULL,NULL,NULL,NULL,NULL,NULL,NULL,NULL,NULL),(19,'Punchout User','aribatestall-uat-venkannadoraa@gmail.com',1,'2022-06-09 16:41:32',1,NULL,'India',NULL,NULL,NULL,NULL,'','',NULL,NULL,NULL,NULL,NULL,NULL,NULL,NULL,NULL,NULL,NULL,NULL),(20,'Jason Wynn','Jason.Wynn@punchout2go.com',1,'2022-06-13 19:36:59',1,NULL,'India',NULL,NULL,NULL,NULL,'','',NULL,NULL,NULL,NULL,NULL,NULL,NULL,NULL,NULL,NULL,NULL,NULL),(21,'Elliott Karlinsky','elliott.karlinsky@punchout2go.com',1,'2022-06-21 13:03:10',1,NULL,'India',NULL,NULL,NULL,NULL,'','',NULL,NULL,NULL,NULL,NULL,NULL,NULL,NULL,NULL,NULL,NULL,NULL),(22,'John Jertson','john.jertson@punchout2go.com',1,'2022-06-22 18:02:59',1,NULL,'India',NULL,NULL,NULL,NULL,'','',NULL,NULL,NULL,NULL,NULL,NULL,NULL,NULL,NULL,NULL,NULL,NULL),(23,'Elliott Karlinsky','elliott.karlinsky@tradecentric.com',1,'2022-06-28 14:07:10',1,NULL,'India',NULL,NULL,NULL,NULL,'','',NULL,NULL,NULL,NULL,NULL,NULL,NULL,NULL,NULL,NULL,NULL,NULL),(24,'Punchout User','robbiny@google.com',1,'2022-06-28 20:12:38',1,NULL,'India',NULL,NULL,NULL,NULL,'','',NULL,NULL,NULL,NULL,NULL,NULL,NULL,NULL,NULL,NULL,NULL,NULL),(25,'Tejas Ambole','tejas.ambole@rahisystems.com',1,'2022-06-30 06:26:57',1,NULL,'India',NULL,NULL,NULL,NULL,'','',NULL,NULL,NULL,NULL,NULL,NULL,NULL,NULL,NULL,NULL,NULL,NULL),(26,'Punchout User','aribatestall-uat-ankurjai@gmail.com',1,'2022-07-06 20:12:52',1,NULL,'India',NULL,NULL,NULL,NULL,'','',NULL,NULL,NULL,NULL,NULL,NULL,NULL,NULL,NULL,NULL,NULL,NULL),(27,'Steve Mullins','steve.mullins@tradecentric.com',1,'2022-07-14 18:16:08',1,NULL,'India',NULL,NULL,NULL,NULL,'','',NULL,NULL,NULL,NULL,NULL,NULL,NULL,NULL,NULL,NULL,NULL,NULL),(28,'Punchout User','aribatestall-uat-harishmu@gmail.com',1,'2022-07-15 13:42:06',1,NULL,'India',NULL,NULL,NULL,NULL,'','',NULL,NULL,NULL,NULL,NULL,NULL,NULL,NULL,NULL,NULL,NULL,NULL),(29,'Abhijeet Dhara','abhijeet.dhara@rahisystems.com',1,'2022-07-20 06:53:29',1,NULL,'India',NULL,NULL,NULL,NULL,'','',NULL,NULL,NULL,NULL,NULL,NULL,NULL,NULL,NULL,NULL,NULL,NULL),(30,'Tucker Gregg','tucker.gregg@tradecentric.com',1,'2022-07-20 19:31:53',1,NULL,'India',NULL,NULL,NULL,NULL,'','',NULL,NULL,NULL,NULL,NULL,NULL,NULL,NULL,NULL,NULL,NULL,NULL),(31,'Kaustubh Borate','kaustubh.borate@rahisystems.com',1,'2022-07-29 13:09:42',1,NULL,'India',NULL,NULL,NULL,NULL,'','',NULL,NULL,NULL,NULL,NULL,NULL,NULL,NULL,NULL,NULL,NULL,NULL),(32,'Sumit Nautiyal','sumit.nautiyal@rahisystems.com',1,'2022-07-29 13:34:44',1,NULL,'India',NULL,NULL,NULL,NULL,'','',NULL,NULL,NULL,NULL,NULL,NULL,NULL,NULL,NULL,NULL,NULL,NULL),(33,'Thomas Davis','thomas.davis@tradecentric.com',1,'2022-07-29 15:36:45',1,NULL,'India',NULL,NULL,NULL,NULL,'','',NULL,NULL,NULL,NULL,NULL,NULL,NULL,NULL,NULL,NULL,NULL,NULL),(34,'Akshay Satbhai','akshay.satbhai@rahisystems.com',1,'2022-08-02 08:47:53',1,NULL,'India',NULL,NULL,NULL,NULL,'','',NULL,NULL,NULL,NULL,NULL,NULL,NULL,NULL,NULL,NULL,NULL,NULL),(35,'Kevin Chemparathy','kevin.chemparathy@rahisystems.com',1,'2022-08-03 17:07:54',1,NULL,'India',NULL,NULL,NULL,NULL,'4 fremont fremont California 94538','4 fremont fremont California 94538','Kevin','Chemparathy','2581342581','94538','US','California',12,'4 fremont','fremont',NULL,NULL,NULL),(36,'bhavya seth','bhavya.seth@rahisystems.com',1,'2022-08-03 17:09:03',1,NULL,'India',NULL,NULL,NULL,NULL,'fremont fremont California 94538','fremont fremont California 94538','bhavya','seth','4088879244','94538','US','California',12,'fremont','fremont',NULL,NULL,'google'),(37,'fengran huang','fengran.huang@rahisystems.com',1,'2022-08-03 17:10:30',1,NULL,'India',NULL,NULL,NULL,NULL,'','',NULL,NULL,NULL,NULL,NULL,NULL,NULL,NULL,NULL,NULL,NULL,NULL),(38,'Ashish bubne','bubneashish@gmail.com',1,'2022-08-04 09:44:05',1,NULL,'India',NULL,NULL,NULL,NULL,'','',NULL,NULL,NULL,NULL,NULL,NULL,NULL,NULL,NULL,NULL,NULL,NULL);

--
-- Table structure for table `customer_group`
--

CREATE TABLE `customer_group` (
  `customer_group_id` int(10) unsigned NOT NULL AUTO_INCREMENT,
  `customer_group_code` varchar(32) NOT NULL COMMENT 'Customer Group Code',
  `tax_class_id` int(10) unsigned NOT NULL DEFAULT '0' COMMENT 'Tax Class ID',
  PRIMARY KEY (`customer_group_id`)
) ENGINE=InnoDB AUTO_INCREMENT=4 DEFAULT CHARSET=utf8 COMMENT='Customer Group';

--
-- Dumping data for table `customer_group`
--

INSERT INTO `customer_group` VALUES (0,'NOT LOGGED IN',3),(1,'General',3),(2,'Wholesale',3),(3,'Retailer',3);

--
-- Table structure for table `customer_group_excluded_website`
--

CREATE TABLE `customer_group_excluded_website` (
  `entity_id` int(10) unsigned NOT NULL AUTO_INCREMENT,
  `customer_group_id` int(10) unsigned NOT NULL COMMENT 'Customer Group ID',
  `website_id` smallint(5) unsigned NOT NULL COMMENT 'Excluded Website ID from Customer Group',
  PRIMARY KEY (`entity_id`),
  KEY `CUSTOMER_GROUP_EXCLUDED_WEBSITE_CUSTOMER_GROUP_ID_WEBSITE_ID` (`customer_group_id`,`website_id`)
) ENGINE=InnoDB DEFAULT CHARSET=utf8 COMMENT='Excluded Websites From Customer Group';

--
-- Dumping data for table `customer_group_excluded_website`
--


--
-- Table structure for table `customer_log`
--

CREATE TABLE `customer_log` (
  `log_id` int(11) NOT NULL AUTO_INCREMENT COMMENT 'Log ID',
  `customer_id` int(11) NOT NULL COMMENT 'Customer ID',
  `last_login_at` timestamp NULL DEFAULT NULL COMMENT 'Last Login Time',
  `last_logout_at` timestamp NULL DEFAULT NULL COMMENT 'Last Logout Time',
  PRIMARY KEY (`log_id`),
  UNIQUE KEY `CUSTOMER_LOG_CUSTOMER_ID` (`customer_id`)
) ENGINE=InnoDB AUTO_INCREMENT=385 DEFAULT CHARSET=utf8 COMMENT='Customer Log Table';

--
-- Dumping data for table `customer_log`
--

INSERT INTO `customer_log` VALUES (1,1,'2021-12-16 03:28:38','2021-12-16 03:30:10'),(12,2,'2021-01-28 09:34:58',NULL),(68,3,'2021-10-23 01:30:50',NULL),(74,4,'2022-01-04 09:33:49',NULL),(75,5,'2022-05-09 14:00:59','2022-05-09 14:01:19'),(78,6,'2022-04-27 21:04:14',NULL),(88,7,'2022-05-04 17:51:47','2022-05-04 17:52:16'),(90,8,'2022-06-03 16:22:45','2022-06-02 15:32:30'),(125,9,'2022-06-07 12:46:17','2022-05-06 20:13:46'),(140,10,'2022-06-02 19:29:56','2022-05-24 23:38:01'),(142,11,'2022-05-26 18:30:51',NULL),(143,12,'2022-06-02 00:49:32',NULL),(144,13,'2022-07-25 17:59:15','2022-06-02 15:12:07'),(152,14,'2022-08-05 13:07:57',NULL),(155,15,'2022-08-10 07:15:47','2022-06-02 15:57:57'),(157,16,'2022-08-10 16:55:29','2022-08-04 22:16:39'),(173,18,'2022-08-08 20:28:38',NULL),(176,19,'2022-06-23 18:22:56',NULL),(181,20,'2022-06-13 19:37:00',NULL),(184,21,'2022-06-22 17:45:25',NULL),(188,22,'2022-06-22 18:07:38',NULL),(199,23,'2022-06-28 14:08:03',NULL),(200,24,'2022-08-02 20:02:49',NULL),(210,25,'2022-06-30 06:26:57',NULL),(211,26,'2022-07-06 20:28:14',NULL),(220,27,'2022-08-02 20:00:25',NULL),(222,28,'2022-07-15 16:04:15',NULL),(230,29,'2022-08-01 11:42:07',NULL),(239,30,'2022-07-20 19:31:54',NULL),(242,31,'2022-08-05 10:17:36','2022-08-04 11:14:44'),(243,32,'2022-08-05 10:16:19',NULL),(245,33,'2022-07-29 15:42:55',NULL),(262,34,'2022-08-05 10:12:55',NULL),(269,35,'2022-08-10 00:45:56','2022-08-10 00:46:20'),(270,36,'2022-08-04 20:05:55',NULL),(271,37,'2022-08-04 16:06:59','2022-08-03 17:11:27'),(284,38,'2022-08-04 09:44:05',NULL);

--
-- Table structure for table `customer_visitor`
--

CREATE TABLE `customer_visitor` (
  `visitor_id` bigint(20) unsigned NOT NULL AUTO_INCREMENT COMMENT 'Visitor ID',
  `customer_id` int(11) DEFAULT NULL COMMENT 'Customer ID',
  `session_id` varchar(64) DEFAULT NULL COMMENT 'Session ID',
  `last_visit_at` timestamp NOT NULL DEFAULT CURRENT_TIMESTAMP ON UPDATE CURRENT_TIMESTAMP COMMENT 'Last Visit Time',
  PRIMARY KEY (`visitor_id`),
  KEY `CUSTOMER_VISITOR_CUSTOMER_ID` (`customer_id`),
  KEY `CUSTOMER_VISITOR_LAST_VISIT_AT` (`last_visit_at`)
) ENGINE=InnoDB AUTO_INCREMENT=724 DEFAULT CHARSET=utf8 COMMENT='Visitor Table';

--
-- Dumping data for table `customer_visitor`
--

INSERT INTO `customer_visitor` VALUES (1,1,'0o9v439m1iu2pn3c7vbcg2eb2a','2020-12-16 04:30:13'),(2,1,'0v5l0vo3tggbmiiaq53b7are4h','2020-12-16 07:09:29'),(3,1,'mpevd32nqa9vji0egaothrh1tv','2020-12-16 08:03:11'),(4,1,'q7arq4h4os0n88e6sk946n5avd','2020-12-17 02:18:07'),(5,NULL,'hvl0jdlhh3fn7gfht83bv02o2d','2021-01-16 07:15:25'),(6,NULL,'2airuc0odlmo784o64if1dhkme','2021-01-18 04:52:33'),(7,NULL,'5f8uqofm55ju76la26501eta27','2021-01-19 04:54:41'),(8,NULL,'ph1iiv0u4i6c59lv7ovcb0u97a','2021-01-19 07:03:02'),(9,NULL,'iae31h7kh17apcsibd9mbprta5','2021-01-19 09:32:59'),(10,1,'5m4ib7iek4c69831hhr7lgd1jf','2021-01-20 02:37:07'),(11,NULL,'qmf8i8l5h79d64tulp0i7hoqte','2021-01-20 04:05:08'),(12,NULL,'om2l15cojn43r7iie9e031ja90','2021-01-20 06:50:00'),(13,1,'5ag9v4ijmob5vqkr94v8guv09k','2021-01-20 10:16:14'),(14,NULL,'tidfme0tgtenmeudka3d04cebn','2021-01-22 04:45:25'),(15,NULL,'ch0dmskpd82vv1ct2ar35scicp','2021-01-22 08:30:58'),(16,NULL,'32gtf4tdpnfan0dms0eal0n237','2021-01-25 02:00:30'),(17,NULL,'mv2um49plqsnhk6n1n8krbmk1t','2021-01-25 10:28:23'),(18,NULL,'m0o73stdujnr3p74t6sp0rloqt','2021-01-26 03:20:44'),(19,NULL,'fae0dgvkr2bvt4im1bmbidqrt4','2021-01-26 10:05:35'),(20,1,'0j8c7a2aoiuhpf5ilq5rkjouos','2021-01-27 05:01:01'),(21,NULL,'lmh7p3gj4mcsnntmvcgtbucsqd','2021-01-27 06:46:08'),(22,NULL,'lmh7p3gj4mcsnntmvcgtbucsqd','2021-01-27 09:37:40'),(23,NULL,'ivpmau4c21cirf1jr53eu5gfkt','2021-01-27 09:26:18'),(24,NULL,'3n0f9l7j9qcb3sh6sa20a74usq','2021-01-27 09:48:47'),(25,NULL,'lb0ohe9vkmcs7fre32ggjtra0d','2021-01-27 10:00:13'),(26,NULL,'eafvj1vqtiug5qeqn2n4encbij','2021-01-27 10:08:17'),(27,2,'3q4vlbjffbodoc1qdngia83og8','2021-01-28 02:26:34'),(28,NULL,'5h0atlk34qjbk4og4qjicv526o','2021-01-28 04:22:13'),(29,2,'1ov27amo1clq35940clbc65emv','2021-01-28 02:47:30'),(30,1,'m086t85mip5kh7n07spdr5h6f0','2021-01-28 08:47:25'),(31,2,'33vg9k3l7glv369pouv02e6rkd','2021-01-28 09:36:06'),(32,NULL,'vp5eg06b4s25u8g0hms1k48mp8','2021-01-28 09:33:42'),(33,NULL,'q4m8170pjdhhe5koc3kse9ujf0','2021-01-28 09:34:10'),(34,NULL,'q4m8170pjdhhe5koc3kse9ujf0','2021-01-28 10:22:22'),(35,NULL,'skb1uphv7u47de4u9p1dv3a9tu','2021-01-28 10:22:32'),(36,NULL,'sbjmn4vtamd4il43oj4h69dq99','2021-01-28 10:29:16'),(37,NULL,'plckklmi3v8a7ujpfhcqc715qr','2021-03-01 03:16:28'),(38,NULL,'oelengufqaicek5p3b2d0rdsqj','2021-04-12 04:51:05'),(39,NULL,'hvmbkd1c4ree2elpshli2kdkl5','2021-04-12 10:02:35'),(40,1,'fheoqmn8hpu1fd4mika2188gr4','2021-04-13 03:24:44'),(41,1,'d1hlvt7fb7d8agnrsfksbsn5k4','2021-04-13 04:57:15'),(42,NULL,'mtu4csivbiho3lr3rfl0tuj64r','2021-04-13 09:23:28'),(43,NULL,'16ght8ivjk0ltqembk8gp67j0q','2021-04-16 03:26:39'),(44,NULL,'2s02dtvif1afsec816vhd4gp4m','2021-04-16 08:31:21'),(45,NULL,'2s02dtvif1afsec816vhd4gp4m','2021-04-16 09:23:37'),(46,NULL,'u1qfpir524b4rvh8qc7dr64t4b','2021-04-19 04:59:28'),(47,NULL,'utfco9pbl89c3c48trec3mq69t','2021-04-19 09:20:06'),(48,NULL,'e0o3a1o0pkmnhobosong4fhv6b','2021-04-20 08:09:47'),(49,NULL,'84krt7eejga5ev76lmevjurh69','2021-04-22 04:08:46'),(50,NULL,'ulk6hv21ioeru96uu5vebbrvd2','2021-04-22 10:16:38'),(51,NULL,'5ummltdf4nd9bar4jqacdu8ree','2021-04-22 06:52:05'),(52,NULL,'v0469nrs8iak93a101fahgf0is','2021-04-23 01:48:15'),(53,1,'cmfuappcm5oerdr6421ket25a0','2021-04-23 04:41:00'),(54,3,'ucuk4tfv808p5t0v0ld075lgsq','2021-12-16 09:18:14'),(55,NULL,'e2h67jfc5vrmkdv3vr15o4t2t8','2021-04-24 04:13:29'),(56,NULL,'8l1reeg63mg3fqd7shl2e7ioht','2021-04-24 10:07:57'),(57,NULL,'bbcanc5tb9ki67cbu6m07if4h0','2021-04-26 04:59:55'),(58,NULL,'ve0p01rrsenr4bp80dkfl2nbq8','2021-04-26 07:17:59'),(59,NULL,'mgoabktnop4opjs9tos8kcuas8','2021-04-28 02:48:42'),(60,NULL,'aqv6mdshe3qkuoe3m0vrh0u6jm','2021-04-28 02:49:49'),(61,NULL,'bm7okgi27d4q25dpsijm25u5g8','2021-04-28 02:58:34'),(62,NULL,'ot5kanem2ggmniq63po6ujre0b','2021-04-28 03:11:18'),(63,NULL,'gv9nc0bi164r389j6vevq088of','2021-04-28 03:14:29'),(64,NULL,'8970kdqqs0e8k5blu5l2jtkbl0','2021-04-28 03:15:56'),(65,NULL,'bbd00vs5qmno2poqtcg5mkfeq7','2021-04-28 03:27:38'),(66,1,'i8immqid9n74hc97vnn4r0quqa','2021-04-28 03:28:20'),(67,1,'7l1uc0r96ed4sesk553f8fd4ud','2021-04-28 03:31:34'),(68,1,'5siqamdebl3kvj8rocesnnllpa','2021-04-28 03:32:13'),(69,NULL,'kpq1n9231b44h3vor8gso5tgoa','2021-04-28 03:33:16'),(70,NULL,'djfihkii4qhegvqr9vmv1duv5d','2021-04-28 03:34:38'),(71,NULL,'t70mt0ivdn1haqem6d8phul2kt','2021-04-28 03:39:29'),(72,NULL,'817q0hp9l4q60r17p21jgbov6e','2021-04-28 03:40:57'),(73,NULL,'ce1rk80ftma64eg13mpieknfnl','2021-04-28 03:56:39'),(74,NULL,'fqln4v210t0jpt1k8nn4asgbrb','2021-04-28 04:40:27'),(75,NULL,'emiq120es7e3737r0b58vl39ba','2021-04-28 04:53:38'),(76,NULL,'ukd8f2uilm438q4ljriftgmml7','2021-04-28 04:54:10'),(77,NULL,'deeb567lh6e1kj2qapf8h84346','2021-04-28 04:57:58'),(78,NULL,'3tf51udo7us9rqg85kn1nbn4mp','2021-04-28 07:17:21'),(79,NULL,'khfclpo3t6meu55rcqfog6gr2g','2021-04-28 07:19:08'),(80,NULL,'2ctbvpsuosucls4t88gt7a2a1q','2021-05-07 04:44:19'),(81,1,'sur1rbafl1ij5jepnme3b563ru','2021-05-07 07:25:23'),(82,NULL,'ljabu6uivufprfg7ntoqcfb8et','2021-05-24 01:53:48'),(83,NULL,'j3ejp8kt776kao2qecbif9lpun','2021-05-24 05:01:05'),(84,NULL,'iocms90mmmnfbm1m2h7jsd9cdr','2021-05-24 08:46:14'),(85,NULL,'76u2q5sjigarfrkosi7n072mm7','2021-05-25 07:24:27'),(86,NULL,'cg00l9utp7f5j1id8adh56c3rs','2021-05-26 01:53:08'),(87,NULL,'cg00l9utp7f5j1id8adh56c3rs','2021-05-26 04:18:02'),(88,NULL,'75aifm02mditqhb80vvhu9vg1o','2021-05-26 07:51:24'),(89,NULL,'ou0lccsb62lngam6j69jusvtgv','2021-05-27 02:18:20'),(90,NULL,'blqminp3clf3h8cdsu7gbs2vo2','2021-05-27 09:56:14'),(91,NULL,'j61qjen8qdfro6vpr0ds9uh393','2021-05-28 02:03:33'),(92,NULL,'hsgch00rohjo7kj5ki4bh9qmav','2021-05-28 04:03:00'),(93,NULL,'mceqrc454q1bmju3ip2r7vv1kg','2021-05-28 08:17:57'),(94,NULL,'s41jtu543j0usq17anvkp7mui7','2021-05-28 10:04:19'),(95,NULL,'87mu9p83a2qfnjup7ln4li3g3e','2021-05-31 02:15:26'),(96,NULL,'tq3m84q407nbno1ms1nitskqp9','2021-05-31 04:41:40'),(97,1,'spgvevb1q9hlj7lskk57ghmffe','2021-05-31 10:13:38'),(98,NULL,'svihko5seu8eh0hpr6f808741a','2021-06-01 01:55:57'),(99,NULL,'d9bo0tcsjamj47ttt7p342clsa','2021-06-02 03:23:55'),(100,1,'53ujhjlmopihf7qj4nhagc54oq','2021-06-02 05:23:11'),(101,NULL,'oq12ljt25m8man5k3ps2kih53j','2021-06-02 07:03:58'),(102,NULL,'hp7visukppj14rmsoh29vg0efn','2021-06-02 10:10:00'),(103,NULL,'f8gvgusksci591t2hi8bqu1t7s','2021-06-04 04:16:22'),(104,NULL,'2pchrmf7jp4erj9tngilor4sjs','2021-06-04 06:58:43'),(105,NULL,'mdsussqgg027h6qfathrk3j8dt','2021-06-04 09:36:21'),(106,NULL,'3eudhjg3cedp55vmt3qbt6bq1m','2021-06-05 02:53:23'),(107,NULL,'40kbqabn7o80ornqh2hk799aq8','2021-06-05 06:58:19'),(108,NULL,'70uktm1nf5tnv4og37calht1cq','2021-06-07 04:44:40'),(109,NULL,'nu685gcidejs955ok6a9a6tb3t','2021-06-07 07:31:34'),(110,NULL,'nu685gcidejs955ok6a9a6tb3t','2021-06-07 09:02:36'),(111,NULL,'cb29t1rd66670s7md8mfqfer0n','2021-06-08 03:59:37'),(112,1,'brfdc33s6dcj8qvb9oa1bipmv4','2021-06-08 08:19:33'),(113,NULL,'cldcc1u6athnf8btrtuimgn5op','2021-06-09 03:55:12'),(114,NULL,'nndqjn6icnnv299kaikcj18lbg','2021-06-10 03:51:19'),(115,NULL,'i5v3ar3u961skh8j50iumga1ju','2021-06-10 07:28:29'),(116,NULL,'9netqfmn9b5e8ma0s7p8k6ihf6','2021-06-11 04:19:15'),(117,NULL,'lnpfquqqv9ihjp9rrjdgdhrq49','2021-06-11 08:03:59'),(118,NULL,'4mr56kfbdi8sdiubdf59f97c92','2021-06-14 01:48:27'),(119,NULL,'2hgfp68ce4ja1ds91sav4rp3ac','2021-06-14 01:48:27'),(120,1,'1p35uob21cm86jk5m58t7gd2f3','2021-06-14 08:57:06'),(121,1,'hq4daucsk9qleivvnadn4ihu64','2021-06-14 10:09:32'),(122,NULL,'nkbks1bdr6ifdg3s2p869f9nig','2021-06-15 04:19:07'),(123,NULL,'dh5cjrah18lddgc9d0stosjukb','2021-06-15 08:27:59'),(124,NULL,'u88tcc4icae90s3fptotodd5h6','2021-06-16 01:39:54'),(125,NULL,'fs93abat2a5dvjcqfj3non3872','2021-06-16 07:38:08'),(126,NULL,'et70d56iovhds2ee3nfaj0f47q','2021-06-19 03:26:26'),(127,NULL,'et70d56iovhds2ee3nfaj0f47q','2021-06-19 04:31:16'),(128,NULL,'kghvui37f8q05tbpnk8j067cda','2021-06-19 08:56:47'),(129,1,'uogumd1m5eccetdbp0sl61grhk','2021-06-21 04:20:10'),(130,NULL,'s3i5j6ndvn707ntltvifd77psm','2021-06-21 07:01:46'),(131,NULL,'v1vv8mihce1mc0msap7d1aeuk0','2021-06-22 01:45:22'),(132,NULL,'lals6i6svg7ii1754vhohbgipl','2021-06-22 04:22:51'),(133,NULL,'4eq099e7emcuk0bqpj1j0ft6rg','2021-06-23 03:36:59'),(134,NULL,'ab7k41nloht9rc66phbeg06vho','2021-06-23 08:13:40'),(135,NULL,'2ocbobp78felrbctim3fd9l5j6','2021-07-01 08:55:17'),(136,NULL,'l3iu7sc2rqfb140lfvh1mfuqht','2021-07-01 10:34:54'),(137,NULL,'b4ivgaq1ct9kfabi84k4eqmqta','2021-07-02 05:00:48'),(138,NULL,'s8p4qpgea341vk76fpjn9jgmc7','2021-07-02 10:13:52'),(139,NULL,'l85p5ei21rgmtcd4dctd69qvb4','2021-07-03 04:29:36'),(140,NULL,'30ao9u2o9ccg1usqbgte03iql0','2021-07-03 07:36:00'),(141,NULL,'pnlrd2gt1qtgdru63bfhdd0prn','2021-07-03 07:37:45'),(142,NULL,'1ho5o96dsp7o45rcksinbg4flu','2021-07-03 07:37:26'),(143,NULL,'iu1l95v42ha8bo005600irm8t4','2021-07-14 04:22:42'),(144,NULL,'5bjq35qng0bvkf7c1oqultm8n0','2021-07-14 10:12:20'),(145,NULL,'a11rnlcooat7l6r2aeqs0n3co0','2021-07-15 01:38:38'),(146,NULL,'3jppjdjbu7hgclbncs2om312ia','2021-07-15 02:40:41'),(147,NULL,'ag1v2tj3ku4cg3da28f1cc5kce','2021-07-15 04:15:04'),(148,1,'116mlusmbpvrbn6850r61ioq4t','2021-07-15 10:05:14'),(149,NULL,'am16dumggenal1d8mr76dgqda7','2021-07-16 02:55:46'),(150,NULL,'lsj95bsdd88tl3cq18u3qdj5es','2021-07-16 04:23:19'),(151,1,'284dartppe5jo1vu9kesphjfkc','2021-07-16 07:29:11'),(152,NULL,'5lq04tqcfldc2oqq81kpnfinbc','2021-07-17 04:40:46'),(153,1,'juqabag6qs80enk5riar4svnad','2021-07-17 10:30:58'),(154,NULL,'j9uaqpfqrgubqfkjkfmkuhk0pv','2021-07-19 03:08:28'),(155,NULL,'jp2a1fklcbeo24vuv2p5pe5os8','2021-07-19 10:47:02'),(156,NULL,'hbph93gv4ga9i2tfsslcj6dub6','2021-07-20 04:20:55'),(157,NULL,'3guvgvo5akg678lp61d7arjt4u','2021-07-20 07:42:16'),(158,NULL,'tu2n7r8gvtttrqndlh3a7g53fp','2021-07-22 02:41:28'),(159,NULL,'0dfsrt3cogsereqlkr91gc8jnt','2021-07-22 04:23:04'),(160,NULL,'tepkmoudntoo5csn0qqtn163qb','2021-07-22 09:00:51'),(161,NULL,'cbu4e3svls2vk02jpl009qeong','2021-07-22 10:37:56'),(162,1,'fgm65700sqhk8qrtvmae76qmaa','2021-07-23 03:41:58'),(163,NULL,'gmmn43mflbso4etfgd2sm63t2u','2021-07-23 08:35:38'),(164,NULL,'qjll3a7h5e0l4b920rual2aojf','2021-07-26 01:25:55'),(165,NULL,'8b2p41dcvcnkveqn2jf93ft3kg','2021-07-26 10:43:12'),(166,1,'aknd7hv6p7vjkebdm3oe7vs8jm','2021-07-27 06:41:04'),(167,1,'fvq9u2jodq407vcpck5mnsgruf','2021-07-27 08:51:49'),(168,NULL,'s470v5mo2t27jiht0drkga38oh','2021-07-28 02:36:01'),(169,NULL,'8e4vqvk656rurjsde5tre1n3e9','2021-07-28 06:40:04'),(170,NULL,'gnravit65s2c6d5ctl8ku2ijva','2021-07-29 06:35:38'),(171,NULL,'mu8k71492e7cpjkh17sk5dj4pt','2021-07-29 07:01:54'),(172,NULL,'fmvq0f8qbmonoejd71ik85a3po','2021-07-30 01:52:46'),(173,NULL,'skdviq6k6fup2nmaq7el6tndp3','2021-07-30 03:19:21'),(174,NULL,'cjgn182rjb14ik78gcf3af9kge','2021-07-30 06:48:59'),(175,NULL,'bon9uefpmgl53ff7hqagdfdgr4','2021-07-30 12:45:17'),(176,NULL,'soaka8n04hm9lgukrk62mnie0k','2021-07-31 01:32:06'),(177,NULL,'esis01r02m5bvn4uiuv4nn6imu','2021-07-31 09:21:24'),(178,NULL,'c9emd47mmcc7tgf4v3r6suuqom','2021-08-02 03:54:39'),(179,1,'gii7qnip4g049g9pei0gord3jq','2021-08-02 10:38:11'),(180,NULL,'q504ub3bhj7er9hcfrif9joed4','2021-08-03 04:28:38'),(181,NULL,'3t6iie5p6iutpq9nmbuqon6shp','2021-08-03 09:37:00'),(182,NULL,'lfp5ud11esfqihhmrl0lcqg8t5','2021-08-04 04:55:54'),(183,NULL,'qqfshr2u3pia0q0lslcsf5fpd6','2021-08-04 08:29:59'),(184,NULL,'e6annrt224i7lia7ja9oubrcg8','2021-08-05 04:46:31'),(185,NULL,'sppa8fiu70m1jdnshe4c3i76gc','2021-08-05 08:32:50'),(186,NULL,'u3v6hnn9tn5tukdc2j9ra4402n','2021-08-05 10:06:27'),(187,1,'j1lkm0ike2h58scks7fqv5bida','2021-08-06 03:04:26'),(188,NULL,'b6ibr630nm2t3o0fks8cmlq6tk','2021-08-06 07:00:38'),(189,NULL,'39grmm8ddl1imfafrkh378mos6','2021-08-09 02:36:37'),(190,NULL,'rnjkikdnouf3hccvmc54q1931o','2021-08-11 02:17:30'),(191,NULL,'6hjcft7r45scuruid6289cp6n1','2021-08-12 01:33:54'),(192,NULL,'bkj4ag7fesafo79iuaqud6ronp','2021-08-13 04:36:06'),(193,NULL,'hdvtpcmpdmqf9a6vs7asmjnvs0','2021-08-13 08:31:48'),(194,NULL,'uri8732icipas3b32a6cr9r901','2021-08-16 05:01:46'),(195,NULL,'c0prabfmkvb5eidd92ekh8c3le','2021-08-16 08:18:33'),(196,NULL,'lda4sq8gkq2o2q4pn51n3rip74','2021-08-17 01:28:38'),(197,NULL,'8mcukme7sl9e0ti3fkg32veqrq','2021-08-17 09:53:35'),(198,NULL,'er4m07mdvdf703i0u019lv4vsn','2021-08-18 01:49:30'),(199,NULL,'vvtua03h0gr7i8far17or0k0no','2021-08-18 04:29:38'),(200,NULL,'lv3v1omsjgc3dl8n23gdjubljc','2021-08-24 09:24:11'),(201,NULL,'7dsud7t091qi8dju63439nq2bd','2021-08-25 02:13:04'),(202,NULL,'7dsud7t091qi8dju63439nq2bd','2021-08-25 04:42:40'),(203,NULL,'7av930r4igdak34jl99ku4n7ml','2021-08-25 07:17:01'),(204,NULL,'mv7u63ebprnmhbol217mpih33m','2021-08-26 03:33:08'),(205,NULL,'jf60luaka08u0qufsdlm854p6j','2021-08-26 07:53:28'),(206,NULL,'helo08cj6f7j0cnqsig8ps2gi6','2021-08-27 02:26:57'),(207,NULL,'me8tu23qubv5l3e3svsemricnf','2021-08-27 07:15:12'),(208,NULL,'1dhr10bdg9p6esh7ljijukfhga','2021-08-31 01:33:45'),(209,NULL,'ciijplu6vo7bpdegk43jv5c090','2021-08-31 02:57:06'),(210,NULL,'c62mhmfqb2cjbos1evl2bnm332','2021-09-06 08:21:07'),(211,1,'lb9t81r7d27ctqlr7tjo24r3pi','2021-09-20 03:43:32'),(212,NULL,'2eorfhv6gke5tk6ou3o86l0qlr','2021-09-20 07:44:14'),(213,NULL,'2eorfhv6gke5tk6ou3o86l0qlr','2021-09-20 08:39:11'),(214,NULL,'fn0ngmpsk78lvkt00p6u8luduv','2021-09-21 01:26:23'),(215,NULL,'utkg6kp1ke37gmn0f0tlo0ve6c','2021-09-21 03:54:30'),(216,NULL,'i8vesoiicfapqksog4gfb686fq','2021-09-21 07:38:41'),(217,NULL,'i8vesoiicfapqksog4gfb686fq','2021-09-21 08:56:16'),(218,NULL,'qgb5a5k4ff2s2c48t73ppn53iv','2021-09-22 01:07:41'),(219,NULL,'jloam4q0pbukt7t9hhdql3np44','2021-09-22 07:31:29'),(220,NULL,'411lrjt5od3b6pfqf771t935cf','2021-09-23 02:06:10'),(221,NULL,'411lrjt5od3b6pfqf771t935cf','2021-09-23 03:47:22'),(222,NULL,'pprgohqci9jpa4o68hbl6hkc0t','2021-09-23 08:16:02'),(223,NULL,'k3u8jbo5nhmdv2oqocm9cbj3rs','2021-09-23 11:24:20'),(224,NULL,'m6e7dkoekk4skn4ei61ebn3nm7','2021-09-24 02:16:51'),(225,1,'1ma99bj0s5jhobm8amvae7elot','2021-09-24 09:30:44'),(226,NULL,'lu1td5r4ncjd8tkesbdmcn4olj','2021-09-25 01:17:51'),(227,NULL,'5i7bf0j2hs1i1007ni0o141h7q','2021-09-25 03:42:42'),(228,NULL,'8578es5i0m1017g32akndsgh2s','2021-09-25 07:45:47'),(229,NULL,'2s58hh6l265ovua53s65f47g3v','2021-09-27 02:24:50'),(230,NULL,'umgt0rh1jgn9g8bdpr55681bva','2021-09-27 06:44:52'),(231,NULL,'lbkeocll5e3312q3sngbuoomh1','2021-09-27 10:05:23'),(232,NULL,'a8gkcljtbdsr7j2d662rcrdnpb','2021-09-28 01:01:43'),(233,NULL,'9s2p7d4bd806oq78krvlticcf1','2021-09-28 03:53:43'),(234,1,'oq8mcao56l001h0pjp2as78nl3','2021-09-28 09:25:30'),(235,NULL,'ebdo0vjs58jtnh0d5s1iq04ocu','2021-09-29 04:47:43'),(236,NULL,'i2ad4vshjr2fg4sheibncp9hva','2021-09-29 07:04:04'),(237,1,'44hu6tf8n5n0in6p2b6jv3s5ag','2021-09-29 10:33:30'),(238,NULL,'5oes7u9elk396mcl0jmj5bihrc','2021-09-30 01:07:22'),(239,NULL,'j634f1prvmpj6d1agv1d6277id','2021-09-30 07:59:57'),(240,NULL,'s1e0t85j5pfcj6v9lrrgjb2j8r','2021-10-01 03:40:27'),(241,NULL,'j0o15bgsmkd1vrm9bdgvni6d5o','2021-10-05 09:23:45'),(242,NULL,'8et06n0dqava88r8v8t1n9o2jb','2021-10-06 01:48:28'),(243,NULL,'totchdpesfehnr3k2rhcc129lj','2021-10-06 06:56:58'),(244,NULL,'totchdpesfehnr3k2rhcc129lj','2021-10-06 09:53:52'),(245,NULL,'8d82boadmn8278hom4sq1jtc4d','2021-10-07 01:42:20'),(246,NULL,'np5ml2t0p3moivl8d2kpd9vf91','2021-10-07 06:49:13'),(247,NULL,'gl8mt1klblfm819d9d03p5ndfh','2021-10-08 01:43:33'),(248,NULL,'7hl58bp555mhk5p4u5ciituqkq','2021-10-08 06:47:02'),(249,NULL,'co8qmog253jc54lsb3lnta87l6','2021-10-09 05:00:50'),(250,1,'va29s5mm20s8cmiv6ihn0ipg77','2021-10-09 08:08:32'),(251,NULL,'mvumb1a0o05cit4i44l4h1p0hk','2021-10-11 01:44:51'),(252,NULL,'tqp54k9sh01u97dco0akcp10t5','2021-10-11 03:56:14'),(253,NULL,'3noopfeo36g0tiahs7dn06t2qu','2021-10-11 07:09:02'),(254,NULL,'egq6bqbpdhu5rqdcau4kvmisfh','2021-10-11 08:27:45'),(255,NULL,'re4r153ftv2ar54pfrabb2dq40','2021-10-12 03:43:38'),(256,NULL,'11vttkluhcup6tjof7ntqm0ofv','2021-10-13 03:24:32'),(257,NULL,'9ls0r1ikjp68jpm58jjsaeombr','2021-10-13 04:24:39'),(258,NULL,'kj594376tkm1b27qbaaqco6niq','2021-10-13 08:45:37'),(259,NULL,'aeuoku63sdri93t17jhucbtdn9','2021-10-18 02:28:38'),(260,1,'togbbo0a3960h4fc9nifi9nv1h','2021-10-18 10:09:11'),(261,NULL,'bjapld7qhjl9sl8fp4vkk9l53n','2021-10-19 04:36:18'),(262,NULL,'q3mh0ffs2cqolm2vp4ij16652l','2021-10-19 07:35:18'),(263,NULL,'irnr1rci7a14jmpv1ftis5cie7','2021-10-20 02:26:26'),(264,NULL,'2iuv1okm8ukdmnfpnran5dcgdm','2021-10-20 08:43:42'),(265,NULL,'2iuv1okm8ukdmnfpnran5dcgdm','2021-10-20 10:09:07'),(266,NULL,'el1sho9ulf8jhl36uhmjff7g1i','2021-10-21 02:21:25'),(267,NULL,'llrm7t7h4t66l24otda77rmsh3','2021-10-21 07:54:08'),(268,1,'2prsnshqr0jme9qn62jvu3p5q1','2021-10-22 04:49:57'),(269,NULL,'53i5ib0f7oiraft31f7k0ga7gi','2021-10-22 07:56:49'),(270,NULL,'4tdk9m9076cfa8vgbgh415uaso','2021-10-22 09:28:11'),(271,NULL,'4tdk9m9076cfa8vgbgh415uaso','2021-10-22 10:15:38'),(272,3,'lk1ai7blagjgkpq129bptkrnff','2021-10-23 01:52:27'),(273,NULL,'ubpo56v5esafp1j1ndkardlhts','2021-10-23 01:46:08'),(274,NULL,'10nof0d4mppfrilmsn0jceg7nv','2021-10-23 04:42:24'),(275,NULL,'iuileahquld921jsn0jmotk4i1','2021-10-25 02:35:12'),(276,NULL,'p43kd6ks9e2j6820qa7e2ebvom','2021-10-29 09:56:57'),(277,1,'te55ms30ih5uimbmt4e2hfnvk7','2021-11-01 02:34:26'),(278,NULL,'a7me45juofogr41lolc54fp9br','2021-11-02 07:34:06'),(279,NULL,'a7me45juofogr41lolc54fp9br','2021-11-02 08:22:12'),(280,NULL,'et4oc02oojd5l4612rg6fe9751','2021-11-04 10:16:46'),(281,NULL,'bgqmer9s412sd4igk96ohlf77s','2021-11-08 04:57:49'),(282,NULL,'gf13taoq3mq2dnk83aredtomu2','2021-11-08 06:28:17'),(283,NULL,'9tbv79mt0e2jl7slu7h07f01dp','2021-11-17 06:48:10'),(284,NULL,'nr0ngsfni44gtnr2f8mqoijfaf','2021-11-17 08:46:15'),(285,NULL,'ju785e8pqncnc74ocnm44bar54','2021-11-20 08:24:05'),(286,NULL,'tqhq8et9vg5leiej4rudig09fk','2021-11-20 10:24:07'),(287,NULL,'akqboldu7ddkc1bv8gnae7bht1','2021-11-22 03:29:36'),(288,NULL,'baq7tuj2869tto1n0e474dfm2a','2021-11-23 08:12:20'),(289,NULL,'gglhcp1sqf8k5f40jtorbbsgjq','2021-11-24 10:29:04'),(290,NULL,'4r7s1125bctmnt5jk1spgdha39','2021-11-25 02:54:11'),(291,NULL,'te08aepi58qiurt9g095rak8s1','2021-11-25 04:54:01'),(292,NULL,'i2fv61j6hm1nsnnis38e1gvpc2','2021-11-25 09:28:38'),(293,NULL,'vqrjqg0chj9vpuf003duubehd8','2021-11-26 01:31:50'),(294,NULL,'8v8ctpd40la45bm4vvj7iknr0t','2021-11-29 04:25:47'),(295,NULL,'l1ja93tv354r4f7ag61enodjea','2021-12-01 02:15:03'),(296,NULL,'lnkmjbqda0504bmdfoeiuf65dd','2021-12-01 02:15:35'),(297,NULL,'nrdskcquok90ndveprcu1j2d28','2021-12-02 07:24:36'),(298,NULL,'91rkdvmsal263t6rgabq2rkaa9','2021-12-07 02:24:16'),(299,1,'vg6qbg8agqa4qpkd1asrvfjocn','2021-12-07 08:22:06'),(300,NULL,'kqs2l92f83m18drkiofs7v4c7e','2021-12-08 01:38:23'),(301,NULL,'cm78j80iv05sab0p5ru5t94p6m','2021-12-08 03:46:41'),(302,NULL,'ag13bv8cfh3c34d0378f5ekist','2021-12-09 01:45:25'),(303,NULL,'1ci3ei8tgc93po5diet0s0dn59','2021-12-09 04:21:35'),(304,NULL,'qm7sru8vtkehhc97vpu4pvhra6','2021-12-09 06:47:10'),(305,NULL,'v6h02fnlba85gv7nf7sdbd2qnq','2021-12-10 01:44:01'),(306,NULL,'vjrfakr2b1gqo58p1i4ok2bb03','2021-12-10 03:54:40'),(307,NULL,'uqltcbfeur5j96mmcuec0r4n3v','2021-12-13 03:24:53'),(308,NULL,'gvn9an1fhjc5edr5m0e7l87ccs','2021-12-13 08:38:39'),(309,NULL,'ds7ifucmbt89m8d7rpgh6tnjvq','2021-12-13 13:22:35'),(310,NULL,'s6jb8mlpl3kl757d1eaksr0j7l','2021-12-14 01:13:12'),(311,NULL,'tntrp1keem07obojti4disrm79','2021-12-14 02:58:11'),(312,NULL,'qe48vqc4mduof8clga9tgtqp9f','2021-12-14 06:59:51'),(313,NULL,'s1v6n5vdfaivqksqnmedrbq43l','2021-12-14 08:38:57'),(314,NULL,'u0o93qrge0l8870cvpi809butn','2021-12-15 04:04:12'),(315,1,'27avlgn615691b6h674s0tf48l','2021-12-16 04:08:46'),(316,NULL,'vnibqbh72mtdlc5gv8gsqkiubp','2021-12-20 06:49:54'),(317,NULL,'h85dkrrhsmqm90kqc3t9gppl31','2021-12-21 03:17:30'),(318,NULL,'vifotc3gfh9jcfodrt6je4rsos','2021-12-21 08:59:25'),(319,NULL,'jvf9mldmit39vb7vv6lm7275la','2021-12-22 02:22:52'),(320,NULL,'jvf9mldmit39vb7vv6lm7275la','2021-12-22 08:23:40'),(321,NULL,'f44jvac1cjt8hknk9vg296g1e0','2021-12-23 04:08:08'),(322,NULL,'6ur11j65g22q3u0uka6biutu2n','2021-12-23 09:15:49'),(323,NULL,'ok8e6puufeqp80sv28992eg2tr','2021-12-24 01:51:50'),(324,NULL,'76nfesf7krch764k4jod4jbb2h','2021-12-24 08:13:28'),(325,NULL,'p8doq797id3d4i53elebhgdtgn','2021-12-27 09:23:35'),(326,NULL,'7r9bqgm861499s1ovdntar62eq','2021-12-28 02:29:01'),(327,NULL,'4h659nu6g8vijserubvrra3st8','2021-12-28 06:41:58'),(328,NULL,'4r877omn4crnep096fa80sf37v','2021-12-28 09:58:02'),(329,NULL,'gb8k375dr1qt2j0ar79kusandb','2021-12-29 02:51:25'),(330,NULL,'juucaaqsggvvqv09s1rs20ulp9','2022-01-03 04:57:45'),(331,NULL,'vv5ab0jbhv6op6v5ki9n63b9bg','2022-01-03 06:43:11'),(332,NULL,'fh62sto4fnar66e7k5e6ivb9v0','2022-01-04 02:47:07'),(333,NULL,'6ib772r4id0b3gpte0b73i164d','2022-01-04 08:25:14'),(334,NULL,'t5q7bcfsv40ehrs8s8pjlg3qdo','2022-01-04 09:23:40'),(335,4,'ai4tfrn3um6nj3eehgvvgslea0','2022-01-04 09:49:57'),(336,NULL,'5p8a9ubr3f9hoe8mlj2d0am745','2022-01-04 09:33:27'),(337,NULL,'g0mk04dpg9eo414chse12brios','2022-01-04 09:50:25'),(338,NULL,'is74ofjl8k6egaj484jeslpiut','2022-01-04 10:01:05'),(339,NULL,'ujip1b17h81skiiqnk4hlaa0qu','2022-01-05 02:53:54'),(340,NULL,'8r3f8i9pfo40frsuuc4oqk22ta','2022-02-26 03:39:02'),(341,NULL,'inf37octo2jh57b5bnek2gbhre','2022-02-26 06:54:24'),(342,NULL,'jp44a525gp55875nddfrlq4o7d','2022-02-26 10:05:49'),(343,NULL,'hs86dnbjtkc054hk5fatcc9v3h','2022-02-28 01:22:44'),(344,NULL,'1v5ifhhmbgje48c1dutg5faedt','2022-02-28 08:46:09'),(345,NULL,'bjhm8dujflc34fstbcsscmulav','2022-02-28 09:58:59'),(346,NULL,'vrpnrtsat0jqf463o9j3pall9j','2022-02-28 13:17:14'),(347,NULL,'q47ooi6mt8u82kuaho1fs92rqc','2022-03-01 01:41:35'),(348,NULL,'vt8k5qt8eqi0qibta39p7evfq5','2022-03-01 09:41:45'),(349,NULL,'bsi8jaq2svfdf0out26l5eqkqh','2022-03-01 13:41:54'),(350,NULL,'o7mkoadnr9vmttk00mocjpemg8','2022-03-02 04:52:55'),(351,NULL,'dh96jevh9d3jcupvtcdf4k2u7u','2022-03-02 07:22:34'),(352,NULL,'0he967q065dn538a6se9jgdu16','2022-03-02 13:28:21'),(353,NULL,'92gr3kvaqde6f32ra98nepmjae','2022-03-03 05:51:57'),(354,NULL,'uoas3a3hg4h7qr5qmuac86g22i','2022-03-04 10:37:46'),(355,NULL,'hhh11bk6ug74aj85k2boj37b3j','2022-03-06 08:29:04'),(356,NULL,'njob9ct644l38e4oaataol1vth','2022-03-08 15:11:24'),(357,NULL,'4badm476c19ke6crc8tu2o3c4u','2022-03-09 15:44:06'),(358,NULL,'kp8bd7ntbof3couuv2c0rni209','2022-03-10 10:44:15'),(359,NULL,'fu9h2er297a7meak034sehm678','2022-03-10 14:43:11'),(360,NULL,'2u2f7ecdu6kmacr9oedtcvff4t','2022-03-11 02:39:17'),(361,NULL,'im1c0nbg9dkv3lvjigb4d2i0h5','2022-03-11 02:38:55'),(362,NULL,'cf8v87epqgou9uqv4dheh9kvgc','2022-03-11 02:54:40'),(363,NULL,'jti8d1ji1r4auhg2r4rrt7d96k','2022-03-14 03:09:52'),(364,NULL,'2pbm0ar1auvq1uu3h53st89h7o','2022-03-14 04:41:30'),(365,NULL,'uuf0ng1dtb92inh7ojd3sjkrdg','2022-03-14 08:48:47'),(366,NULL,'621s01q8mtpu6uvhnuinigr864','2022-03-14 09:36:34'),(367,NULL,'3h627ertph4o85dn0kd56bc2oo','2022-04-27 09:01:44'),(368,5,'vvs3oa9o7s0j9ift4kd8ft5avc','2022-04-27 15:48:44'),(369,5,'72fqn2ebjhctiku9jo92mj9jt4','2022-04-27 15:49:12'),(370,5,'3nctnmvamtdavqtsn8l96i3fv0','2022-04-27 16:22:27'),(371,6,'ktgtt0skceggs0vutre3lslck7','2022-04-27 18:09:59'),(372,5,'21qqqr44p47dgbafl92b2f4jkn','2022-04-27 18:26:31'),(373,NULL,'21qqqr44p47dgbafl92b2f4jkn','2022-04-27 18:26:39'),(374,5,'6b4ifdo3t0i3amm715fvnaobji','2022-04-27 18:27:50'),(375,NULL,'6b4ifdo3t0i3amm715fvnaobji','2022-04-27 18:30:45'),(376,5,'aeq9frrhcb2eid5m36p8hhono1','2022-04-27 18:34:58'),(377,NULL,'aeq9frrhcb2eid5m36p8hhono1','2022-04-27 18:35:43'),(378,5,'24gv27e01ua6nvbceg4ue02jkb','2022-04-27 18:38:26'),(379,6,'6t6cge8pvujiohtobq7081ij4o','2022-04-27 21:04:14'),(380,7,'gtq91e33io63nl9p741otj97er','2022-04-27 23:54:01'),(381,7,'fdhsa1ms3ph5pjg85t314io3bq','2022-04-28 00:01:21'),(382,NULL,'gtv0loa9bflvgalvpf03j4ca4i','2022-04-28 05:15:06'),(383,8,'t8a8v6vqpvgj5qrtohjrafdb32','2022-04-28 15:34:26'),(384,8,'lf86h1sf1fsgir0g4otb439i0i','2022-04-28 16:47:37'),(385,8,'jajbbsodqv70ad9c9d5o9g4ju8','2022-05-03 15:08:21'),(386,8,'aodpco11qmqs8sb86akmrdqghh','2022-05-04 13:00:27'),(387,5,'gckennlg9a4odacpt9g9dqdblh','2022-05-04 13:18:42'),(388,5,'mc6se335t4acaiucbal40blrli','2022-05-04 13:27:01'),(389,5,'fh75th5uduq755p3lf8bn4mu9t','2022-05-04 13:35:16'),(390,NULL,'fh75th5uduq755p3lf8bn4mu9t','2022-05-04 13:35:37'),(391,5,'060gmgp5hv02cj57pj36ub6olf','2022-05-04 13:38:47'),(392,7,'opskp32io8hk8aqdqqk6bd1ljc','2022-05-04 14:27:12'),(393,5,'oot0vlab9quqri44bbjcordht2','2022-05-04 14:12:07'),(394,5,'gk634v0pi42o30kvkeul4t4fg6','2022-05-04 14:56:27'),(395,5,'ghn99q53bbk994tnhk893bttq6','2022-05-04 15:16:28'),(396,NULL,'ghn99q53bbk994tnhk893bttq6','2022-05-04 15:16:37'),(397,7,'97bvfiok71n6h1p8sg8gii6pf8','2022-05-04 17:52:16'),(398,5,'qr8m050kro1sri3e7dqj28lgc7','2022-05-04 18:15:27'),(399,NULL,'qr8m050kro1sri3e7dqj28lgc7','2022-05-04 18:20:29'),(400,NULL,'c8ooo6m70c1aq7n0q16phiojog','2022-05-04 18:26:00'),(401,5,'c0m2m6gsg5smom7isolsi887rr','2022-05-04 18:27:28'),(402,NULL,'c0m2m6gsg5smom7isolsi887rr','2022-05-04 18:30:49'),(403,5,'j2gugqrdto23td76npb36mv745','2022-05-04 18:31:36'),(404,5,'5cmkr41mdov1h1rv1cuviapa5j','2022-05-04 18:34:15'),(405,5,'qdi1j09k5uq5eke9so8mh9oot0','2022-05-05 13:42:40'),(406,5,'0pva67frphbs93s393otjg3a79','2022-05-05 16:03:30'),(407,NULL,'0pva67frphbs93s393otjg3a79','2022-05-05 16:07:31'),(408,NULL,'kbl7fov888qb44bq5tu2vq47ub','2022-05-06 09:59:27'),(409,5,'1gfd4hjli8qh0ct17m3na0jooi','2022-05-06 17:08:51'),(410,5,'qsl5dvo29otlh1j564ccmqb8n1','2022-05-06 19:51:22'),(411,NULL,'qsl5dvo29otlh1j564ccmqb8n1','2022-05-06 20:04:45'),(412,9,'a24re82qsv1mvr44ur7slmcmej','2022-05-06 20:11:21'),(413,NULL,'a24re82qsv1mvr44ur7slmcmej','2022-05-06 20:12:15'),(414,9,'u0prl9rlj2hbe9iqm9tqd2rdqm','2022-05-06 20:13:46'),(415,5,'i64vk4eea0pejjtfo65dvb31v9','2022-05-09 13:16:06'),(416,5,'g3r5dpii0kbtqarmlo48o354di','2022-05-09 13:29:36'),(417,5,'ippjupjfim2slek11ni4ouvts0','2022-05-09 13:54:53'),(418,5,'odveeq6rvjsb0fid2ustn7sj4q','2022-05-09 14:01:19'),(419,NULL,'d52oeqjthau67u5j7adrgc9cfa','2022-05-12 18:21:52'),(420,NULL,'3oeahcakaegtet0al3fd49qeti','2022-05-13 06:50:21'),(421,8,'9lb646c1u686obpl3jtggo38s4','2022-05-20 00:50:44'),(422,8,'t5cc7tgh8tcnd2tkhi74qq47b9','2022-05-20 16:12:32'),(423,8,'nq6mvmqv582s6sfc099p83rqpj','2022-05-23 23:44:44'),(424,NULL,'q1knfg4d4li0lniulmfg81j968','2022-05-24 09:48:40'),(425,8,'e8roson97a20jqvegrj9kjkj3k','2022-05-24 13:43:53'),(426,10,'p3bfj737tvatuburrcdu7hthcj','2022-05-24 23:38:01'),(427,NULL,'p3bfj737tvatuburrcdu7hthcj','2022-05-24 23:38:08'),(428,NULL,'p3bfj737tvatuburrcdu7hthcj','2022-05-24 23:39:31'),(429,11,'84qvo46n6363n47jbkf4b3ddc7','2022-05-26 18:30:51'),(430,NULL,'aifnt4t27j8vnsuvk6u602mbfa','2022-06-01 12:33:42'),(431,12,'k6gdbmetdrh9il21t5mi75scek','2022-06-02 00:49:32'),(432,13,'h11k26au87v0938423plbeigcu','2022-06-02 15:03:05'),(433,13,'1ohm404e41216euuu82m8j1e5h','2022-06-02 15:04:01'),(434,NULL,'1ohm404e41216euuu82m8j1e5h','2022-06-02 15:04:13'),(435,13,'j8rgmgihhpt6j2ju22ufq2hr8i','2022-06-02 15:07:47'),(436,13,'plfs5qv44t4o03m7qidg99kdgn','2022-06-02 15:08:55'),(437,13,'0vv97b9nl4rbfjef4cslstkqqj','2022-06-02 15:12:07'),(438,14,'9vf9da0s76rrkg7hbs2sum08pu','2022-06-02 15:29:33'),(439,8,'h9sscv34nl17hh9mcei85g0r0o','2022-06-02 15:32:30'),(440,15,'hg7a2p36o1dedg07ltt5hcep94','2022-06-02 15:57:57'),(441,NULL,'bk5v6frknilqgmbampeq8v95f6','2022-06-02 16:54:24'),(442,16,'i52pdtl8gs7uuha5sf2eg4ub4l','2022-06-02 16:56:41'),(443,NULL,'v656h4tgcnc9475b4v0o2o529e','2022-06-02 16:56:40'),(444,16,'5bc57tvc5hdvkc940egidb3e5n','2022-06-02 16:59:19'),(445,16,'qqne7tcbupfcuocgeghtnp7k15','2022-06-02 17:00:40'),(446,15,'jknbssqpee93g0e99dhmpa57c9','2022-06-02 17:11:04'),(447,16,'31j9amic4n67jqdorfti2u79ki','2022-06-02 17:16:38'),(448,8,'oqmu9ebbe3t5l7f6kcsqj9vp1i','2022-06-02 17:32:28'),(449,10,'r0nlb9bj0aqg9fsbo0m9mrhcg2','2022-06-02 19:29:56'),(450,NULL,'0nb4jej4q4iftc2o22eegoo82c','2022-06-03 15:33:39'),(451,14,'gqhtmui6q41tshpclmifvknjgq','2022-06-03 15:48:36'),(452,14,'ja4k87ho8tjnsse1nopud57k5n','2022-06-03 15:49:46'),(453,8,'m88aj77r25ncc50qb63alm43j8','2022-06-03 16:23:34'),(454,NULL,'erlqsddsfblhl5bct953eqe2ih','2022-06-07 09:41:32'),(455,15,'30brlove3nieocmvro6c0b4fvb','2022-06-07 09:52:33'),(456,9,'2prnf9h026lio86l35mjfer178','2022-06-07 12:46:50'),(457,14,'mvls6h3covjv87otqubk00j1tk','2022-06-08 18:42:31'),(458,16,'vr81o5722ndu34of31rqsrumj3','2022-06-08 18:52:53'),(459,14,'egv6s0ps2ofe5q9iocjk34lhpo','2022-06-08 19:01:13'),(460,14,'q2pcrtg13ctqv8n6vt01setsmo','2022-06-08 19:03:57'),(461,18,'16jec25ad48q70ihdn3aeppoim','2022-06-08 19:14:30'),(462,14,'26dmamhn5ktisl7tdnp86jdih3','2022-06-08 19:21:53'),(463,16,'v3dvpbtodee5umhd13j4na3bad','2022-06-08 19:47:51'),(464,19,'4dq2kol6ngpdelmp5ubq5q27er','2022-06-09 16:41:34'),(465,NULL,'pnk2r2mjvcc6l2fft1o0btmv5e','2022-06-09 16:41:34'),(466,19,'79m7efv6jmutthi7llv4qh8tb7','2022-06-09 16:42:26'),(467,13,'tan4c44c7qsou91h7mnhmoj7vt','2022-06-09 17:27:34'),(468,14,'84sponmht86i82hvj26f714eem','2022-06-09 17:34:16'),(469,20,'850op36oct4nn89d83bpcstqee','2022-06-13 19:37:00'),(470,19,'9kf20i1lhrjt7987rfikf6tqsu','2022-06-14 13:59:58'),(471,NULL,'a57h07377ls76du6u2sf9b7ppi','2022-06-15 04:48:39'),(472,NULL,'33hqgjb9tp36ug8klup2bkkini','2022-06-15 04:59:34'),(473,NULL,'25ljdq6eje95tnq733emkb8h5q','2022-06-15 18:50:19'),(474,16,'vpemh8i6906h233bvqfslkdu1i','2022-06-16 16:05:51'),(475,21,'i9j6ecirn5ga10tma293o123e8','2022-06-21 13:03:31'),(476,19,'lf283l4s5pkenbknkiaremlfg8','2022-06-22 14:29:03'),(477,NULL,'kmtcc9vun30juem59hir8tm1s8','2022-06-22 16:33:08'),(478,NULL,'4ri6ss0347hs6nht2jiq16rpkg','2022-06-22 16:31:09'),(479,NULL,'dpe073502ifd03qe96qrv3nlvg','2022-06-22 16:18:21'),(480,NULL,'s06ul2ufur7pkeo4h31dg4smnc','2022-06-22 16:28:48'),(481,15,'v4irmlp3l083bnq787e9421q0l','2022-06-22 17:03:45'),(482,21,'qchj1e6mc03res49edt02fmaic','2022-06-22 17:45:25'),(483,22,'4pulbfv94cdi33sdtoujdl2e3l','2022-06-22 18:02:59'),(484,22,'pq9tpgk9uqn42gm9sf4b9jlaeu','2022-06-22 18:05:49'),(485,22,'d0p8ebr7oscoakc12ephjlfl6n','2022-06-22 18:07:38'),(486,NULL,'5ig6thvugtncb5g7ml3kbutc6a','2022-06-22 18:39:34'),(487,13,'tolrmdj4q4lmuc0h5n2lqq1a65','2022-06-22 19:24:54'),(488,15,'bvch12785vv8r2p2uh7b6svub7','2022-06-23 06:06:18'),(489,19,'ug0djnb623pidiji3q6uloaolq','2022-06-23 17:24:41'),(490,19,'lmrnuf8njsuecmbe69l3ajbqi8','2022-06-23 17:35:02'),(491,19,'7b4gfrpdud89o0p5po3oer1tul','2022-06-23 17:42:25'),(492,19,'2qq1odb04vqgn7aphst0jv46bl','2022-06-23 18:23:10'),(493,NULL,'qlrcp01kvhcqg2fre69pujtfiv','2022-06-24 05:45:29'),(494,14,'s6c3q99eql21tcmger1t9b1ei4','2022-06-24 12:59:24'),(495,14,'1nubjhrirsv85jio515uffrabb','2022-06-24 13:10:51'),(496,NULL,'6i3n5p8i4oflmn9m5l2dfotlni','2022-06-28 14:07:10'),(497,23,'m5sqivvt9ito3pl28nb8jqfs9c','2022-06-28 14:10:44'),(498,NULL,'l5eq160jjcesaeumlddbsnb4v6','2022-06-28 15:33:51'),(499,24,'s0nua4qcnu1e4a4h3e1svl9vu7','2022-06-28 20:12:39'),(500,24,'48ttb7tr96pf36r85fjt9rr9im','2022-06-28 20:13:34'),(501,24,'nn1d75qo7r89kg6mjv07q9b8v4','2022-06-28 20:14:25'),(502,24,'bjfclou22ulkfi7cphkhc4airn','2022-06-28 20:19:37'),(503,24,'8gnt75dmmat3apgvc2fmne82v3','2022-06-28 20:23:56'),(504,14,'qakaii0a7j0j5890g858mijjic','2022-06-29 11:49:21'),(505,15,'8mqlihbpdc0jblv1pf51okfeam','2022-06-29 12:47:44'),(506,NULL,'pic2mhbtp2n8on4npnae0svd33','2022-06-29 13:18:54'),(507,NULL,'rr2lhpmk0ep7ucph45n3rgf656','2022-06-29 12:51:52'),(508,14,'45shu52tv0eieorsq1aja6c74s','2022-06-29 13:32:51'),(509,NULL,'ece4n0isgi0mfll2l8bl4d6n2n','2022-06-29 13:34:27'),(510,14,'rpmem33ian5m3nkt5h5ir9efvo','2022-06-29 13:38:32'),(511,14,'apagbkrbuhjqql077b52euj7eb','2022-06-29 13:44:35'),(512,NULL,'s5col7dkdn1nl82cj3jtkpo8ql','2022-06-30 04:04:22'),(513,25,'cibi7p1atf9sicp90sqvcg9mhf','2022-06-30 06:26:57'),(514,26,'1dchan1hmd8rqk5h5fkkju1v94','2022-07-06 20:12:53'),(515,26,'spjojqndtrsn8rpu333u7ngteg','2022-07-06 20:13:45'),(516,26,'oufv0edv9lt6ic1vnbbprvb7lj','2022-07-06 20:16:41'),(517,26,'0eofhs61ejhl9b12e5tl3jc9ts','2022-07-06 20:18:09'),(518,24,'jbrpki030ajq213pf1bu64ture','2022-07-06 20:19:06'),(519,26,'m1nm5pk8um6c01su10kjtlo75l','2022-07-06 20:20:40'),(520,24,'gkokf9b8rq8duc803khp0rs9pl','2022-07-06 20:22:08'),(521,26,'oru925k4ovup62qols19ali220','2022-07-06 20:28:14'),(522,NULL,'alv8qktksevjhr9kkfs2ga3mbi','2022-07-06 22:14:47'),(523,16,'9pn8des5p5kqku9pah36mr3co0','2022-07-06 22:17:36'),(524,27,'cvbju3gqmegn6m7k11lbifs2ct','2022-07-14 18:16:23'),(525,16,'nbb98klcsrljterkdklsel5vrf','2022-07-14 22:35:52'),(526,28,'tu7lnsiu3icn79a1q02s32a624','2022-07-15 13:43:47'),(527,28,'mpdc8859b0dl8ngt6rr93o7g9u','2022-07-15 13:44:44'),(528,28,'pabqgrv7kbmbhvad2acd2i31kl','2022-07-15 13:47:15'),(529,28,'s5le0j761i0n0246h4i6kkt5ig','2022-07-15 16:00:56'),(530,28,'b00r14e4eue2hi13528bpvlupg','2022-07-15 16:05:26'),(531,24,'045jo2rjvchqk9vp91h01f2mov','2022-07-19 16:32:51'),(532,18,'3954hgg12b9rasoqpcobdf044q','2022-07-19 16:58:58'),(533,18,'of31sbi0cc64f5ogppvis5c215','2022-07-19 17:01:40'),(534,29,'1gun7kgeqcp2nebuec7ppt7b02','2022-07-20 06:54:04'),(535,29,'sh9do14bg4ipghkke8v99kt0qs','2022-07-20 07:05:55'),(536,29,'4lnorf65e0sq4j9me4jvjhmq8j','2022-07-20 07:32:53'),(537,29,'9bmnkgqscb8a6qh20ejdjnofsm','2022-07-20 07:35:39'),(538,29,'di8ntq7tfad32k53mlh7i9oc84','2022-07-20 09:39:33'),(539,29,'3sajrp3k65g1r5tqt0gpoj5clc','2022-07-20 10:25:25'),(540,29,'37n2hjbqac08q1593471t7jil0','2022-07-20 10:40:24'),(541,29,'evf3dq7lo6u52ml26ojh98re4a','2022-07-20 10:45:39'),(542,29,'ih6a2ppv1tjop3lvbro3hs7d4b','2022-07-20 17:07:28'),(543,30,'m18k5or1gtaudh2n7lt9vlflb1','2022-07-20 19:32:22'),(544,16,'tjhp77640mi930e9r3pci5ker0','2022-07-20 20:17:02'),(545,16,'pcqql5j1osa0t736robqcb3oqc','2022-07-20 20:20:44'),(546,29,'9c0pseloffqse47q8bdmi12dts','2022-07-21 08:46:09'),(547,29,'mjp6a8mrvcmqqq7nv1btmf4h35','2022-07-21 08:47:39'),(548,29,'7amkfn9a5019nc31i9v0moph9k','2022-07-21 08:53:11'),(549,29,'u4bn9b6ktiec5aput0ofmp98vh','2022-07-21 09:09:03'),(550,29,'irpmo4drtuh81bsfgbc1sum52q','2022-07-21 09:18:36'),(551,29,'kef7dssnetmma3kgb24dgjbe10','2022-07-21 09:24:14'),(552,29,'chnk1n0svshbmcatmj6hjd0u6m','2022-07-21 09:52:05'),(553,29,'akr0p1fshahg94buv52h5qrabc','2022-07-21 10:54:06'),(554,29,'icphi6i5u6p4jjfv90bqir3d0c','2022-07-21 10:58:37'),(555,29,'rt6ik86vtbd5q20pieq44pciu6','2022-07-21 12:21:37'),(556,29,'utehknthmj517g1b0qqlqjletr','2022-07-21 12:32:54'),(557,14,'v33kqbbspen3pfjuv7357d5iag','2022-07-21 16:16:58'),(558,16,'7qs2ss1l9qd802d0klpbbdiofi','2022-07-21 16:36:40'),(559,18,'nthjsq95kcsvkfojkgigbfihc7','2022-07-21 17:00:22'),(560,18,'3ng657pc677q1ss8a4ak4k4rnv','2022-07-21 17:04:11'),(561,29,'5bak5rgg69lfmq8u28dr8ed58f','2022-07-25 04:28:13'),(562,29,'1rqsorapq1dv7fa1dtq5cic2ef','2022-07-25 14:51:15'),(563,29,'natetkivuq4dsjp0sj0eot896p','2022-07-25 15:09:34'),(564,18,'ssu8e30184pg9g2t7137h975u0','2022-07-25 16:44:36'),(565,14,'qfne6no576unn7o0t60d922iq1','2022-07-25 16:56:54'),(566,13,'am87dl7scmpc6uhghf01proj5q','2022-07-25 17:59:29'),(567,15,'hag5ndeuvrki65kthtqbgsv9mi','2022-07-26 04:34:17'),(568,15,'7md4o6rlehaai58h5t22qer2im','2022-07-26 04:41:04'),(569,24,'c7ei7f0sl1dim278i7lgub2mbn','2022-07-26 18:15:28'),(570,24,'tldngp6id5ll8p2a68onnojsb0','2022-07-26 18:16:08'),(571,24,'e311b2u4d3pigdf06c4kj6hk3u','2022-07-26 18:16:58'),(572,15,'hc2ll3vjua6fcn7031dsd4rgik','2022-07-26 18:31:49'),(573,29,'cequ9e7nls3kfm6d8d0egmpkif','2022-07-27 07:09:08'),(574,29,'0otdt28chgd47h4ev4jmv47819','2022-07-27 09:04:55'),(575,16,'90j9u3fl0q6mlbqjksh69g437j','2022-07-27 14:33:28'),(576,16,'kbjr44f01gcuj6qf0hnghit0pl','2022-07-27 14:45:58'),(577,16,'s730fp42kvqpqgcai4bbcr5g64','2022-07-28 02:39:14'),(578,29,'so5fv9s27uqe04q9laurncfed2','2022-07-29 07:38:27'),(579,29,'4ghthj2gued34ojod2galjimgr','2022-07-29 07:41:00'),(580,31,'6mmuqagh3fklescoog3qn4kphd','2022-07-29 13:30:16'),(581,NULL,'vu6lskhgc9i7j0b1ugt55ijtef','2022-07-29 13:18:41'),(582,32,'0l2kii6n26hm4gfjkass9dkjii','2022-07-29 13:35:41'),(583,NULL,'d94mh2epiiut41a2d7bl1uvj0f','2022-07-29 14:42:06'),(584,29,'f4sm33kh6u587o8katvje42l00','2022-07-29 15:06:48'),(585,33,'j172h4t054ofbjdii8c887uidh','2022-07-29 15:36:45'),(586,33,'7ogmisqou91us0cr1ua7oetrn1','2022-07-29 15:43:03'),(587,32,'4hsck01n76jvdflfv1unctjr26','2022-07-29 16:40:10'),(588,31,'vpnm8oeg7u2d29sv358v2bla2r','2022-07-29 16:29:21'),(589,15,'rt1euun3ojetmssm9pfbvo3hae','2022-07-29 16:34:58'),(590,29,'gedq8g57hm43qc5hvmm50d0khs','2022-07-29 17:09:02'),(591,29,'a9ccud4cbm1uml88kcfinvr4m3','2022-07-29 17:10:33'),(592,16,'rj0n2ju5p0qub5s68e9e34b62n','2022-07-29 17:38:30'),(593,16,'r73i5i4a6gofl68laclc5oc480','2022-07-29 18:41:30'),(594,31,'kojf79tuqh3qiqul0jp70rng6n','2022-07-30 04:15:56'),(595,31,'s0hp5023kbks8d4777i20fvq62','2022-07-30 05:22:49'),(596,31,'3g66qlidl5k441f0l9bkir0cif','2022-07-30 10:26:45'),(597,31,'9ck0pu77ncoqvi4u2s9i8iisd7','2022-07-30 15:21:22'),(598,32,'aca9sq1qhok4udgemspse6rlea','2022-08-01 10:20:44'),(599,29,'n3i4197dc6fk5hefd01d6n9sv4','2022-08-01 10:25:37'),(600,29,'vq1te65fdobqfjkm3g0meblvla','2022-08-01 11:42:23'),(601,31,'01k538eifq205tsi0fc1lv77n9','2022-08-01 17:06:42'),(602,34,'tupdh36o0bugchmbhfn44pqo6g','2022-08-02 08:47:52'),(603,NULL,'c2ev48preogbkcrajrbi152vnq','2022-08-02 19:13:25'),(604,27,'pilucc5iof8ucfoqn58v21dnj0','2022-08-02 20:00:25'),(605,24,'7ipruj096u3fl896civc3g3qbd','2022-08-02 20:02:49'),(606,34,'l617vqfmr2ko4i2anbdd5nctg6','2022-08-03 12:38:17'),(607,35,'lfi7gja3lrph62u0ig8hfldtp5','2022-08-03 17:23:23'),(608,31,'iupkdtc1t9ip2i5qeo053h9u77','2022-08-03 17:12:58'),(609,36,'sbfp8lbth8u8blls4s698upi1c','2022-08-03 17:32:01'),(610,37,'m0i5e4pbhb9f8b58559f2evfvr','2022-08-03 17:13:37'),(611,35,'fqjmrm3ssbvv1a9s9v44qd59el','2022-08-04 00:16:27'),(612,31,'v4clfumga6n47ustlv9gqo120t','2022-08-04 03:28:04'),(613,34,'cki2t73ae22361fvr9nlto3huc','2022-08-04 04:35:48'),(614,31,'glihc6ohcgqp9ihnt2l3di6rdo','2022-08-04 04:53:25'),(615,NULL,'v7o4cm6d8o72etcosmqrfpbind','2022-08-04 05:44:20'),(616,31,'8oc5kbc0f4albreign0s8q13rd','2022-08-04 06:09:50'),(617,34,'p67ckn6njr6iv2vul1jtdo5n4n','2022-08-04 07:01:57'),(618,15,'br0j4c0a189pd0e528e6p44bco','2022-08-04 06:35:37'),(619,15,'s601h0s738oovc01lsk7tvrl95','2022-08-04 06:42:47'),(620,31,'cb2qta9ngmhdgac3b55maj51eo','2022-08-04 09:13:29'),(621,34,'5ii4odhl18j4mo8t34medn1lis','2022-08-04 13:03:58'),(622,38,'qol3t3ojqkvmkaelf60fgrerrs','2022-08-04 09:44:04'),(623,31,'6eo2nrph72o0402156lvatmbkv','2022-08-04 11:18:51'),(624,32,'9ufpctuded53lai2kde8so5d3e','2022-08-04 11:46:43'),(625,35,'7arkrhvcv4dgf53ja0rs0v5e3h','2022-08-04 16:27:51'),(626,36,'dnf8e57eprkep1j1q7eshbp907','2022-08-04 16:27:03'),(627,37,'7b8vs6arildu90den82p728jo9','2022-08-04 16:06:59'),(628,32,'8m9ev40p9l2nd7vggughlaf54r','2022-08-04 17:28:55'),(629,16,'8bntkl30vgbj3rkelug4kadj7t','2022-08-04 16:27:26'),(630,16,'vqvis7pijd6bg59qooq7kchk67','2022-08-04 16:28:24'),(631,16,'g5b2scphu27bmps63ic24t4jmv','2022-08-04 16:29:02'),(632,16,'imm9h66kr5q5sd4pve8siqdejm','2022-08-04 16:31:36'),(633,16,'gv0phic1lif11ug4tf132hcv8b','2022-08-04 16:50:45'),(634,NULL,'fp1jm9d3ctc084lpdlq8htm8k0','2022-08-04 16:53:07'),(635,16,'bnakbeg1k1jtlc4g2c8fg5h79m','2022-08-04 16:56:20'),(636,NULL,'7arkrhvcv4dgf53ja0rs0v5e3h','2022-08-04 17:44:51'),(637,16,'is7j3011ek5jc7dvl46csfho2v','2022-08-04 18:17:46'),(638,16,'psec1ub96oh5inf5a5fjog3ml8','2022-08-04 18:29:51'),(639,16,'4plhgj7lbnb41llr3nr3v220je','2022-08-04 18:30:11'),(640,16,'r9rmqani05htpjjqvto2sqmhir','2022-08-04 19:16:42'),(641,16,'ptserd5orr3b717339469ddss7','2022-08-04 19:16:43'),(642,16,'3rrl9leqot01ii0oljagoesl43','2022-08-04 19:35:14'),(643,36,'834e7v4kejhq6juht2g24sc3fl','2022-08-04 20:13:50'),(644,16,'osa96lm1cpk7ph1a12j4pelg3c','2022-08-04 20:16:56'),(645,16,'9j2dq2qrklnu5n3q0928j3jrjo','2022-08-04 20:18:52'),(646,16,'6rli8i95o91jrtt0ct31168acp','2022-08-04 20:20:38'),(647,16,'qshgukvlpkj1sq2mfpadlgiqr1','2022-08-04 20:21:17'),(648,35,'oti61eu2o2k5kadujkv31rgil6','2022-08-04 21:05:50'),(649,16,'802a70ksgmhjgrcdv09n4miekp','2022-08-04 21:08:37'),(650,NULL,'802a70ksgmhjgrcdv09n4miekp','2022-08-04 21:54:50'),(651,16,'tstekkb8korbb3siqi7ftvqd5a','2022-08-04 22:53:38'),(652,35,'g2k96v31po8l4hu52gdr4k5vrv','2022-08-04 22:58:27'),(653,16,'rrdnqq8u9hl6hrojko0u7e46s4','2022-08-04 23:01:01'),(654,16,'7ng9l2b5rfvr2qvt66hdvjufuh','2022-08-04 23:02:28'),(655,16,'ch68qo6uvdnmdj91aoqgivo9mp','2022-08-04 23:11:19'),(656,16,'d6br41u7auo09olq358df6ksbh','2022-08-04 23:24:14'),(657,16,'75hprgofm7uqun1ioe11u5k60j','2022-08-04 23:35:47'),(658,16,'gttjric6568kec6q3qv47c615u','2022-08-04 23:47:27'),(659,16,'3kf9ludeuh0bq5c2c82ktuhp4t','2022-08-04 23:48:38'),(660,31,'tgo33je7n946fbbgj56uvlkr7p','2022-08-05 04:22:40'),(661,16,'v1230q1ou8oisgu3bj5b4rsipc','2022-08-05 05:16:03'),(662,34,'v96but9lb7p92dlc3je8p40q5a','2022-08-05 07:41:07'),(663,16,'4nu7bil72ob4parcp089ag11fo','2022-08-05 06:09:17'),(664,31,'1m7ne67k4l3fqb1jn4ntpgrs08','2022-08-05 06:19:48'),(665,16,'t09chr580vikl6kc2t4g8281pn','2022-08-05 07:10:17'),(666,16,'8c1o794pk09l5v7p6r0cj6m35n','2022-08-05 07:19:54'),(667,35,'6knrc4gem5rmjau40c90o7cc59','2022-08-05 07:35:37'),(668,16,'2d93iv3ldcns6gkheedtdrdanb','2022-08-05 08:10:19'),(669,35,'a5f2a1a29ao4ob2v4l3n17jc5j','2022-08-05 08:17:21'),(670,34,'o71230e5g0h7lnbacgd04ssftb','2022-08-05 09:36:43'),(671,16,'72mhibtm45qu3tfp6qudpme0he','2022-08-05 09:16:40'),(672,35,'fl9u7u9v5ivtvchnfks5okvqs1','2022-08-05 09:37:24'),(673,16,'aovf1ar1l63ubn6lqaaoa7sk8e','2022-08-05 09:38:59'),(674,16,'ps0neolhbssia9lgj9v42ep9bj','2022-08-05 09:39:40'),(675,16,'c3i16m88n55uuhssipu9u6q4kd','2022-08-05 09:46:54'),(676,15,'v423e0odmvol56s28v2rtu62up','2022-08-05 10:05:32'),(677,34,'e73ka75j23mddshk2jlckg10bu','2022-08-05 10:12:55'),(678,32,'3qhj143jsidfeg0983ipn019o6','2022-08-05 10:16:19'),(679,31,'lmdh38ev3d5jnmn0aahj830011','2022-08-05 10:17:36'),(680,16,'3nk19i37rrq2jvtvkjbes9oash','2022-08-05 10:32:29'),(681,15,'uen4erhgl3ht5241rifknq3h6h','2022-08-05 13:08:19'),(682,14,'aijaim91vgh91boaftdbpda5qn','2022-08-05 12:47:39'),(683,14,'la54281doplvc74jvdrnob8ddp','2022-08-05 12:57:48'),(684,14,'99b2bb3onlfvh4t1450kcvtrgq','2022-08-05 13:03:22'),(685,18,'col6acoq5rcdem6827s2sh04bt','2022-08-05 13:05:09'),(686,14,'kgpait4428osfa5squning87qu','2022-08-05 13:08:23'),(687,NULL,'0l96vmucorig0uqe9ira3co4vv','2022-08-05 13:11:40'),(688,15,'lqtlgfn2tohfi4fqpo8chnp4ar','2022-08-05 13:40:06'),(689,15,'v26eg68i1dk2dt260fuk6bq4nn','2022-08-05 13:57:46'),(690,18,'drm2e56ll0v0mbqqmmfv80kren','2022-08-05 15:32:18'),(691,16,'vm2ga9vgo4gvjivh10us8cu9mg','2022-08-05 18:57:50'),(692,15,'ovhpthspvt24vgdlatsqhfhqem','2022-08-07 09:45:26'),(693,15,'d0tgqqjbs4ee6df6l04dqmklqg','2022-08-08 10:08:44'),(694,NULL,'d0tgqqjbs4ee6df6l04dqmklqg','2022-08-08 10:51:39'),(695,15,'fh6uuirf8skm3rkeoq12uc0rae','2022-08-08 12:19:09'),(696,15,'b39mu3s6r58dmh2k0gmh2nlf0a','2022-08-08 12:25:57'),(697,15,'bfis20i10ajnk6pd0djtu6qhao','2022-08-08 12:30:57'),(698,15,'aqo9kj5astpemk3qje3l7rspo2','2022-08-08 12:32:21'),(699,15,'hbc8tce9vjcolkmon56lld4t8o','2022-08-08 12:37:59'),(700,15,'uu7vve2492tfhlr8l4ebbh5hgj','2022-08-08 13:08:48'),(701,18,'u50u410ahmg5cqm2rknmvu8h8t','2022-08-08 20:22:18'),(702,18,'rm2lq6nffn2bbbhco0h44uodfk','2022-08-08 20:31:02'),(703,15,'o106lrbckbuqpd14005j5mhlcg','2022-08-09 04:50:57'),(704,15,'jog6a0sp0eqr99fg8gkc99psgh','2022-08-09 09:22:16'),(705,16,'18caqlurs3ogbcmq31km44qv4q','2022-08-09 20:26:06'),(706,16,'38nun12ub596um7la31l1u9s76','2022-08-10 00:41:14'),(707,35,'279ouph7nrlqphp11gnecpli5m','2022-08-10 00:46:21'),(708,15,'msc7fov485r8gfn1t69qmmokh2','2022-08-10 03:38:15'),(709,16,'3m5co4thqi1fol3c53tobptdsl','2022-08-10 04:01:29'),(710,15,'uc41ll06ulgom7k6irii4ldn8r','2022-08-10 04:24:11'),(711,15,'o5n7a8flklhl7q8hnek5fnla4c','2022-08-10 04:29:20'),(712,16,'8na4f921485i3uevuiv60a1q7r','2022-08-10 04:31:11'),(713,15,'sorbttdn9687np1gamltpdk6tp','2022-08-10 04:31:35'),(714,15,'0t46kbntf0n7cdb6p1mtmaa1af','2022-08-10 04:33:01'),(715,15,'91jji8m6kjcn3na6cq2rlintd6','2022-08-10 05:14:48'),(716,NULL,'demhlpablnlv5vto9l7veimbg3','2022-08-10 06:55:37'),(717,15,'0pvl64i256752m4benh8cbe9mt','2022-08-10 07:51:51'),(718,15,'0n8jcufc298bt8i76f50971i41','2022-08-10 07:53:30'),(719,NULL,'pn81ensro91ognm8e9jf60u8ii','2022-08-10 16:16:41'),(720,16,'2kq2ebqb8prtnbe939odpraokh','2022-08-10 16:22:51'),(721,16,'2p2qnupi5gbciobdj51cv74ucp','2022-08-10 16:47:57'),(722,16,'u660b324unetgd4qpme1v0vaai','2022-08-10 16:50:07'),(723,16,'u295f357p6490vbagk6l2cslio','2022-08-10 17:04:35');

--
-- Table structure for table `design_change`
--

CREATE TABLE `design_change` (
  `design_change_id` int(11) NOT NULL AUTO_INCREMENT COMMENT 'Design Change ID',
  `store_id` smallint(5) unsigned NOT NULL DEFAULT '0' COMMENT 'Store ID',
  `design` varchar(255) DEFAULT NULL COMMENT 'Design',
  `date_from` date DEFAULT NULL COMMENT 'First Date of Design Activity',
  `date_to` date DEFAULT NULL COMMENT 'Last Date of Design Activity',
  PRIMARY KEY (`design_change_id`),
  KEY `DESIGN_CHANGE_STORE_ID` (`store_id`),
  CONSTRAINT `DESIGN_CHANGE_STORE_ID_STORE_STORE_ID` FOREIGN KEY (`store_id`) REFERENCES `store` (`store_id`) ON DELETE CASCADE
) ENGINE=InnoDB DEFAULT CHARSET=utf8 COMMENT='Design Changes';

--
-- Dumping data for table `design_change`
--


--
-- Table structure for table `design_config_grid_flat`
--

CREATE TABLE `design_config_grid_flat` (
  `entity_id` int(10) unsigned NOT NULL COMMENT 'Entity ID',
  `store_website_id` int(11) DEFAULT NULL COMMENT 'Store_website_id',
  `store_group_id` int(11) DEFAULT NULL COMMENT 'Store_group_id',
  `store_id` int(11) DEFAULT NULL COMMENT 'Store_id',
  `theme_theme_id` varchar(255) DEFAULT NULL COMMENT 'Theme_theme_id',
  PRIMARY KEY (`entity_id`),
  KEY `DESIGN_CONFIG_GRID_FLAT_STORE_WEBSITE_ID` (`store_website_id`),
  KEY `DESIGN_CONFIG_GRID_FLAT_STORE_GROUP_ID` (`store_group_id`),
  KEY `DESIGN_CONFIG_GRID_FLAT_STORE_ID` (`store_id`),
  FULLTEXT KEY `DESIGN_CONFIG_GRID_FLAT_THEME_THEME_ID` (`theme_theme_id`)
) ENGINE=InnoDB DEFAULT CHARSET=utf8 COMMENT='design_config_grid_flat';

--
-- Dumping data for table `design_config_grid_flat`
--

INSERT INTO `design_config_grid_flat` VALUES (0,NULL,NULL,NULL,'9'),(1,1,NULL,NULL,'9'),(2,1,1,5,'9');

--
-- Table structure for table `directory_country`
--

CREATE TABLE `directory_country` (
  `country_id` varchar(2) NOT NULL COMMENT 'Country ID in ISO-2',
  `iso2_code` varchar(2) DEFAULT NULL COMMENT 'Country ISO-2 format',
  `iso3_code` varchar(3) DEFAULT NULL COMMENT 'Country ISO-3',
  PRIMARY KEY (`country_id`)
) ENGINE=InnoDB DEFAULT CHARSET=utf8 COMMENT='Directory Country';

--
-- Dumping data for table `directory_country`
--

INSERT INTO `directory_country` VALUES ('AD','AD','AND'),('AE','AE','ARE'),('AF','AF','AFG'),('AG','AG','ATG'),('AI','AI','AIA'),('AL','AL','ALB'),('AM','AM','ARM'),('AN','AN','ANT'),('AO','AO','AGO'),('AQ','AQ','ATA'),('AR','AR','ARG'),('AS','AS','ASM'),('AT','AT','AUT'),('AU','AU','AUS'),('AW','AW','ABW'),('AX','AX','ALA'),('AZ','AZ','AZE'),('BA','BA','BIH'),('BB','BB','BRB'),('BD','BD','BGD'),('BE','BE','BEL'),('BF','BF','BFA'),('BG','BG','BGR'),('BH','BH','BHR'),('BI','BI','BDI'),('BJ','BJ','BEN'),('BL','BL','BLM'),('BM','BM','BMU'),('BN','BN','BRN'),('BO','BO','BOL'),('BQ','BQ','BES'),('BR','BR','BRA'),('BS','BS','BHS'),('BT','BT','BTN'),('BV','BV','BVT'),('BW','BW','BWA'),('BY','BY','BLR'),('BZ','BZ','BLZ'),('CA','CA','CAN'),('CC','CC','CCK'),('CD','CD','COD'),('CF','CF','CAF'),('CG','CG','COG'),('CH','CH','CHE'),('CI','CI','CIV'),('CK','CK','COK'),('CL','CL','CHL'),('CM','CM','CMR'),('CN','CN','CHN'),('CO','CO','COL'),('CR','CR','CRI'),('CU','CU','CUB'),('CV','CV','CPV'),('CW','CW','CUW'),('CX','CX','CXR'),('CY','CY','CYP'),('CZ','CZ','CZE'),('DE','DE','DEU'),('DJ','DJ','DJI'),('DK','DK','DNK'),('DM','DM','DMA'),('DO','DO','DOM'),('DZ','DZ','DZA'),('EC','EC','ECU'),('EE','EE','EST'),('EG','EG','EGY'),('EH','EH','ESH'),('ER','ER','ERI'),('ES','ES','ESP'),('ET','ET','ETH'),('FI','FI','FIN'),('FJ','FJ','FJI'),('FK','FK','FLK'),('FM','FM','FSM'),('FO','FO','FRO'),('FR','FR','FRA'),('GA','GA','GAB'),('GB','GB','GBR'),('GD','GD','GRD'),('GE','GE','GEO'),('GF','GF','GUF'),('GG','GG','GGY'),('GH','GH','GHA'),('GI','GI','GIB'),('GL','GL','GRL'),('GM','GM','GMB'),('GN','GN','GIN'),('GP','GP','GLP'),('GQ','GQ','GNQ'),('GR','GR','GRC'),('GS','GS','SGS'),('GT','GT','GTM'),('GU','GU','GUM'),('GW','GW','GNB'),('GY','GY','GUY'),('HK','HK','HKG'),('HM','HM','HMD'),('HN','HN','HND'),('HR','HR','HRV'),('HT','HT','HTI'),('HU','HU','HUN'),('ID','ID','IDN'),('IE','IE','IRL'),('IL','IL','ISR'),('IM','IM','IMN'),('IN','IN','IND'),('IO','IO','IOT'),('IQ','IQ','IRQ'),('IR','IR','IRN'),('IS','IS','ISL'),('IT','IT','ITA'),('JE','JE','JEY'),('JM','JM','JAM'),('JO','JO','JOR'),('JP','JP','JPN'),('KE','KE','KEN'),('KG','KG','KGZ'),('KH','KH','KHM'),('KI','KI','KIR'),('KM','KM','COM'),('KN','KN','KNA'),('KP','KP','PRK'),('KR','KR','KOR'),('KW','KW','KWT'),('KY','KY','CYM'),('KZ','KZ','KAZ'),('LA','LA','LAO'),('LB','LB','LBN'),('LC','LC','LCA'),('LI','LI','LIE'),('LK','LK','LKA'),('LR','LR','LBR'),('LS','LS','LSO'),('LT','LT','LTU'),('LU','LU','LUX'),('LV','LV','LVA'),('LY','LY','LBY'),('MA','MA','MAR'),('MC','MC','MCO'),('MD','MD','MDA'),('ME','ME','MNE'),('MF','MF','MAF'),('MG','MG','MDG'),('MH','MH','MHL'),('MK','MK','MKD'),('ML','ML','MLI'),('MM','MM','MMR'),('MN','MN','MNG'),('MO','MO','MAC'),('MP','MP','MNP'),('MQ','MQ','MTQ'),('MR','MR','MRT'),('MS','MS','MSR'),('MT','MT','MLT'),('MU','MU','MUS'),('MV','MV','MDV'),('MW','MW','MWI'),('MX','MX','MEX'),('MY','MY','MYS'),('MZ','MZ','MOZ'),('NA','NA','NAM'),('NC','NC','NCL'),('NE','NE','NER'),('NF','NF','NFK'),('NG','NG','NGA'),('NI','NI','NIC'),('NL','NL','NLD'),('NO','NO','NOR'),('NP','NP','NPL'),('NR','NR','NRU'),('NU','NU','NIU'),('NZ','NZ','NZL'),('OM','OM','OMN'),('PA','PA','PAN'),('PE','PE','PER'),('PF','PF','PYF'),('PG','PG','PNG'),('PH','PH','PHL'),('PK','PK','PAK'),('PL','PL','POL'),('PM','PM','SPM'),('PN','PN','PCN'),('PS','PS','PSE'),('PT','PT','PRT'),('PW','PW','PLW'),('PY','PY','PRY'),('QA','QA','QAT'),('RE','RE','REU'),('RO','RO','ROU'),('RS','RS','SRB'),('RU','RU','RUS'),('RW','RW','RWA'),('SA','SA','SAU'),('SB','SB','SLB'),('SC','SC','SYC'),('SD','SD','SDN'),('SE','SE','SWE'),('SG','SG','SGP'),('SH','SH','SHN'),('SI','SI','SVN'),('SJ','SJ','SJM'),('SK','SK','SVK'),('SL','SL','SLE'),('SM','SM','SMR'),('SN','SN','SEN'),('SO','SO','SOM'),('SR','SR','SUR'),('ST','ST','STP'),('SV','SV','SLV'),('SX','SX','SXM'),('SY','SY','SYR'),('SZ','SZ','SWZ'),('TC','TC','TCA'),('TD','TD','TCD'),('TF','TF','ATF'),('TG','TG','TGO'),('TH','TH','THA'),('TJ','TJ','TJK'),('TK','TK','TKL'),('TL','TL','TLS'),('TM','TM','TKM'),('TN','TN','TUN'),('TO','TO','TON'),('TR','TR','TUR'),('TT','TT','TTO'),('TV','TV','TUV'),('TW','TW','TWN'),('TZ','TZ','TZA'),('UA','UA','UKR'),('UG','UG','UGA'),('UM','UM','UMI'),('US','US','USA'),('UY','UY','URY'),('UZ','UZ','UZB'),('VA','VA','VAT'),('VC','VC','VCT'),('VE','VE','VEN'),('VG','VG','VGB'),('VI','VI','VIR'),('VN','VN','VNM'),('VU','VU','VUT'),('WF','WF','WLF'),('WS','WS','WSM'),('XK','XK','XKX'),('YE','YE','YEM'),('YT','YT','MYT'),('ZA','ZA','ZAF'),('ZM','ZM','ZMB'),('ZW','ZW','ZWE');

--
-- Table structure for table `directory_country_format`
--

CREATE TABLE `directory_country_format` (
  `country_format_id` int(10) unsigned NOT NULL AUTO_INCREMENT COMMENT 'Country Format ID',
  `country_id` varchar(2) DEFAULT NULL COMMENT 'Country ID in ISO-2',
  `type` varchar(30) DEFAULT NULL COMMENT 'Country Format Type',
  `format` text NOT NULL COMMENT 'Country Format',
  PRIMARY KEY (`country_format_id`),
  UNIQUE KEY `DIRECTORY_COUNTRY_FORMAT_COUNTRY_ID_TYPE` (`country_id`,`type`)
) ENGINE=InnoDB DEFAULT CHARSET=utf8 COMMENT='Directory Country Format';

--
-- Dumping data for table `directory_country_format`
--


--
-- Table structure for table `directory_country_region`
--

CREATE TABLE `directory_country_region` (
  `region_id` int(10) unsigned NOT NULL AUTO_INCREMENT COMMENT 'Region ID',
  `country_id` varchar(4) NOT NULL DEFAULT '0' COMMENT 'Country ID in ISO-2',
  `code` varchar(32) DEFAULT NULL COMMENT 'Region code',
  `default_name` varchar(255) DEFAULT NULL COMMENT 'Region Name',
  PRIMARY KEY (`region_id`),
  KEY `DIRECTORY_COUNTRY_REGION_COUNTRY_ID` (`country_id`)
) ENGINE=InnoDB AUTO_INCREMENT=1101 DEFAULT CHARSET=utf8 COMMENT='Directory Country Region';

--
-- Dumping data for table `directory_country_region`
--

INSERT INTO `directory_country_region` VALUES (1,'US','AL','Alabama'),(2,'US','AK','Alaska'),(3,'US','AS','American Samoa'),(4,'US','AZ','Arizona'),(5,'US','AR','Arkansas'),(6,'US','AE','Armed Forces Africa'),(7,'US','AA','Armed Forces Americas'),(8,'US','AE','Armed Forces Canada'),(9,'US','AE','Armed Forces Europe'),(10,'US','AE','Armed Forces Middle East'),(11,'US','AP','Armed Forces Pacific'),(12,'US','CA','California'),(13,'US','CO','Colorado'),(14,'US','CT','Connecticut'),(15,'US','DE','Delaware'),(16,'US','DC','District of Columbia'),(17,'US','FM','Federated States Of Micronesia'),(18,'US','FL','Florida'),(19,'US','GA','Georgia'),(20,'US','GU','Guam'),(21,'US','HI','Hawaii'),(22,'US','ID','Idaho'),(23,'US','IL','Illinois'),(24,'US','IN','Indiana'),(25,'US','IA','Iowa'),(26,'US','KS','Kansas'),(27,'US','KY','Kentucky'),(28,'US','LA','Louisiana'),(29,'US','ME','Maine'),(30,'US','MH','Marshall Islands'),(31,'US','MD','Maryland'),(32,'US','MA','Massachusetts'),(33,'US','MI','Michigan'),(34,'US','MN','Minnesota'),(35,'US','MS','Mississippi'),(36,'US','MO','Missouri'),(37,'US','MT','Montana'),(38,'US','NE','Nebraska'),(39,'US','NV','Nevada'),(40,'US','NH','New Hampshire'),(41,'US','NJ','New Jersey'),(42,'US','NM','New Mexico'),(43,'US','NY','New York'),(44,'US','NC','North Carolina'),(45,'US','ND','North Dakota'),(46,'US','MP','Northern Mariana Islands'),(47,'US','OH','Ohio'),(48,'US','OK','Oklahoma'),(49,'US','OR','Oregon'),(50,'US','PW','Palau'),(51,'US','PA','Pennsylvania'),(52,'US','PR','Puerto Rico'),(53,'US','RI','Rhode Island'),(54,'US','SC','South Carolina'),(55,'US','SD','South Dakota'),(56,'US','TN','Tennessee'),(57,'US','TX','Texas'),(58,'US','UT','Utah'),(59,'US','VT','Vermont'),(60,'US','VI','Virgin Islands'),(61,'US','VA','Virginia'),(62,'US','WA','Washington'),(63,'US','WV','West Virginia'),(64,'US','WI','Wisconsin'),(65,'US','WY','Wyoming'),(66,'CA','AB','Alberta'),(67,'CA','BC','British Columbia'),(68,'CA','MB','Manitoba'),(69,'CA','NL','Newfoundland and Labrador'),(70,'CA','NB','New Brunswick'),(71,'CA','NS','Nova Scotia'),(72,'CA','NT','Northwest Territories'),(73,'CA','NU','Nunavut'),(74,'CA','ON','Ontario'),(75,'CA','PE','Prince Edward Island'),(76,'CA','QC','Quebec'),(77,'CA','SK','Saskatchewan'),(78,'CA','YT','Yukon Territory'),(79,'DE','NDS','Niedersachsen'),(80,'DE','BAW','Baden-Württemberg'),(81,'DE','BAY','Bayern'),(82,'DE','BER','Berlin'),(83,'DE','BRG','Brandenburg'),(84,'DE','BRE','Bremen'),(85,'DE','HAM','Hamburg'),(86,'DE','HES','Hessen'),(87,'DE','MEC','Mecklenburg-Vorpommern'),(88,'DE','NRW','Nordrhein-Westfalen'),(89,'DE','RHE','Rheinland-Pfalz'),(90,'DE','SAR','Saarland'),(91,'DE','SAS','Sachsen'),(92,'DE','SAC','Sachsen-Anhalt'),(93,'DE','SCN','Schleswig-Holstein'),(94,'DE','THE','Thüringen'),(95,'AT','WI','Wien'),(96,'AT','NO','Niederösterreich'),(97,'AT','OO','Oberösterreich'),(98,'AT','SB','Salzburg'),(99,'AT','KN','Kärnten'),(100,'AT','ST','Steiermark'),(101,'AT','TI','Tirol'),(102,'AT','BL','Burgenland'),(103,'AT','VB','Vorarlberg'),(104,'CH','AG','Aargau'),(105,'CH','AI','Appenzell Innerrhoden'),(106,'CH','AR','Appenzell Ausserrhoden'),(107,'CH','BE','Bern'),(108,'CH','BL','Basel-Landschaft'),(109,'CH','BS','Basel-Stadt'),(110,'CH','FR','Freiburg'),(111,'CH','GE','Genf'),(112,'CH','GL','Glarus'),(113,'CH','GR','Graubünden'),(114,'CH','JU','Jura'),(115,'CH','LU','Luzern'),(116,'CH','NE','Neuenburg'),(117,'CH','NW','Nidwalden'),(118,'CH','OW','Obwalden'),(119,'CH','SG','St. Gallen'),(120,'CH','SH','Schaffhausen'),(121,'CH','SO','Solothurn'),(122,'CH','SZ','Schwyz'),(123,'CH','TG','Thurgau'),(124,'CH','TI','Tessin'),(125,'CH','UR','Uri'),(126,'CH','VD','Waadt'),(127,'CH','VS','Wallis'),(128,'CH','ZG','Zug'),(129,'CH','ZH','Zürich'),(130,'ES','A Coruсa','A Coruña'),(131,'ES','Alava','Alava'),(132,'ES','Albacete','Albacete'),(133,'ES','Alicante','Alicante'),(134,'ES','Almeria','Almeria'),(135,'ES','Asturias','Asturias'),(136,'ES','Avila','Avila'),(137,'ES','Badajoz','Badajoz'),(138,'ES','Baleares','Baleares'),(139,'ES','Barcelona','Barcelona'),(140,'ES','Burgos','Burgos'),(141,'ES','Caceres','Caceres'),(142,'ES','Cadiz','Cadiz'),(143,'ES','Cantabria','Cantabria'),(144,'ES','Castellon','Castellon'),(145,'ES','Ceuta','Ceuta'),(146,'ES','Ciudad Real','Ciudad Real'),(147,'ES','Cordoba','Cordoba'),(148,'ES','Cuenca','Cuenca'),(149,'ES','Girona','Girona'),(150,'ES','Granada','Granada'),(151,'ES','Guadalajara','Guadalajara'),(152,'ES','Guipuzcoa','Guipuzcoa'),(153,'ES','Huelva','Huelva'),(154,'ES','Huesca','Huesca'),(155,'ES','Jaen','Jaen'),(156,'ES','La Rioja','La Rioja'),(157,'ES','Las Palmas','Las Palmas'),(158,'ES','Leon','Leon'),(159,'ES','Lleida','Lleida'),(160,'ES','Lugo','Lugo'),(161,'ES','Madrid','Madrid'),(162,'ES','Malaga','Malaga'),(163,'ES','Melilla','Melilla'),(164,'ES','Murcia','Murcia'),(165,'ES','Navarra','Navarra'),(166,'ES','Ourense','Ourense'),(167,'ES','Palencia','Palencia'),(168,'ES','Pontevedra','Pontevedra'),(169,'ES','Salamanca','Salamanca'),(170,'ES','Santa Cruz de Tenerife','Santa Cruz de Tenerife'),(171,'ES','Segovia','Segovia'),(172,'ES','Sevilla','Sevilla'),(173,'ES','Soria','Soria'),(174,'ES','Tarragona','Tarragona'),(175,'ES','Teruel','Teruel'),(176,'ES','Toledo','Toledo'),(177,'ES','Valencia','Valencia'),(178,'ES','Valladolid','Valladolid'),(179,'ES','Vizcaya','Vizcaya'),(180,'ES','Zamora','Zamora'),(181,'ES','Zaragoza','Zaragoza'),(182,'FR','1','Ain'),(183,'FR','2','Aisne'),(184,'FR','3','Allier'),(185,'FR','4','Alpes-de-Haute-Provence'),(186,'FR','5','Hautes-Alpes'),(187,'FR','6','Alpes-Maritimes'),(188,'FR','7','Ardèche'),(189,'FR','8','Ardennes'),(190,'FR','9','Ariège'),(191,'FR','10','Aube'),(192,'FR','11','Aude'),(193,'FR','12','Aveyron'),(194,'FR','13','Bouches-du-Rhône'),(195,'FR','14','Calvados'),(196,'FR','15','Cantal'),(197,'FR','16','Charente'),(198,'FR','17','Charente-Maritime'),(199,'FR','18','Cher'),(200,'FR','19','Corrèze'),(201,'FR','2A','Corse-du-Sud'),(202,'FR','2B','Haute-Corse'),(203,'FR','21','Côte-d\'Or'),(204,'FR','22','Côtes-d\'Armor'),(205,'FR','23','Creuse'),(206,'FR','24','Dordogne'),(207,'FR','25','Doubs'),(208,'FR','26','Drôme'),(209,'FR','27','Eure'),(210,'FR','28','Eure-et-Loir'),(211,'FR','29','Finistère'),(212,'FR','30','Gard'),(213,'FR','31','Haute-Garonne'),(214,'FR','32','Gers'),(215,'FR','33','Gironde'),(216,'FR','34','Hérault'),(217,'FR','35','Ille-et-Vilaine'),(218,'FR','36','Indre'),(219,'FR','37','Indre-et-Loire'),(220,'FR','38','Isère'),(221,'FR','39','Jura'),(222,'FR','40','Landes'),(223,'FR','41','Loir-et-Cher'),(224,'FR','42','Loire'),(225,'FR','43','Haute-Loire'),(226,'FR','44','Loire-Atlantique'),(227,'FR','45','Loiret'),(228,'FR','46','Lot'),(229,'FR','47','Lot-et-Garonne'),(230,'FR','48','Lozère'),(231,'FR','49','Maine-et-Loire'),(232,'FR','50','Manche'),(233,'FR','51','Marne'),(234,'FR','52','Haute-Marne'),(235,'FR','53','Mayenne'),(236,'FR','54','Meurthe-et-Moselle'),(237,'FR','55','Meuse'),(238,'FR','56','Morbihan'),(239,'FR','57','Moselle'),(240,'FR','58','Nièvre'),(241,'FR','59','Nord'),(242,'FR','60','Oise'),(243,'FR','61','Orne'),(244,'FR','62','Pas-de-Calais'),(245,'FR','63','Puy-de-Dôme'),(246,'FR','64','Pyrénées-Atlantiques'),(247,'FR','65','Hautes-Pyrénées'),(248,'FR','66','Pyrénées-Orientales'),(249,'FR','67','Bas-Rhin'),(250,'FR','68','Haut-Rhin'),(251,'FR','69','Rhône'),(252,'FR','70','Haute-Saône'),(253,'FR','71','Saône-et-Loire'),(254,'FR','72','Sarthe'),(255,'FR','73','Savoie'),(256,'FR','74','Haute-Savoie'),(257,'FR','75','Paris'),(258,'FR','76','Seine-Maritime'),(259,'FR','77','Seine-et-Marne'),(260,'FR','78','Yvelines'),(261,'FR','79','Deux-Sèvres'),(262,'FR','80','Somme'),(263,'FR','81','Tarn'),(264,'FR','82','Tarn-et-Garonne'),(265,'FR','83','Var'),(266,'FR','84','Vaucluse'),(267,'FR','85','Vendée'),(268,'FR','86','Vienne'),(269,'FR','87','Haute-Vienne'),(270,'FR','88','Vosges'),(271,'FR','89','Yonne'),(272,'FR','90','Territoire-de-Belfort'),(273,'FR','91','Essonne'),(274,'FR','92','Hauts-de-Seine'),(275,'FR','93','Seine-Saint-Denis'),(276,'FR','94','Val-de-Marne'),(277,'FR','95','Val-d\'Oise'),(278,'RO','AB','Alba'),(279,'RO','AR','Arad'),(280,'RO','AG','Argeş'),(281,'RO','BC','Bacău'),(282,'RO','BH','Bihor'),(283,'RO','BN','Bistriţa-Năsăud'),(284,'RO','BT','Botoşani'),(285,'RO','BV','Braşov'),(286,'RO','BR','Brăila'),(287,'RO','B','Bucureşti'),(288,'RO','BZ','Buzău'),(289,'RO','CS','Caraş-Severin'),(290,'RO','CL','Călăraşi'),(291,'RO','CJ','Cluj'),(292,'RO','CT','Constanţa'),(293,'RO','CV','Covasna'),(294,'RO','DB','Dâmboviţa'),(295,'RO','DJ','Dolj'),(296,'RO','GL','Galaţi'),(297,'RO','GR','Giurgiu'),(298,'RO','GJ','Gorj'),(299,'RO','HR','Harghita'),(300,'RO','HD','Hunedoara'),(301,'RO','IL','Ialomiţa'),(302,'RO','IS','Iaşi'),(303,'RO','IF','Ilfov'),(304,'RO','MM','Maramureş'),(305,'RO','MH','Mehedinţi'),(306,'RO','MS','Mureş'),(307,'RO','NT','Neamţ'),(308,'RO','OT','Olt'),(309,'RO','PH','Prahova'),(310,'RO','SM','Satu-Mare'),(311,'RO','SJ','Sălaj'),(312,'RO','SB','Sibiu'),(313,'RO','SV','Suceava'),(314,'RO','TR','Teleorman'),(315,'RO','TM','Timiş'),(316,'RO','TL','Tulcea'),(317,'RO','VS','Vaslui'),(318,'RO','VL','Vâlcea'),(319,'RO','VN','Vrancea'),(320,'FI','Lappi','Lappi'),(321,'FI','Pohjois-Pohjanmaa','Pohjois-Pohjanmaa'),(322,'FI','Kainuu','Kainuu'),(323,'FI','Pohjois-Karjala','Pohjois-Karjala'),(324,'FI','Pohjois-Savo','Pohjois-Savo'),(325,'FI','Etelä-Savo','Etelä-Savo'),(326,'FI','Etelä-Pohjanmaa','Etelä-Pohjanmaa'),(327,'FI','Pohjanmaa','Pohjanmaa'),(328,'FI','Pirkanmaa','Pirkanmaa'),(329,'FI','Satakunta','Satakunta'),(330,'FI','Keski-Pohjanmaa','Keski-Pohjanmaa'),(331,'FI','Keski-Suomi','Keski-Suomi'),(332,'FI','Varsinais-Suomi','Varsinais-Suomi'),(333,'FI','Etelä-Karjala','Etelä-Karjala'),(334,'FI','Päijät-Häme','Päijät-Häme'),(335,'FI','Kanta-Häme','Kanta-Häme'),(336,'FI','Uusimaa','Uusimaa'),(337,'FI','Itä-Uusimaa','Itä-Uusimaa'),(338,'FI','Kymenlaakso','Kymenlaakso'),(339,'FI','Ahvenanmaa','Ahvenanmaa'),(340,'EE','EE-37','Harjumaa'),(341,'EE','EE-39','Hiiumaa'),(342,'EE','EE-44','Ida-Virumaa'),(343,'EE','EE-49','Jõgevamaa'),(344,'EE','EE-51','Järvamaa'),(345,'EE','EE-57','Läänemaa'),(346,'EE','EE-59','Lääne-Virumaa'),(347,'EE','EE-65','Põlvamaa'),(348,'EE','EE-67','Pärnumaa'),(349,'EE','EE-70','Raplamaa'),(350,'EE','EE-74','Saaremaa'),(351,'EE','EE-78','Tartumaa'),(352,'EE','EE-82','Valgamaa'),(353,'EE','EE-84','Viljandimaa'),(354,'EE','EE-86','Võrumaa'),(355,'LV','LV-DGV','Daugavpils'),(356,'LV','LV-JEL','Jelgava'),(357,'LV','Jēkabpils','Jēkabpils'),(358,'LV','LV-JUR','Jūrmala'),(359,'LV','LV-LPX','Liepāja'),(360,'LV','LV-LE','Liepājas novads'),(361,'LV','LV-REZ','Rēzekne'),(362,'LV','LV-RIX','Rīga'),(363,'LV','LV-RI','Rīgas novads'),(364,'LV','Valmiera','Valmiera'),(365,'LV','LV-VEN','Ventspils'),(366,'LV','Aglonas novads','Aglonas novads'),(367,'LV','LV-AI','Aizkraukles novads'),(368,'LV','Aizputes novads','Aizputes novads'),(369,'LV','Aknīstes novads','Aknīstes novads'),(370,'LV','Alojas novads','Alojas novads'),(371,'LV','Alsungas novads','Alsungas novads'),(372,'LV','LV-AL','Alūksnes novads'),(373,'LV','Amatas novads','Amatas novads'),(374,'LV','Apes novads','Apes novads'),(375,'LV','Auces novads','Auces novads'),(376,'LV','Babītes novads','Babītes novads'),(377,'LV','Baldones novads','Baldones novads'),(378,'LV','Baltinavas novads','Baltinavas novads'),(379,'LV','LV-BL','Balvu novads'),(380,'LV','LV-BU','Bauskas novads'),(381,'LV','Beverīnas novads','Beverīnas novads'),(382,'LV','Brocēnu novads','Brocēnu novads'),(383,'LV','Burtnieku novads','Burtnieku novads'),(384,'LV','Carnikavas novads','Carnikavas novads'),(385,'LV','Cesvaines novads','Cesvaines novads'),(386,'LV','Ciblas novads','Ciblas novads'),(387,'LV','LV-CE','Cēsu novads'),(388,'LV','Dagdas novads','Dagdas novads'),(389,'LV','LV-DA','Daugavpils novads'),(390,'LV','LV-DO','Dobeles novads'),(391,'LV','Dundagas novads','Dundagas novads'),(392,'LV','Durbes novads','Durbes novads'),(393,'LV','Engures novads','Engures novads'),(394,'LV','Garkalnes novads','Garkalnes novads'),(395,'LV','Grobiņas novads','Grobiņas novads'),(396,'LV','LV-GU','Gulbenes novads'),(397,'LV','Iecavas novads','Iecavas novads'),(398,'LV','Ikšķiles novads','Ikšķiles novads'),(399,'LV','Ilūkstes novads','Ilūkstes novads'),(400,'LV','Inčukalna novads','Inčukalna novads'),(401,'LV','Jaunjelgavas novads','Jaunjelgavas novads'),(402,'LV','Jaunpiebalgas novads','Jaunpiebalgas novads'),(403,'LV','Jaunpils novads','Jaunpils novads'),(404,'LV','LV-JL','Jelgavas novads'),(405,'LV','LV-JK','Jēkabpils novads'),(406,'LV','Kandavas novads','Kandavas novads'),(407,'LV','Kokneses novads','Kokneses novads'),(408,'LV','Krimuldas novads','Krimuldas novads'),(409,'LV','Krustpils novads','Krustpils novads'),(410,'LV','LV-KR','Krāslavas novads'),(411,'LV','LV-KU','Kuldīgas novads'),(412,'LV','Kārsavas novads','Kārsavas novads'),(413,'LV','Lielvārdes novads','Lielvārdes novads'),(414,'LV','LV-LM','Limbažu novads'),(415,'LV','Lubānas novads','Lubānas novads'),(416,'LV','LV-LU','Ludzas novads'),(417,'LV','Līgatnes novads','Līgatnes novads'),(418,'LV','Līvānu novads','Līvānu novads'),(419,'LV','LV-MA','Madonas novads'),(420,'LV','Mazsalacas novads','Mazsalacas novads'),(421,'LV','Mālpils novads','Mālpils novads'),(422,'LV','Mārupes novads','Mārupes novads'),(423,'LV','Naukšēnu novads','Naukšēnu novads'),(424,'LV','Neretas novads','Neretas novads'),(425,'LV','Nīcas novads','Nīcas novads'),(426,'LV','LV-OG','Ogres novads'),(427,'LV','Olaines novads','Olaines novads'),(428,'LV','Ozolnieku novads','Ozolnieku novads'),(429,'LV','LV-PR','Preiļu novads'),(430,'LV','Priekules novads','Priekules novads'),(431,'LV','Priekuļu novads','Priekuļu novads'),(432,'LV','Pārgaujas novads','Pārgaujas novads'),(433,'LV','Pāvilostas novads','Pāvilostas novads'),(434,'LV','Pļaviņu novads','Pļaviņu novads'),(435,'LV','Raunas novads','Raunas novads'),(436,'LV','Riebiņu novads','Riebiņu novads'),(437,'LV','Rojas novads','Rojas novads'),(438,'LV','Ropažu novads','Ropažu novads'),(439,'LV','Rucavas novads','Rucavas novads'),(440,'LV','Rugāju novads','Rugāju novads'),(441,'LV','Rundāles novads','Rundāles novads'),(442,'LV','LV-RE','Rēzeknes novads'),(443,'LV','Rūjienas novads','Rūjienas novads'),(444,'LV','Salacgrīvas novads','Salacgrīvas novads'),(445,'LV','Salas novads','Salas novads'),(446,'LV','Salaspils novads','Salaspils novads'),(447,'LV','LV-SA','Saldus novads'),(448,'LV','Saulkrastu novads','Saulkrastu novads'),(449,'LV','Siguldas novads','Siguldas novads'),(450,'LV','Skrundas novads','Skrundas novads'),(451,'LV','Skrīveru novads','Skrīveru novads'),(452,'LV','Smiltenes novads','Smiltenes novads'),(453,'LV','Stopiņu novads','Stopiņu novads'),(454,'LV','Strenču novads','Strenču novads'),(455,'LV','Sējas novads','Sējas novads'),(456,'LV','LV-TA','Talsu novads'),(457,'LV','LV-TU','Tukuma novads'),(458,'LV','Tērvetes novads','Tērvetes novads'),(459,'LV','Vaiņodes novads','Vaiņodes novads'),(460,'LV','LV-VK','Valkas novads'),(461,'LV','LV-VM','Valmieras novads'),(462,'LV','Varakļānu novads','Varakļānu novads'),(463,'LV','Vecpiebalgas novads','Vecpiebalgas novads'),(464,'LV','Vecumnieku novads','Vecumnieku novads'),(465,'LV','LV-VE','Ventspils novads'),(466,'LV','Viesītes novads','Viesītes novads'),(467,'LV','Viļakas novads','Viļakas novads'),(468,'LV','Viļānu novads','Viļānu novads'),(469,'LV','Vārkavas novads','Vārkavas novads'),(470,'LV','Zilupes novads','Zilupes novads'),(471,'LV','Ādažu novads','Ādažu novads'),(472,'LV','Ērgļu novads','Ērgļu novads'),(473,'LV','Ķeguma novads','Ķeguma novads'),(474,'LV','Ķekavas novads','Ķekavas novads'),(475,'LT','LT-AL','Alytaus Apskritis'),(476,'LT','LT-KU','Kauno Apskritis'),(477,'LT','LT-KL','Klaipėdos Apskritis'),(478,'LT','LT-MR','Marijampolės Apskritis'),(479,'LT','LT-PN','Panevėžio Apskritis'),(480,'LT','LT-SA','Šiaulių Apskritis'),(481,'LT','LT-TA','Tauragės Apskritis'),(482,'LT','LT-TE','Telšių Apskritis'),(483,'LT','LT-UT','Utenos Apskritis'),(484,'LT','LT-VL','Vilniaus Apskritis'),(485,'BR','AC','Acre'),(486,'BR','AL','Alagoas'),(487,'BR','AP','Amapá'),(488,'BR','AM','Amazonas'),(489,'BR','BA','Bahia'),(490,'BR','CE','Ceará'),(491,'BR','ES','Espírito Santo'),(492,'BR','GO','Goiás'),(493,'BR','MA','Maranhão'),(494,'BR','MT','Mato Grosso'),(495,'BR','MS','Mato Grosso do Sul'),(496,'BR','MG','Minas Gerais'),(497,'BR','PA','Pará'),(498,'BR','PB','Paraíba'),(499,'BR','PR','Paraná'),(500,'BR','PE','Pernambuco'),(501,'BR','PI','Piauí'),(502,'BR','RJ','Rio de Janeiro'),(503,'BR','RN','Rio Grande do Norte'),(504,'BR','RS','Rio Grande do Sul'),(505,'BR','RO','Rondônia'),(506,'BR','RR','Roraima'),(507,'BR','SC','Santa Catarina'),(508,'BR','SP','São Paulo'),(509,'BR','SE','Sergipe'),(510,'BR','TO','Tocantins'),(511,'BR','DF','Distrito Federal'),(512,'HR','HR-01','Zagrebačka županija'),(513,'HR','HR-02','Krapinsko-zagorska županija'),(514,'HR','HR-03','Sisačko-moslavačka županija'),(515,'HR','HR-04','Karlovačka županija'),(516,'HR','HR-05','Varaždinska županija'),(517,'HR','HR-06','Koprivničko-križevačka županija'),(518,'HR','HR-07','Bjelovarsko-bilogorska županija'),(519,'HR','HR-08','Primorsko-goranska županija'),(520,'HR','HR-09','Ličko-senjska županija'),(521,'HR','HR-10','Virovitičko-podravska županija'),(522,'HR','HR-11','Požeško-slavonska županija'),(523,'HR','HR-12','Brodsko-posavska županija'),(524,'HR','HR-13','Zadarska županija'),(525,'HR','HR-14','Osječko-baranjska županija'),(526,'HR','HR-15','Šibensko-kninska županija'),(527,'HR','HR-16','Vukovarsko-srijemska županija'),(528,'HR','HR-17','Splitsko-dalmatinska županija'),(529,'HR','HR-18','Istarska županija'),(530,'HR','HR-19','Dubrovačko-neretvanska županija'),(531,'HR','HR-20','Međimurska županija'),(532,'HR','HR-21','Grad Zagreb'),(533,'IN','AN','Andaman and Nicobar Islands'),(534,'IN','AP','Andhra Pradesh'),(535,'IN','AR','Arunachal Pradesh'),(536,'IN','AS','Assam'),(537,'IN','BR','Bihar'),(538,'IN','CH','Chandigarh'),(539,'IN','CT','Chhattisgarh'),(540,'IN','DN','Dadra and Nagar Haveli'),(541,'IN','DD','Daman and Diu'),(542,'IN','DL','Delhi'),(543,'IN','GA','Goa'),(544,'IN','GJ','Gujarat'),(545,'IN','HR','Haryana'),(546,'IN','HP','Himachal Pradesh'),(547,'IN','JK','Jammu and Kashmir'),(548,'IN','JH','Jharkhand'),(549,'IN','KA','Karnataka'),(550,'IN','KL','Kerala'),(551,'IN','LD','Lakshadweep'),(552,'IN','MP','Madhya Pradesh'),(553,'IN','MH','Maharashtra'),(554,'IN','MN','Manipur'),(555,'IN','ML','Meghalaya'),(556,'IN','MZ','Mizoram'),(557,'IN','NL','Nagaland'),(558,'IN','OR','Odisha'),(559,'IN','PY','Puducherry'),(560,'IN','PB','Punjab'),(561,'IN','RJ','Rajasthan'),(562,'IN','SK','Sikkim'),(563,'IN','TN','Tamil Nadu'),(564,'IN','TG','Telangana'),(565,'IN','TR','Tripura'),(566,'IN','UP','Uttar Pradesh'),(567,'IN','UT','Uttarakhand'),(568,'IN','WB','West Bengal'),(569,'AU','ACT','Australian Capital Territory'),(570,'AU','NSW','New South Wales'),(571,'AU','VIC','Victoria'),(572,'AU','QLD','Queensland'),(573,'AU','SA','South Australia'),(574,'AU','TAS','Tasmania'),(575,'AU','WA','Western Australia'),(576,'AU','NT','Northern Territory'),(577,'BE','VAN','Antwerpen'),(578,'BE','WBR','Brabant wallon'),(579,'BE','BRU','Brussels-Capital Region'),(580,'BE','WHT','Hainaut'),(581,'BE','VLI','Limburg'),(582,'BE','WLG','Liège'),(583,'BE','WLX','Luxembourg'),(584,'BE','WNA','Namur'),(585,'BE','VOV','Oost-Vlaanderen'),(586,'BE','VBR','Vlaams-Brabant'),(587,'BE','VWV','West-Vlaanderen'),(588,'BG','BG-01','Blagoevgrad'),(589,'BG','BG-02','Burgas'),(590,'BG','BG-03','Varna'),(591,'BG','BG-04','Veliko Tarnovo'),(592,'BG','BG-05','Vidin'),(593,'BG','BG-06','Vratsa'),(594,'BG','BG-07','Gabrovo'),(595,'BG','BG-08','Dobrich'),(596,'BG','BG-09','Kardzhali'),(597,'BG','BG-10','Kyustendil'),(598,'BG','BG-11','Lovech'),(599,'BG','BG-12','Montana'),(600,'BG','BG-13','Pazardzhik'),(601,'BG','BG-14','Pernik'),(602,'BG','BG-15','Pleven'),(603,'BG','BG-16','Plovdiv'),(604,'BG','BG-17','Razgrad'),(605,'BG','BG-18','Ruse'),(606,'BG','BG-19','Silistra'),(607,'BG','BG-20','Sliven'),(608,'BG','BG-21','Smolyan'),(609,'BG','BG-22','Sofia City'),(610,'BG','BG-23','Sofia Province'),(611,'BG','BG-24','Stara Zagora'),(612,'BG','BG-25','Targovishte'),(613,'BG','BG-26','Haskovo'),(614,'BG','BG-27','Shumen'),(615,'BG','BG-28','Yambol'),(616,'CN','CN-AH','Anhui Sheng'),(617,'CN','CN-BJ','Beijing Shi'),(618,'CN','CN-CQ','Chongqing Shi'),(619,'CN','CN-FJ','Fujian Sheng'),(620,'CN','CN-GS','Gansu Sheng'),(621,'CN','CN-GD','Guangdong Sheng'),(622,'CN','CN-GX','Guangxi Zhuangzu Zizhiqu'),(623,'CN','CN-GZ','Guizhou Sheng'),(624,'CN','CN-HI','Hainan Sheng'),(625,'CN','CN-HE','Hebei Sheng'),(626,'CN','CN-HL','Heilongjiang Sheng'),(627,'CN','CN-HA','Henan Sheng'),(628,'CN','CN-HK','Hong Kong SAR'),(629,'CN','CN-HB','Hubei Sheng'),(630,'CN','CN-HN','Hunan Sheng'),(631,'CN','CN-JS','Jiangsu Sheng'),(632,'CN','CN-JX','Jiangxi Sheng'),(633,'CN','CN-JL','Jilin Sheng'),(634,'CN','CN-LN','Liaoning Sheng'),(635,'CN','CN-MO','Macao SAR'),(636,'CN','CN-NM','Nei Mongol Zizhiqu'),(637,'CN','CN-NX','Ningxia Huizi Zizhiqu'),(638,'CN','CN-QH','Qinghai Sheng'),(639,'CN','CN-SN','Shaanxi Sheng'),(640,'CN','CN-SD','Shandong Sheng'),(641,'CN','CN-SH','Shanghai Shi'),(642,'CN','CN-SX','Shanxi Sheng'),(643,'CN','CN-SC','Sichuan Sheng'),(644,'CN','CN-TW','Taiwan Sheng'),(645,'CN','CN-TJ','Tianjin Shi'),(646,'CN','CN-XJ','Xinjiang Uygur Zizhiqu'),(647,'CN','CN-XZ','Xizang Zizhiqu'),(648,'CN','CN-YN','Yunnan Sheng'),(649,'CN','CN-ZJ','Zhejiang Sheng'),(650,'CO','CO-AMA','Amazonas'),(651,'CO','CO-ANT','Antioquia'),(652,'CO','CO-ARA','Arauca'),(653,'CO','CO-ATL','Atlántico'),(654,'CO','CO-BOL','Bolívar'),(655,'CO','CO-BOY','Boyacá'),(656,'CO','CO-CAL','Caldas'),(657,'CO','CO-CAQ','Caquetá'),(658,'CO','CO-CAS','Casanare'),(659,'CO','CO-CAU','Cauca'),(660,'CO','CO-CES','Cesar'),(661,'CO','CO-CHO','Chocó'),(662,'CO','CO-COR','Córdoba'),(663,'CO','CO-CUN','Cundinamarca'),(664,'CO','CO-GUA','Guainía'),(665,'CO','CO-GUV','Guaviare'),(666,'CO','CO-HUL','Huila'),(667,'CO','CO-LAG','La Guajira'),(668,'CO','CO-MAG','Magdalena'),(669,'CO','CO-MET','Meta'),(670,'CO','CO-NAR','Nariño'),(671,'CO','CO-NSA','Norte de Santander'),(672,'CO','CO-PUT','Putumayo'),(673,'CO','CO-QUI','Quindío'),(674,'CO','CO-RIS','Risaralda'),(675,'CO','CO-SAP','San Andrés y Providencia'),(676,'CO','CO-SAN','Santander'),(677,'CO','CO-SUC','Sucre'),(678,'CO','CO-TOL','Tolima'),(679,'CO','CO-VAC','Valle del Cauca'),(680,'CO','CO-VAU','Vaupés'),(681,'CO','CO-VID','Vichada'),(682,'IT','AG','Agrigento'),(683,'IT','AL','Alessandria'),(684,'IT','AN','Ancona'),(685,'IT','AO','Aosta'),(686,'IT','AQ','L\'Aquila'),(687,'IT','AR','Arezzo'),(688,'IT','AP','Ascoli-Piceno'),(689,'IT','AT','Asti'),(690,'IT','AV','Avellino'),(691,'IT','BA','Bari'),(692,'IT','BT','Barletta-Andria-Trani'),(693,'IT','BL','Belluno'),(694,'IT','BN','Benevento'),(695,'IT','BG','Bergamo'),(696,'IT','BI','Biella'),(697,'IT','BO','Bologna'),(698,'IT','BZ','Bolzano'),(699,'IT','BS','Brescia'),(700,'IT','BR','Brindisi'),(701,'IT','CA','Cagliari'),(702,'IT','CL','Caltanissetta'),(703,'IT','CB','Campobasso'),(704,'IT','CI','Carbonia Iglesias'),(705,'IT','CE','Caserta'),(706,'IT','CT','Catania'),(707,'IT','CZ','Catanzaro'),(708,'IT','CH','Chieti'),(709,'IT','CO','Como'),(710,'IT','CS','Cosenza'),(711,'IT','CR','Cremona'),(712,'IT','KR','Crotone'),(713,'IT','CN','Cuneo'),(714,'IT','EN','Enna'),(715,'IT','FM','Fermo'),(716,'IT','FE','Ferrara'),(717,'IT','FI','Firenze'),(718,'IT','FG','Foggia'),(719,'IT','FC','Forli-Cesena'),(720,'IT','FR','Frosinone'),(721,'IT','GE','Genova'),(722,'IT','GO','Gorizia'),(723,'IT','GR','Grosseto'),(724,'IT','IM','Imperia'),(725,'IT','IS','Isernia'),(726,'IT','SP','La-Spezia'),(727,'IT','LT','Latina'),(728,'IT','LE','Lecce'),(729,'IT','LC','Lecco'),(730,'IT','LI','Livorno'),(731,'IT','LO','Lodi'),(732,'IT','LU','Lucca'),(733,'IT','MC','Macerata'),(734,'IT','MN','Mantova'),(735,'IT','MS','Massa-Carrara'),(736,'IT','MT','Matera'),(737,'IT','VS','Medio Campidano'),(738,'IT','ME','Messina'),(739,'IT','MI','Milano'),(740,'IT','MO','Modena'),(741,'IT','MB','Monza-Brianza'),(742,'IT','NA','Napoli'),(743,'IT','NO','Novara'),(744,'IT','NU','Nuoro'),(745,'IT','OG','Ogliastra'),(746,'IT','OT','Olbia Tempio'),(747,'IT','OR','Oristano'),(748,'IT','PD','Padova'),(749,'IT','PA','Palermo'),(750,'IT','PR','Parma'),(751,'IT','PV','Pavia'),(752,'IT','PG','Perugia'),(753,'IT','PU','Pesaro-Urbino'),(754,'IT','PE','Pescara'),(755,'IT','PC','Piacenza'),(756,'IT','PI','Pisa'),(757,'IT','PT','Pistoia'),(758,'IT','PN','Pordenone'),(759,'IT','PZ','Potenza'),(760,'IT','PO','Prato'),(761,'IT','RG','Ragusa'),(762,'IT','RA','Ravenna'),(763,'IT','RC','Reggio-Calabria'),(764,'IT','RE','Reggio-Emilia'),(765,'IT','RI','Rieti'),(766,'IT','RN','Rimini'),(767,'IT','RM','Roma'),(768,'IT','RO','Rovigo'),(769,'IT','SA','Salerno'),(770,'IT','SS','Sassari'),(771,'IT','SV','Savona'),(772,'IT','SI','Siena'),(773,'IT','SR','Siracusa'),(774,'IT','SO','Sondrio'),(775,'IT','TA','Taranto'),(776,'IT','TE','Teramo'),(777,'IT','TR','Terni'),(778,'IT','TO','Torino'),(779,'IT','TP','Trapani'),(780,'IT','TN','Trento'),(781,'IT','TV','Treviso'),(782,'IT','TS','Trieste'),(783,'IT','UD','Udine'),(784,'IT','VA','Varese'),(785,'IT','VE','Venezia'),(786,'IT','VB','Verbania'),(787,'IT','VC','Vercelli'),(788,'IT','VR','Verona'),(789,'IT','VV','Vibo-Valentia'),(790,'IT','VI','Vicenza'),(791,'IT','VT','Viterbo'),(792,'MX','AGU','Aguascalientes'),(793,'MX','BCN','Baja California'),(794,'MX','BCS','Baja California Sur'),(795,'MX','CAM','Campeche'),(796,'MX','CHP','Chiapas'),(797,'MX','CHH','Chihuahua'),(798,'MX','CMX','Ciudad de México'),(799,'MX','COA','Coahuila'),(800,'MX','COL','Colima'),(801,'MX','DUR','Durango'),(802,'MX','MEX','Estado de México'),(803,'MX','GUA','Guanajuato'),(804,'MX','GRO','Guerrero'),(805,'MX','HID','Hidalgo'),(806,'MX','JAL','Jalisco'),(807,'MX','MIC','Michoacán'),(808,'MX','MOR','Morelos'),(809,'MX','NAY','Nayarit'),(810,'MX','NLE','Nuevo León'),(811,'MX','OAX','Oaxaca'),(812,'MX','PUE','Puebla'),(813,'MX','QUE','Querétaro'),(814,'MX','ROO','Quintana Roo'),(815,'MX','SLP','San Luis Potosí'),(816,'MX','SIN','Sinaloa'),(817,'MX','SON','Sonora'),(818,'MX','TAB','Tabasco'),(819,'MX','TAM','Tamaulipas'),(820,'MX','TLA','Tlaxcala'),(821,'MX','VER','Veracruz'),(822,'MX','YUC','Yucatán'),(823,'MX','ZAC','Zacatecas'),(824,'PL','PL-02','dolnośląskie'),(825,'PL','PL-04','kujawsko-pomorskie'),(826,'PL','PL-06','lubelskie'),(827,'PL','PL-08','lubuskie'),(828,'PL','PL-10','łódzkie'),(829,'PL','PL-12','małopolskie'),(830,'PL','PL-14','mazowieckie'),(831,'PL','PL-16','opolskie'),(832,'PL','PL-18','podkarpackie'),(833,'PL','PL-20','podlaskie'),(834,'PL','PL-22','pomorskie'),(835,'PL','PL-24','śląskie'),(836,'PL','PL-26','świętokrzyskie'),(837,'PL','PL-28','warmińsko-mazurskie'),(838,'PL','PL-30','wielkopolskie'),(839,'PL','PL-32','zachodniopomorskie'),(840,'UY','UY-AR','Artigas'),(841,'UY','UY-CA','Canelones'),(842,'UY','UY-CL','Cerro Largo'),(843,'UY','UY-CO','Colonia'),(844,'UY','UY-DU','Durazno'),(845,'UY','UY-FS','Flores'),(846,'UY','UY-FD','Florida'),(847,'UY','UY-LA','Lavalleja'),(848,'UY','UY-MA','Maldonado'),(849,'UY','UY-MO','Montevideo'),(850,'UY','UY-PA','Paysandu'),(851,'UY','UY-RN','Río Negro'),(852,'UY','UY-RV','Rivera'),(853,'UY','UY-RO','Rocha'),(854,'UY','UY-SA','Salto'),(855,'UY','UY-SJ','San José'),(856,'UY','UY-SO','Soriano'),(857,'UY','UY-TA','Tacuarembó'),(858,'UY','UY-TT','Treinta y Tres'),(859,'AL','AL-01','Berat'),(860,'AL','AL-09','Dibër'),(861,'AL','AL-02','Durrës'),(862,'AL','AL-03','Elbasan'),(863,'AL','AL-04','Fier'),(864,'AL','AL-05','Gjirokastër'),(865,'AL','AL-06','Korçë'),(866,'AL','AL-07','Kukës'),(867,'AL','AL-08','Lezhë'),(868,'AL','AL-10','Shkodër'),(869,'AL','AL-11','Tiranë'),(870,'AL','AL-12','Vlorë'),(871,'AR','AR-C','Ciudad Autónoma de Buenos Aires'),(872,'AR','AR-B','Buenos Aires'),(873,'AR','AR-K','Catamarca'),(874,'AR','AR-H','Chaco'),(875,'AR','AR-U','Chubut'),(876,'AR','AR-X','Córdoba'),(877,'AR','AR-W','Corrientes'),(878,'AR','AR-E','Entre Ríos'),(879,'AR','AR-P','Formosa'),(880,'AR','AR-Y','Jujuy'),(881,'AR','AR-L','La Pampa'),(882,'AR','AR-F','La Rioja'),(883,'AR','AR-M','Mendoza'),(884,'AR','AR-N','Misiones'),(885,'AR','AR-Q','Neuquén'),(886,'AR','AR-R','Río Negro'),(887,'AR','AR-A','Salta'),(888,'AR','AR-J','San Juan'),(889,'AR','AR-D','San Luis'),(890,'AR','AR-Z','Santa Cruz'),(891,'AR','AR-S','Santa Fe'),(892,'AR','AR-G','Santiago del Estero'),(893,'AR','AR-V','Tierra del Fuego'),(894,'AR','AR-T','Tucumán'),(895,'BO','BO-C','Cochabamba'),(896,'BO','BO-H','Chuquisaca'),(897,'BO','BO-B','El Beni'),(898,'BO','BO-L','La Paz'),(899,'BO','BO-O','Oruro'),(900,'BO','BO-N','Pando'),(901,'BO','BO-P','Potosí'),(902,'BO','BO-S','Santa Cruz'),(903,'BO','BO-T','Tarija'),(904,'CL','CL-AI','Aisén del General Carlos Ibañez del Campo'),(905,'CL','CL-AN','Antofagasta'),(906,'CL','CL-AP','Arica y Parinacota'),(907,'CL','CL-AR','La Araucanía'),(908,'CL','CL-AT','Atacama'),(909,'CL','CL-BI','Biobío'),(910,'CL','CL-CO','Coquimbo'),(911,'CL','CL-LI','Libertador General Bernardo O\'Higgins'),(912,'CL','CL-LL','Los Lagos'),(913,'CL','CL-LR','Los Ríos'),(914,'CL','CL-MA','Magallanes'),(915,'CL','CL-ML','Maule'),(916,'CL','CL-NB','Ñuble'),(917,'CL','CL-RM','Región Metropolitana de Santiago'),(918,'CL','CL-TA','Tarapacá'),(919,'CL','CL-VS','Valparaíso'),(920,'DK','DK-84','Hovedstaden'),(921,'DK','DK-82','Midtjylland'),(922,'DK','DK-81','Nordjylland'),(923,'DK','DK-85','Sjælland'),(924,'DK','DK-83','Syddanmark'),(925,'EC','EC-A','Azuay'),(926,'EC','EC-B','Bolívar'),(927,'EC','EC-F','Cañar'),(928,'EC','EC-C','Carchi'),(929,'EC','EC-H','Chimborazo'),(930,'EC','EC-X','Cotopaxi'),(931,'EC','EC-O','El Oro'),(932,'EC','EC-E','Esmeraldas'),(933,'EC','EC-W','Galápagos'),(934,'EC','EC-G','Guayas'),(935,'EC','EC-I','Imbabura'),(936,'EC','EC-L','Loja'),(937,'EC','EC-R','Los Ríos'),(938,'EC','EC-M','Manabí'),(939,'EC','EC-S','Morona Santiago'),(940,'EC','EC-N','Napo'),(941,'EC','EC-D','Orellana'),(942,'EC','EC-Y','Pastaza'),(943,'EC','EC-P','Pichincha'),(944,'EC','EC-SE','Santa Elena'),(945,'EC','EC-SD','Santo Domingo de los Tsáchilas'),(946,'EC','EC-U','Sucumbíos'),(947,'EC','EC-T','Tungurahua'),(948,'EC','EC-Z','Zamora Chinchipe'),(949,'GR','GR-A','Anatolikí Makedonía kai Thráki'),(950,'GR','GR-I','Attikí'),(951,'GR','GR-G','Dytikí Elláda'),(952,'GR','GR-C','Dytikí Makedonía'),(953,'GR','GR-F','Ionía Nísia'),(954,'GR','GR-D','Ípeiros'),(955,'GR','GR-B','Kentrikí Makedonía'),(956,'GR','GR-M','Kríti'),(957,'GR','GR-L','Nótio Aigaío'),(958,'GR','GR-J','Pelopónnisos'),(959,'GR','GR-H','Stereá Elláda'),(960,'GR','GR-E','Thessalía'),(961,'GR','GR-K','Vóreio Aigaío'),(962,'GR','GR-69','Ágion Óros'),(963,'GY','GY-BA','Barima-Waini'),(964,'GY','GY-CU','Cuyuni-Mazaruni'),(965,'GY','GY-DE','Demerara-Mahaica'),(966,'GY','GY-EB','East Berbice-Corentyne'),(967,'GY','GY-ES','Essequibo Islands-West Demerara'),(968,'GY','GY-MA','Mahaica-Berbice'),(969,'GY','GY-PM','Pomeroon-Supenaam'),(970,'GY','GY-PT','Potaro-Siparuni'),(971,'GY','GY-UD','Upper Demerara-Berbice'),(972,'GY','GY-UT','Upper Takutu-Upper Essequibo'),(973,'IS','IS-01','Höfuðborgarsvæði'),(974,'IS','IS-02','Suðurnes'),(975,'IS','IS-03','Vesturland'),(976,'IS','IS-04','Vestfirðir'),(977,'IS','IS-05','Norðurland vestra'),(978,'IS','IS-06','Norðurland eystra'),(979,'IS','IS-07','Austurland'),(980,'IS','IS-08','Suðurland'),(981,'PY','PY-ASU','Asunción'),(982,'PY','PY-16','Alto Paraguay'),(983,'PY','PY-10','Alto Paraná'),(984,'PY','PY-13','Amambay'),(985,'PY','PY-19','Boquerón'),(986,'PY','PY-5','Caaguazú'),(987,'PY','PY-6','Caazapá'),(988,'PY','PY-14','Canindeyú'),(989,'PY','PY-11','Central'),(990,'PY','PY-1','Concepción'),(991,'PY','PY-3','Cordillera'),(992,'PY','PY-4','Guairá'),(993,'PY','PY-7','Itapúa'),(994,'PY','PY-8','Misiones'),(995,'PY','PY-12','Ñeembucú'),(996,'PY','PY-9','Paraguarí'),(997,'PY','PY-15','Presidente Hayes'),(998,'PY','PY-2','San Pedro'),(999,'PE','PE-LMA','Municipalidad Metropolitana de Lima'),(1000,'PE','PE-AMA','Amazonas'),(1001,'PE','PE-ANC','Ancash'),(1002,'PE','PE-APU','Apurímac'),(1003,'PE','PE-ARE','Arequipa'),(1004,'PE','PE-AYA','Ayacucho'),(1005,'PE','PE-CAJ','Cajamarca'),(1006,'PE','PE-CUS','Cusco'),(1007,'PE','PE-CAL','El Callao'),(1008,'PE','PE-HUV','Huancavelica'),(1009,'PE','PE-HUC','Huánuco'),(1010,'PE','PE-ICA','Ica'),(1011,'PE','PE-JUN','Junín'),(1012,'PE','PE-LAL','La Libertad'),(1013,'PE','PE-LAM','Lambayeque'),(1014,'PE','PE-LIM','Lima'),(1015,'PE','PE-LOR','Loreto'),(1016,'PE','PE-MDD','Madre de Dios'),(1017,'PE','PE-MOQ','Moquegua'),(1018,'PE','PE-PAS','Pasco'),(1019,'PE','PE-PIU','Piura'),(1020,'PE','PE-PUN','Puno'),(1021,'PE','PE-SAM','San Martín'),(1022,'PE','PE-TAC','Tacna'),(1023,'PE','PE-TUM','Tumbes'),(1024,'PE','PE-UCA','Ucayali'),(1025,'PT','PT-01','Aveiro'),(1026,'PT','PT-02','Beja'),(1027,'PT','PT-03','Braga'),(1028,'PT','PT-04','Bragança'),(1029,'PT','PT-05','Castelo Branco'),(1030,'PT','PT-06','Coimbra'),(1031,'PT','PT-07','Évora'),(1032,'PT','PT-08','Faro'),(1033,'PT','PT-09','Guarda'),(1034,'PT','PT-10','Leiria'),(1035,'PT','PT-11','Lisboa'),(1036,'PT','PT-12','Portalegre'),(1037,'PT','PT-13','Porto'),(1038,'PT','PT-14','Santarém'),(1039,'PT','PT-15','Setúbal'),(1040,'PT','PT-16','Viana do Castelo'),(1041,'PT','PT-17','Vila Real'),(1042,'PT','PT-18','Viseu'),(1043,'PT','PT-20','Região Autónoma dos Açores'),(1044,'PT','PT-30','Região Autónoma da Madeira'),(1045,'SR','SR-BR','Brokopondo'),(1046,'SR','SR-CM','Commewijne'),(1047,'SR','SR-CR','Coronie'),(1048,'SR','SR-MA','Marowijne'),(1049,'SR','SR-NI','Nickerie'),(1050,'SR','SR-PR','Para'),(1051,'SR','SR-PM','Paramaribo'),(1052,'SR','SR-SA','Saramacca'),(1053,'SR','SR-SI','Sipaliwini'),(1054,'SR','SR-WA','Wanica'),(1055,'SE','SE-K','Blekinge län'),(1056,'SE','SE-W','Dalarnas län'),(1057,'SE','SE-I','Gotlands län'),(1058,'SE','SE-X','Gävleborgs län'),(1059,'SE','SE-N','Hallands län'),(1060,'SE','SE-Z','Jämtlands län'),(1061,'SE','SE-F','Jönköpings län'),(1062,'SE','SE-H','Kalmar län'),(1063,'SE','SE-G','Kronobergs län'),(1064,'SE','SE-BD','Norrbottens län'),(1065,'SE','SE-M','Skåne län'),(1066,'SE','SE-AB','Stockholms län'),(1067,'SE','SE-D','Södermanlands län'),(1068,'SE','SE-C','Uppsala län'),(1069,'SE','SE-S','Värmlands län'),(1070,'SE','SE-AC','Västerbottens län'),(1071,'SE','SE-Y','Västernorrlands län'),(1072,'SE','SE-U','Västmanlands län'),(1073,'SE','SE-O','Västra Götalands län'),(1074,'SE','SE-T','Örebro län'),(1075,'SE','SE-E','Östergötlands län'),(1076,'VE','VE-W','Dependencias Federales'),(1077,'VE','VE-A','Distrito Capital'),(1078,'VE','VE-Z','Amazonas'),(1079,'VE','VE-B','Anzoátegui'),(1080,'VE','VE-C','Apure'),(1081,'VE','VE-D','Aragua'),(1082,'VE','VE-E','Barinas'),(1083,'VE','VE-F','Bolívar'),(1084,'VE','VE-G','Carabobo'),(1085,'VE','VE-H','Cojedes'),(1086,'VE','VE-Y','Delta Amacuro'),(1087,'VE','VE-I','Falcón'),(1088,'VE','VE-J','Guárico'),(1089,'VE','VE-K','Lara'),(1090,'VE','VE-L','Mérida'),(1091,'VE','VE-M','Miranda'),(1092,'VE','VE-N','Monagas'),(1093,'VE','VE-O','Nueva Esparta'),(1094,'VE','VE-P','Portuguesa'),(1095,'VE','VE-R','Sucre'),(1096,'VE','VE-S','Táchira'),(1097,'VE','VE-T','Trujillo'),(1098,'VE','VE-X','Vargas'),(1099,'VE','VE-U','Yaracuy'),(1100,'VE','VE-V','Zulia');

--
-- Table structure for table `directory_country_region_name`
--

CREATE TABLE `directory_country_region_name` (
  `locale` varchar(16) NOT NULL COMMENT 'Locale',
  `region_id` int(10) unsigned NOT NULL DEFAULT '0' COMMENT 'Region ID',
  `name` varchar(255) DEFAULT NULL COMMENT 'Region Name',
  PRIMARY KEY (`locale`,`region_id`),
  KEY `DIRECTORY_COUNTRY_REGION_NAME_REGION_ID` (`region_id`),
  CONSTRAINT `DIR_COUNTRY_REGION_NAME_REGION_ID_DIR_COUNTRY_REGION_REGION_ID` FOREIGN KEY (`region_id`) REFERENCES `directory_country_region` (`region_id`) ON DELETE CASCADE
) ENGINE=InnoDB DEFAULT CHARSET=utf8 COMMENT='Directory Country Region Name';

--
-- Dumping data for table `directory_country_region_name`
--

INSERT INTO `directory_country_region_name` VALUES ('en_US',1,'Alabama'),('en_US',2,'Alaska'),('en_US',3,'American Samoa'),('en_US',4,'Arizona'),('en_US',5,'Arkansas'),('en_US',6,'Armed Forces Africa'),('en_US',7,'Armed Forces Americas'),('en_US',8,'Armed Forces Canada'),('en_US',9,'Armed Forces Europe'),('en_US',10,'Armed Forces Middle East'),('en_US',11,'Armed Forces Pacific'),('en_US',12,'California'),('en_US',13,'Colorado'),('en_US',14,'Connecticut'),('en_US',15,'Delaware'),('en_US',16,'District of Columbia'),('en_US',17,'Federated States Of Micronesia'),('en_US',18,'Florida'),('en_US',19,'Georgia'),('en_US',20,'Guam'),('en_US',21,'Hawaii'),('en_US',22,'Idaho'),('en_US',23,'Illinois'),('en_US',24,'Indiana'),('en_US',25,'Iowa'),('en_US',26,'Kansas'),('en_US',27,'Kentucky'),('en_US',28,'Louisiana'),('en_US',29,'Maine'),('en_US',30,'Marshall Islands'),('en_US',31,'Maryland'),('en_US',32,'Massachusetts'),('en_US',33,'Michigan'),('en_US',34,'Minnesota'),('en_US',35,'Mississippi'),('en_US',36,'Missouri'),('en_US',37,'Montana'),('en_US',38,'Nebraska'),('en_US',39,'Nevada'),('en_US',40,'New Hampshire'),('en_US',41,'New Jersey'),('en_US',42,'New Mexico'),('en_US',43,'New York'),('en_US',44,'North Carolina'),('en_US',45,'North Dakota'),('en_US',46,'Northern Mariana Islands'),('en_US',47,'Ohio'),('en_US',48,'Oklahoma'),('en_US',49,'Oregon'),('en_US',50,'Palau'),('en_US',51,'Pennsylvania'),('en_US',52,'Puerto Rico'),('en_US',53,'Rhode Island'),('en_US',54,'South Carolina'),('en_US',55,'South Dakota'),('en_US',56,'Tennessee'),('en_US',57,'Texas'),('en_US',58,'Utah'),('en_US',59,'Vermont'),('en_US',60,'Virgin Islands'),('en_US',61,'Virginia'),('en_US',62,'Washington'),('en_US',63,'West Virginia'),('en_US',64,'Wisconsin'),('en_US',65,'Wyoming'),('en_US',66,'Alberta'),('en_US',67,'British Columbia'),('en_US',68,'Manitoba'),('en_US',69,'Newfoundland and Labrador'),('en_US',70,'New Brunswick'),('en_US',71,'Nova Scotia'),('en_US',72,'Northwest Territories'),('en_US',73,'Nunavut'),('en_US',74,'Ontario'),('en_US',75,'Prince Edward Island'),('en_US',76,'Quebec'),('en_US',77,'Saskatchewan'),('en_US',78,'Yukon Territory'),('en_US',79,'Niedersachsen'),('en_US',80,'Baden-Württemberg'),('en_US',81,'Bayern'),('en_US',82,'Berlin'),('en_US',83,'Brandenburg'),('en_US',84,'Bremen'),('en_US',85,'Hamburg'),('en_US',86,'Hessen'),('en_US',87,'Mecklenburg-Vorpommern'),('en_US',88,'Nordrhein-Westfalen'),('en_US',89,'Rheinland-Pfalz'),('en_US',90,'Saarland'),('en_US',91,'Sachsen'),('en_US',92,'Sachsen-Anhalt'),('en_US',93,'Schleswig-Holstein'),('en_US',94,'Thüringen'),('en_US',95,'Wien'),('en_US',96,'Niederösterreich'),('en_US',97,'Oberösterreich'),('en_US',98,'Salzburg'),('en_US',99,'Kärnten'),('en_US',100,'Steiermark'),('en_US',101,'Tirol'),('en_US',102,'Burgenland'),('en_US',103,'Vorarlberg'),('en_US',104,'Aargau'),('en_US',105,'Appenzell Innerrhoden'),('en_US',106,'Appenzell Ausserrhoden'),('en_US',107,'Bern'),('en_US',108,'Basel-Landschaft'),('en_US',109,'Basel-Stadt'),('en_US',110,'Freiburg'),('en_US',111,'Genf'),('en_US',112,'Glarus'),('en_US',113,'Graubünden'),('en_US',114,'Jura'),('en_US',115,'Luzern'),('en_US',116,'Neuenburg'),('en_US',117,'Nidwalden'),('en_US',118,'Obwalden'),('en_US',119,'St. Gallen'),('en_US',120,'Schaffhausen'),('en_US',121,'Solothurn'),('en_US',122,'Schwyz'),('en_US',123,'Thurgau'),('en_US',124,'Tessin'),('en_US',125,'Uri'),('en_US',126,'Waadt'),('en_US',127,'Wallis'),('en_US',128,'Zug'),('en_US',129,'Zürich'),('en_US',130,'A Coruña'),('en_US',131,'Alava'),('en_US',132,'Albacete'),('en_US',133,'Alicante'),('en_US',134,'Almeria'),('en_US',135,'Asturias'),('en_US',136,'Avila'),('en_US',137,'Badajoz'),('en_US',138,'Baleares'),('en_US',139,'Barcelona'),('en_US',140,'Burgos'),('en_US',141,'Caceres'),('en_US',142,'Cadiz'),('en_US',143,'Cantabria'),('en_US',144,'Castellon'),('en_US',145,'Ceuta'),('en_US',146,'Ciudad Real'),('en_US',147,'Cordoba'),('en_US',148,'Cuenca'),('en_US',149,'Girona'),('en_US',150,'Granada'),('en_US',151,'Guadalajara'),('en_US',152,'Guipuzcoa'),('en_US',153,'Huelva'),('en_US',154,'Huesca'),('en_US',155,'Jaen'),('en_US',156,'La Rioja'),('en_US',157,'Las Palmas'),('en_US',158,'Leon'),('en_US',159,'Lleida'),('en_US',160,'Lugo'),('en_US',161,'Madrid'),('en_US',162,'Malaga'),('en_US',163,'Melilla'),('en_US',164,'Murcia'),('en_US',165,'Navarra'),('en_US',166,'Ourense'),('en_US',167,'Palencia'),('en_US',168,'Pontevedra'),('en_US',169,'Salamanca'),('en_US',170,'Santa Cruz de Tenerife'),('en_US',171,'Segovia'),('en_US',172,'Sevilla'),('en_US',173,'Soria'),('en_US',174,'Tarragona'),('en_US',175,'Teruel'),('en_US',176,'Toledo'),('en_US',177,'Valencia'),('en_US',178,'Valladolid'),('en_US',179,'Vizcaya'),('en_US',180,'Zamora'),('en_US',181,'Zaragoza'),('en_US',182,'Ain'),('en_US',183,'Aisne'),('en_US',184,'Allier'),('en_US',185,'Alpes-de-Haute-Provence'),('en_US',186,'Hautes-Alpes'),('en_US',187,'Alpes-Maritimes'),('en_US',188,'Ardèche'),('en_US',189,'Ardennes'),('en_US',190,'Ariège'),('en_US',191,'Aube'),('en_US',192,'Aude'),('en_US',193,'Aveyron'),('en_US',194,'Bouches-du-Rhône'),('en_US',195,'Calvados'),('en_US',196,'Cantal'),('en_US',197,'Charente'),('en_US',198,'Charente-Maritime'),('en_US',199,'Cher'),('en_US',200,'Corrèze'),('en_US',201,'Corse-du-Sud'),('en_US',202,'Haute-Corse'),('en_US',203,'Côte-d\'Or'),('en_US',204,'Côtes-d\'Armor'),('en_US',205,'Creuse'),('en_US',206,'Dordogne'),('en_US',207,'Doubs'),('en_US',208,'Drôme'),('en_US',209,'Eure'),('en_US',210,'Eure-et-Loir'),('en_US',211,'Finistère'),('en_US',212,'Gard'),('en_US',213,'Haute-Garonne'),('en_US',214,'Gers'),('en_US',215,'Gironde'),('en_US',216,'Hérault'),('en_US',217,'Ille-et-Vilaine'),('en_US',218,'Indre'),('en_US',219,'Indre-et-Loire'),('en_US',220,'Isère'),('en_US',221,'Jura'),('en_US',222,'Landes'),('en_US',223,'Loir-et-Cher'),('en_US',224,'Loire'),('en_US',225,'Haute-Loire'),('en_US',226,'Loire-Atlantique'),('en_US',227,'Loiret'),('en_US',228,'Lot'),('en_US',229,'Lot-et-Garonne'),('en_US',230,'Lozère'),('en_US',231,'Maine-et-Loire'),('en_US',232,'Manche'),('en_US',233,'Marne'),('en_US',234,'Haute-Marne'),('en_US',235,'Mayenne'),('en_US',236,'Meurthe-et-Moselle'),('en_US',237,'Meuse'),('en_US',238,'Morbihan'),('en_US',239,'Moselle'),('en_US',240,'Nièvre'),('en_US',241,'Nord'),('en_US',242,'Oise'),('en_US',243,'Orne'),('en_US',244,'Pas-de-Calais'),('en_US',245,'Puy-de-Dôme'),('en_US',246,'Pyrénées-Atlantiques'),('en_US',247,'Hautes-Pyrénées'),('en_US',248,'Pyrénées-Orientales'),('en_US',249,'Bas-Rhin'),('en_US',250,'Haut-Rhin'),('en_US',251,'Rhône'),('en_US',252,'Haute-Saône'),('en_US',253,'Saône-et-Loire'),('en_US',254,'Sarthe'),('en_US',255,'Savoie'),('en_US',256,'Haute-Savoie'),('en_US',257,'Paris'),('en_US',258,'Seine-Maritime'),('en_US',259,'Seine-et-Marne'),('en_US',260,'Yvelines'),('en_US',261,'Deux-Sèvres'),('en_US',262,'Somme'),('en_US',263,'Tarn'),('en_US',264,'Tarn-et-Garonne'),('en_US',265,'Var'),('en_US',266,'Vaucluse'),('en_US',267,'Vendée'),('en_US',268,'Vienne'),('en_US',269,'Haute-Vienne'),('en_US',270,'Vosges'),('en_US',271,'Yonne'),('en_US',272,'Territoire-de-Belfort'),('en_US',273,'Essonne'),('en_US',274,'Hauts-de-Seine'),('en_US',275,'Seine-Saint-Denis'),('en_US',276,'Val-de-Marne'),('en_US',277,'Val-d\'Oise'),('en_US',278,'Alba'),('en_US',279,'Arad'),('en_US',280,'Argeş'),('en_US',281,'Bacău'),('en_US',282,'Bihor'),('en_US',283,'Bistriţa-Năsăud'),('en_US',284,'Botoşani'),('en_US',285,'Braşov'),('en_US',286,'Brăila'),('en_US',287,'Bucureşti'),('en_US',288,'Buzău'),('en_US',289,'Caraş-Severin'),('en_US',290,'Călăraşi'),('en_US',291,'Cluj'),('en_US',292,'Constanţa'),('en_US',293,'Covasna'),('en_US',294,'Dâmboviţa'),('en_US',295,'Dolj'),('en_US',296,'Galaţi'),('en_US',297,'Giurgiu'),('en_US',298,'Gorj'),('en_US',299,'Harghita'),('en_US',300,'Hunedoara'),('en_US',301,'Ialomiţa'),('en_US',302,'Iaşi'),('en_US',303,'Ilfov'),('en_US',304,'Maramureş'),('en_US',305,'Mehedinţi'),('en_US',306,'Mureş'),('en_US',307,'Neamţ'),('en_US',308,'Olt'),('en_US',309,'Prahova'),('en_US',310,'Satu-Mare'),('en_US',311,'Sălaj'),('en_US',312,'Sibiu'),('en_US',313,'Suceava'),('en_US',314,'Teleorman'),('en_US',315,'Timiş'),('en_US',316,'Tulcea'),('en_US',317,'Vaslui'),('en_US',318,'Vâlcea'),('en_US',319,'Vrancea'),('en_US',320,'Lappi'),('en_US',321,'Pohjois-Pohjanmaa'),('en_US',322,'Kainuu'),('en_US',323,'Pohjois-Karjala'),('en_US',324,'Pohjois-Savo'),('en_US',325,'Etelä-Savo'),('en_US',326,'Etelä-Pohjanmaa'),('en_US',327,'Pohjanmaa'),('en_US',328,'Pirkanmaa'),('en_US',329,'Satakunta'),('en_US',330,'Keski-Pohjanmaa'),('en_US',331,'Keski-Suomi'),('en_US',332,'Varsinais-Suomi'),('en_US',333,'Etelä-Karjala'),('en_US',334,'Päijät-Häme'),('en_US',335,'Kanta-Häme'),('en_US',336,'Uusimaa'),('en_US',337,'Itä-Uusimaa'),('en_US',338,'Kymenlaakso'),('en_US',339,'Ahvenanmaa'),('en_US',340,'Harjumaa'),('en_US',341,'Hiiumaa'),('en_US',342,'Ida-Virumaa'),('en_US',343,'Jõgevamaa'),('en_US',344,'Järvamaa'),('en_US',345,'Läänemaa'),('en_US',346,'Lääne-Virumaa'),('en_US',347,'Põlvamaa'),('en_US',348,'Pärnumaa'),('en_US',349,'Raplamaa'),('en_US',350,'Saaremaa'),('en_US',351,'Tartumaa'),('en_US',352,'Valgamaa'),('en_US',353,'Viljandimaa'),('en_US',354,'Võrumaa'),('en_US',355,'Daugavpils'),('en_US',356,'Jelgava'),('en_US',357,'Jēkabpils'),('en_US',358,'Jūrmala'),('en_US',359,'Liepāja'),('en_US',360,'Liepājas novads'),('en_US',361,'Rēzekne'),('en_US',362,'Rīga'),('en_US',363,'Rīgas novads'),('en_US',364,'Valmiera'),('en_US',365,'Ventspils'),('en_US',366,'Aglonas novads'),('en_US',367,'Aizkraukles novads'),('en_US',368,'Aizputes novads'),('en_US',369,'Aknīstes novads'),('en_US',370,'Alojas novads'),('en_US',371,'Alsungas novads'),('en_US',372,'Alūksnes novads'),('en_US',373,'Amatas novads'),('en_US',374,'Apes novads'),('en_US',375,'Auces novads'),('en_US',376,'Babītes novads'),('en_US',377,'Baldones novads'),('en_US',378,'Baltinavas novads'),('en_US',379,'Balvu novads'),('en_US',380,'Bauskas novads'),('en_US',381,'Beverīnas novads'),('en_US',382,'Brocēnu novads'),('en_US',383,'Burtnieku novads'),('en_US',384,'Carnikavas novads'),('en_US',385,'Cesvaines novads'),('en_US',386,'Ciblas novads'),('en_US',387,'Cēsu novads'),('en_US',388,'Dagdas novads'),('en_US',389,'Daugavpils novads'),('en_US',390,'Dobeles novads'),('en_US',391,'Dundagas novads'),('en_US',392,'Durbes novads'),('en_US',393,'Engures novads'),('en_US',394,'Garkalnes novads'),('en_US',395,'Grobiņas novads'),('en_US',396,'Gulbenes novads'),('en_US',397,'Iecavas novads'),('en_US',398,'Ikšķiles novads'),('en_US',399,'Ilūkstes novads'),('en_US',400,'Inčukalna novads'),('en_US',401,'Jaunjelgavas novads'),('en_US',402,'Jaunpiebalgas novads'),('en_US',403,'Jaunpils novads'),('en_US',404,'Jelgavas novads'),('en_US',405,'Jēkabpils novads'),('en_US',406,'Kandavas novads'),('en_US',407,'Kokneses novads'),('en_US',408,'Krimuldas novads'),('en_US',409,'Krustpils novads'),('en_US',410,'Krāslavas novads'),('en_US',411,'Kuldīgas novads'),('en_US',412,'Kārsavas novads'),('en_US',413,'Lielvārdes novads'),('en_US',414,'Limbažu novads'),('en_US',415,'Lubānas novads'),('en_US',416,'Ludzas novads'),('en_US',417,'Līgatnes novads'),('en_US',418,'Līvānu novads'),('en_US',419,'Madonas novads'),('en_US',420,'Mazsalacas novads'),('en_US',421,'Mālpils novads'),('en_US',422,'Mārupes novads'),('en_US',423,'Naukšēnu novads'),('en_US',424,'Neretas novads'),('en_US',425,'Nīcas novads'),('en_US',426,'Ogres novads'),('en_US',427,'Olaines novads'),('en_US',428,'Ozolnieku novads'),('en_US',429,'Preiļu novads'),('en_US',430,'Priekules novads'),('en_US',431,'Priekuļu novads'),('en_US',432,'Pārgaujas novads'),('en_US',433,'Pāvilostas novads'),('en_US',434,'Pļaviņu novads'),('en_US',435,'Raunas novads'),('en_US',436,'Riebiņu novads'),('en_US',437,'Rojas novads'),('en_US',438,'Ropažu novads'),('en_US',439,'Rucavas novads'),('en_US',440,'Rugāju novads'),('en_US',441,'Rundāles novads'),('en_US',442,'Rēzeknes novads'),('en_US',443,'Rūjienas novads'),('en_US',444,'Salacgrīvas novads'),('en_US',445,'Salas novads'),('en_US',446,'Salaspils novads'),('en_US',447,'Saldus novads'),('en_US',448,'Saulkrastu novads'),('en_US',449,'Siguldas novads'),('en_US',450,'Skrundas novads'),('en_US',451,'Skrīveru novads'),('en_US',452,'Smiltenes novads'),('en_US',453,'Stopiņu novads'),('en_US',454,'Strenču novads'),('en_US',455,'Sējas novads'),('en_US',456,'Talsu novads'),('en_US',457,'Tukuma novads'),('en_US',458,'Tērvetes novads'),('en_US',459,'Vaiņodes novads'),('en_US',460,'Valkas novads'),('en_US',461,'Valmieras novads'),('en_US',462,'Varakļānu novads'),('en_US',463,'Vecpiebalgas novads'),('en_US',464,'Vecumnieku novads'),('en_US',465,'Ventspils novads'),('en_US',466,'Viesītes novads'),('en_US',467,'Viļakas novads'),('en_US',468,'Viļānu novads'),('en_US',469,'Vārkavas novads'),('en_US',470,'Zilupes novads'),('en_US',471,'Ādažu novads'),('en_US',472,'Ērgļu novads'),('en_US',473,'Ķeguma novads'),('en_US',474,'Ķekavas novads'),('en_US',475,'Alytaus Apskritis'),('en_US',476,'Kauno Apskritis'),('en_US',477,'Klaipėdos Apskritis'),('en_US',478,'Marijampolės Apskritis'),('en_US',479,'Panevėžio Apskritis'),('en_US',480,'Šiaulių Apskritis'),('en_US',481,'Tauragės Apskritis'),('en_US',482,'Telšių Apskritis'),('en_US',483,'Utenos Apskritis'),('en_US',484,'Vilniaus Apskritis'),('en_US',485,'Acre'),('en_US',486,'Alagoas'),('en_US',487,'Amapá'),('en_US',488,'Amazonas'),('en_US',489,'Bahia'),('en_US',490,'Ceará'),('en_US',491,'Espírito Santo'),('en_US',492,'Goiás'),('en_US',493,'Maranhão'),('en_US',494,'Mato Grosso'),('en_US',495,'Mato Grosso do Sul'),('en_US',496,'Minas Gerais'),('en_US',497,'Pará'),('en_US',498,'Paraíba'),('en_US',499,'Paraná'),('en_US',500,'Pernambuco'),('en_US',501,'Piauí'),('en_US',502,'Rio de Janeiro'),('en_US',503,'Rio Grande do Norte'),('en_US',504,'Rio Grande do Sul'),('en_US',505,'Rondônia'),('en_US',506,'Roraima'),('en_US',507,'Santa Catarina'),('en_US',508,'São Paulo'),('en_US',509,'Sergipe'),('en_US',510,'Tocantins'),('en_US',511,'Distrito Federal'),('en_US',512,'Zagrebačka županija'),('en_US',513,'Krapinsko-zagorska županija'),('en_US',514,'Sisačko-moslavačka županija'),('en_US',515,'Karlovačka županija'),('en_US',516,'Varaždinska županija'),('en_US',517,'Koprivničko-križevačka županija'),('en_US',518,'Bjelovarsko-bilogorska županija'),('en_US',519,'Primorsko-goranska županija'),('en_US',520,'Ličko-senjska županija'),('en_US',521,'Virovitičko-podravska županija'),('en_US',522,'Požeško-slavonska županija'),('en_US',523,'Brodsko-posavska županija'),('en_US',524,'Zadarska županija'),('en_US',525,'Osječko-baranjska županija'),('en_US',526,'Šibensko-kninska županija'),('en_US',527,'Vukovarsko-srijemska županija'),('en_US',528,'Splitsko-dalmatinska županija'),('en_US',529,'Istarska županija'),('en_US',530,'Dubrovačko-neretvanska županija'),('en_US',531,'Međimurska županija'),('en_US',532,'Grad Zagreb'),('en_US',533,'Andaman and Nicobar Islands'),('en_US',534,'Andhra Pradesh'),('en_US',535,'Arunachal Pradesh'),('en_US',536,'Assam'),('en_US',537,'Bihar'),('en_US',538,'Chandigarh'),('en_US',539,'Chhattisgarh'),('en_US',540,'Dadra and Nagar Haveli'),('en_US',541,'Daman and Diu'),('en_US',542,'Delhi'),('en_US',543,'Goa'),('en_US',544,'Gujarat'),('en_US',545,'Haryana'),('en_US',546,'Himachal Pradesh'),('en_US',547,'Jammu and Kashmir'),('en_US',548,'Jharkhand'),('en_US',549,'Karnataka'),('en_US',550,'Kerala'),('en_US',551,'Lakshadweep'),('en_US',552,'Madhya Pradesh'),('en_US',553,'Maharashtra'),('en_US',554,'Manipur'),('en_US',555,'Meghalaya'),('en_US',556,'Mizoram'),('en_US',557,'Nagaland'),('en_US',558,'Odisha'),('en_US',559,'Puducherry'),('en_US',560,'Punjab'),('en_US',561,'Rajasthan'),('en_US',562,'Sikkim'),('en_US',563,'Tamil Nadu'),('en_US',564,'Telangana'),('en_US',565,'Tripura'),('en_US',566,'Uttar Pradesh'),('en_US',567,'Uttarakhand'),('en_US',568,'West Bengal'),('en_US',569,'Australian Capital Territory'),('en_US',570,'New South Wales'),('en_US',571,'Victoria'),('en_US',572,'Queensland'),('en_US',573,'South Australia'),('en_US',574,'Tasmania'),('en_US',575,'Western Australia'),('en_US',576,'Northern Territory'),('en_US',577,'Antwerpen'),('en_US',578,'Brabant wallon'),('en_US',579,'Brussels-Capital Region'),('en_US',580,'Hainaut'),('en_US',581,'Limburg'),('en_US',582,'Liège'),('en_US',583,'Luxembourg'),('en_US',584,'Namur'),('en_US',585,'Oost-Vlaanderen'),('en_US',586,'Vlaams-Brabant'),('en_US',587,'West-Vlaanderen'),('en_US',588,'Blagoevgrad'),('en_US',589,'Burgas'),('en_US',590,'Varna'),('en_US',591,'Veliko Tarnovo'),('en_US',592,'Vidin'),('en_US',593,'Vratsa'),('en_US',594,'Gabrovo'),('en_US',595,'Dobrich'),('en_US',596,'Kardzhali'),('en_US',597,'Kyustendil'),('en_US',598,'Lovech'),('en_US',599,'Montana'),('en_US',600,'Pazardzhik'),('en_US',601,'Pernik'),('en_US',602,'Pleven'),('en_US',603,'Plovdiv'),('en_US',604,'Razgrad'),('en_US',605,'Ruse'),('en_US',606,'Silistra'),('en_US',607,'Sliven'),('en_US',608,'Smolyan'),('en_US',609,'Sofia City'),('en_US',610,'Sofia Province'),('en_US',611,'Stara Zagora'),('en_US',612,'Targovishte'),('en_US',613,'Haskovo'),('en_US',614,'Shumen'),('en_US',615,'Yambol'),('en_US',616,'Anhui Sheng'),('en_US',617,'Beijing Shi'),('en_US',618,'Chongqing Shi'),('en_US',619,'Fujian Sheng'),('en_US',620,'Gansu Sheng'),('en_US',621,'Guangdong Sheng'),('en_US',622,'Guangxi Zhuangzu Zizhiqu'),('en_US',623,'Guizhou Sheng'),('en_US',624,'Hainan Sheng'),('en_US',625,'Hebei Sheng'),('en_US',626,'Heilongjiang Sheng'),('en_US',627,'Henan Sheng'),('en_US',628,'Hong Kong SAR'),('en_US',629,'Hubei Sheng'),('en_US',630,'Hunan Sheng'),('en_US',631,'Jiangsu Sheng'),('en_US',632,'Jiangxi Sheng'),('en_US',633,'Jilin Sheng'),('en_US',634,'Liaoning Sheng'),('en_US',635,'Macao SAR'),('en_US',636,'Nei Mongol Zizhiqu'),('en_US',637,'Ningxia Huizi Zizhiqu'),('en_US',638,'Qinghai Sheng'),('en_US',639,'Shaanxi Sheng'),('en_US',640,'Shandong Sheng'),('en_US',641,'Shanghai Shi'),('en_US',642,'Shanxi Sheng'),('en_US',643,'Sichuan Sheng'),('en_US',644,'Taiwan Sheng'),('en_US',645,'Tianjin Shi'),('en_US',646,'Xinjiang Uygur Zizhiqu'),('en_US',647,'Xizang Zizhiqu'),('en_US',648,'Yunnan Sheng'),('en_US',649,'Zhejiang Sheng'),('en_US',650,'Amazonas'),('en_US',651,'Antioquia'),('en_US',652,'Arauca'),('en_US',653,'Atlántico'),('en_US',654,'Bolívar'),('en_US',655,'Boyacá'),('en_US',656,'Caldas'),('en_US',657,'Caquetá'),('en_US',658,'Casanare'),('en_US',659,'Cauca'),('en_US',660,'Cesar'),('en_US',661,'Chocó'),('en_US',662,'Córdoba'),('en_US',663,'Cundinamarca'),('en_US',664,'Guainía'),('en_US',665,'Guaviare'),('en_US',666,'Huila'),('en_US',667,'La Guajira'),('en_US',668,'Magdalena'),('en_US',669,'Meta'),('en_US',670,'Nariño'),('en_US',671,'Norte de Santander'),('en_US',672,'Putumayo'),('en_US',673,'Quindío'),('en_US',674,'Risaralda'),('en_US',675,'San Andrés y Providencia'),('en_US',676,'Santander'),('en_US',677,'Sucre'),('en_US',678,'Tolima'),('en_US',679,'Valle del Cauca'),('en_US',680,'Vaupés'),('en_US',681,'Vichada'),('en_US',682,'Agrigento'),('en_US',683,'Alessandria'),('en_US',684,'Ancona'),('en_US',685,'Aosta'),('en_US',686,'L\'Aquila'),('en_US',687,'Arezzo'),('en_US',688,'Ascoli-Piceno'),('en_US',689,'Asti'),('en_US',690,'Avellino'),('en_US',691,'Bari'),('en_US',692,'Barletta-Andria-Trani'),('en_US',693,'Belluno'),('en_US',694,'Benevento'),('en_US',695,'Bergamo'),('en_US',696,'Biella'),('en_US',697,'Bologna'),('en_US',698,'Bolzano'),('en_US',699,'Brescia'),('en_US',700,'Brindisi'),('en_US',701,'Cagliari'),('en_US',702,'Caltanissetta'),('en_US',703,'Campobasso'),('en_US',704,'Carbonia Iglesias'),('en_US',705,'Caserta'),('en_US',706,'Catania'),('en_US',707,'Catanzaro'),('en_US',708,'Chieti'),('en_US',709,'Como'),('en_US',710,'Cosenza'),('en_US',711,'Cremona'),('en_US',712,'Crotone'),('en_US',713,'Cuneo'),('en_US',714,'Enna'),('en_US',715,'Fermo'),('en_US',716,'Ferrara'),('en_US',717,'Firenze'),('en_US',718,'Foggia'),('en_US',719,'Forli-Cesena'),('en_US',720,'Frosinone'),('en_US',721,'Genova'),('en_US',722,'Gorizia'),('en_US',723,'Grosseto'),('en_US',724,'Imperia'),('en_US',725,'Isernia'),('en_US',726,'La-Spezia'),('en_US',727,'Latina'),('en_US',728,'Lecce'),('en_US',729,'Lecco'),('en_US',730,'Livorno'),('en_US',731,'Lodi'),('en_US',732,'Lucca'),('en_US',733,'Macerata'),('en_US',734,'Mantova'),('en_US',735,'Massa-Carrara'),('en_US',736,'Matera'),('en_US',737,'Medio Campidano'),('en_US',738,'Messina'),('en_US',739,'Milano'),('en_US',740,'Modena'),('en_US',741,'Monza-Brianza'),('en_US',742,'Napoli'),('en_US',743,'Novara'),('en_US',744,'Nuoro'),('en_US',745,'Ogliastra'),('en_US',746,'Olbia Tempio'),('en_US',747,'Oristano'),('en_US',748,'Padova'),('en_US',749,'Palermo'),('en_US',750,'Parma'),('en_US',751,'Pavia'),('en_US',752,'Perugia'),('en_US',753,'Pesaro-Urbino'),('en_US',754,'Pescara'),('en_US',755,'Piacenza'),('en_US',756,'Pisa'),('en_US',757,'Pistoia'),('en_US',758,'Pordenone'),('en_US',759,'Potenza'),('en_US',760,'Prato'),('en_US',761,'Ragusa'),('en_US',762,'Ravenna'),('en_US',763,'Reggio-Calabria'),('en_US',764,'Reggio-Emilia'),('en_US',765,'Rieti'),('en_US',766,'Rimini'),('en_US',767,'Roma'),('en_US',768,'Rovigo'),('en_US',769,'Salerno'),('en_US',770,'Sassari'),('en_US',771,'Savona'),('en_US',772,'Siena'),('en_US',773,'Siracusa'),('en_US',774,'Sondrio'),('en_US',775,'Taranto'),('en_US',776,'Teramo'),('en_US',777,'Terni'),('en_US',778,'Torino'),('en_US',779,'Trapani'),('en_US',780,'Trento'),('en_US',781,'Treviso'),('en_US',782,'Trieste'),('en_US',783,'Udine'),('en_US',784,'Varese'),('en_US',785,'Venezia'),('en_US',786,'Verbania'),('en_US',787,'Vercelli'),('en_US',788,'Verona'),('en_US',789,'Vibo-Valentia'),('en_US',790,'Vicenza'),('en_US',791,'Viterbo'),('en_US',792,'Aguascalientes'),('en_US',793,'Baja California'),('en_US',794,'Baja California Sur'),('en_US',795,'Campeche'),('en_US',796,'Chiapas'),('en_US',797,'Chihuahua'),('en_US',798,'Ciudad de México'),('en_US',799,'Coahuila'),('en_US',800,'Colima'),('en_US',801,'Durango'),('en_US',802,'Estado de México'),('en_US',803,'Guanajuato'),('en_US',804,'Guerrero'),('en_US',805,'Hidalgo'),('en_US',806,'Jalisco'),('en_US',807,'Michoacán'),('en_US',808,'Morelos'),('en_US',809,'Nayarit'),('en_US',810,'Nuevo León'),('en_US',811,'Oaxaca'),('en_US',812,'Puebla'),('en_US',813,'Querétaro'),('en_US',814,'Quintana Roo'),('en_US',815,'San Luis Potosí'),('en_US',816,'Sinaloa'),('en_US',817,'Sonora'),('en_US',818,'Tabasco'),('en_US',819,'Tamaulipas'),('en_US',820,'Tlaxcala'),('en_US',821,'Veracruz'),('en_US',822,'Yucatán'),('en_US',823,'Zacatecas'),('en_US',824,'dolnośląskie'),('en_US',825,'kujawsko-pomorskie'),('en_US',826,'lubelskie'),('en_US',827,'lubuskie'),('en_US',828,'łódzkie'),('en_US',829,'małopolskie'),('en_US',830,'mazowieckie'),('en_US',831,'opolskie'),('en_US',832,'podkarpackie'),('en_US',833,'podlaskie'),('en_US',834,'pomorskie'),('en_US',835,'śląskie'),('en_US',836,'świętokrzyskie'),('en_US',837,'warmińsko-mazurskie'),('en_US',838,'wielkopolskie'),('en_US',839,'zachodniopomorskie'),('en_US',840,'Artigas'),('en_US',841,'Canelones'),('en_US',842,'Cerro Largo'),('en_US',843,'Colonia'),('en_US',844,'Durazno'),('en_US',845,'Flores'),('en_US',846,'Florida'),('en_US',847,'Lavalleja'),('en_US',848,'Maldonado'),('en_US',849,'Montevideo'),('en_US',850,'Paysandu'),('en_US',851,'Río Negro'),('en_US',852,'Rivera'),('en_US',853,'Rocha'),('en_US',854,'Salto'),('en_US',855,'San José'),('en_US',856,'Soriano'),('en_US',857,'Tacuarembó'),('en_US',858,'Treinta y Tres'),('en_US',859,'Berat'),('en_US',860,'Dibër'),('en_US',861,'Durrës'),('en_US',862,'Elbasan'),('en_US',863,'Fier'),('en_US',864,'Gjirokastër'),('en_US',865,'Korçë'),('en_US',866,'Kukës'),('en_US',867,'Lezhë'),('en_US',868,'Shkodër'),('en_US',869,'Tiranë'),('en_US',870,'Vlorë'),('en_US',871,'Ciudad Autónoma de Buenos Aires'),('en_US',872,'Buenos Aires'),('en_US',873,'Catamarca'),('en_US',874,'Chaco'),('en_US',875,'Chubut'),('en_US',876,'Córdoba'),('en_US',877,'Corrientes'),('en_US',878,'Entre Ríos'),('en_US',879,'Formosa'),('en_US',880,'Jujuy'),('en_US',881,'La Pampa'),('en_US',882,'La Rioja'),('en_US',883,'Mendoza'),('en_US',884,'Misiones'),('en_US',885,'Neuquén'),('en_US',886,'Río Negro'),('en_US',887,'Salta'),('en_US',888,'San Juan'),('en_US',889,'San Luis'),('en_US',890,'Santa Cruz'),('en_US',891,'Santa Fe'),('en_US',892,'Santiago del Estero'),('en_US',893,'Tierra del Fuego'),('en_US',894,'Tucumán'),('en_US',895,'Cochabamba'),('en_US',896,'Chuquisaca'),('en_US',897,'El Beni'),('en_US',898,'La Paz'),('en_US',899,'Oruro'),('en_US',900,'Pando'),('en_US',901,'Potosí'),('en_US',902,'Santa Cruz'),('en_US',903,'Tarija'),('en_US',904,'Aisén del General Carlos Ibañez del Campo'),('en_US',905,'Antofagasta'),('en_US',906,'Arica y Parinacota'),('en_US',907,'La Araucanía'),('en_US',908,'Atacama'),('en_US',909,'Biobío'),('en_US',910,'Coquimbo'),('en_US',911,'Libertador General Bernardo O\'Higgins'),('en_US',912,'Los Lagos'),('en_US',913,'Los Ríos'),('en_US',914,'Magallanes'),('en_US',915,'Maule'),('en_US',916,'Ñuble'),('en_US',917,'Región Metropolitana de Santiago'),('en_US',918,'Tarapacá'),('en_US',919,'Valparaíso'),('en_US',920,'Hovedstaden'),('en_US',921,'Midtjylland'),('en_US',922,'Nordjylland'),('en_US',923,'Sjælland'),('en_US',924,'Syddanmark'),('en_US',925,'Azuay'),('en_US',926,'Bolívar'),('en_US',927,'Cañar'),('en_US',928,'Carchi'),('en_US',929,'Chimborazo'),('en_US',930,'Cotopaxi'),('en_US',931,'El Oro'),('en_US',932,'Esmeraldas'),('en_US',933,'Galápagos'),('en_US',934,'Guayas'),('en_US',935,'Imbabura'),('en_US',936,'Loja'),('en_US',937,'Los Ríos'),('en_US',938,'Manabí'),('en_US',939,'Morona Santiago'),('en_US',940,'Napo'),('en_US',941,'Orellana'),('en_US',942,'Pastaza'),('en_US',943,'Pichincha'),('en_US',944,'Santa Elena'),('en_US',945,'Santo Domingo de los Tsáchilas'),('en_US',946,'Sucumbíos'),('en_US',947,'Tungurahua'),('en_US',948,'Zamora Chinchipe'),('en_US',949,'Anatolikí Makedonía kai Thráki'),('en_US',950,'Attikí'),('en_US',951,'Dytikí Elláda'),('en_US',952,'Dytikí Makedonía'),('en_US',953,'Ionía Nísia'),('en_US',954,'Ípeiros'),('en_US',955,'Kentrikí Makedonía'),('en_US',956,'Kríti'),('en_US',957,'Nótio Aigaío'),('en_US',958,'Pelopónnisos'),('en_US',959,'Stereá Elláda'),('en_US',960,'Thessalía'),('en_US',961,'Vóreio Aigaío'),('en_US',962,'Ágion Óros'),('en_US',963,'Barima-Waini'),('en_US',964,'Cuyuni-Mazaruni'),('en_US',965,'Demerara-Mahaica'),('en_US',966,'East Berbice-Corentyne'),('en_US',967,'Essequibo Islands-West Demerara'),('en_US',968,'Mahaica-Berbice'),('en_US',969,'Pomeroon-Supenaam'),('en_US',970,'Potaro-Siparuni'),('en_US',971,'Upper Demerara-Berbice'),('en_US',972,'Upper Takutu-Upper Essequibo'),('en_US',973,'Höfuðborgarsvæði'),('en_US',974,'Suðurnes'),('en_US',975,'Vesturland'),('en_US',976,'Vestfirðir'),('en_US',977,'Norðurland vestra'),('en_US',978,'Norðurland eystra'),('en_US',979,'Austurland'),('en_US',980,'Suðurland'),('en_US',981,'Asunción'),('en_US',982,'Alto Paraguay'),('en_US',983,'Alto Paraná'),('en_US',984,'Amambay'),('en_US',985,'Boquerón'),('en_US',986,'Caaguazú'),('en_US',987,'Caazapá'),('en_US',988,'Canindeyú'),('en_US',989,'Central'),('en_US',990,'Concepción'),('en_US',991,'Cordillera'),('en_US',992,'Guairá'),('en_US',993,'Itapúa'),('en_US',994,'Misiones'),('en_US',995,'Ñeembucú'),('en_US',996,'Paraguarí'),('en_US',997,'Presidente Hayes'),('en_US',998,'San Pedro'),('en_US',999,'Municipalidad Metropolitana de Lima'),('en_US',1000,'Amazonas'),('en_US',1001,'Ancash'),('en_US',1002,'Apurímac'),('en_US',1003,'Arequipa'),('en_US',1004,'Ayacucho'),('en_US',1005,'Cajamarca'),('en_US',1006,'Cusco'),('en_US',1007,'El Callao'),('en_US',1008,'Huancavelica'),('en_US',1009,'Huánuco'),('en_US',1010,'Ica'),('en_US',1011,'Junín'),('en_US',1012,'La Libertad'),('en_US',1013,'Lambayeque'),('en_US',1014,'Lima'),('en_US',1015,'Loreto'),('en_US',1016,'Madre de Dios'),('en_US',1017,'Moquegua'),('en_US',1018,'Pasco'),('en_US',1019,'Piura'),('en_US',1020,'Puno'),('en_US',1021,'San Martín'),('en_US',1022,'Tacna'),('en_US',1023,'Tumbes'),('en_US',1024,'Ucayali'),('en_US',1025,'Aveiro'),('en_US',1026,'Beja'),('en_US',1027,'Braga'),('en_US',1028,'Bragança'),('en_US',1029,'Castelo Branco'),('en_US',1030,'Coimbra'),('en_US',1031,'Évora'),('en_US',1032,'Faro'),('en_US',1033,'Guarda'),('en_US',1034,'Leiria'),('en_US',1035,'Lisboa'),('en_US',1036,'Portalegre'),('en_US',1037,'Porto'),('en_US',1038,'Santarém'),('en_US',1039,'Setúbal'),('en_US',1040,'Viana do Castelo'),('en_US',1041,'Vila Real'),('en_US',1042,'Viseu'),('en_US',1043,'Região Autónoma dos Açores'),('en_US',1044,'Região Autónoma da Madeira'),('en_US',1045,'Brokopondo'),('en_US',1046,'Commewijne'),('en_US',1047,'Coronie'),('en_US',1048,'Marowijne'),('en_US',1049,'Nickerie'),('en_US',1050,'Para'),('en_US',1051,'Paramaribo'),('en_US',1052,'Saramacca'),('en_US',1053,'Sipaliwini'),('en_US',1054,'Wanica'),('en_US',1055,'Blekinge län'),('en_US',1056,'Dalarnas län'),('en_US',1057,'Gotlands län'),('en_US',1058,'Gävleborgs län'),('en_US',1059,'Hallands län'),('en_US',1060,'Jämtlands län'),('en_US',1061,'Jönköpings län'),('en_US',1062,'Kalmar län'),('en_US',1063,'Kronobergs län'),('en_US',1064,'Norrbottens län'),('en_US',1065,'Skåne län'),('en_US',1066,'Stockholms län'),('en_US',1067,'Södermanlands län'),('en_US',1068,'Uppsala län'),('en_US',1069,'Värmlands län'),('en_US',1070,'Västerbottens län'),('en_US',1071,'Västernorrlands län'),('en_US',1072,'Västmanlands län'),('en_US',1073,'Västra Götalands län'),('en_US',1074,'Örebro län'),('en_US',1075,'Östergötlands län'),('en_US',1076,'Dependencias Federales'),('en_US',1077,'Distrito Capital'),('en_US',1078,'Amazonas'),('en_US',1079,'Anzoátegui'),('en_US',1080,'Apure'),('en_US',1081,'Aragua'),('en_US',1082,'Barinas'),('en_US',1083,'Bolívar'),('en_US',1084,'Carabobo'),('en_US',1085,'Cojedes'),('en_US',1086,'Delta Amacuro'),('en_US',1087,'Falcón'),('en_US',1088,'Guárico'),('en_US',1089,'Lara'),('en_US',1090,'Mérida'),('en_US',1091,'Miranda'),('en_US',1092,'Monagas'),('en_US',1093,'Nueva Esparta'),('en_US',1094,'Portuguesa'),('en_US',1095,'Sucre'),('en_US',1096,'Táchira'),('en_US',1097,'Trujillo'),('en_US',1098,'Vargas'),('en_US',1099,'Yaracuy'),('en_US',1100,'Zulia');

--
-- Table structure for table `directory_currency_rate`
--

CREATE TABLE `directory_currency_rate` (
  `currency_from` varchar(3) NOT NULL COMMENT 'Currency Code Convert From',
  `currency_to` varchar(3) NOT NULL COMMENT 'Currency Code Convert To',
  `rate` decimal(24,12) NOT NULL DEFAULT '0.000000000000' COMMENT 'Currency Conversion Rate',
  PRIMARY KEY (`currency_from`,`currency_to`),
  KEY `DIRECTORY_CURRENCY_RATE_CURRENCY_TO` (`currency_to`)
) ENGINE=InnoDB DEFAULT CHARSET=utf8 COMMENT='Directory Currency Rate';

--
-- Dumping data for table `directory_currency_rate`
--

INSERT INTO `directory_currency_rate` VALUES ('EUR','EUR',1.000000000000),('EUR','USD',1.415000000000),('USD','EUR',0.706700000000),('USD','USD',1.000000000000);

--
-- Table structure for table `downloadable_link`
--

CREATE TABLE `downloadable_link` (
  `link_id` int(10) unsigned NOT NULL AUTO_INCREMENT COMMENT 'Link ID',
  `product_id` int(10) unsigned NOT NULL DEFAULT '0' COMMENT 'Product ID',
  `sort_order` int(10) unsigned NOT NULL DEFAULT '0' COMMENT 'Sort order',
  `number_of_downloads` int(11) DEFAULT NULL COMMENT 'Number of downloads',
  `is_shareable` smallint(5) unsigned NOT NULL DEFAULT '0' COMMENT 'Shareable flag',
  `link_url` varchar(255) DEFAULT NULL COMMENT 'Link Url',
  `link_file` varchar(255) DEFAULT NULL COMMENT 'Link File',
  `link_type` varchar(20) DEFAULT NULL COMMENT 'Link Type',
  `sample_url` varchar(255) DEFAULT NULL COMMENT 'Sample Url',
  `sample_file` varchar(255) DEFAULT NULL COMMENT 'Sample File',
  `sample_type` varchar(20) DEFAULT NULL COMMENT 'Sample Type',
  PRIMARY KEY (`link_id`),
  KEY `DOWNLOADABLE_LINK_PRODUCT_ID_SORT_ORDER` (`product_id`,`sort_order`),
  CONSTRAINT `DOWNLOADABLE_LINK_PRODUCT_ID_CATALOG_PRODUCT_ENTITY_ENTITY_ID` FOREIGN KEY (`product_id`) REFERENCES `catalog_product_entity` (`entity_id`) ON DELETE CASCADE
) ENGINE=InnoDB DEFAULT CHARSET=utf8 COMMENT='Downloadable Link Table';

--
-- Dumping data for table `downloadable_link`
--


--
-- Table structure for table `downloadable_link_price`
--

CREATE TABLE `downloadable_link_price` (
  `price_id` int(10) unsigned NOT NULL AUTO_INCREMENT COMMENT 'Price ID',
  `link_id` int(10) unsigned NOT NULL DEFAULT '0' COMMENT 'Link ID',
  `website_id` smallint(5) unsigned NOT NULL DEFAULT '0' COMMENT 'Website ID',
  `price` decimal(20,6) NOT NULL DEFAULT '0.000000' COMMENT 'Price',
  PRIMARY KEY (`price_id`),
  KEY `DOWNLOADABLE_LINK_PRICE_LINK_ID` (`link_id`),
  KEY `DOWNLOADABLE_LINK_PRICE_WEBSITE_ID` (`website_id`),
  CONSTRAINT `DOWNLOADABLE_LINK_PRICE_LINK_ID_DOWNLOADABLE_LINK_LINK_ID` FOREIGN KEY (`link_id`) REFERENCES `downloadable_link` (`link_id`) ON DELETE CASCADE,
  CONSTRAINT `DOWNLOADABLE_LINK_PRICE_WEBSITE_ID_STORE_WEBSITE_WEBSITE_ID` FOREIGN KEY (`website_id`) REFERENCES `store_website` (`website_id`) ON DELETE CASCADE
) ENGINE=InnoDB DEFAULT CHARSET=utf8 COMMENT='Downloadable Link Price Table';

--
-- Dumping data for table `downloadable_link_price`
--


--
-- Table structure for table `downloadable_link_purchased`
--

CREATE TABLE `downloadable_link_purchased` (
  `purchased_id` int(10) unsigned NOT NULL AUTO_INCREMENT COMMENT 'Purchased ID',
  `order_id` int(10) unsigned DEFAULT '0' COMMENT 'Order ID',
  `order_increment_id` varchar(50) DEFAULT NULL COMMENT 'Order Increment ID',
  `order_item_id` int(10) unsigned NOT NULL DEFAULT '0' COMMENT 'Order Item ID',
  `created_at` timestamp NOT NULL DEFAULT CURRENT_TIMESTAMP COMMENT 'Date of creation',
  `updated_at` timestamp NOT NULL DEFAULT CURRENT_TIMESTAMP ON UPDATE CURRENT_TIMESTAMP COMMENT 'Date of modification',
  `customer_id` int(10) unsigned DEFAULT '0' COMMENT 'Customer ID',
  `product_name` varchar(255) DEFAULT NULL COMMENT 'Product name',
  `product_sku` varchar(255) DEFAULT NULL COMMENT 'Product sku',
  `link_section_title` varchar(255) DEFAULT NULL COMMENT 'Link_section_title',
  PRIMARY KEY (`purchased_id`),
  KEY `DOWNLOADABLE_LINK_PURCHASED_ORDER_ID` (`order_id`),
  KEY `DOWNLOADABLE_LINK_PURCHASED_ORDER_ITEM_ID` (`order_item_id`),
  KEY `DOWNLOADABLE_LINK_PURCHASED_CUSTOMER_ID` (`customer_id`),
  CONSTRAINT `DL_LNK_PURCHASED_CSTR_ID_CSTR_ENTT_ENTT_ID` FOREIGN KEY (`customer_id`) REFERENCES `customer_entity` (`entity_id`) ON DELETE SET NULL,
  CONSTRAINT `DOWNLOADABLE_LINK_PURCHASED_ORDER_ID_SALES_ORDER_ENTITY_ID` FOREIGN KEY (`order_id`) REFERENCES `sales_order` (`entity_id`) ON DELETE SET NULL
) ENGINE=InnoDB DEFAULT CHARSET=utf8 COMMENT='Downloadable Link Purchased Table';

--
-- Dumping data for table `downloadable_link_purchased`
--


--
-- Table structure for table `downloadable_link_purchased_item`
--

CREATE TABLE `downloadable_link_purchased_item` (
  `item_id` int(10) unsigned NOT NULL AUTO_INCREMENT COMMENT 'Item ID',
  `purchased_id` int(10) unsigned NOT NULL DEFAULT '0' COMMENT 'Purchased ID',
  `order_item_id` int(10) unsigned DEFAULT '0' COMMENT 'Order Item ID',
  `product_id` int(10) unsigned DEFAULT '0' COMMENT 'Product ID',
  `link_hash` varchar(255) DEFAULT NULL COMMENT 'Link hash',
  `number_of_downloads_bought` int(10) unsigned NOT NULL DEFAULT '0' COMMENT 'Number of downloads bought',
  `number_of_downloads_used` int(10) unsigned NOT NULL DEFAULT '0' COMMENT 'Number of downloads used',
  `link_id` int(10) unsigned NOT NULL DEFAULT '0' COMMENT 'Link ID',
  `link_title` varchar(255) DEFAULT NULL COMMENT 'Link Title',
  `is_shareable` smallint(5) unsigned NOT NULL DEFAULT '0' COMMENT 'Shareable Flag',
  `link_url` varchar(255) DEFAULT NULL COMMENT 'Link Url',
  `link_file` varchar(255) DEFAULT NULL COMMENT 'Link File',
  `link_type` varchar(255) DEFAULT NULL COMMENT 'Link Type',
  `status` varchar(50) DEFAULT NULL COMMENT 'Status',
  `created_at` timestamp NOT NULL DEFAULT CURRENT_TIMESTAMP COMMENT 'Creation Time',
  `updated_at` timestamp NOT NULL DEFAULT CURRENT_TIMESTAMP ON UPDATE CURRENT_TIMESTAMP COMMENT 'Update Time',
  PRIMARY KEY (`item_id`),
  KEY `DOWNLOADABLE_LINK_PURCHASED_ITEM_LINK_HASH` (`link_hash`),
  KEY `DOWNLOADABLE_LINK_PURCHASED_ITEM_ORDER_ITEM_ID` (`order_item_id`),
  KEY `DOWNLOADABLE_LINK_PURCHASED_ITEM_PURCHASED_ID` (`purchased_id`),
  CONSTRAINT `DL_LNK_PURCHASED_ITEM_ORDER_ITEM_ID_SALES_ORDER_ITEM_ITEM_ID` FOREIGN KEY (`order_item_id`) REFERENCES `sales_order_item` (`item_id`) ON DELETE SET NULL,
  CONSTRAINT `DL_LNK_PURCHASED_ITEM_PURCHASED_ID_DL_LNK_PURCHASED_PURCHASED_ID` FOREIGN KEY (`purchased_id`) REFERENCES `downloadable_link_purchased` (`purchased_id`) ON DELETE CASCADE
) ENGINE=InnoDB DEFAULT CHARSET=utf8 COMMENT='Downloadable Link Purchased Item Table';

--
-- Dumping data for table `downloadable_link_purchased_item`
--


--
-- Table structure for table `downloadable_link_title`
--

CREATE TABLE `downloadable_link_title` (
  `title_id` int(10) unsigned NOT NULL AUTO_INCREMENT COMMENT 'Title ID',
  `link_id` int(10) unsigned NOT NULL DEFAULT '0' COMMENT 'Link ID',
  `store_id` smallint(5) unsigned NOT NULL DEFAULT '0' COMMENT 'Store ID',
  `title` varchar(255) DEFAULT NULL COMMENT 'Title',
  PRIMARY KEY (`title_id`),
  UNIQUE KEY `DOWNLOADABLE_LINK_TITLE_LINK_ID_STORE_ID` (`link_id`,`store_id`),
  KEY `DOWNLOADABLE_LINK_TITLE_STORE_ID` (`store_id`),
  CONSTRAINT `DOWNLOADABLE_LINK_TITLE_LINK_ID_DOWNLOADABLE_LINK_LINK_ID` FOREIGN KEY (`link_id`) REFERENCES `downloadable_link` (`link_id`) ON DELETE CASCADE,
  CONSTRAINT `DOWNLOADABLE_LINK_TITLE_STORE_ID_STORE_STORE_ID` FOREIGN KEY (`store_id`) REFERENCES `store` (`store_id`) ON DELETE CASCADE
) ENGINE=InnoDB DEFAULT CHARSET=utf8 COMMENT='Link Title Table';

--
-- Dumping data for table `downloadable_link_title`
--


--
-- Table structure for table `downloadable_sample`
--

CREATE TABLE `downloadable_sample` (
  `sample_id` int(10) unsigned NOT NULL AUTO_INCREMENT COMMENT 'Sample ID',
  `product_id` int(10) unsigned NOT NULL DEFAULT '0' COMMENT 'Product ID',
  `sample_url` varchar(255) DEFAULT NULL COMMENT 'Sample URL',
  `sample_file` varchar(255) DEFAULT NULL COMMENT 'Sample file',
  `sample_type` varchar(20) DEFAULT NULL COMMENT 'Sample Type',
  `sort_order` int(10) unsigned NOT NULL DEFAULT '0' COMMENT 'Sort Order',
  PRIMARY KEY (`sample_id`),
  KEY `DOWNLOADABLE_SAMPLE_PRODUCT_ID` (`product_id`),
  CONSTRAINT `DOWNLOADABLE_SAMPLE_PRODUCT_ID_CATALOG_PRODUCT_ENTITY_ENTITY_ID` FOREIGN KEY (`product_id`) REFERENCES `catalog_product_entity` (`entity_id`) ON DELETE CASCADE
) ENGINE=InnoDB DEFAULT CHARSET=utf8 COMMENT='Downloadable Sample Table';

--
-- Dumping data for table `downloadable_sample`
--


--
-- Table structure for table `downloadable_sample_title`
--

CREATE TABLE `downloadable_sample_title` (
  `title_id` int(10) unsigned NOT NULL AUTO_INCREMENT COMMENT 'Title ID',
  `sample_id` int(10) unsigned NOT NULL DEFAULT '0' COMMENT 'Sample ID',
  `store_id` smallint(5) unsigned NOT NULL DEFAULT '0' COMMENT 'Store ID',
  `title` varchar(255) DEFAULT NULL COMMENT 'Title',
  PRIMARY KEY (`title_id`),
  UNIQUE KEY `DOWNLOADABLE_SAMPLE_TITLE_SAMPLE_ID_STORE_ID` (`sample_id`,`store_id`),
  KEY `DOWNLOADABLE_SAMPLE_TITLE_STORE_ID` (`store_id`),
  CONSTRAINT `DL_SAMPLE_TTL_SAMPLE_ID_DL_SAMPLE_SAMPLE_ID` FOREIGN KEY (`sample_id`) REFERENCES `downloadable_sample` (`sample_id`) ON DELETE CASCADE,
  CONSTRAINT `DOWNLOADABLE_SAMPLE_TITLE_STORE_ID_STORE_STORE_ID` FOREIGN KEY (`store_id`) REFERENCES `store` (`store_id`) ON DELETE CASCADE
) ENGINE=InnoDB DEFAULT CHARSET=utf8 COMMENT='Downloadable Sample Title Table';

--
-- Dumping data for table `downloadable_sample_title`
--


--
-- Table structure for table `eav_attribute`
--

CREATE TABLE `eav_attribute` (
  `attribute_id` smallint(5) unsigned NOT NULL AUTO_INCREMENT COMMENT 'Attribute ID',
  `entity_type_id` smallint(5) unsigned NOT NULL DEFAULT '0' COMMENT 'Entity Type ID',
  `attribute_code` varchar(255) NOT NULL COMMENT 'Attribute Code',
  `attribute_model` varchar(255) DEFAULT NULL COMMENT 'Attribute Model',
  `backend_model` varchar(255) DEFAULT NULL COMMENT 'Backend Model',
  `backend_type` varchar(8) NOT NULL DEFAULT 'static' COMMENT 'Backend Type',
  `backend_table` varchar(255) DEFAULT NULL COMMENT 'Backend Table',
  `frontend_model` varchar(255) DEFAULT NULL COMMENT 'Frontend Model',
  `frontend_input` varchar(50) DEFAULT NULL COMMENT 'Frontend Input',
  `frontend_label` varchar(255) DEFAULT NULL COMMENT 'Frontend Label',
  `frontend_class` varchar(255) DEFAULT NULL COMMENT 'Frontend Class',
  `source_model` varchar(255) DEFAULT NULL COMMENT 'Source Model',
  `is_required` smallint(5) unsigned NOT NULL DEFAULT '0' COMMENT 'Defines Is Required',
  `is_user_defined` smallint(5) unsigned NOT NULL DEFAULT '0' COMMENT 'Defines Is User Defined',
  `default_value` text COMMENT 'Default Value',
  `is_unique` smallint(5) unsigned NOT NULL DEFAULT '0' COMMENT 'Defines Is Unique',
  `note` varchar(255) DEFAULT NULL COMMENT 'Note',
  PRIMARY KEY (`attribute_id`),
  UNIQUE KEY `EAV_ATTRIBUTE_ENTITY_TYPE_ID_ATTRIBUTE_CODE` (`entity_type_id`,`attribute_code`),
  KEY `EAV_ATTRIBUTE_FRONTEND_INPUT_ENTITY_TYPE_ID_IS_USER_DEFINED` (`frontend_input`,`entity_type_id`,`is_user_defined`),
  CONSTRAINT `EAV_ATTRIBUTE_ENTITY_TYPE_ID_EAV_ENTITY_TYPE_ENTITY_TYPE_ID` FOREIGN KEY (`entity_type_id`) REFERENCES `eav_entity_type` (`entity_type_id`) ON DELETE CASCADE
) ENGINE=InnoDB AUTO_INCREMENT=154 DEFAULT CHARSET=utf8 COMMENT='Eav Attribute';

--
-- Dumping data for table `eav_attribute`
--

INSERT INTO `eav_attribute` VALUES (1,1,'website_id',NULL,'Magento\\Customer\\Model\\Customer\\Attribute\\Backend\\Website','static',NULL,NULL,'select','Associate to Website',NULL,'Magento\\Customer\\Model\\Customer\\Attribute\\Source\\Website',1,0,NULL,0,NULL),(2,1,'store_id',NULL,'Magento\\Customer\\Model\\Customer\\Attribute\\Backend\\Store','static',NULL,NULL,'select','Create In',NULL,'Magento\\Customer\\Model\\Customer\\Attribute\\Source\\Store',1,0,NULL,0,NULL),(3,1,'created_in',NULL,NULL,'static',NULL,NULL,'text','Created From',NULL,NULL,0,0,NULL,0,NULL),(4,1,'prefix',NULL,NULL,'static',NULL,NULL,'text','Name Prefix',NULL,NULL,0,0,NULL,0,NULL),(5,1,'firstname',NULL,NULL,'static',NULL,NULL,'text','First Name',NULL,NULL,1,0,NULL,0,NULL),(6,1,'middlename',NULL,NULL,'static',NULL,NULL,'text','Middle Name/Initial',NULL,NULL,0,0,NULL,0,NULL),(7,1,'lastname',NULL,NULL,'static',NULL,NULL,'text','Last Name',NULL,NULL,1,0,NULL,0,NULL),(8,1,'suffix',NULL,NULL,'static',NULL,NULL,'text','Name Suffix',NULL,NULL,0,0,NULL,0,NULL),(9,1,'email',NULL,NULL,'static',NULL,NULL,'text','Email',NULL,NULL,1,0,NULL,0,NULL),(10,1,'group_id',NULL,NULL,'static',NULL,NULL,'select','Group',NULL,'Magento\\Customer\\Model\\Customer\\Attribute\\Source\\Group',1,0,NULL,0,NULL),(11,1,'dob',NULL,'Magento\\Eav\\Model\\Entity\\Attribute\\Backend\\Datetime','static',NULL,'Magento\\Eav\\Model\\Entity\\Attribute\\Frontend\\Datetime','date','Date of Birth',NULL,NULL,0,0,NULL,0,NULL),(12,1,'password_hash',NULL,'Magento\\Customer\\Model\\Customer\\Attribute\\Backend\\Password','static',NULL,NULL,'hidden',NULL,NULL,NULL,0,0,NULL,0,NULL),(13,1,'rp_token',NULL,NULL,'static',NULL,NULL,'hidden',NULL,NULL,NULL,0,0,NULL,0,NULL),(14,1,'rp_token_created_at',NULL,NULL,'static',NULL,NULL,'date',NULL,NULL,NULL,0,0,NULL,0,NULL),(15,1,'default_billing',NULL,'Magento\\Customer\\Model\\Customer\\Attribute\\Backend\\Billing','static',NULL,NULL,'text','Default Billing Address',NULL,NULL,0,0,NULL,0,NULL),(16,1,'default_shipping',NULL,'Magento\\Customer\\Model\\Customer\\Attribute\\Backend\\Shipping','static',NULL,NULL,'text','Default Shipping Address',NULL,NULL,0,0,NULL,0,NULL),(17,1,'taxvat',NULL,NULL,'static',NULL,NULL,'text','Tax/VAT Number',NULL,NULL,0,0,NULL,0,NULL),(18,1,'confirmation',NULL,NULL,'static',NULL,NULL,'text','Is Confirmed',NULL,NULL,0,0,NULL,0,NULL),(19,1,'created_at',NULL,NULL,'static',NULL,NULL,'date','Created At',NULL,NULL,0,0,NULL,0,NULL),(20,1,'gender',NULL,NULL,'static',NULL,NULL,'select','Gender',NULL,'Magento\\Eav\\Model\\Entity\\Attribute\\Source\\Table',0,0,NULL,0,NULL),(21,1,'disable_auto_group_change','Magento\\Customer\\Model\\Attribute','Magento\\Customer\\Model\\Attribute\\Backend\\Data\\Boolean','static',NULL,NULL,'boolean','Disable Automatic Group Change Based on VAT ID',NULL,NULL,0,0,NULL,0,NULL),(22,2,'prefix',NULL,NULL,'static',NULL,NULL,'text','Name Prefix',NULL,NULL,0,0,NULL,0,NULL),(23,2,'firstname',NULL,NULL,'static',NULL,NULL,'text','First Name',NULL,NULL,1,0,NULL,0,NULL),(24,2,'middlename',NULL,NULL,'static',NULL,NULL,'text','Middle Name/Initial',NULL,NULL,0,0,NULL,0,NULL),(25,2,'lastname',NULL,NULL,'static',NULL,NULL,'text','Last Name',NULL,NULL,1,0,NULL,0,NULL),(26,2,'suffix',NULL,NULL,'static',NULL,NULL,'text','Name Suffix',NULL,NULL,0,0,NULL,0,NULL),(27,2,'company',NULL,NULL,'static',NULL,NULL,'text','Company',NULL,NULL,0,0,NULL,0,NULL),(28,2,'street',NULL,'Magento\\Eav\\Model\\Entity\\Attribute\\Backend\\DefaultBackend','static',NULL,NULL,'multiline','Street Address',NULL,NULL,1,0,NULL,0,NULL),(29,2,'city',NULL,NULL,'static',NULL,NULL,'text','City',NULL,NULL,1,0,NULL,0,NULL),(30,2,'country_id',NULL,NULL,'static',NULL,NULL,'select','Country',NULL,'Magento\\Customer\\Model\\ResourceModel\\Address\\Attribute\\Source\\Country',1,0,NULL,0,NULL),(31,2,'region',NULL,'Magento\\Customer\\Model\\ResourceModel\\Address\\Attribute\\Backend\\Region','static',NULL,NULL,'text','State/Province',NULL,NULL,0,0,NULL,0,NULL),(32,2,'region_id',NULL,NULL,'static',NULL,NULL,'hidden','State/Province',NULL,'Magento\\Customer\\Model\\ResourceModel\\Address\\Attribute\\Source\\Region',0,0,NULL,0,NULL),(33,2,'postcode',NULL,NULL,'static',NULL,NULL,'text','Zip/Postal Code',NULL,NULL,0,0,NULL,0,NULL),(34,2,'telephone',NULL,NULL,'static',NULL,NULL,'text','Phone Number',NULL,NULL,1,0,NULL,0,NULL),(35,2,'fax',NULL,NULL,'static',NULL,NULL,'text','Fax',NULL,NULL,0,0,NULL,0,NULL),(36,2,'vat_id','Magento\\Customer\\Model\\Attribute',NULL,'static',NULL,NULL,'text','VAT Number',NULL,NULL,0,0,NULL,0,NULL),(37,2,'vat_is_valid',NULL,NULL,'static',NULL,NULL,'text','VAT number validity',NULL,NULL,0,0,NULL,0,NULL),(38,2,'vat_request_id',NULL,NULL,'static',NULL,NULL,'text','VAT number validation request ID',NULL,NULL,0,0,NULL,0,NULL),(39,2,'vat_request_date',NULL,NULL,'static',NULL,NULL,'text','VAT number validation request date',NULL,NULL,0,0,NULL,0,NULL),(40,2,'vat_request_success',NULL,NULL,'static',NULL,NULL,'text','VAT number validation request success',NULL,NULL,0,0,NULL,0,NULL),(41,1,'updated_at',NULL,NULL,'static',NULL,NULL,'date','Updated At',NULL,NULL,0,0,NULL,0,NULL),(42,1,'failures_num',NULL,NULL,'static',NULL,NULL,'hidden','Failures Number',NULL,NULL,0,0,NULL,0,NULL),(43,1,'first_failure',NULL,NULL,'static',NULL,NULL,'date','First Failure Date',NULL,NULL,0,0,NULL,0,NULL),(44,1,'lock_expires',NULL,NULL,'static',NULL,NULL,'date','Failures Number',NULL,NULL,0,0,NULL,0,NULL),(45,3,'name',NULL,NULL,'varchar',NULL,NULL,'text','Name',NULL,NULL,1,0,NULL,0,NULL),(46,3,'is_active',NULL,NULL,'int',NULL,NULL,'select','Is Active',NULL,'Magento\\Eav\\Model\\Entity\\Attribute\\Source\\Boolean',1,0,NULL,0,NULL),(47,3,'description',NULL,NULL,'text',NULL,NULL,'textarea','Description',NULL,NULL,0,0,NULL,0,NULL),(48,3,'image',NULL,'Magento\\Catalog\\Model\\Category\\Attribute\\Backend\\Image','varchar',NULL,NULL,'image','Image',NULL,NULL,0,0,NULL,0,NULL),(49,3,'meta_title',NULL,NULL,'varchar',NULL,NULL,'text','Page Title',NULL,NULL,0,0,NULL,0,NULL),(50,3,'meta_keywords',NULL,NULL,'text',NULL,NULL,'textarea','Meta Keywords',NULL,NULL,0,0,NULL,0,NULL),(51,3,'meta_description',NULL,NULL,'text',NULL,NULL,'textarea','Meta Description',NULL,NULL,0,0,NULL,0,NULL),(52,3,'display_mode',NULL,NULL,'varchar',NULL,NULL,'select','Display Mode',NULL,'Magento\\Catalog\\Model\\Category\\Attribute\\Source\\Mode',0,0,NULL,0,NULL),(53,3,'landing_page',NULL,NULL,'int',NULL,NULL,'select','CMS Block',NULL,'Magento\\Catalog\\Model\\Category\\Attribute\\Source\\Page',0,0,NULL,0,NULL),(54,3,'is_anchor',NULL,NULL,'int',NULL,NULL,'select','Is Anchor',NULL,'Magento\\Eav\\Model\\Entity\\Attribute\\Source\\Boolean',0,0,'1',0,NULL),(55,3,'path',NULL,NULL,'static',NULL,NULL,'text','Path',NULL,NULL,0,0,NULL,0,NULL),(56,3,'position',NULL,NULL,'static',NULL,NULL,'text','Position',NULL,NULL,0,0,NULL,0,NULL),(57,3,'all_children',NULL,NULL,'text',NULL,NULL,'text',NULL,NULL,NULL,0,0,NULL,0,NULL),(58,3,'path_in_store',NULL,NULL,'text',NULL,NULL,'text',NULL,NULL,NULL,0,0,NULL,0,NULL),(59,3,'children',NULL,NULL,'text',NULL,NULL,'text',NULL,NULL,NULL,0,0,NULL,0,NULL),(60,3,'custom_design',NULL,NULL,'varchar',NULL,NULL,'select','Custom Design',NULL,'Magento\\Theme\\Model\\Theme\\Source\\Theme',0,0,NULL,0,NULL),(61,3,'custom_design_from','Magento\\Catalog\\Model\\ResourceModel\\Eav\\Attribute','Magento\\Catalog\\Model\\Attribute\\Backend\\Startdate','datetime',NULL,'Magento\\Eav\\Model\\Entity\\Attribute\\Frontend\\Datetime','date','Active From',NULL,NULL,0,0,NULL,0,NULL),(62,3,'custom_design_to',NULL,'Magento\\Eav\\Model\\Entity\\Attribute\\Backend\\Datetime','datetime',NULL,NULL,'date','Active To',NULL,NULL,0,0,NULL,0,NULL),(63,3,'page_layout',NULL,NULL,'varchar',NULL,NULL,'select','Page Layout',NULL,'Magento\\Catalog\\Model\\Category\\Attribute\\Source\\Layout',0,0,NULL,0,NULL),(64,3,'custom_layout_update',NULL,'Magento\\Catalog\\Model\\Attribute\\Backend\\Customlayoutupdate','text',NULL,NULL,'textarea','Custom Layout Update',NULL,NULL,0,0,NULL,0,NULL),(65,3,'level',NULL,NULL,'static',NULL,NULL,'text','Level',NULL,NULL,0,0,NULL,0,NULL),(66,3,'children_count',NULL,NULL,'static',NULL,NULL,'text','Children Count',NULL,NULL,0,0,NULL,0,NULL),(67,3,'available_sort_by',NULL,'Magento\\Catalog\\Model\\Category\\Attribute\\Backend\\Sortby','text',NULL,NULL,'multiselect','Available Product Listing Sort By',NULL,'Magento\\Catalog\\Model\\Category\\Attribute\\Source\\Sortby',1,0,NULL,0,NULL),(68,3,'default_sort_by',NULL,'Magento\\Catalog\\Model\\Category\\Attribute\\Backend\\Sortby','varchar',NULL,NULL,'select','Default Product Listing Sort By',NULL,'Magento\\Catalog\\Model\\Category\\Attribute\\Source\\Sortby',1,0,NULL,0,NULL),(69,3,'include_in_menu',NULL,NULL,'int',NULL,NULL,'select','Include in Navigation Menu',NULL,'Magento\\Eav\\Model\\Entity\\Attribute\\Source\\Boolean',1,0,'1',0,NULL),(70,3,'custom_use_parent_settings',NULL,NULL,'int',NULL,NULL,'select','Use Parent Category Settings',NULL,'Magento\\Eav\\Model\\Entity\\Attribute\\Source\\Boolean',0,0,NULL,0,NULL),(71,3,'custom_apply_to_products',NULL,NULL,'int',NULL,NULL,'select','Apply To Products',NULL,'Magento\\Eav\\Model\\Entity\\Attribute\\Source\\Boolean',0,0,NULL,0,NULL),(72,3,'filter_price_range',NULL,NULL,'decimal',NULL,NULL,'text','Layered Navigation Price Step',NULL,NULL,0,0,NULL,0,NULL),(73,4,'name',NULL,NULL,'varchar',NULL,NULL,'text','Product Name','validate-length maximum-length-255',NULL,1,0,NULL,0,NULL),(74,4,'sku','Magento\\Catalog\\Model\\ResourceModel\\Eav\\Attribute','Magento\\Catalog\\Model\\Product\\Attribute\\Backend\\Sku','static',NULL,NULL,'text','SKU','validate-length maximum-length-64',NULL,1,0,NULL,1,NULL),(75,4,'description',NULL,NULL,'text',NULL,NULL,'textarea','Description',NULL,NULL,0,0,NULL,0,NULL),(76,4,'short_description',NULL,NULL,'text',NULL,NULL,'textarea','Short Description',NULL,NULL,0,0,NULL,0,NULL),(77,4,'price','Magento\\Catalog\\Model\\ResourceModel\\Eav\\Attribute','Magento\\Catalog\\Model\\Product\\Attribute\\Backend\\Price','decimal',NULL,NULL,'price','Price',NULL,NULL,1,0,NULL,0,NULL),(78,4,'special_price','Magento\\Catalog\\Model\\ResourceModel\\Eav\\Attribute','Magento\\Catalog\\Model\\Product\\Attribute\\Backend\\Price','decimal',NULL,NULL,'price','Special Price',NULL,NULL,0,0,NULL,0,NULL),(79,4,'special_from_date',NULL,'Magento\\Catalog\\Model\\Attribute\\Backend\\Startdate','datetime',NULL,NULL,'date','Special Price From Date',NULL,NULL,0,0,NULL,0,NULL),(80,4,'special_to_date',NULL,'Magento\\Eav\\Model\\Entity\\Attribute\\Backend\\Datetime','datetime',NULL,NULL,'date','Special Price To Date',NULL,NULL,0,0,NULL,0,NULL),(81,4,'cost',NULL,'Magento\\Catalog\\Model\\Product\\Attribute\\Backend\\Price','decimal',NULL,NULL,'price','Cost',NULL,NULL,0,1,NULL,0,NULL),(82,4,'weight',NULL,'Magento\\Catalog\\Model\\Product\\Attribute\\Backend\\Weight','decimal',NULL,NULL,'weight','Weight',NULL,NULL,0,0,NULL,0,NULL),(83,4,'manufacturer',NULL,NULL,'int',NULL,NULL,'select','Manufacturer',NULL,NULL,0,1,'',0,NULL),(84,4,'meta_title',NULL,NULL,'varchar',NULL,NULL,'text','Meta Title',NULL,NULL,0,0,NULL,0,NULL),(85,4,'meta_keyword',NULL,NULL,'text',NULL,NULL,'textarea','Meta Keywords',NULL,NULL,0,0,NULL,0,NULL),(86,4,'meta_description',NULL,NULL,'varchar',NULL,NULL,'textarea','Meta Description',NULL,NULL,0,0,NULL,0,'Maximum 255 chars. Meta Description should optimally be between 150-160 characters'),(87,4,'image',NULL,NULL,'varchar',NULL,'Magento\\Catalog\\Model\\Product\\Attribute\\Frontend\\Image','media_image','Base',NULL,NULL,0,0,NULL,0,NULL),(88,4,'small_image',NULL,NULL,'varchar',NULL,'Magento\\Catalog\\Model\\Product\\Attribute\\Frontend\\Image','media_image','Small',NULL,NULL,0,0,NULL,0,NULL),(89,4,'thumbnail',NULL,NULL,'varchar',NULL,'Magento\\Catalog\\Model\\Product\\Attribute\\Frontend\\Image','media_image','Thumbnail',NULL,NULL,0,0,NULL,0,NULL),(90,4,'media_gallery',NULL,NULL,'static',NULL,NULL,'gallery','Media Gallery',NULL,NULL,0,0,NULL,0,NULL),(91,4,'old_id',NULL,NULL,'int',NULL,NULL,'text',NULL,NULL,NULL,0,0,NULL,0,NULL),(92,4,'tier_price',NULL,'Magento\\Catalog\\Model\\Product\\Attribute\\Backend\\Tierprice','decimal',NULL,NULL,'text','Tier Price',NULL,NULL,0,0,NULL,0,NULL),(93,4,'color',NULL,NULL,'int',NULL,NULL,'select','Color',NULL,NULL,0,1,'',0,NULL),(94,4,'news_from_date',NULL,'Magento\\Catalog\\Model\\Attribute\\Backend\\Startdate','datetime',NULL,NULL,'date','Set Product as New from Date',NULL,NULL,0,0,NULL,0,NULL),(95,4,'news_to_date',NULL,'Magento\\Eav\\Model\\Entity\\Attribute\\Backend\\Datetime','datetime',NULL,NULL,'date','Set Product as New to Date',NULL,NULL,0,0,NULL,0,NULL),(96,4,'gallery',NULL,NULL,'varchar',NULL,NULL,'gallery','Image Gallery',NULL,NULL,0,0,NULL,0,NULL),(97,4,'status',NULL,NULL,'int',NULL,NULL,'select','Enable Product',NULL,'Magento\\Catalog\\Model\\Product\\Attribute\\Source\\Status',0,0,'1',0,NULL),(98,4,'minimal_price','Magento\\Catalog\\Model\\ResourceModel\\Eav\\Attribute','Magento\\Catalog\\Model\\Product\\Attribute\\Backend\\Price','decimal',NULL,NULL,'price','Minimal Price',NULL,NULL,0,0,NULL,0,NULL),(99,4,'visibility',NULL,NULL,'int',NULL,NULL,'select','Visibility',NULL,'Magento\\Catalog\\Model\\Product\\Visibility',0,0,'4',0,NULL),(100,4,'custom_design',NULL,NULL,'varchar',NULL,NULL,'select','New Theme',NULL,'Magento\\Theme\\Model\\Theme\\Source\\Theme',0,0,NULL,0,NULL),(101,4,'custom_design_from',NULL,'Magento\\Catalog\\Model\\Attribute\\Backend\\Startdate','datetime',NULL,NULL,'date','Active From',NULL,NULL,0,0,NULL,0,NULL),(102,4,'custom_design_to',NULL,'Magento\\Eav\\Model\\Entity\\Attribute\\Backend\\Datetime','datetime',NULL,NULL,'date','Active To',NULL,NULL,0,0,NULL,0,NULL),(103,4,'custom_layout_update',NULL,'Magento\\Catalog\\Model\\Attribute\\Backend\\Customlayoutupdate','text',NULL,NULL,'textarea','Layout Update XML',NULL,NULL,0,0,NULL,0,NULL),(104,4,'page_layout',NULL,NULL,'varchar',NULL,NULL,'select','Layout',NULL,'Magento\\Catalog\\Model\\Product\\Attribute\\Source\\Layout',0,0,NULL,0,NULL),(105,4,'category_ids',NULL,'Magento\\Catalog\\Model\\Product\\Attribute\\Backend\\Category','static',NULL,NULL,'text','Categories',NULL,NULL,0,0,NULL,0,NULL),(106,4,'options_container',NULL,NULL,'varchar',NULL,NULL,'select','Display Product Options In',NULL,'Magento\\Catalog\\Model\\Entity\\Product\\Attribute\\Design\\Options\\Container',0,0,'container2',0,NULL),(107,4,'required_options',NULL,NULL,'static',NULL,NULL,'text',NULL,NULL,NULL,0,0,NULL,0,NULL),(108,4,'has_options',NULL,NULL,'static',NULL,NULL,'text',NULL,NULL,NULL,0,0,NULL,0,NULL),(109,4,'image_label',NULL,NULL,'varchar',NULL,NULL,'text','Image Label',NULL,NULL,0,0,NULL,0,NULL),(110,4,'small_image_label',NULL,NULL,'varchar',NULL,NULL,'text','Small Image Label',NULL,NULL,0,0,NULL,0,NULL),(111,4,'thumbnail_label',NULL,NULL,'varchar',NULL,NULL,'text','Thumbnail Label',NULL,NULL,0,0,NULL,0,NULL),(112,4,'created_at',NULL,NULL,'static',NULL,NULL,'date',NULL,NULL,NULL,1,0,NULL,0,NULL),(113,4,'updated_at',NULL,NULL,'static',NULL,NULL,'date',NULL,NULL,NULL,1,0,NULL,0,NULL),(114,4,'country_of_manufacture',NULL,NULL,'varchar',NULL,NULL,'select','Country of Manufacture',NULL,'Magento\\Catalog\\Model\\Product\\Attribute\\Source\\Countryofmanufacture',0,0,NULL,0,NULL),(115,4,'quantity_and_stock_status',NULL,'Magento\\Catalog\\Model\\Product\\Attribute\\Backend\\Stock','int',NULL,NULL,'select','Quantity',NULL,'Magento\\CatalogInventory\\Model\\Source\\Stock',0,0,'1',0,NULL),(116,4,'custom_layout',NULL,NULL,'varchar',NULL,NULL,'select','New Layout',NULL,'Magento\\Catalog\\Model\\Product\\Attribute\\Source\\Layout',0,0,NULL,0,NULL),(117,4,'custom_layout_update_file',NULL,'Magento\\Catalog\\Model\\Product\\Attribute\\Backend\\LayoutUpdate','varchar',NULL,NULL,'select','Custom Layout Update',NULL,'Magento\\Catalog\\Model\\Product\\Attribute\\Source\\LayoutUpdate',0,0,NULL,0,NULL),(118,3,'custom_layout_update_file',NULL,'Magento\\Catalog\\Model\\Category\\Attribute\\Backend\\LayoutUpdate','varchar',NULL,NULL,'select','Custom Layout Update',NULL,'Magento\\Catalog\\Model\\Category\\Attribute\\Source\\LayoutUpdate',0,0,NULL,0,NULL),(119,3,'url_key',NULL,NULL,'varchar',NULL,NULL,'text','URL Key',NULL,NULL,0,0,NULL,0,NULL),(120,3,'url_path',NULL,NULL,'varchar',NULL,NULL,'text',NULL,NULL,NULL,0,0,NULL,0,NULL),(121,4,'url_key',NULL,NULL,'varchar',NULL,NULL,'text','URL Key',NULL,NULL,0,0,NULL,0,NULL),(122,4,'url_path',NULL,NULL,'varchar',NULL,NULL,'text',NULL,NULL,NULL,0,0,NULL,0,NULL),(123,4,'msrp','Magento\\Catalog\\Model\\ResourceModel\\Eav\\Attribute','Magento\\Catalog\\Model\\Product\\Attribute\\Backend\\Price','decimal',NULL,NULL,'price','Minimum Advertised Price',NULL,NULL,0,0,NULL,0,NULL),(124,4,'msrp_display_actual_price_type',NULL,'Magento\\Catalog\\Model\\Product\\Attribute\\Backend\\Boolean','varchar',NULL,NULL,'select','Display Actual Price',NULL,'Magento\\Msrp\\Model\\Product\\Attribute\\Source\\Type\\Price',0,0,'0',0,NULL),(125,4,'links_purchased_separately',NULL,NULL,'int',NULL,NULL,NULL,'Links can be purchased separately',NULL,NULL,1,0,NULL,0,NULL),(126,4,'samples_title',NULL,NULL,'varchar',NULL,NULL,NULL,'Samples title',NULL,NULL,1,0,NULL,0,NULL),(127,4,'links_title',NULL,NULL,'varchar',NULL,NULL,NULL,'Links title',NULL,NULL,1,0,NULL,0,NULL),(128,4,'links_exist',NULL,NULL,'int',NULL,NULL,NULL,NULL,NULL,NULL,0,0,NULL,0,NULL),(129,4,'gift_message_available',NULL,'Magento\\Catalog\\Model\\Product\\Attribute\\Backend\\Boolean','varchar',NULL,NULL,'select','Allow Gift Message',NULL,'Magento\\Catalog\\Model\\Product\\Attribute\\Source\\Boolean',0,0,NULL,0,NULL),(130,4,'price_type',NULL,NULL,'int',NULL,NULL,'boolean','Dynamic Price',NULL,NULL,1,0,'0',0,NULL),(131,4,'sku_type',NULL,NULL,'int',NULL,NULL,'boolean','Dynamic SKU',NULL,NULL,1,0,'0',0,NULL),(132,4,'weight_type',NULL,NULL,'int',NULL,NULL,'boolean','Dynamic Weight',NULL,NULL,1,0,'0',0,NULL),(133,4,'price_view',NULL,NULL,'int',NULL,NULL,'select','Price View',NULL,'Magento\\Bundle\\Model\\Product\\Attribute\\Source\\Price\\View',1,0,NULL,0,NULL),(134,4,'shipment_type',NULL,NULL,'int',NULL,NULL,'select','Ship Bundle Items',NULL,'Magento\\Bundle\\Model\\Product\\Attribute\\Source\\Shipment\\Type',1,0,'0',0,NULL),(135,4,'swatch_image',NULL,NULL,'varchar',NULL,'Magento\\Catalog\\Model\\Product\\Attribute\\Frontend\\Image','media_image','Swatch',NULL,NULL,0,0,NULL,0,NULL),(136,4,'tax_class_id',NULL,NULL,'int',NULL,NULL,'select','Tax Class',NULL,'Magento\\Tax\\Model\\TaxClass\\Source\\Product',0,0,'2',0,NULL),(137,4,'sm_featured',NULL,NULL,'int',NULL,NULL,'boolean','Is Featured',NULL,'Magento\\Eav\\Model\\Entity\\Attribute\\Source\\Boolean',0,1,NULL,0,NULL),(138,4,'size',NULL,NULL,'int',NULL,NULL,'select','Size',NULL,'Magento\\Eav\\Model\\Entity\\Attribute\\Source\\Table',0,1,'',0,NULL),(139,4,'sm_sizechart',NULL,NULL,'text',NULL,NULL,'text','Size Chart CMS Block ID',NULL,NULL,0,1,NULL,0,NULL),(140,4,'model',NULL,NULL,'int',NULL,NULL,'select','Model',NULL,'Magento\\Eav\\Model\\Entity\\Attribute\\Source\\Table',0,1,'',0,NULL),(141,4,'year',NULL,NULL,'int',NULL,NULL,'select','Year',NULL,'Magento\\Eav\\Model\\Entity\\Attribute\\Source\\Table',0,1,'',0,NULL),(142,4,'auto_manufacturer',NULL,NULL,'int',NULL,NULL,'select','Auto Manufacturer',NULL,'Magento\\Eav\\Model\\Entity\\Attribute\\Source\\Table',0,1,'',0,NULL),(143,4,'sm_hoverimage',NULL,NULL,'varchar',NULL,'Magento\\Catalog\\Model\\Product\\Attribute\\Frontend\\Image','media_image','Hover Image',NULL,NULL,0,0,NULL,0,NULL),(144,4,'sm_degree_path',NULL,NULL,'text',NULL,NULL,'text','360 Degree Path',NULL,NULL,0,1,NULL,0,NULL),(145,4,'sm_degree_index',NULL,NULL,'text',NULL,NULL,'text','Image Index',NULL,NULL,0,1,NULL,0,NULL),(146,4,'sm_degree_width',NULL,NULL,'text',NULL,NULL,'text','Frame Width',NULL,NULL,0,1,NULL,0,NULL),(147,4,'sm_degree_height',NULL,NULL,'text',NULL,NULL,'text','Frame Height',NULL,NULL,0,1,NULL,0,NULL),(148,4,'is_featured',NULL,NULL,'int',NULL,NULL,'boolean','Is Featured?',NULL,'Magento\\Eav\\Model\\Entity\\Attribute\\Source\\Boolean',0,1,NULL,0,NULL),(149,4,'mgs_brand',NULL,NULL,'int',NULL,NULL,'select','Brand',NULL,NULL,0,1,NULL,0,NULL),(150,4,'mpn',NULL,NULL,'varchar',NULL,NULL,'text','mpn',NULL,NULL,1,1,NULL,0,NULL),(151,4,'lead_time',NULL,NULL,'varchar',NULL,NULL,'text','lead_time',NULL,NULL,0,1,NULL,0,NULL),(152,4,'ns_item_id',NULL,NULL,'varchar',NULL,NULL,'text','NS Item ID',NULL,NULL,0,1,NULL,0,NULL),(153,1,'mp_smtp_is_synced',NULL,NULL,'int',NULL,NULL,'hidden','Mp SMTP is synced',NULL,NULL,0,0,NULL,0,NULL);

--
-- Table structure for table `eav_attribute_group`
--

CREATE TABLE `eav_attribute_group` (
  `attribute_group_id` smallint(5) unsigned NOT NULL AUTO_INCREMENT COMMENT 'Attribute Group ID',
  `attribute_set_id` smallint(5) unsigned NOT NULL DEFAULT '0' COMMENT 'Attribute Set ID',
  `attribute_group_name` varchar(255) DEFAULT NULL COMMENT 'Attribute Group Name',
  `sort_order` smallint(6) NOT NULL DEFAULT '0' COMMENT 'Sort Order',
  `default_id` smallint(5) unsigned DEFAULT '0' COMMENT 'Default ID',
  `attribute_group_code` varchar(255) NOT NULL COMMENT 'Attribute Group Code',
  `tab_group_code` varchar(255) DEFAULT NULL COMMENT 'Tab Group Code',
  PRIMARY KEY (`attribute_group_id`),
  UNIQUE KEY `EAV_ATTRIBUTE_GROUP_ATTRIBUTE_SET_ID_ATTRIBUTE_GROUP_CODE` (`attribute_set_id`,`attribute_group_code`),
  UNIQUE KEY `EAV_ATTRIBUTE_GROUP_ATTRIBUTE_SET_ID_ATTRIBUTE_GROUP_NAME` (`attribute_set_id`,`attribute_group_name`),
  KEY `EAV_ATTRIBUTE_GROUP_ATTRIBUTE_SET_ID_SORT_ORDER` (`attribute_set_id`,`sort_order`),
  CONSTRAINT `EAV_ATTR_GROUP_ATTR_SET_ID_EAV_ATTR_SET_ATTR_SET_ID` FOREIGN KEY (`attribute_set_id`) REFERENCES `eav_attribute_set` (`attribute_set_id`) ON DELETE CASCADE
) ENGINE=InnoDB AUTO_INCREMENT=33 DEFAULT CHARSET=utf8 COMMENT='Eav Attribute Group';

--
-- Dumping data for table `eav_attribute_group`
--

INSERT INTO `eav_attribute_group` VALUES (1,1,'General',1,1,'general',NULL),(2,2,'General',1,1,'general',NULL),(3,3,'General',10,1,'general',NULL),(4,3,'General Information',2,0,'general-information',NULL),(5,3,'Display Settings',20,0,'display-settings',NULL),(6,3,'Custom Design',30,0,'custom-design',NULL),(7,4,'Product Details',1,1,'product-details','basic'),(8,4,'Advanced Pricing',6,0,'advanced-pricing','advanced'),(9,4,'Search Engine Optimization',5,0,'search-engine-optimization','basic'),(10,4,'Images',4,0,'image-management','basic'),(11,4,'Design',7,0,'design','advanced'),(12,4,'Autosettings',9,0,'autosettings','advanced'),(13,4,'Content',2,0,'content','basic'),(14,4,'Schedule Design Update',8,0,'schedule-design-update','advanced'),(15,5,'General',1,1,'general',NULL),(16,6,'General',1,1,'general',NULL),(17,7,'General',1,1,'general',NULL),(18,8,'General',1,1,'general',NULL),(19,4,'Gift Options',10,0,'gift-options',NULL),(20,4,'Bundle Items',3,0,'bundle-items',NULL),(21,9,'Gift Options',10,0,'gift-options',NULL),(22,9,'Autosettings',9,0,'autosettings','advanced'),(23,9,'Schedule Design Update',8,0,'schedule-design-update','advanced'),(24,9,'Design',7,0,'design','advanced'),(25,9,'Advanced Pricing',6,0,'advanced-pricing','advanced'),(26,9,'Search Engine Optimization',5,0,'search-engine-optimization','basic'),(27,9,'Images',4,0,'image-management','basic'),(28,9,'Bundle Items',3,0,'bundle-items',NULL),(29,9,'Content',2,0,'content','basic'),(30,9,'Product Details',1,1,'product-details','basic'),(31,9,'360 Degree',11,0,'360-degree',NULL),(32,4,'360 Degree',11,0,'360-degree',NULL);

--
-- Table structure for table `eav_attribute_label`
--

CREATE TABLE `eav_attribute_label` (
  `attribute_label_id` int(10) unsigned NOT NULL AUTO_INCREMENT COMMENT 'Attribute Label ID',
  `attribute_id` smallint(5) unsigned NOT NULL DEFAULT '0' COMMENT 'Attribute ID',
  `store_id` smallint(5) unsigned NOT NULL DEFAULT '0' COMMENT 'Store ID',
  `value` varchar(255) DEFAULT NULL COMMENT 'Value',
  PRIMARY KEY (`attribute_label_id`),
  KEY `EAV_ATTRIBUTE_LABEL_STORE_ID` (`store_id`),
  KEY `EAV_ATTRIBUTE_LABEL_ATTRIBUTE_ID_STORE_ID` (`attribute_id`,`store_id`),
  CONSTRAINT `EAV_ATTRIBUTE_LABEL_ATTRIBUTE_ID_EAV_ATTRIBUTE_ATTRIBUTE_ID` FOREIGN KEY (`attribute_id`) REFERENCES `eav_attribute` (`attribute_id`) ON DELETE CASCADE,
  CONSTRAINT `EAV_ATTRIBUTE_LABEL_STORE_ID_STORE_STORE_ID` FOREIGN KEY (`store_id`) REFERENCES `store` (`store_id`) ON DELETE CASCADE
) ENGINE=InnoDB DEFAULT CHARSET=utf8 COMMENT='Eav Attribute Label';

--
-- Dumping data for table `eav_attribute_label`
--


--
-- Table structure for table `eav_attribute_option`
--

CREATE TABLE `eav_attribute_option` (
  `option_id` int(10) unsigned NOT NULL AUTO_INCREMENT COMMENT 'Option ID',
  `attribute_id` smallint(5) unsigned NOT NULL DEFAULT '0' COMMENT 'Attribute ID',
  `sort_order` smallint(5) unsigned NOT NULL DEFAULT '0' COMMENT 'Sort Order',
  PRIMARY KEY (`option_id`),
  KEY `EAV_ATTRIBUTE_OPTION_ATTRIBUTE_ID` (`attribute_id`),
  CONSTRAINT `EAV_ATTRIBUTE_OPTION_ATTRIBUTE_ID_EAV_ATTRIBUTE_ATTRIBUTE_ID` FOREIGN KEY (`attribute_id`) REFERENCES `eav_attribute` (`attribute_id`) ON DELETE CASCADE
) ENGINE=InnoDB AUTO_INCREMENT=107 DEFAULT CHARSET=utf8 COMMENT='Eav Attribute Option';

--
-- Dumping data for table `eav_attribute_option`
--

INSERT INTO `eav_attribute_option` VALUES (1,20,0),(2,20,1),(3,20,3),(4,93,1),(5,93,2),(6,93,3),(7,93,4),(8,93,5),(9,93,6),(10,93,7),(11,93,8),(12,93,9),(13,93,10),(14,93,11),(27,138,1),(28,138,2),(29,138,3),(30,138,4),(31,138,5),(32,138,6),(33,138,7),(34,138,8),(35,138,9),(36,138,10),(37,138,11),(38,138,12),(39,138,13),(43,140,1),(44,140,2),(45,140,3),(46,140,4),(47,140,5),(48,140,6),(49,140,7),(50,140,8),(51,140,9),(52,140,10),(53,140,11),(54,140,12),(55,141,1),(56,141,2),(57,141,3),(58,141,4),(59,141,5),(60,141,6),(61,142,1),(62,142,2),(63,142,3),(64,83,3),(65,83,4),(66,83,5),(67,83,6),(68,83,7),(69,83,8),(70,83,9),(71,83,10),(72,83,11),(73,83,12),(74,83,13),(75,83,14),(76,83,15),(77,83,16),(78,83,17),(79,83,18),(80,83,19),(81,83,20),(82,83,21),(83,83,22),(84,83,24),(85,83,25),(86,83,26),(87,83,27),(88,83,28),(89,149,0),(90,149,0),(91,149,0),(92,83,0),(93,83,0),(94,83,0),(95,83,0),(96,83,0),(97,83,0),(98,83,0),(99,83,0),(100,83,0),(101,83,0),(102,83,0),(103,83,0),(104,83,0),(105,83,0),(106,83,0);

--
-- Table structure for table `eav_attribute_option_swatch`
--

CREATE TABLE `eav_attribute_option_swatch` (
  `swatch_id` int(10) unsigned NOT NULL AUTO_INCREMENT COMMENT 'Swatch ID',
  `option_id` int(10) unsigned NOT NULL COMMENT 'Option ID',
  `store_id` smallint(5) unsigned NOT NULL COMMENT 'Store ID',
  `type` smallint(5) unsigned NOT NULL COMMENT 'Swatch type: 0 - text, 1 - visual color, 2 - visual image',
  `value` varchar(255) DEFAULT NULL COMMENT 'Swatch Value',
  PRIMARY KEY (`swatch_id`),
  UNIQUE KEY `EAV_ATTRIBUTE_OPTION_SWATCH_STORE_ID_OPTION_ID` (`store_id`,`option_id`),
  KEY `EAV_ATTR_OPT_SWATCH_OPT_ID_EAV_ATTR_OPT_OPT_ID` (`option_id`),
  KEY `EAV_ATTRIBUTE_OPTION_SWATCH_SWATCH_ID` (`swatch_id`),
  CONSTRAINT `EAV_ATTRIBUTE_OPTION_SWATCH_STORE_ID_STORE_STORE_ID` FOREIGN KEY (`store_id`) REFERENCES `store` (`store_id`) ON DELETE CASCADE,
  CONSTRAINT `EAV_ATTR_OPT_SWATCH_OPT_ID_EAV_ATTR_OPT_OPT_ID` FOREIGN KEY (`option_id`) REFERENCES `eav_attribute_option` (`option_id`) ON DELETE CASCADE
) ENGINE=InnoDB AUTO_INCREMENT=61 DEFAULT CHARSET=utf8 COMMENT='Magento Swatches table';

--
-- Dumping data for table `eav_attribute_option_swatch`
--

INSERT INTO `eav_attribute_option_swatch` VALUES (1,4,0,1,'#000000'),(2,5,0,1,'#1857f7'),(3,6,0,1,'#945454'),(4,7,0,1,'#8f8f8f'),(5,8,0,1,'#53a828'),(6,9,0,1,'#ce64d4'),(7,10,0,1,'#eb6703'),(8,11,0,1,'#ef3dff'),(9,12,0,1,'#ff0000'),(10,13,0,1,'#ffffff'),(11,14,0,1,'#ffd500'),(12,27,0,0,'S'),(16,28,0,0,'M'),(20,29,0,0,'L'),(24,30,0,0,'XL'),(28,31,0,0,'XXL'),(32,32,0,0,'10cm'),(36,33,0,0,'15cm'),(40,34,0,0,'20cm'),(44,35,0,0,'25cm'),(48,36,0,0,'30cm'),(52,37,0,0,'35cm'),(56,38,0,0,'40cm'),(60,39,0,0,'45cm');

--
-- Table structure for table `eav_attribute_option_value`
--

CREATE TABLE `eav_attribute_option_value` (
  `value_id` int(10) unsigned NOT NULL AUTO_INCREMENT COMMENT 'Value ID',
  `option_id` int(10) unsigned NOT NULL DEFAULT '0' COMMENT 'Option ID',
  `store_id` smallint(5) unsigned NOT NULL DEFAULT '0' COMMENT 'Store ID',
  `value` varchar(255) DEFAULT NULL COMMENT 'Value',
  PRIMARY KEY (`value_id`),
  KEY `EAV_ATTRIBUTE_OPTION_VALUE_OPTION_ID` (`option_id`),
  KEY `EAV_ATTRIBUTE_OPTION_VALUE_STORE_ID` (`store_id`),
  CONSTRAINT `EAV_ATTRIBUTE_OPTION_VALUE_STORE_ID_STORE_STORE_ID` FOREIGN KEY (`store_id`) REFERENCES `store` (`store_id`) ON DELETE CASCADE,
  CONSTRAINT `EAV_ATTR_OPT_VAL_OPT_ID_EAV_ATTR_OPT_OPT_ID` FOREIGN KEY (`option_id`) REFERENCES `eav_attribute_option` (`option_id`) ON DELETE CASCADE
) ENGINE=InnoDB AUTO_INCREMENT=255 DEFAULT CHARSET=utf8 COMMENT='Eav Attribute Option Value';

--
-- Dumping data for table `eav_attribute_option_value`
--

INSERT INTO `eav_attribute_option_value` VALUES (1,1,0,'Male'),(2,2,0,'Female'),(3,3,0,'Not Specified'),(43,27,0,'S'),(44,28,0,'M'),(45,29,0,'L'),(46,30,0,'XL'),(47,31,0,'XXL'),(48,32,0,'10 cm'),(49,33,0,'15cm'),(50,34,0,'20cm'),(51,35,0,'25cm'),(52,36,0,'30cm'),(53,37,0,'35cm'),(54,38,0,'40cm'),(55,39,0,'45cm'),(128,55,0,'2015'),(129,56,0,'2016'),(130,57,0,'2017'),(131,58,0,'2018'),(132,59,0,'2019'),(133,60,0,'2020'),(134,43,0,'Sorento'),(135,44,0,'Cerato'),(136,45,0,'Seltos'),(137,46,0,'Optima'),(138,47,0,'A4'),(139,48,0,'A6'),(140,49,0,'A8'),(141,50,0,'Q2'),(142,51,0,'Tucson'),(143,52,0,'i20'),(144,53,0,'Kona'),(145,54,0,'Elantra'),(146,61,0,'Kia'),(147,62,0,'Audi'),(148,63,0,'Hyundai'),(194,4,0,'Black'),(195,5,0,'Blue'),(196,6,0,'Brown'),(197,7,0,'Gray'),(198,8,0,'Green'),(199,9,0,'Lavender'),(200,10,0,'Orange'),(201,11,0,'Purple'),(202,12,0,'Red'),(203,13,0,'White'),(204,14,0,'Yellow'),(209,64,0,'Automation Direct'),(210,65,0,'AZZ Inc'),(211,66,0,'Bay Advanced Technologies'),(212,67,0,'Cooler Master'),(213,68,0,'Coolermaster Guangdong China'),(214,69,0,'E+I Engineering Group'),(215,70,0,'EATON'),(216,71,0,'Eaton Corp'),(217,72,0,'Eaton Corp (Setra)'),(218,73,0,'Eaton Corp cooper bussman'),(219,74,0,'Eaton Corp GE GRID'),(220,75,0,'EATON CORPORATION'),(221,76,0,'ICM Controls Corporation'),(222,77,0,'INTEL'),(223,78,0,'Micron'),(224,79,0,'nVent'),(225,80,0,'nVent Electric plc (nVent)'),(226,81,0,'PCB Piezotronics  Inc'),(227,82,0,'PermAlert'),(228,83,0,'PermAlert ESP'),(229,84,0,'PHS WEST  INC.'),(230,85,0,'ProSoft Technology  Inc.'),(231,86,0,'Rockwell Automation  Inc'),(232,87,0,'TAS/Rockwell Automation  Inc.'),(233,88,0,'US Koei Technologies  Inc.'),(234,89,0,'google'),(236,90,0,'Amazon'),(238,91,0,'3M'),(240,92,0,'AVOCENT'),(241,93,0,'Rahi'),(242,94,0,'ttsgf'),(243,95,0,'Punchout'),(244,96,0,'Flipkart'),(245,97,0,'Google'),(246,98,0,'test'),(247,99,0,'Synology Inc.'),(248,100,0,'All Fab Precision San Jose'),(249,101,0,'Dell'),(250,102,0,'iPrimio'),(251,103,0,'Brimar Industries, Inc.'),(252,104,0,'ServerLIFT Corporation'),(253,105,0,'Amazon'),(254,106,0,'Geo');

--
-- Table structure for table `eav_attribute_set`
--

CREATE TABLE `eav_attribute_set` (
  `attribute_set_id` smallint(5) unsigned NOT NULL AUTO_INCREMENT COMMENT 'Attribute Set ID',
  `entity_type_id` smallint(5) unsigned NOT NULL DEFAULT '0' COMMENT 'Entity Type ID',
  `attribute_set_name` varchar(255) DEFAULT NULL COMMENT 'Attribute Set Name',
  `sort_order` smallint(6) NOT NULL DEFAULT '0' COMMENT 'Sort Order',
  PRIMARY KEY (`attribute_set_id`),
  UNIQUE KEY `EAV_ATTRIBUTE_SET_ENTITY_TYPE_ID_ATTRIBUTE_SET_NAME` (`entity_type_id`,`attribute_set_name`),
  KEY `EAV_ATTRIBUTE_SET_ENTITY_TYPE_ID_SORT_ORDER` (`entity_type_id`,`sort_order`),
  CONSTRAINT `EAV_ATTRIBUTE_SET_ENTITY_TYPE_ID_EAV_ENTITY_TYPE_ENTITY_TYPE_ID` FOREIGN KEY (`entity_type_id`) REFERENCES `eav_entity_type` (`entity_type_id`) ON DELETE CASCADE
) ENGINE=InnoDB AUTO_INCREMENT=10 DEFAULT CHARSET=utf8 COMMENT='Eav Attribute Set';

--
-- Dumping data for table `eav_attribute_set`
--

INSERT INTO `eav_attribute_set` VALUES (1,1,'Default',2),(2,2,'Default',2),(3,3,'Default',1),(4,4,'Default',1),(5,5,'Default',1),(6,6,'Default',1),(7,7,'Default',1),(8,8,'Default',1),(9,4,'Auto',0);

--
-- Table structure for table `eav_entity`
--

CREATE TABLE `eav_entity` (
  `entity_id` int(10) unsigned NOT NULL AUTO_INCREMENT COMMENT 'Entity ID',
  `entity_type_id` smallint(5) unsigned NOT NULL DEFAULT '0' COMMENT 'Entity Type ID',
  `attribute_set_id` smallint(5) unsigned NOT NULL DEFAULT '0' COMMENT 'Attribute Set ID',
  `increment_id` varchar(50) DEFAULT NULL COMMENT 'Increment ID',
  `parent_id` int(10) unsigned NOT NULL DEFAULT '0' COMMENT 'Parent ID',
  `store_id` smallint(5) unsigned NOT NULL DEFAULT '0' COMMENT 'Store ID',
  `created_at` timestamp NOT NULL DEFAULT CURRENT_TIMESTAMP COMMENT 'Created At',
  `updated_at` timestamp NOT NULL DEFAULT CURRENT_TIMESTAMP ON UPDATE CURRENT_TIMESTAMP COMMENT 'Updated At',
  `is_active` smallint(5) unsigned NOT NULL DEFAULT '1' COMMENT 'Defines Is Entity Active',
  PRIMARY KEY (`entity_id`),
  KEY `EAV_ENTITY_ENTITY_TYPE_ID` (`entity_type_id`),
  KEY `EAV_ENTITY_STORE_ID` (`store_id`),
  CONSTRAINT `EAV_ENTITY_ENTITY_TYPE_ID_EAV_ENTITY_TYPE_ENTITY_TYPE_ID` FOREIGN KEY (`entity_type_id`) REFERENCES `eav_entity_type` (`entity_type_id`) ON DELETE CASCADE,
  CONSTRAINT `EAV_ENTITY_STORE_ID_STORE_STORE_ID` FOREIGN KEY (`store_id`) REFERENCES `store` (`store_id`) ON DELETE CASCADE
) ENGINE=InnoDB DEFAULT CHARSET=utf8 COMMENT='Eav Entity';

--
-- Dumping data for table `eav_entity`
--


--
-- Table structure for table `eav_entity_attribute`
--

CREATE TABLE `eav_entity_attribute` (
  `entity_attribute_id` int(10) unsigned NOT NULL AUTO_INCREMENT COMMENT 'Entity Attribute ID',
  `entity_type_id` smallint(5) unsigned NOT NULL DEFAULT '0' COMMENT 'Entity Type ID',
  `attribute_set_id` smallint(5) unsigned NOT NULL DEFAULT '0' COMMENT 'Attribute Set ID',
  `attribute_group_id` smallint(5) unsigned NOT NULL DEFAULT '0' COMMENT 'Attribute Group ID',
  `attribute_id` smallint(5) unsigned NOT NULL DEFAULT '0' COMMENT 'Attribute ID',
  `sort_order` smallint(6) NOT NULL DEFAULT '0' COMMENT 'Sort Order',
  PRIMARY KEY (`entity_attribute_id`),
  UNIQUE KEY `EAV_ENTITY_ATTRIBUTE_ATTRIBUTE_SET_ID_ATTRIBUTE_ID` (`attribute_set_id`,`attribute_id`),
  UNIQUE KEY `EAV_ENTITY_ATTRIBUTE_ATTRIBUTE_GROUP_ID_ATTRIBUTE_ID` (`attribute_group_id`,`attribute_id`),
  KEY `EAV_ENTITY_ATTRIBUTE_ATTRIBUTE_SET_ID_SORT_ORDER` (`attribute_set_id`,`sort_order`),
  KEY `EAV_ENTITY_ATTRIBUTE_ATTRIBUTE_ID` (`attribute_id`),
  CONSTRAINT `EAV_ENTITY_ATTRIBUTE_ATTRIBUTE_ID_EAV_ATTRIBUTE_ATTRIBUTE_ID` FOREIGN KEY (`attribute_id`) REFERENCES `eav_attribute` (`attribute_id`) ON DELETE CASCADE,
  CONSTRAINT `EAV_ENTT_ATTR_ATTR_GROUP_ID_EAV_ATTR_GROUP_ATTR_GROUP_ID` FOREIGN KEY (`attribute_group_id`) REFERENCES `eav_attribute_group` (`attribute_group_id`) ON DELETE CASCADE
) ENGINE=InnoDB AUTO_INCREMENT=470 DEFAULT CHARSET=utf8 COMMENT='Eav Entity Attributes';

--
-- Dumping data for table `eav_entity_attribute`
--

INSERT INTO `eav_entity_attribute` VALUES (1,1,1,1,1,10),(2,1,1,1,2,20),(3,1,1,1,3,20),(4,1,1,1,4,30),(5,1,1,1,5,40),(6,1,1,1,6,50),(7,1,1,1,7,60),(8,1,1,1,8,70),(9,1,1,1,9,80),(10,1,1,1,10,25),(11,1,1,1,11,90),(12,1,1,1,12,81),(13,1,1,1,13,115),(14,1,1,1,14,120),(15,1,1,1,15,82),(16,1,1,1,16,83),(17,1,1,1,17,100),(18,1,1,1,18,0),(19,1,1,1,19,0),(20,1,1,1,20,110),(21,1,1,1,21,28),(22,2,2,2,22,10),(23,2,2,2,23,20),(24,2,2,2,24,30),(25,2,2,2,25,40),(26,2,2,2,26,50),(27,2,2,2,27,60),(28,2,2,2,28,70),(29,2,2,2,29,100),(30,2,2,2,30,80),(31,2,2,2,31,90),(32,2,2,2,32,90),(33,2,2,2,33,110),(34,2,2,2,34,120),(35,2,2,2,35,130),(36,2,2,2,36,140),(37,2,2,2,37,132),(38,2,2,2,38,133),(39,2,2,2,39,134),(40,2,2,2,40,135),(41,1,1,1,41,87),(42,1,1,1,42,100),(43,1,1,1,43,110),(44,1,1,1,44,120),(45,3,3,4,45,1),(46,3,3,4,46,2),(47,3,3,4,47,4),(48,3,3,4,48,5),(49,3,3,4,49,6),(50,3,3,4,50,7),(51,3,3,4,51,8),(52,3,3,5,52,10),(53,3,3,5,53,20),(54,3,3,5,54,30),(55,3,3,4,55,12),(56,3,3,4,56,13),(57,3,3,4,57,14),(58,3,3,4,58,15),(59,3,3,4,59,16),(60,3,3,6,60,10),(61,3,3,6,61,30),(62,3,3,6,62,40),(63,3,3,6,63,50),(64,3,3,6,64,60),(65,3,3,4,65,24),(66,3,3,4,66,25),(67,3,3,5,67,40),(68,3,3,5,68,50),(69,3,3,4,69,10),(70,3,3,6,70,5),(71,3,3,6,71,6),(72,3,3,5,72,51),(90,4,4,7,91,6),(96,4,4,8,98,8),(101,4,4,11,103,10),(105,4,4,7,107,14),(106,4,4,7,108,15),(107,4,4,7,109,16),(108,4,4,7,110,17),(109,4,4,7,111,18),(110,4,4,7,112,19),(111,4,4,7,113,20),(116,3,3,6,118,51),(117,3,3,4,119,3),(118,3,3,4,120,17),(120,4,4,7,122,11),(123,4,4,7,125,111),(124,4,4,7,126,112),(125,4,4,7,127,113),(126,4,4,7,128,114),(240,4,9,24,103,10),(248,4,9,25,98,8),(269,4,9,30,91,6),(275,4,9,30,122,11),(278,4,9,30,107,14),(280,4,9,30,108,15),(283,4,9,30,109,16),(284,4,9,30,110,17),(287,4,9,30,111,18),(289,4,9,30,112,19),(290,4,9,30,113,20),(292,4,9,30,125,111),(293,4,9,30,126,112),(294,4,9,30,127,113),(295,4,9,30,128,114),(346,4,9,30,73,2),(347,4,9,30,74,3),(348,4,9,30,77,5),(349,4,9,30,82,9),(350,4,9,30,93,16),(351,4,9,30,94,18),(352,4,9,30,95,19),(353,4,9,30,97,1),(354,4,9,30,99,11),(355,4,9,30,105,12),(356,4,9,30,114,21),(357,4,9,30,115,8),(358,4,9,30,130,6),(359,4,9,30,131,4),(360,4,9,30,132,10),(361,4,9,30,136,7),(362,4,9,30,137,20),(363,4,9,30,138,17),(364,4,9,30,140,14),(365,4,9,30,141,15),(366,4,9,30,142,13),(367,4,9,29,75,2),(368,4,9,29,76,1),(369,4,9,28,134,1),(370,4,9,27,87,1),(371,4,9,27,88,2),(372,4,9,27,89,3),(373,4,9,27,90,5),(374,4,9,27,96,6),(375,4,9,27,135,4),(376,4,9,26,84,2),(377,4,9,26,85,3),(378,4,9,26,86,4),(379,4,9,26,121,1),(380,4,9,25,78,1),(381,4,9,25,79,2),(382,4,9,25,80,3),(383,4,9,25,81,4),(384,4,9,25,92,5),(385,4,9,25,123,6),(386,4,9,25,124,7),(387,4,9,25,133,8),(388,4,9,24,104,1),(389,4,9,24,106,2),(390,4,9,24,117,3),(391,4,9,23,100,3),(392,4,9,23,101,1),(393,4,9,23,102,2),(394,4,9,23,116,4),(395,4,9,21,129,1),(396,4,9,30,143,115),(398,4,9,31,144,22),(400,4,9,31,145,25),(402,4,9,31,146,30),(404,4,9,31,147,35),(406,4,9,30,148,102),(408,4,9,30,149,100),(410,4,4,7,73,2),(411,4,4,7,74,3),(412,4,4,7,77,6),(413,4,4,7,82,10),(414,4,4,7,83,14),(415,4,4,7,93,15),(416,4,4,7,94,17),(417,4,4,7,95,18),(418,4,4,7,97,1),(419,4,4,7,99,12),(420,4,4,7,105,13),(421,4,4,7,114,20),(422,4,4,7,115,9),(423,4,4,7,130,7),(424,4,4,7,131,5),(425,4,4,7,132,11),(426,4,4,7,136,8),(427,4,4,7,137,19),(428,4,4,7,138,16),(429,4,4,7,139,22),(430,4,4,7,143,24),(431,4,4,7,148,23),(432,4,4,7,149,21),(433,4,4,7,152,4),(434,4,4,13,75,2),(435,4,4,13,76,1),(436,4,4,20,134,1),(437,4,4,10,87,1),(438,4,4,10,88,2),(439,4,4,10,89,3),(440,4,4,10,90,5),(441,4,4,10,96,6),(442,4,4,10,135,4),(443,4,4,9,84,2),(444,4,4,9,85,3),(445,4,4,9,86,4),(446,4,4,9,121,1),(447,4,4,8,78,1),(448,4,4,8,79,2),(449,4,4,8,80,3),(450,4,4,8,81,4),(451,4,4,8,92,5),(452,4,4,8,123,6),(453,4,4,8,124,7),(454,4,4,8,133,8),(455,4,4,11,104,1),(456,4,4,11,106,2),(457,4,4,11,117,3),(458,4,4,14,100,3),(459,4,4,14,101,1),(460,4,4,14,102,2),(461,4,4,14,116,4),(462,4,4,19,129,1),(463,4,4,32,144,1),(464,4,4,32,145,2),(465,4,4,32,146,3),(466,4,4,32,147,4),(469,1,1,1,153,90);

--
-- Table structure for table `eav_entity_datetime`
--

CREATE TABLE `eav_entity_datetime` (
  `value_id` int(11) NOT NULL AUTO_INCREMENT COMMENT 'Value ID',
  `entity_type_id` smallint(5) unsigned NOT NULL DEFAULT '0' COMMENT 'Entity Type ID',
  `attribute_id` smallint(5) unsigned NOT NULL DEFAULT '0' COMMENT 'Attribute ID',
  `store_id` smallint(5) unsigned NOT NULL DEFAULT '0' COMMENT 'Store ID',
  `entity_id` int(10) unsigned NOT NULL DEFAULT '0' COMMENT 'Entity ID',
  `value` datetime DEFAULT NULL COMMENT 'Attribute Value',
  PRIMARY KEY (`value_id`),
  UNIQUE KEY `EAV_ENTITY_DATETIME_ENTITY_ID_ATTRIBUTE_ID_STORE_ID` (`entity_id`,`attribute_id`,`store_id`),
  KEY `EAV_ENTITY_DATETIME_STORE_ID` (`store_id`),
  KEY `EAV_ENTITY_DATETIME_ATTRIBUTE_ID_VALUE` (`attribute_id`,`value`),
  KEY `EAV_ENTITY_DATETIME_ENTITY_TYPE_ID_VALUE` (`entity_type_id`,`value`),
  CONSTRAINT `EAV_ENTITY_DATETIME_ENTITY_ID_EAV_ENTITY_ENTITY_ID` FOREIGN KEY (`entity_id`) REFERENCES `eav_entity` (`entity_id`) ON DELETE CASCADE,
  CONSTRAINT `EAV_ENTITY_DATETIME_STORE_ID_STORE_STORE_ID` FOREIGN KEY (`store_id`) REFERENCES `store` (`store_id`) ON DELETE CASCADE,
  CONSTRAINT `EAV_ENTT_DTIME_ENTT_TYPE_ID_EAV_ENTT_TYPE_ENTT_TYPE_ID` FOREIGN KEY (`entity_type_id`) REFERENCES `eav_entity_type` (`entity_type_id`) ON DELETE CASCADE
) ENGINE=InnoDB DEFAULT CHARSET=utf8 COMMENT='Eav Entity Value Prefix';

--
-- Dumping data for table `eav_entity_datetime`
--


--
-- Table structure for table `eav_entity_decimal`
--

CREATE TABLE `eav_entity_decimal` (
  `value_id` int(11) NOT NULL AUTO_INCREMENT COMMENT 'Value ID',
  `entity_type_id` smallint(5) unsigned NOT NULL DEFAULT '0' COMMENT 'Entity Type ID',
  `attribute_id` smallint(5) unsigned NOT NULL DEFAULT '0' COMMENT 'Attribute ID',
  `store_id` smallint(5) unsigned NOT NULL DEFAULT '0' COMMENT 'Store ID',
  `entity_id` int(10) unsigned NOT NULL DEFAULT '0' COMMENT 'Entity ID',
  `value` decimal(12,4) NOT NULL DEFAULT '0.0000' COMMENT 'Attribute Value',
  PRIMARY KEY (`value_id`),
  UNIQUE KEY `EAV_ENTITY_DECIMAL_ENTITY_ID_ATTRIBUTE_ID_STORE_ID` (`entity_id`,`attribute_id`,`store_id`),
  KEY `EAV_ENTITY_DECIMAL_STORE_ID` (`store_id`),
  KEY `EAV_ENTITY_DECIMAL_ATTRIBUTE_ID_VALUE` (`attribute_id`,`value`),
  KEY `EAV_ENTITY_DECIMAL_ENTITY_TYPE_ID_VALUE` (`entity_type_id`,`value`),
  CONSTRAINT `EAV_ENTITY_DECIMAL_ENTITY_ID_EAV_ENTITY_ENTITY_ID` FOREIGN KEY (`entity_id`) REFERENCES `eav_entity` (`entity_id`) ON DELETE CASCADE,
  CONSTRAINT `EAV_ENTITY_DECIMAL_ENTITY_TYPE_ID_EAV_ENTITY_TYPE_ENTITY_TYPE_ID` FOREIGN KEY (`entity_type_id`) REFERENCES `eav_entity_type` (`entity_type_id`) ON DELETE CASCADE,
  CONSTRAINT `EAV_ENTITY_DECIMAL_STORE_ID_STORE_STORE_ID` FOREIGN KEY (`store_id`) REFERENCES `store` (`store_id`) ON DELETE CASCADE
) ENGINE=InnoDB DEFAULT CHARSET=utf8 COMMENT='Eav Entity Value Prefix';

--
-- Dumping data for table `eav_entity_decimal`
--


--
-- Table structure for table `eav_entity_int`
--

CREATE TABLE `eav_entity_int` (
  `value_id` int(11) NOT NULL AUTO_INCREMENT COMMENT 'Value ID',
  `entity_type_id` smallint(5) unsigned NOT NULL DEFAULT '0' COMMENT 'Entity Type ID',
  `attribute_id` smallint(5) unsigned NOT NULL DEFAULT '0' COMMENT 'Attribute ID',
  `store_id` smallint(5) unsigned NOT NULL DEFAULT '0' COMMENT 'Store ID',
  `entity_id` int(10) unsigned NOT NULL DEFAULT '0' COMMENT 'Entity ID',
  `value` int(11) NOT NULL DEFAULT '0' COMMENT 'Attribute Value',
  PRIMARY KEY (`value_id`),
  UNIQUE KEY `EAV_ENTITY_INT_ENTITY_ID_ATTRIBUTE_ID_STORE_ID` (`entity_id`,`attribute_id`,`store_id`),
  KEY `EAV_ENTITY_INT_STORE_ID` (`store_id`),
  KEY `EAV_ENTITY_INT_ATTRIBUTE_ID_VALUE` (`attribute_id`,`value`),
  KEY `EAV_ENTITY_INT_ENTITY_TYPE_ID_VALUE` (`entity_type_id`,`value`),
  CONSTRAINT `EAV_ENTITY_INT_ENTITY_ID_EAV_ENTITY_ENTITY_ID` FOREIGN KEY (`entity_id`) REFERENCES `eav_entity` (`entity_id`) ON DELETE CASCADE,
  CONSTRAINT `EAV_ENTITY_INT_ENTITY_TYPE_ID_EAV_ENTITY_TYPE_ENTITY_TYPE_ID` FOREIGN KEY (`entity_type_id`) REFERENCES `eav_entity_type` (`entity_type_id`) ON DELETE CASCADE,
  CONSTRAINT `EAV_ENTITY_INT_STORE_ID_STORE_STORE_ID` FOREIGN KEY (`store_id`) REFERENCES `store` (`store_id`) ON DELETE CASCADE
) ENGINE=InnoDB DEFAULT CHARSET=utf8 COMMENT='Eav Entity Value Prefix';

--
-- Dumping data for table `eav_entity_int`
--


--
-- Table structure for table `eav_entity_store`
--

CREATE TABLE `eav_entity_store` (
  `entity_store_id` int(10) unsigned NOT NULL AUTO_INCREMENT COMMENT 'Entity Store ID',
  `entity_type_id` smallint(5) unsigned NOT NULL DEFAULT '0' COMMENT 'Entity Type ID',
  `store_id` smallint(5) unsigned NOT NULL DEFAULT '0' COMMENT 'Store ID',
  `increment_prefix` varchar(20) DEFAULT NULL COMMENT 'Increment Prefix',
  `increment_last_id` varchar(50) DEFAULT NULL COMMENT 'Last Incremented ID',
  PRIMARY KEY (`entity_store_id`),
  KEY `EAV_ENTITY_STORE_ENTITY_TYPE_ID` (`entity_type_id`),
  KEY `EAV_ENTITY_STORE_STORE_ID` (`store_id`),
  CONSTRAINT `EAV_ENTITY_STORE_ENTITY_TYPE_ID_EAV_ENTITY_TYPE_ENTITY_TYPE_ID` FOREIGN KEY (`entity_type_id`) REFERENCES `eav_entity_type` (`entity_type_id`) ON DELETE CASCADE,
  CONSTRAINT `EAV_ENTITY_STORE_STORE_ID_STORE_STORE_ID` FOREIGN KEY (`store_id`) REFERENCES `store` (`store_id`) ON DELETE CASCADE
) ENGINE=InnoDB DEFAULT CHARSET=utf8 COMMENT='Eav Entity Store';

--
-- Dumping data for table `eav_entity_store`
--


--
-- Table structure for table `eav_entity_text`
--

CREATE TABLE `eav_entity_text` (
  `value_id` int(11) NOT NULL AUTO_INCREMENT COMMENT 'Value ID',
  `entity_type_id` smallint(5) unsigned NOT NULL DEFAULT '0' COMMENT 'Entity Type ID',
  `attribute_id` smallint(5) unsigned NOT NULL DEFAULT '0' COMMENT 'Attribute ID',
  `store_id` smallint(5) unsigned NOT NULL DEFAULT '0' COMMENT 'Store ID',
  `entity_id` int(10) unsigned NOT NULL DEFAULT '0' COMMENT 'Entity ID',
  `value` text NOT NULL COMMENT 'Attribute Value',
  PRIMARY KEY (`value_id`),
  UNIQUE KEY `EAV_ENTITY_TEXT_ENTITY_ID_ATTRIBUTE_ID_STORE_ID` (`entity_id`,`attribute_id`,`store_id`),
  KEY `EAV_ENTITY_TEXT_ENTITY_TYPE_ID` (`entity_type_id`),
  KEY `EAV_ENTITY_TEXT_ATTRIBUTE_ID` (`attribute_id`),
  KEY `EAV_ENTITY_TEXT_STORE_ID` (`store_id`),
  CONSTRAINT `EAV_ENTITY_TEXT_ENTITY_ID_EAV_ENTITY_ENTITY_ID` FOREIGN KEY (`entity_id`) REFERENCES `eav_entity` (`entity_id`) ON DELETE CASCADE,
  CONSTRAINT `EAV_ENTITY_TEXT_ENTITY_TYPE_ID_EAV_ENTITY_TYPE_ENTITY_TYPE_ID` FOREIGN KEY (`entity_type_id`) REFERENCES `eav_entity_type` (`entity_type_id`) ON DELETE CASCADE,
  CONSTRAINT `EAV_ENTITY_TEXT_STORE_ID_STORE_STORE_ID` FOREIGN KEY (`store_id`) REFERENCES `store` (`store_id`) ON DELETE CASCADE
) ENGINE=InnoDB DEFAULT CHARSET=utf8 COMMENT='Eav Entity Value Prefix';

--
-- Dumping data for table `eav_entity_text`
--


--
-- Table structure for table `eav_entity_type`
--

CREATE TABLE `eav_entity_type` (
  `entity_type_id` smallint(5) unsigned NOT NULL AUTO_INCREMENT COMMENT 'Entity Type ID',
  `entity_type_code` varchar(50) NOT NULL COMMENT 'Entity Type Code',
  `entity_model` varchar(255) NOT NULL COMMENT 'Entity Model',
  `attribute_model` varchar(255) DEFAULT NULL COMMENT 'Attribute Model',
  `entity_table` varchar(255) DEFAULT NULL COMMENT 'Entity Table',
  `value_table_prefix` varchar(255) DEFAULT NULL COMMENT 'Value Table Prefix',
  `entity_id_field` varchar(255) DEFAULT NULL COMMENT 'Entity ID Field',
  `is_data_sharing` smallint(5) unsigned NOT NULL DEFAULT '1' COMMENT 'Defines Is Data Sharing',
  `data_sharing_key` varchar(100) DEFAULT 'default' COMMENT 'Data Sharing Key',
  `default_attribute_set_id` smallint(5) unsigned NOT NULL DEFAULT '0' COMMENT 'Default Attribute Set ID',
  `increment_model` varchar(255) DEFAULT NULL COMMENT 'Increment Model',
  `increment_per_store` smallint(5) unsigned NOT NULL DEFAULT '0' COMMENT 'Increment Per Store',
  `increment_pad_length` smallint(5) unsigned NOT NULL DEFAULT '8' COMMENT 'Increment Pad Length',
  `increment_pad_char` varchar(1) NOT NULL DEFAULT '0' COMMENT 'Increment Pad Char',
  `additional_attribute_table` varchar(255) DEFAULT NULL COMMENT 'Additional Attribute Table',
  `entity_attribute_collection` varchar(255) DEFAULT NULL COMMENT 'Entity Attribute Collection',
  PRIMARY KEY (`entity_type_id`),
  KEY `EAV_ENTITY_TYPE_ENTITY_TYPE_CODE` (`entity_type_code`)
) ENGINE=InnoDB AUTO_INCREMENT=9 DEFAULT CHARSET=utf8 COMMENT='Eav Entity Type';

--
-- Dumping data for table `eav_entity_type`
--

INSERT INTO `eav_entity_type` VALUES (1,'customer','Magento\\Customer\\Model\\ResourceModel\\Customer','Magento\\Customer\\Model\\Attribute','customer_entity',NULL,NULL,1,'default',1,'Magento\\Eav\\Model\\Entity\\Increment\\NumericValue',0,8,'0','customer_eav_attribute','Magento\\Customer\\Model\\ResourceModel\\Attribute\\Collection'),(2,'customer_address','Magento\\Customer\\Model\\ResourceModel\\Address','Magento\\Customer\\Model\\Attribute','customer_address_entity',NULL,NULL,1,'default',2,NULL,0,8,'0','customer_eav_attribute','Magento\\Customer\\Model\\ResourceModel\\Address\\Attribute\\Collection'),(3,'catalog_category','Magento\\Catalog\\Model\\ResourceModel\\Category','Magento\\Catalog\\Model\\ResourceModel\\Eav\\Attribute','catalog_category_entity',NULL,NULL,1,'default',3,NULL,0,8,'0','catalog_eav_attribute','Magento\\Catalog\\Model\\ResourceModel\\Category\\Attribute\\Collection'),(4,'catalog_product','Magento\\Catalog\\Model\\ResourceModel\\Product','Magento\\Catalog\\Model\\ResourceModel\\Eav\\Attribute','catalog_product_entity',NULL,NULL,1,'default',4,NULL,0,8,'0','catalog_eav_attribute','Magento\\Catalog\\Model\\ResourceModel\\Product\\Attribute\\Collection'),(5,'order','Magento\\Sales\\Model\\ResourceModel\\Order',NULL,'sales_order',NULL,NULL,1,'default',5,'Magento\\Eav\\Model\\Entity\\Increment\\NumericValue',1,8,'0',NULL,NULL),(6,'invoice','Magento\\Sales\\Model\\ResourceModel\\Order\\Invoice',NULL,'sales_invoice',NULL,NULL,1,'default',6,'Magento\\Eav\\Model\\Entity\\Increment\\NumericValue',1,8,'0',NULL,NULL),(7,'creditmemo','Magento\\Sales\\Model\\ResourceModel\\Order\\Creditmemo',NULL,'sales_creditmemo',NULL,NULL,1,'default',7,'Magento\\Eav\\Model\\Entity\\Increment\\NumericValue',1,8,'0',NULL,NULL),(8,'shipment','Magento\\Sales\\Model\\ResourceModel\\Order\\Shipment',NULL,'sales_shipment',NULL,NULL,1,'default',8,'Magento\\Eav\\Model\\Entity\\Increment\\NumericValue',1,8,'0',NULL,NULL);

--
-- Table structure for table `eav_entity_varchar`
--

CREATE TABLE `eav_entity_varchar` (
  `value_id` int(11) NOT NULL AUTO_INCREMENT COMMENT 'Value ID',
  `entity_type_id` smallint(5) unsigned NOT NULL DEFAULT '0' COMMENT 'Entity Type ID',
  `attribute_id` smallint(5) unsigned NOT NULL DEFAULT '0' COMMENT 'Attribute ID',
  `store_id` smallint(5) unsigned NOT NULL DEFAULT '0' COMMENT 'Store ID',
  `entity_id` int(10) unsigned NOT NULL DEFAULT '0' COMMENT 'Entity ID',
  `value` varchar(255) DEFAULT NULL COMMENT 'Attribute Value',
  PRIMARY KEY (`value_id`),
  UNIQUE KEY `EAV_ENTITY_VARCHAR_ENTITY_ID_ATTRIBUTE_ID_STORE_ID` (`entity_id`,`attribute_id`,`store_id`),
  KEY `EAV_ENTITY_VARCHAR_STORE_ID` (`store_id`),
  KEY `EAV_ENTITY_VARCHAR_ATTRIBUTE_ID_VALUE` (`attribute_id`,`value`),
  KEY `EAV_ENTITY_VARCHAR_ENTITY_TYPE_ID_VALUE` (`entity_type_id`,`value`),
  CONSTRAINT `EAV_ENTITY_VARCHAR_ENTITY_ID_EAV_ENTITY_ENTITY_ID` FOREIGN KEY (`entity_id`) REFERENCES `eav_entity` (`entity_id`) ON DELETE CASCADE,
  CONSTRAINT `EAV_ENTITY_VARCHAR_ENTITY_TYPE_ID_EAV_ENTITY_TYPE_ENTITY_TYPE_ID` FOREIGN KEY (`entity_type_id`) REFERENCES `eav_entity_type` (`entity_type_id`) ON DELETE CASCADE,
  CONSTRAINT `EAV_ENTITY_VARCHAR_STORE_ID_STORE_STORE_ID` FOREIGN KEY (`store_id`) REFERENCES `store` (`store_id`) ON DELETE CASCADE
) ENGINE=InnoDB DEFAULT CHARSET=utf8 COMMENT='Eav Entity Value Prefix';

--
-- Dumping data for table `eav_entity_varchar`
--


--
-- Table structure for table `eav_form_element`
--

CREATE TABLE `eav_form_element` (
  `element_id` int(10) unsigned NOT NULL AUTO_INCREMENT COMMENT 'Element ID',
  `type_id` smallint(5) unsigned NOT NULL COMMENT 'Type ID',
  `fieldset_id` smallint(5) unsigned DEFAULT NULL COMMENT 'Fieldset ID',
  `attribute_id` smallint(5) unsigned NOT NULL COMMENT 'Attribute ID',
  `sort_order` int(11) NOT NULL DEFAULT '0' COMMENT 'Sort Order',
  PRIMARY KEY (`element_id`),
  UNIQUE KEY `EAV_FORM_ELEMENT_TYPE_ID_ATTRIBUTE_ID` (`type_id`,`attribute_id`),
  KEY `EAV_FORM_ELEMENT_FIELDSET_ID` (`fieldset_id`),
  KEY `EAV_FORM_ELEMENT_ATTRIBUTE_ID` (`attribute_id`),
  CONSTRAINT `EAV_FORM_ELEMENT_ATTRIBUTE_ID_EAV_ATTRIBUTE_ATTRIBUTE_ID` FOREIGN KEY (`attribute_id`) REFERENCES `eav_attribute` (`attribute_id`) ON DELETE CASCADE,
  CONSTRAINT `EAV_FORM_ELEMENT_FIELDSET_ID_EAV_FORM_FIELDSET_FIELDSET_ID` FOREIGN KEY (`fieldset_id`) REFERENCES `eav_form_fieldset` (`fieldset_id`) ON DELETE SET NULL,
  CONSTRAINT `EAV_FORM_ELEMENT_TYPE_ID_EAV_FORM_TYPE_TYPE_ID` FOREIGN KEY (`type_id`) REFERENCES `eav_form_type` (`type_id`) ON DELETE CASCADE
) ENGINE=InnoDB AUTO_INCREMENT=43 DEFAULT CHARSET=utf8 COMMENT='Eav Form Element';

--
-- Dumping data for table `eav_form_element`
--

INSERT INTO `eav_form_element` VALUES (1,1,NULL,23,0),(2,1,NULL,25,1),(3,1,NULL,27,2),(4,1,NULL,9,3),(5,1,NULL,28,4),(6,1,NULL,29,5),(7,1,NULL,31,6),(8,1,NULL,33,7),(9,1,NULL,30,8),(10,1,NULL,34,9),(11,1,NULL,35,10),(12,2,NULL,23,0),(13,2,NULL,25,1),(14,2,NULL,27,2),(15,2,NULL,9,3),(16,2,NULL,28,4),(17,2,NULL,29,5),(18,2,NULL,31,6),(19,2,NULL,33,7),(20,2,NULL,30,8),(21,2,NULL,34,9),(22,2,NULL,35,10),(23,3,NULL,23,0),(24,3,NULL,25,1),(25,3,NULL,27,2),(26,3,NULL,28,3),(27,3,NULL,29,4),(28,3,NULL,31,5),(29,3,NULL,33,6),(30,3,NULL,30,7),(31,3,NULL,34,8),(32,3,NULL,35,9),(33,4,NULL,23,0),(34,4,NULL,25,1),(35,4,NULL,27,2),(36,4,NULL,28,3),(37,4,NULL,29,4),(38,4,NULL,31,5),(39,4,NULL,33,6),(40,4,NULL,30,7),(41,4,NULL,34,8),(42,4,NULL,35,9);

--
-- Table structure for table `eav_form_fieldset`
--

CREATE TABLE `eav_form_fieldset` (
  `fieldset_id` smallint(5) unsigned NOT NULL AUTO_INCREMENT COMMENT 'Fieldset ID',
  `type_id` smallint(5) unsigned NOT NULL COMMENT 'Type ID',
  `code` varchar(64) NOT NULL COMMENT 'Code',
  `sort_order` int(11) NOT NULL DEFAULT '0' COMMENT 'Sort Order',
  PRIMARY KEY (`fieldset_id`),
  UNIQUE KEY `EAV_FORM_FIELDSET_TYPE_ID_CODE` (`type_id`,`code`),
  CONSTRAINT `EAV_FORM_FIELDSET_TYPE_ID_EAV_FORM_TYPE_TYPE_ID` FOREIGN KEY (`type_id`) REFERENCES `eav_form_type` (`type_id`) ON DELETE CASCADE
) ENGINE=InnoDB DEFAULT CHARSET=utf8 COMMENT='Eav Form Fieldset';

--
-- Dumping data for table `eav_form_fieldset`
--


--
-- Table structure for table `eav_form_fieldset_label`
--

CREATE TABLE `eav_form_fieldset_label` (
  `fieldset_id` smallint(5) unsigned NOT NULL COMMENT 'Fieldset ID',
  `store_id` smallint(5) unsigned NOT NULL COMMENT 'Store ID',
  `label` varchar(255) NOT NULL COMMENT 'Label',
  PRIMARY KEY (`fieldset_id`,`store_id`),
  KEY `EAV_FORM_FIELDSET_LABEL_STORE_ID` (`store_id`),
  CONSTRAINT `EAV_FORM_FIELDSET_LABEL_STORE_ID_STORE_STORE_ID` FOREIGN KEY (`store_id`) REFERENCES `store` (`store_id`) ON DELETE CASCADE,
  CONSTRAINT `EAV_FORM_FSET_LBL_FSET_ID_EAV_FORM_FSET_FSET_ID` FOREIGN KEY (`fieldset_id`) REFERENCES `eav_form_fieldset` (`fieldset_id`) ON DELETE CASCADE
) ENGINE=InnoDB DEFAULT CHARSET=utf8 COMMENT='Eav Form Fieldset Label';

--
-- Dumping data for table `eav_form_fieldset_label`
--


--
-- Table structure for table `eav_form_type`
--

CREATE TABLE `eav_form_type` (
  `type_id` smallint(5) unsigned NOT NULL AUTO_INCREMENT COMMENT 'Type ID',
  `code` varchar(64) NOT NULL COMMENT 'Code',
  `label` varchar(255) NOT NULL COMMENT 'Label',
  `is_system` smallint(5) unsigned NOT NULL DEFAULT '0' COMMENT 'Is System',
  `theme` varchar(64) DEFAULT NULL COMMENT 'Theme',
  `store_id` smallint(5) unsigned NOT NULL COMMENT 'Store ID',
  PRIMARY KEY (`type_id`),
  UNIQUE KEY `EAV_FORM_TYPE_CODE_THEME_STORE_ID` (`code`,`theme`,`store_id`),
  KEY `EAV_FORM_TYPE_STORE_ID` (`store_id`),
  CONSTRAINT `EAV_FORM_TYPE_STORE_ID_STORE_STORE_ID` FOREIGN KEY (`store_id`) REFERENCES `store` (`store_id`) ON DELETE CASCADE
) ENGINE=InnoDB AUTO_INCREMENT=5 DEFAULT CHARSET=utf8 COMMENT='Eav Form Type';

--
-- Dumping data for table `eav_form_type`
--

INSERT INTO `eav_form_type` VALUES (1,'checkout_onepage_register','checkout_onepage_register',1,'',0),(2,'checkout_onepage_register_guest','checkout_onepage_register_guest',1,'',0),(3,'checkout_onepage_billing_address','checkout_onepage_billing_address',1,'',0),(4,'checkout_onepage_shipping_address','checkout_onepage_shipping_address',1,'',0);

--
-- Table structure for table `eav_form_type_entity`
--

CREATE TABLE `eav_form_type_entity` (
  `type_id` smallint(5) unsigned NOT NULL COMMENT 'Type ID',
  `entity_type_id` smallint(5) unsigned NOT NULL COMMENT 'Entity Type ID',
  PRIMARY KEY (`type_id`,`entity_type_id`),
  KEY `EAV_FORM_TYPE_ENTITY_ENTITY_TYPE_ID` (`entity_type_id`),
  CONSTRAINT `EAV_FORM_TYPE_ENTITY_TYPE_ID_EAV_FORM_TYPE_TYPE_ID` FOREIGN KEY (`type_id`) REFERENCES `eav_form_type` (`type_id`) ON DELETE CASCADE,
  CONSTRAINT `EAV_FORM_TYPE_ENTT_ENTT_TYPE_ID_EAV_ENTT_TYPE_ENTT_TYPE_ID` FOREIGN KEY (`entity_type_id`) REFERENCES `eav_entity_type` (`entity_type_id`) ON DELETE CASCADE
) ENGINE=InnoDB DEFAULT CHARSET=utf8 COMMENT='Eav Form Type Entity';

--
-- Dumping data for table `eav_form_type_entity`
--

INSERT INTO `eav_form_type_entity` VALUES (1,1),(2,1),(1,2),(2,2),(3,2),(4,2);

--
-- Table structure for table `email_abandoned_cart`
--

CREATE TABLE `email_abandoned_cart` (
  `id` int(10) unsigned NOT NULL AUTO_INCREMENT COMMENT 'Primary Key',
  `quote_id` int(10) unsigned DEFAULT NULL COMMENT 'Quote Id',
  `store_id` smallint(5) unsigned DEFAULT NULL COMMENT 'Store Id',
  `customer_id` int(10) unsigned DEFAULT NULL COMMENT 'Customer ID',
  `email` varchar(255) NOT NULL DEFAULT '' COMMENT 'Email',
  `status` varchar(255) NOT NULL DEFAULT '' COMMENT 'Contact Status',
  `is_active` smallint(5) unsigned NOT NULL DEFAULT '1' COMMENT 'Quote Active',
  `quote_updated_at` timestamp NULL DEFAULT NULL COMMENT 'Quote updated at',
  `abandoned_cart_number` smallint(5) unsigned NOT NULL DEFAULT '0' COMMENT 'Abandoned Cart number',
  `items_count` smallint(5) unsigned DEFAULT '0' COMMENT 'Quote items count',
  `items_ids` varchar(255) DEFAULT NULL COMMENT 'Quote item ids',
  `created_at` timestamp NULL DEFAULT NULL COMMENT 'Created At',
  `updated_at` timestamp NULL DEFAULT NULL COMMENT 'Updated at',
  PRIMARY KEY (`id`),
  KEY `EMAIL_ABANDONED_CART_QUOTE_ID` (`quote_id`),
  KEY `EMAIL_ABANDONED_CART_STORE_ID` (`store_id`),
  KEY `EMAIL_ABANDONED_CART_CUSTOMER_ID` (`customer_id`),
  KEY `EMAIL_ABANDONED_CART_EMAIL` (`email`)
) ENGINE=InnoDB DEFAULT CHARSET=utf8 COMMENT='Abandoned Carts Table';

--
-- Dumping data for table `email_abandoned_cart`
--


--
-- Table structure for table `email_automation`
--

CREATE TABLE `email_automation` (
  `id` int(10) unsigned NOT NULL AUTO_INCREMENT COMMENT 'Primary Key',
  `automation_type` varchar(255) DEFAULT NULL COMMENT 'Automation Type',
  `store_name` varchar(255) DEFAULT NULL COMMENT 'Automation Type',
  `enrolment_status` varchar(255) NOT NULL COMMENT 'Enrolment Status',
  `email` varchar(255) DEFAULT NULL COMMENT 'Email',
  `type_id` varchar(255) DEFAULT NULL COMMENT 'Type ID',
  `program_id` varchar(255) DEFAULT NULL COMMENT 'Program ID',
  `website_id` smallint(5) unsigned NOT NULL COMMENT 'Website Id',
  `message` varchar(255) NOT NULL COMMENT 'Message',
  `created_at` timestamp NULL DEFAULT NULL COMMENT 'Creation Time',
  `updated_at` timestamp NULL DEFAULT NULL COMMENT 'Update Time',
  PRIMARY KEY (`id`),
  KEY `EMAIL_AUTOMATION_AUTOMATION_TYPE` (`automation_type`),
  KEY `EMAIL_AUTOMATION_ENROLMENT_STATUS` (`enrolment_status`),
  KEY `EMAIL_AUTOMATION_TYPE_ID` (`type_id`),
  KEY `EMAIL_AUTOMATION_EMAIL` (`email`),
  KEY `EMAIL_AUTOMATION_PROGRAM_ID` (`program_id`),
  KEY `EMAIL_AUTOMATION_CREATED_AT` (`created_at`),
  KEY `EMAIL_AUTOMATION_UPDATED_AT` (`updated_at`),
  KEY `EMAIL_AUTOMATION_WEBSITE_ID` (`website_id`)
) ENGINE=InnoDB DEFAULT CHARSET=utf8 COMMENT='Automation Status';

--
-- Dumping data for table `email_automation`
--


--
-- Table structure for table `email_campaign`
--

