-- Table structure for table `inventory_source_stock_link`
--

CREATE TABLE `inventory_source_stock_link` (
  `link_id` int(10) unsigned NOT NULL AUTO_INCREMENT,
  `stock_id` int(10) unsigned NOT NULL,
  `source_code` varchar(255) NOT NULL,
  `priority` smallint(5) unsigned NOT NULL,
  PRIMARY KEY (`link_id`),
  UNIQUE KEY `INVENTORY_SOURCE_STOCK_LINK_STOCK_ID_SOURCE_CODE` (`stock_id`,`source_code`),
  KEY `INV_SOURCE_STOCK_LNK_SOURCE_CODE_INV_SOURCE_SOURCE_CODE` (`source_code`),
  KEY `INVENTORY_SOURCE_STOCK_LINK_STOCK_ID_PRIORITY` (`stock_id`,`priority`),
  CONSTRAINT `INVENTORY_SOURCE_STOCK_LINK_STOCK_ID_INVENTORY_STOCK_STOCK_ID` FOREIGN KEY (`stock_id`) REFERENCES `inventory_stock` (`stock_id`) ON DELETE CASCADE,
  CONSTRAINT `INV_SOURCE_STOCK_LNK_SOURCE_CODE_INV_SOURCE_SOURCE_CODE` FOREIGN KEY (`source_code`) REFERENCES `inventory_source` (`source_code`) ON DELETE CASCADE
) ENGINE=InnoDB AUTO_INCREMENT=2 DEFAULT CHARSET=utf8;

--
-- Dumping data for table `inventory_source_stock_link`
--

INSERT INTO `inventory_source_stock_link` VALUES (1,1,'default',1);

--
-- Table structure for table `inventory_stock`
--

CREATE TABLE `inventory_stock` (
  `stock_id` int(10) unsigned NOT NULL AUTO_INCREMENT,
  `name` varchar(255) NOT NULL,
  PRIMARY KEY (`stock_id`)
) ENGINE=InnoDB AUTO_INCREMENT=2 DEFAULT CHARSET=utf8;

--
-- Dumping data for table `inventory_stock`
--

INSERT INTO `inventory_stock` VALUES (1,'Default Stock');

--
-- Temporary table structure for view `inventory_stock_1`
--

/*!50001 DROP VIEW IF EXISTS `inventory_stock_1`*/;
/*!50001 CREATE VIEW `inventory_stock_1` AS SELECT 
 1 AS `product_id`,
 1 AS `website_id`,
 1 AS `stock_id`,
 1 AS `quantity`,
 1 AS `is_salable`,
 1 AS `sku`*/;

--
-- Table structure for table `inventory_stock_sales_channel`
--

CREATE TABLE `inventory_stock_sales_channel` (
  `type` varchar(64) NOT NULL,
  `code` varchar(64) NOT NULL,
  `stock_id` int(10) unsigned NOT NULL,
  PRIMARY KEY (`type`,`code`),
  KEY `INVENTORY_STOCK_SALES_CHANNEL_STOCK_ID_INVENTORY_STOCK_STOCK_ID` (`stock_id`),
  CONSTRAINT `INVENTORY_STOCK_SALES_CHANNEL_STOCK_ID_INVENTORY_STOCK_STOCK_ID` FOREIGN KEY (`stock_id`) REFERENCES `inventory_stock` (`stock_id`) ON DELETE CASCADE
) ENGINE=InnoDB DEFAULT CHARSET=utf8;

--
-- Dumping data for table `inventory_stock_sales_channel`
--

INSERT INTO `inventory_stock_sales_channel` VALUES ('website','base',1);

--
-- Table structure for table `klarna_core_order`
--

CREATE TABLE `klarna_core_order` (
  `id` int(10) unsigned NOT NULL AUTO_INCREMENT COMMENT 'Entity Id',
  `klarna_order_id` varchar(255) DEFAULT NULL COMMENT 'Klarna Order Id',
  `session_id` varchar(255) DEFAULT NULL COMMENT 'Session Id',
  `reservation_id` varchar(255) DEFAULT NULL COMMENT 'Reservation Id',
  `order_id` int(10) unsigned NOT NULL COMMENT 'Order Id',
  `is_acknowledged` smallint(6) NOT NULL DEFAULT '0' COMMENT 'Is Acknowledged',
  PRIMARY KEY (`id`),
  KEY `KLARNA_CORE_ORDER_IS_ACKNOWLEDGED` (`is_acknowledged`),
  KEY `KLARNA_CORE_ORDER_ORDER_ID` (`order_id`)
) ENGINE=InnoDB DEFAULT CHARSET=utf8 COMMENT='Klarna Order';

--
-- Dumping data for table `klarna_core_order`
--


--
-- Table structure for table `klarna_logs`
--

CREATE TABLE `klarna_logs` (
  `log_id` smallint(6) NOT NULL AUTO_INCREMENT COMMENT 'Log Id',
  `status` varchar(255) NOT NULL COMMENT 'Status',
  `action` varchar(255) DEFAULT NULL COMMENT 'Action',
  `klarna_id` varchar(255) DEFAULT NULL COMMENT 'Klarna Id',
  `increment_id` varchar(255) DEFAULT NULL COMMENT 'Increment Id',
  `url` varchar(255) NOT NULL COMMENT 'Url',
  `method` varchar(255) NOT NULL COMMENT 'Method',
  `service` varchar(255) NOT NULL COMMENT 'Service',
  `request` text COMMENT 'Request',
  `response` text COMMENT 'Response',
  `created_at` datetime NOT NULL DEFAULT CURRENT_TIMESTAMP COMMENT 'Created at',
  PRIMARY KEY (`log_id`),
  KEY `KLARNA_LOGS_KLARNA_ID` (`klarna_id`),
  FULLTEXT KEY `KLARNA_LOGS_ACTION_KLARNA_ID_INCREMENT_ID_URL` (`action`,`klarna_id`,`increment_id`,`url`)
) ENGINE=InnoDB DEFAULT CHARSET=utf8 COMMENT='Klarna Logs';

--
-- Dumping data for table `klarna_logs`
--


--
-- Table structure for table `klarna_payments_quote`
--

CREATE TABLE `klarna_payments_quote` (
  `payments_quote_id` int(10) unsigned NOT NULL AUTO_INCREMENT COMMENT 'Payments Id',
  `session_id` varchar(255) DEFAULT NULL COMMENT 'Klarna Session Id',
  `client_token` text COMMENT 'Klarna Client Token',
  `authorization_token` varchar(255) DEFAULT NULL COMMENT 'Authorization Token',
  `is_active` smallint(6) NOT NULL DEFAULT '0' COMMENT 'Is Active',
  `quote_id` int(10) unsigned NOT NULL COMMENT 'Quote Id',
  `payment_methods` varchar(255) DEFAULT NULL COMMENT 'Payment Method Categories',
  `payment_method_info` text COMMENT 'Payment Method Category Info',
  PRIMARY KEY (`payments_quote_id`),
  KEY `KLARNA_PAYMENTS_QUOTE_QUOTE_ID` (`quote_id`)
) ENGINE=InnoDB DEFAULT CHARSET=utf8 COMMENT='Klarna Payments Quote';

--
-- Dumping data for table `klarna_payments_quote`
--


--
-- Table structure for table `layout_link`
--

CREATE TABLE `layout_link` (
  `layout_link_id` int(10) unsigned NOT NULL AUTO_INCREMENT COMMENT 'Link ID',
  `store_id` smallint(5) unsigned NOT NULL DEFAULT '0' COMMENT 'Store ID',
  `theme_id` int(10) unsigned NOT NULL COMMENT 'Theme ID',
  `layout_update_id` int(10) unsigned NOT NULL DEFAULT '0' COMMENT 'Layout Update ID',
  `is_temporary` tinyint(1) NOT NULL DEFAULT '0' COMMENT 'Defines whether Layout Update is Temporary',
  PRIMARY KEY (`layout_link_id`),
  KEY `LAYOUT_LINK_THEME_ID_THEME_THEME_ID` (`theme_id`),
  KEY `LAYOUT_LINK_LAYOUT_UPDATE_ID` (`layout_update_id`),
  KEY `LAYOUT_LINK_STORE_ID_THEME_ID_LAYOUT_UPDATE_ID_IS_TEMPORARY` (`store_id`,`theme_id`,`layout_update_id`,`is_temporary`),
  CONSTRAINT `LAYOUT_LINK_LAYOUT_UPDATE_ID_LAYOUT_UPDATE_LAYOUT_UPDATE_ID` FOREIGN KEY (`layout_update_id`) REFERENCES `layout_update` (`layout_update_id`) ON DELETE CASCADE,
  CONSTRAINT `LAYOUT_LINK_STORE_ID_STORE_STORE_ID` FOREIGN KEY (`store_id`) REFERENCES `store` (`store_id`) ON DELETE CASCADE,
  CONSTRAINT `LAYOUT_LINK_THEME_ID_THEME_THEME_ID` FOREIGN KEY (`theme_id`) REFERENCES `theme` (`theme_id`) ON DELETE CASCADE
) ENGINE=InnoDB DEFAULT CHARSET=utf8 COMMENT='Layout Link';

--
-- Dumping data for table `layout_link`
--


--
-- Table structure for table `layout_update`
--

CREATE TABLE `layout_update` (
  `layout_update_id` int(10) unsigned NOT NULL AUTO_INCREMENT COMMENT 'Layout Update ID',
  `handle` varchar(255) DEFAULT NULL COMMENT 'Handle',
  `xml` text COMMENT 'Xml',
  `sort_order` smallint(6) NOT NULL DEFAULT '0' COMMENT 'Sort Order',
  `updated_at` timestamp NULL DEFAULT '0000-00-00 00:00:00' ON UPDATE CURRENT_TIMESTAMP COMMENT 'Last Update Timestamp',
  PRIMARY KEY (`layout_update_id`),
  KEY `LAYOUT_UPDATE_HANDLE` (`handle`)
) ENGINE=InnoDB DEFAULT CHARSET=utf8 COMMENT='Layout Updates';

--
-- Dumping data for table `layout_update`
--


--
-- Table structure for table `login_as_customer`
--

CREATE TABLE `login_as_customer` (
  `secret` varchar(64) NOT NULL COMMENT 'Login Secret',
  `customer_id` int(11) NOT NULL COMMENT 'Customer ID',
  `admin_id` int(11) NOT NULL COMMENT 'Admin ID',
  `created_at` timestamp NULL DEFAULT NULL COMMENT 'Creation Time',
  PRIMARY KEY (`secret`),
  KEY `LOGIN_AS_CUSTOMER_CREATED_AT` (`created_at`)
) ENGINE=InnoDB DEFAULT CHARSET=utf8 COMMENT='Magento Login as Customer Table';

--
-- Dumping data for table `login_as_customer`
--


--
-- Table structure for table `login_as_customer_assistance_allowed`
--

CREATE TABLE `login_as_customer_assistance_allowed` (
  `customer_id` int(10) unsigned NOT NULL COMMENT 'Customer ID',
  PRIMARY KEY (`customer_id`),
  CONSTRAINT `LOGIN_AS_CSTR_ASSISTANCE_ALLOWED_CSTR_ID_CSTR_ENTT_ENTT_ID` FOREIGN KEY (`customer_id`) REFERENCES `customer_entity` (`entity_id`) ON DELETE CASCADE
) ENGINE=InnoDB DEFAULT CHARSET=utf8 COMMENT='Magento Login as Customer Assistance Allowed Table';

--
-- Dumping data for table `login_as_customer_assistance_allowed`
--

INSERT INTO `login_as_customer_assistance_allowed` VALUES (5);

--
-- Table structure for table `magefan_blog_category`
--

CREATE TABLE `magefan_blog_category` (
  `category_id` int(11) NOT NULL AUTO_INCREMENT COMMENT 'Category ID',
  `title` varchar(255) DEFAULT NULL COMMENT 'Category Title',
  `meta_title` varchar(255) DEFAULT NULL COMMENT 'Category Meta Title',
  `meta_keywords` text COMMENT 'Category Meta Keywords',
  `meta_description` text COMMENT 'Category Meta Description',
  `identifier` varchar(100) DEFAULT NULL COMMENT 'Category String Identifier',
  `content_heading` varchar(255) DEFAULT NULL COMMENT 'Category Content Heading',
  `content` mediumtext COMMENT 'Category Content',
  `path` varchar(255) DEFAULT NULL COMMENT 'Category Path',
  `position` smallint(6) NOT NULL COMMENT 'Category Position',
  `posts_sort_by` smallint(6) NOT NULL DEFAULT '0' COMMENT 'Post Sort By',
  `include_in_menu` smallint(6) DEFAULT NULL COMMENT 'Category In Menu',
  `is_active` smallint(6) NOT NULL DEFAULT '1' COMMENT 'Is Category Active',
  `display_mode` smallint(6) NOT NULL DEFAULT '0' COMMENT 'Display Mode',
  `page_layout` varchar(255) DEFAULT NULL COMMENT 'Post Layout',
  `layout_update_xml` text COMMENT 'Post Layout Update Content',
  `custom_theme` varchar(100) DEFAULT NULL COMMENT 'Post Custom Theme',
  `custom_layout` varchar(255) DEFAULT NULL COMMENT 'Post Custom Template',
  `custom_layout_update_xml` text COMMENT 'Post Custom Layout Update Content',
  `custom_theme_from` date DEFAULT NULL COMMENT 'Post Custom Theme Active From Date',
  `custom_theme_to` date DEFAULT NULL COMMENT 'Post Custom Theme Active To Date',
  PRIMARY KEY (`category_id`),
  KEY `MAGEFAN_BLOG_CATEGORY_IDENTIFIER` (`identifier`),
  KEY `MAGEFAN_BLOG_CATEGORY_INCLUDE_IN_MENU` (`include_in_menu`),
  FULLTEXT KEY `FTI_B76AD11A0A06CC3327BA3A86A016134F` (`title`,`meta_keywords`,`meta_description`,`identifier`,`content`)
) ENGINE=InnoDB AUTO_INCREMENT=9 DEFAULT CHARSET=utf8 COMMENT='Magefan Blog Category Table';

--
-- Dumping data for table `magefan_blog_category`
--

INSERT INTO `magefan_blog_category` VALUES (1,'Fashion',NULL,NULL,NULL,'fashion',NULL,NULL,NULL,0,0,0,1,0,NULL,NULL,NULL,NULL,NULL,NULL,NULL),(2,'Marketing Tech',NULL,NULL,NULL,'marketing-tech',NULL,NULL,NULL,0,0,0,1,0,NULL,NULL,NULL,NULL,NULL,NULL,NULL),(3,'eCommerce',NULL,NULL,NULL,'ecommerce',NULL,NULL,NULL,0,0,0,1,0,NULL,NULL,NULL,NULL,NULL,NULL,NULL),(4,'Search Parts',NULL,NULL,NULL,'search-parts',NULL,NULL,NULL,0,0,0,1,0,NULL,NULL,NULL,NULL,NULL,NULL,NULL),(5,'Events',NULL,NULL,NULL,'events',NULL,NULL,NULL,0,0,0,1,0,NULL,NULL,NULL,NULL,NULL,NULL,NULL),(6,'Projects',NULL,NULL,NULL,'projects',NULL,NULL,NULL,0,0,0,1,0,NULL,NULL,NULL,NULL,NULL,NULL,NULL),(7,'Beauty and Personal Care',NULL,NULL,NULL,'beauty-and-personal-care',NULL,NULL,NULL,0,0,0,1,0,NULL,NULL,NULL,NULL,NULL,NULL,NULL),(8,'Sport Bike',NULL,NULL,NULL,'sport-bike',NULL,NULL,NULL,0,0,0,1,0,NULL,NULL,NULL,NULL,NULL,NULL,NULL);

--
-- Table structure for table `magefan_blog_category_store`
--

CREATE TABLE `magefan_blog_category_store` (
  `category_id` int(11) NOT NULL COMMENT 'Category ID',
  `store_id` smallint(5) unsigned NOT NULL COMMENT 'Store ID',
  PRIMARY KEY (`category_id`,`store_id`),
  KEY `MAGEFAN_BLOG_CATEGORY_STORE_STORE_ID` (`store_id`)
) ENGINE=InnoDB DEFAULT CHARSET=utf8 COMMENT='Magefan Blog Category To Store Linkage Table';

--
-- Dumping data for table `magefan_blog_category_store`
--

INSERT INTO `magefan_blog_category_store` VALUES (1,0),(2,0),(3,0),(4,0),(5,0),(6,0),(7,0),(8,0);

--
-- Table structure for table `magefan_blog_comment`
--

CREATE TABLE `magefan_blog_comment` (
  `comment_id` int(11) NOT NULL AUTO_INCREMENT COMMENT 'Comment ID',
  `parent_id` int(11) NOT NULL COMMENT 'Parent Comment ID',
  `post_id` int(11) NOT NULL COMMENT 'Post ID',
  `customer_id` int(11) DEFAULT NULL COMMENT 'Customer ID',
  `admin_id` int(11) DEFAULT NULL COMMENT 'Admin User ID',
  `status` smallint(6) NOT NULL COMMENT 'Comment status',
  `author_type` smallint(6) NOT NULL COMMENT 'Author Type',
  `author_nickname` varchar(255) NOT NULL COMMENT 'Comment Author Nickname',
  `author_email` varchar(255) DEFAULT NULL COMMENT 'Comment Author Email',
  `text` mediumtext COMMENT 'Text',
  `creation_time` timestamp NULL DEFAULT NULL COMMENT 'Comment Creation Time',
  `update_time` timestamp NULL DEFAULT NULL COMMENT 'Comment Update Time',
  PRIMARY KEY (`comment_id`),
  KEY `MAGEFAN_BLOG_COMMENT_PARENT_ID` (`parent_id`),
  KEY `MAGEFAN_BLOG_COMMENT_POST_ID` (`post_id`),
  KEY `MAGEFAN_BLOG_COMMENT_CUSTOMER_ID` (`customer_id`),
  KEY `MAGEFAN_BLOG_COMMENT_ADMIN_ID` (`admin_id`),
  KEY `MAGEFAN_BLOG_COMMENT_STATUS` (`status`)
) ENGINE=InnoDB DEFAULT CHARSET=utf8 COMMENT='magefan_blog_comment';

--
-- Dumping data for table `magefan_blog_comment`
--


--
-- Table structure for table `magefan_blog_post`
--

CREATE TABLE `magefan_blog_post` (
  `post_id` int(11) NOT NULL AUTO_INCREMENT COMMENT 'Post ID',
  `title` varchar(255) DEFAULT NULL COMMENT 'Post Title',
  `meta_title` varchar(255) DEFAULT NULL COMMENT 'Post Meta Title',
  `meta_keywords` text COMMENT 'Post Meta Keywords',
  `meta_description` text COMMENT 'Post Meta Description',
  `identifier` varchar(100) DEFAULT NULL COMMENT 'Post String Identifier',
  `og_title` varchar(255) DEFAULT NULL COMMENT 'Post OG Title',
  `og_description` varchar(255) DEFAULT NULL COMMENT 'Post OG Description',
  `og_img` varchar(255) DEFAULT NULL COMMENT 'Post OG Img',
  `og_type` varchar(255) DEFAULT NULL COMMENT 'Post OG Type',
  `content_heading` varchar(255) DEFAULT NULL COMMENT 'Post Content Heading',
  `content` mediumtext COMMENT 'Post Content',
  `creation_time` timestamp NULL DEFAULT NULL COMMENT 'Post Creation Time',
  `update_time` timestamp NULL DEFAULT NULL COMMENT 'Post Modification Time',
  `publish_time` timestamp NULL DEFAULT NULL COMMENT 'Post Publish Time',
  `is_active` smallint(6) NOT NULL DEFAULT '1' COMMENT 'Is Post Active',
  `include_in_recent` smallint(6) NOT NULL DEFAULT '1' COMMENT 'Include in Recent Posts',
  `position` smallint(6) NOT NULL DEFAULT '0' COMMENT 'Position',
  `featured_img` varchar(255) DEFAULT NULL COMMENT 'Thumbnail Image',
  `featured_img_alt` varchar(255) DEFAULT NULL COMMENT 'Featured Image Alt',
  `author_id` int(11) DEFAULT NULL COMMENT 'Author ID',
  `page_layout` varchar(255) DEFAULT NULL COMMENT 'Post Layout',
  `layout_update_xml` text COMMENT 'Post Layout Update Content',
  `custom_theme` varchar(100) DEFAULT NULL COMMENT 'Post Custom Theme',
  `custom_layout` varchar(255) DEFAULT NULL COMMENT 'Post Custom Template',
  `custom_layout_update_xml` text COMMENT 'Post Custom Layout Update Content',
  `custom_theme_from` date DEFAULT NULL COMMENT 'Post Custom Theme Active From Date',
  `custom_theme_to` date DEFAULT NULL COMMENT 'Post Custom Theme Active To Date',
  `media_gallery` mediumtext COMMENT 'Media Gallery',
  `secret` varchar(32) DEFAULT NULL COMMENT 'Post Secret',
  `views_count` int(11) DEFAULT NULL COMMENT 'Post Views Count',
  `is_recent_posts_skip` smallint(6) DEFAULT NULL COMMENT 'Is Post Skipped From Recent Posts',
  `short_content` mediumtext COMMENT 'Post Short Content',
  `comments_count` int(11) DEFAULT NULL COMMENT 'Post Comment Counts',
  PRIMARY KEY (`post_id`),
  KEY `MAGEFAN_BLOG_POST_IDENTIFIER` (`identifier`),
  KEY `MAGEFAN_BLOG_POST_AUTHOR_ID` (`author_id`),
  KEY `MAGEFAN_BLOG_POST_VIEWS_COUNT` (`views_count`),
  KEY `MAGEFAN_BLOG_POST_IS_RECENT_POSTS_SKIP` (`is_recent_posts_skip`),
  FULLTEXT KEY `FTI_A5DB7871E89B230F74EDFBECEB4659FA` (`title`,`meta_keywords`,`meta_description`,`identifier`,`content`)
) ENGINE=InnoDB AUTO_INCREMENT=14 DEFAULT CHARSET=utf8 COMMENT='Magefan Blog Post Table';

--
-- Dumping data for table `magefan_blog_post`
--

INSERT INTO `magefan_blog_post` VALUES (1,'Standard Blog Post Examples',NULL,'magento 2 blog','Magento 2 blog default post.','hello-world',NULL,NULL,NULL,NULL,'Hello world!','<p>Sed ut perspiciatis unde omnis iste natus error sit voluptatem accusantium doloremque laudantium, totam rem aperiam, eaque ipsa quae ab illo inventore veritatis et quasi architecto beatae vitae dicta sunt explicabo. Nemo enim ipsam voluptatem quia voluptas sit aspernatur aut odit aut fugit, sed quia consequuntur magni dolores eos qui ratione voluptatem sequi nesciunt. Neque porro quisquam est, qui dolorem ipsum quia dolor sit amet, consectetur, adipisci velit, sed quia non numquam eius modi tempora incidunt ut labore et dolore magnam aliquam quaerat voluptatem. Ut enim ad minima veniam, quis nostrum exercitationem ullam corporis suscipit laboriosam, nisi ut aliquid ex ea commodi consequatur? Quis autem vel eum iure reprehenderit qui in ea voluptate velit esse quam nihil molestiae consequatur, vel illum qui dolorem eum fugiat quo voluptas nulla pariatur?</p>\r\n<p>But I must explain to you how all this mistaken idea of denouncing pleasure and praising pain was born and I will give you a complete account of the system, and expound the actual teachings of the great explorer of the truth, the master-builder of human happiness. No one rejects, dislikes, or avoids pleasure itself, because it is pleasure, but because those who do not know how to pursue pleasure rationally encounter consequences that are extremely painful. Nor again is there anyone who loves or pursues or desires to obtain pain of itself, because it is pain, but because occasionally circumstances occur in which toil and pain can procure him some great pleasure.</p>','2020-12-16 03:39:47','2021-04-22 03:53:47','2020-12-16 00:00:00',1,1,0,'magefan_blog/item-1.jpg','Standard Blog Post Examples',2,NULL,NULL,NULL,NULL,NULL,NULL,NULL,NULL,NULL,0,NULL,'<p>Egestas mus a mus rhoncus adipiscing iaculis facilisis a eu nunc varius a per parturient vestibulum suspendisse aenean semper velit aliquam</p>',0),(2,'What are some good electronic',NULL,NULL,NULL,'what-are-some-good-electronic',NULL,NULL,NULL,NULL,NULL,'<p>Sed ut perspiciatis unde omnis iste natus error sit voluptatem accusantium doloremque laudantium, totam rem aperiam, eaque ipsa quae ab illo inventore veritatis et quasi architecto beatae vitae dicta sunt explicabo. Nemo enim ipsam voluptatem quia voluptas sit aspernatur aut odit aut fugit, sed quia consequuntur magni dolores eos qui ratione voluptatem sequi nesciunt. Neque porro quisquam est, qui dolorem ipsum quia dolor sit amet, consectetur, adipisci velit, sed quia non numquam eius modi tempora incidunt ut labore et dolore magnam aliquam quaerat voluptatem. Ut enim ad minima veniam, quis nostrum exercitationem ullam corporis suscipit laboriosam, nisi ut aliquid ex ea commodi consequatur? Quis autem vel eum iure reprehenderit qui in ea voluptate velit esse quam nihil molestiae consequatur, vel illum qui dolorem eum fugiat quo voluptas nulla pariatur?</p>\r\n<p>But I must explain to you how all this mistaken idea of denouncing pleasure and praising pain was born and I will give you a complete account of the system, and expound the actual teachings of the great explorer of the truth, the master-builder of human happiness. No one rejects, dislikes, or avoids pleasure itself, because it is pleasure, but because those who do not know how to pursue pleasure rationally encounter consequences that are extremely painful. Nor again is there anyone who loves or pursues or desires to obtain pain of itself, because it is pain, but because occasionally circumstances occur in which toil and pain can procure him some great pleasure.</p>','2021-04-22 03:55:36','2021-04-22 03:55:36','2021-04-22 03:55:36',1,1,0,'magefan_blog/item-2.jpg','What are some good electronic',2,NULL,NULL,NULL,NULL,NULL,NULL,NULL,NULL,NULL,0,NULL,'<p>Egestas mus a mus rhoncus adipiscing iaculis facilisis a eu nunc varius a per parturient vestibulum suspendisse aenean semper velit aliquam</p>',NULL),(3,'Who wish to seriously updated',NULL,NULL,NULL,'who-wish-to-seriously-updated',NULL,NULL,NULL,NULL,NULL,'<p>Sed ut perspiciatis unde omnis iste natus error sit voluptatem accusantium doloremque laudantium, totam rem aperiam, eaque ipsa quae ab illo inventore veritatis et quasi architecto beatae vitae dicta sunt explicabo. Nemo enim ipsam voluptatem quia voluptas sit aspernatur aut odit aut fugit, sed quia consequuntur magni dolores eos qui ratione voluptatem sequi nesciunt. Neque porro quisquam est, qui dolorem ipsum quia dolor sit amet, consectetur, adipisci velit, sed quia non numquam eius modi tempora incidunt ut labore et dolore magnam aliquam quaerat voluptatem. Ut enim ad minima veniam, quis nostrum exercitationem ullam corporis suscipit laboriosam, nisi ut aliquid ex ea commodi consequatur? Quis autem vel eum iure reprehenderit qui in ea voluptate velit esse quam nihil molestiae consequatur, vel illum qui dolorem eum fugiat quo voluptas nulla pariatur?</p>\r\n<p>But I must explain to you how all this mistaken idea of denouncing pleasure and praising pain was born and I will give you a complete account of the system, and expound the actual teachings of the great explorer of the truth, the master-builder of human happiness. No one rejects, dislikes, or avoids pleasure itself, because it is pleasure, but because those who do not know how to pursue pleasure rationally encounter consequences that are extremely painful. Nor again is there anyone who loves or pursues or desires to obtain pain of itself, because it is pain, but because occasionally circumstances occur in which toil and pain can procure him some great pleasure.</p>','2021-04-22 03:56:30','2021-04-22 03:56:30','2021-04-22 03:56:30',1,1,0,'magefan_blog/item-3.jpg','Who wish to seriously updated',2,NULL,NULL,NULL,NULL,NULL,NULL,NULL,NULL,NULL,0,NULL,'<p>Egestas mus a mus rhoncus adipiscing iaculis facilisis a eu nunc varius a per parturient vestibulum suspendisse aenean semper velit aliquam</p>',NULL),(4,'Sensor with High Impact Resistan',NULL,NULL,NULL,'sensor-with-high-impact-resistan',NULL,NULL,NULL,NULL,NULL,'<p>Sed ut perspiciatis unde omnis iste natus error sit voluptatem accusantium doloremque laudantium, totam rem aperiam, eaque ipsa quae ab illo inventore veritatis et quasi architecto beatae vitae dicta sunt explicabo. Nemo enim ipsam voluptatem quia voluptas sit aspernatur aut odit aut fugit, sed quia consequuntur magni dolores eos qui ratione voluptatem sequi nesciunt. Neque porro quisquam est, qui dolorem ipsum quia dolor sit amet, consectetur, adipisci velit, sed quia non numquam eius modi tempora incidunt ut labore et dolore magnam aliquam quaerat voluptatem. Ut enim ad minima veniam, quis nostrum exercitationem ullam corporis suscipit laboriosam, nisi ut aliquid ex ea commodi consequatur? Quis autem vel eum iure reprehenderit qui in ea voluptate velit esse quam nihil molestiae consequatur, vel illum qui dolorem eum fugiat quo voluptas nulla pariatur?</p>\r\n<p>But I must explain to you how all this mistaken idea of denouncing pleasure and praising pain was born and I will give you a complete account of the system, and expound the actual teachings of the great explorer of the truth, the master-builder of human happiness. No one rejects, dislikes, or avoids pleasure itself, because it is pleasure, but because those who do not know how to pursue pleasure rationally encounter consequences that are extremely painful. Nor again is there anyone who loves or pursues or desires to obtain pain of itself, because it is pain, but because occasionally circumstances occur in which toil and pain can procure him some great pleasure.</p>','2021-04-22 03:57:06','2021-04-22 03:57:34','2021-04-22 00:00:00',1,1,0,'magefan_blog/item-4.jpg','Sensor with High Impact Resistan',2,NULL,NULL,NULL,NULL,NULL,NULL,NULL,NULL,NULL,0,NULL,'<p>Egestas mus a mus rhoncus adipiscing iaculis facilisis a eu nunc varius a per parturient vestibulum suspendisse aenean semper velit aliquam</p>',NULL),(5,'Choose the perfect design',NULL,NULL,NULL,'choose-the-perfect-design',NULL,NULL,NULL,NULL,NULL,'<p>Sed ut perspiciatis unde omnis iste natus error sit voluptatem accusantium doloremque laudantium, totam rem aperiam, eaque ipsa quae ab illo inventore veritatis et quasi architecto beatae vitae dicta sunt explicabo. Nemo enim ipsam voluptatem quia voluptas sit aspernatur aut odit aut fugit, sed quia consequuntur magni dolores eos qui ratione voluptatem sequi nesciunt. Neque porro quisquam est, qui dolorem ipsum quia dolor sit amet, consectetur, adipisci velit, sed quia non numquam eius modi tempora incidunt ut labore et dolore magnam aliquam quaerat voluptatem. Ut enim ad minima veniam, quis nostrum exercitationem ullam corporis suscipit laboriosam, nisi ut aliquid ex ea commodi consequatur? Quis autem vel eum iure reprehenderit qui in ea voluptate velit esse quam nihil molestiae consequatur, vel illum qui dolorem eum fugiat quo voluptas nulla pariatur?</p>\r\n<p>But I must explain to you how all this mistaken idea of denouncing pleasure and praising pain was born and I will give you a complete account of the system, and expound the actual teachings of the great explorer of the truth, the master-builder of human happiness. No one rejects, dislikes, or avoids pleasure itself, because it is pleasure, but because those who do not know how to pursue pleasure rationally encounter consequences that are extremely painful. Nor again is there anyone who loves or pursues or desires to obtain pain of itself, because it is pain, but because occasionally circumstances occur in which toil and pain can procure him some great pleasure.</p>','2021-04-22 03:58:31','2021-04-22 03:58:31','2021-04-22 03:58:31',1,1,0,'magefan_blog/item-5.jpg','Choose the perfect design',2,NULL,NULL,NULL,NULL,NULL,NULL,NULL,NULL,NULL,0,NULL,'<p>Egestas mus a mus rhoncus adipiscing iaculis facilisis a eu nunc varius a per parturient vestibulum suspendisse aenean semper velit aliquam</p>',NULL),(6,'Hang onto your memories',NULL,NULL,NULL,'hang-onto-your-memories',NULL,NULL,NULL,NULL,NULL,'<p>Sed ut perspiciatis unde omnis iste natus error sit voluptatem accusantium doloremque laudantium, totam rem aperiam, eaque ipsa quae ab illo inventore veritatis et quasi architecto beatae vitae dicta sunt explicabo. Nemo enim ipsam voluptatem quia voluptas sit aspernatur aut odit aut fugit, sed quia consequuntur magni dolores eos qui ratione voluptatem sequi nesciunt. Neque porro quisquam est, qui dolorem ipsum quia dolor sit amet, consectetur, adipisci velit, sed quia non numquam eius modi tempora incidunt ut labore et dolore magnam aliquam quaerat voluptatem. Ut enim ad minima veniam, quis nostrum exercitationem ullam corporis suscipit laboriosam, nisi ut aliquid ex ea commodi consequatur? Quis autem vel eum iure reprehenderit qui in ea voluptate velit esse quam nihil molestiae consequatur, vel illum qui dolorem eum fugiat quo voluptas nulla pariatur?</p>\r\n<p>But I must explain to you how all this mistaken idea of denouncing pleasure and praising pain was born and I will give you a complete account of the system, and expound the actual teachings of the great explorer of the truth, the master-builder of human happiness. No one rejects, dislikes, or avoids pleasure itself, because it is pleasure, but because those who do not know how to pursue pleasure rationally encounter consequences that are extremely painful. Nor again is there anyone who loves or pursues or desires to obtain pain of itself, because it is pain, but because occasionally circumstances occur in which toil and pain can procure him some great pleasure.</p>','2021-04-22 03:59:28','2021-04-22 03:59:28','2021-04-22 03:59:28',1,1,0,'magefan_blog/item-6.jpg','Hang onto your memories',2,NULL,NULL,NULL,NULL,NULL,NULL,NULL,NULL,NULL,0,NULL,'<p>Egestas mus a mus rhoncus adipiscing iaculis facilisis a eu nunc varius a per parturient vestibulum suspendisse aenean semper velit aliquam</p>',NULL),(7,'Design for Magento 2.3 Demo Theme',NULL,NULL,NULL,'design-for-magento-23-demo-theme',NULL,NULL,NULL,NULL,NULL,'<div data-content-type=\"html\" data-appearance=\"default\" data-element=\"main\">&lt;p&gt;Sed ut perspiciatis unde omnis iste natus error sit voluptatem accusantium doloremque laudantium, totam rem aperiam, eaque ipsa quae ab illo inventore veritatis et quasi architecto beatae vitae dicta sunt explicabo. Nemo enim ipsam voluptatem quia voluptas sit aspernatur aut odit aut fugit, sed quia consequuntur magni dolores eos qui ratione voluptatem sequi nesciunt. Neque porro quisquam est, qui dolorem ipsum quia dolor sit amet, consectetur, adipisci velit, sed quia non numquam eius modi tempora incidunt ut labore et dolore magnam aliquam quaerat voluptatem. Ut enim ad minima veniam, quis nostrum exercitationem ullam corporis suscipit laboriosam, nisi ut aliquid ex ea commodi consequatur? Quis autem vel eum iure reprehenderit qui in ea voluptate velit esse quam nihil molestiae consequatur, vel illum qui dolorem eum fugiat quo voluptas nulla pariatur?&lt;/p&gt;\r\n&lt;p&gt;But I must explain to you how all this mistaken idea of denouncing pleasure and praising pain was born and I will give you a complete account of the system, and expound the actual teachings of the great explorer of the truth, the master-builder of human happiness. No one rejects, dislikes, or avoids pleasure itself, because it is pleasure, but because those who do not know how to pursue pleasure rationally encounter consequences that are extremely painful. Nor again is there anyone who loves or pursues or desires to obtain pain of itself, because it is pain, but because occasionally circumstances occur in which toil and pain can procure him some great pleasure.&lt;/p&gt;</div>','2021-09-21 07:35:09','2021-09-21 07:38:01','2021-09-21 00:00:00',1,1,0,'magefan_blog/item-7.jpg','Design for Magento 2.3 Demo Theme',3,NULL,NULL,NULL,NULL,NULL,NULL,NULL,NULL,NULL,0,NULL,'<div data-content-type=\"html\" data-appearance=\"default\" data-element=\"main\">&lt;p&gt;Egestas mus a mus rhoncus adipiscing iaculis facilisis a eu nunc varius a per parturient vestibulum suspendisse aenean semper velit aliquam&lt;/p&gt;</div>',NULL),(8,'Beauty and Personal Care Research',NULL,NULL,NULL,'beauty-and-personal-care-research',NULL,NULL,NULL,NULL,NULL,'<div data-content-type=\"html\" data-appearance=\"default\" data-element=\"main\">&lt;p&gt;Sed ut perspiciatis unde omnis iste natus error sit voluptatem accusantium doloremque laudantium, totam rem aperiam, eaque ipsa quae ab illo inventore veritatis et quasi architecto beatae vitae dicta sunt explicabo. Nemo enim ipsam voluptatem quia voluptas sit aspernatur aut odit aut fugit, sed quia consequuntur magni dolores eos qui ratione voluptatem sequi nesciunt. Neque porro quisquam est, qui dolorem ipsum quia dolor sit amet, consectetur, adipisci velit, sed quia non numquam eius modi tempora incidunt ut labore et dolore magnam aliquam quaerat voluptatem. Ut enim ad minima veniam, quis nostrum exercitationem ullam corporis suscipit laboriosam, nisi ut aliquid ex ea commodi consequatur? Quis autem vel eum iure reprehenderit qui in ea voluptate velit esse quam nihil molestiae consequatur, vel illum qui dolorem eum fugiat quo voluptas nulla pariatur?&lt;/p&gt;\r\n&lt;p&gt;But I must explain to you how all this mistaken idea of denouncing pleasure and praising pain was born and I will give you a complete account of the system, and expound the actual teachings of the great explorer of the truth, the master-builder of human happiness. No one rejects, dislikes, or avoids pleasure itself, because it is pleasure, but because those who do not know how to pursue pleasure rationally encounter consequences that are extremely painful. Nor again is there anyone who loves or pursues or desires to obtain pain of itself, because it is pain, but because occasionally circumstances occur in which toil and pain can procure him some great pleasure.&lt;/p&gt;</div>','2021-09-21 07:35:19','2021-09-21 07:37:55','2021-09-21 00:00:00',1,1,0,'magefan_blog/item-8.jpg','Beauty and Personal Care Research',3,NULL,NULL,NULL,NULL,NULL,NULL,NULL,NULL,NULL,0,NULL,'<div data-content-type=\"html\" data-appearance=\"default\" data-element=\"main\">&lt;p&gt;Egestas mus a mus rhoncus adipiscing iaculis facilisis a eu nunc varius a per parturient vestibulum suspendisse aenean semper velit aliquam&lt;/p&gt;</div>',NULL),(9,'Cosmetic Safety Assessment Toxicology',NULL,NULL,NULL,'cosmetic-safety-assessment-toxicology',NULL,NULL,NULL,NULL,NULL,'<div data-content-type=\"html\" data-appearance=\"default\" data-element=\"main\">&lt;p&gt;Sed ut perspiciatis unde omnis iste natus error sit voluptatem accusantium doloremque laudantium, totam rem aperiam, eaque ipsa quae ab illo inventore veritatis et quasi architecto beatae vitae dicta sunt explicabo. Nemo enim ipsam voluptatem quia voluptas sit aspernatur aut odit aut fugit, sed quia consequuntur magni dolores eos qui ratione voluptatem sequi nesciunt. Neque porro quisquam est, qui dolorem ipsum quia dolor sit amet, consectetur, adipisci velit, sed quia non numquam eius modi tempora incidunt ut labore et dolore magnam aliquam quaerat voluptatem. Ut enim ad minima veniam, quis nostrum exercitationem ullam corporis suscipit laboriosam, nisi ut aliquid ex ea commodi consequatur? Quis autem vel eum iure reprehenderit qui in ea voluptate velit esse quam nihil molestiae consequatur, vel illum qui dolorem eum fugiat quo voluptas nulla pariatur?&lt;/p&gt;\r\n&lt;p&gt;But I must explain to you how all this mistaken idea of denouncing pleasure and praising pain was born and I will give you a complete account of the system, and expound the actual teachings of the great explorer of the truth, the master-builder of human happiness. No one rejects, dislikes, or avoids pleasure itself, because it is pleasure, but because those who do not know how to pursue pleasure rationally encounter consequences that are extremely painful. Nor again is there anyone who loves or pursues or desires to obtain pain of itself, because it is pain, but because occasionally circumstances occur in which toil and pain can procure him some great pleasure.&lt;/p&gt;</div>','2021-09-21 07:36:29','2021-09-21 07:37:47','2021-09-21 00:00:00',1,1,0,'magefan_blog/item-9.jpg','Cosmetic Safety Assessment Toxicology',3,NULL,NULL,NULL,NULL,NULL,NULL,NULL,NULL,NULL,0,NULL,'<div data-content-type=\"html\" data-appearance=\"default\" data-element=\"main\">&lt;p&gt;Egestas mus a mus rhoncus adipiscing iaculis facilisis a eu nunc varius a per parturient vestibulum suspendisse aenean semper velit aliquam&lt;/p&gt;</div>',NULL),(10,'Guide to Riding in Winter',NULL,NULL,NULL,'guide-to-riding-in-winter',NULL,NULL,NULL,NULL,NULL,'<div data-content-type=\"html\" data-appearance=\"default\" data-element=\"main\">&lt;p&gt;Sed ut perspiciatis unde omnis iste natus error sit voluptatem accusantium doloremque laudantium, totam rem aperiam, eaque ipsa quae ab illo inventore veritatis et quasi architecto beatae vitae dicta sunt explicabo. Nemo enim ipsam voluptatem quia voluptas sit aspernatur aut odit aut fugit, sed quia consequuntur magni dolores eos qui ratione voluptatem sequi nesciunt. Neque porro quisquam est, qui dolorem ipsum quia dolor sit amet, consectetur, adipisci velit, sed quia non numquam eius modi tempora incidunt ut labore et dolore magnam aliquam quaerat voluptatem. Ut enim ad minima veniam, quis nostrum exercitationem ullam corporis suscipit laboriosam, nisi ut aliquid ex ea commodi consequatur? Quis autem vel eum iure reprehenderit qui in ea voluptate velit esse quam nihil molestiae consequatur, vel illum qui dolorem eum fugiat quo voluptas nulla pariatur?&lt;/p&gt;\r\n&lt;p&gt;But I must explain to you how all this mistaken idea of denouncing pleasure and praising pain was born and I will give you a complete account of the system, and expound the actual teachings of the great explorer of the truth, the master-builder of human happiness. No one rejects, dislikes, or avoids pleasure itself, because it is pleasure, but because those who do not know how to pursue pleasure rationally encounter consequences that are extremely painful. Nor again is there anyone who loves or pursues or desires to obtain pain of itself, because it is pain, but because occasionally circumstances occur in which toil and pain can procure him some great pleasure.&lt;/p&gt;</div>','2022-01-03 07:36:11','2022-01-03 07:36:11','2022-01-03 07:36:11',1,1,0,'magefan_blog/b-3.jpg',NULL,4,NULL,NULL,NULL,NULL,NULL,NULL,NULL,NULL,NULL,0,NULL,'<div data-content-type=\"html\" data-appearance=\"default\" data-element=\"main\">&lt;p&gt;Egestas mus a mus rhoncus adipiscing iaculis facilisis a eu nunc varius a per parturient vestibulum suspendisse aenean semper velit aliquam&lt;/p&gt;</div>',NULL),(11,'Caring for Repellent Garments',NULL,NULL,NULL,'caring-for-repellent-garments',NULL,NULL,NULL,NULL,NULL,'<div data-content-type=\"html\" data-appearance=\"default\" data-element=\"main\">&lt;p&gt;Sed ut perspiciatis unde omnis iste natus error sit voluptatem accusantium doloremque laudantium, totam rem aperiam, eaque ipsa quae ab illo inventore veritatis et quasi architecto beatae vitae dicta sunt explicabo. Nemo enim ipsam voluptatem quia voluptas sit aspernatur aut odit aut fugit, sed quia consequuntur magni dolores eos qui ratione voluptatem sequi nesciunt. Neque porro quisquam est, qui dolorem ipsum quia dolor sit amet, consectetur, adipisci velit, sed quia non numquam eius modi tempora incidunt ut labore et dolore magnam aliquam quaerat voluptatem. Ut enim ad minima veniam, quis nostrum exercitationem ullam corporis suscipit laboriosam, nisi ut aliquid ex ea commodi consequatur? Quis autem vel eum iure reprehenderit qui in ea voluptate velit esse quam nihil molestiae consequatur, vel illum qui dolorem eum fugiat quo voluptas nulla pariatur?&lt;/p&gt;\r\n&lt;p&gt;But I must explain to you how all this mistaken idea of denouncing pleasure and praising pain was born and I will give you a complete account of the system, and expound the actual teachings of the great explorer of the truth, the master-builder of human happiness. No one rejects, dislikes, or avoids pleasure itself, because it is pleasure, but because those who do not know how to pursue pleasure rationally encounter consequences that are extremely painful. Nor again is there anyone who loves or pursues or desires to obtain pain of itself, because it is pain, but because occasionally circumstances occur in which toil and pain can procure him some great pleasure.&lt;/p&gt;</div>','2022-01-03 07:37:11','2022-01-03 07:38:32','2022-01-03 00:00:00',1,1,0,'magefan_blog/b-2.jpg',NULL,4,NULL,NULL,NULL,NULL,NULL,NULL,NULL,NULL,NULL,0,NULL,'<div data-content-type=\"html\" data-appearance=\"default\" data-element=\"main\">&lt;p&gt;Egestas mus a mus rhoncus adipiscing iaculis facilisis a eu nunc varius a per parturient vestibulum suspendisse aenean semper velit aliquam&lt;/p&gt;</div>',NULL),(12,'Imperial Works Collection',NULL,NULL,NULL,'imperial-works-collection',NULL,NULL,NULL,NULL,NULL,'<div data-content-type=\"html\" data-appearance=\"default\" data-element=\"main\">&lt;p&gt;Sed ut perspiciatis unde omnis iste natus error sit voluptatem accusantium doloremque laudantium, totam rem aperiam, eaque ipsa quae ab illo inventore veritatis et quasi architecto beatae vitae dicta sunt explicabo. Nemo enim ipsam voluptatem quia voluptas sit aspernatur aut odit aut fugit, sed quia consequuntur magni dolores eos qui ratione voluptatem sequi nesciunt. Neque porro quisquam est, qui dolorem ipsum quia dolor sit amet, consectetur, adipisci velit, sed quia non numquam eius modi tempora incidunt ut labore et dolore magnam aliquam quaerat voluptatem. Ut enim ad minima veniam, quis nostrum exercitationem ullam corporis suscipit laboriosam, nisi ut aliquid ex ea commodi consequatur? Quis autem vel eum iure reprehenderit qui in ea voluptate velit esse quam nihil molestiae consequatur, vel illum qui dolorem eum fugiat quo voluptas nulla pariatur?&lt;/p&gt;\r\n&lt;p&gt;But I must explain to you how all this mistaken idea of denouncing pleasure and praising pain was born and I will give you a complete account of the system, and expound the actual teachings of the great explorer of the truth, the master-builder of human happiness. No one rejects, dislikes, or avoids pleasure itself, because it is pleasure, but because those who do not know how to pursue pleasure rationally encounter consequences that are extremely painful. Nor again is there anyone who loves or pursues or desires to obtain pain of itself, because it is pain, but because occasionally circumstances occur in which toil and pain can procure him some great pleasure.&lt;/p&gt;</div>','2022-01-03 07:38:21','2022-01-03 07:38:21','2022-01-03 07:38:21',1,1,0,'magefan_blog/b-1.jpg',NULL,4,NULL,NULL,NULL,NULL,NULL,NULL,NULL,NULL,NULL,0,NULL,'<div data-content-type=\"html\" data-appearance=\"default\" data-element=\"main\">&lt;p&gt;Egestas mus a mus rhoncus adipiscing iaculis facilisis a eu nunc varius a per parturient vestibulum suspendisse aenean semper velit aliquam&lt;/p&gt;</div>',NULL),(13,'An Overnight Ride to Confidence',NULL,NULL,NULL,'an-overnight-ride-to-confidence',NULL,NULL,NULL,NULL,NULL,'<div data-content-type=\"html\" data-appearance=\"default\" data-element=\"main\">&lt;p&gt;Sed ut perspiciatis unde omnis iste natus error sit voluptatem accusantium doloremque laudantium, totam rem aperiam, eaque ipsa quae ab illo inventore veritatis et quasi architecto beatae vitae dicta sunt explicabo. Nemo enim ipsam voluptatem quia voluptas sit aspernatur aut odit aut fugit, sed quia consequuntur magni dolores eos qui ratione voluptatem sequi nesciunt. Neque porro quisquam est, qui dolorem ipsum quia dolor sit amet, consectetur, adipisci velit, sed quia non numquam eius modi tempora incidunt ut labore et dolore magnam aliquam quaerat voluptatem. Ut enim ad minima veniam, quis nostrum exercitationem ullam corporis suscipit laboriosam, nisi ut aliquid ex ea commodi consequatur? Quis autem vel eum iure reprehenderit qui in ea voluptate velit esse quam nihil molestiae consequatur, vel illum qui dolorem eum fugiat quo voluptas nulla pariatur?&lt;/p&gt;\r\n&lt;p&gt;But I must explain to you how all this mistaken idea of denouncing pleasure and praising pain was born and I will give you a complete account of the system, and expound the actual teachings of the great explorer of the truth, the master-builder of human happiness. No one rejects, dislikes, or avoids pleasure itself, because it is pleasure, but because those who do not know how to pursue pleasure rationally encounter consequences that are extremely painful. Nor again is there anyone who loves or pursues or desires to obtain pain of itself, because it is pain, but because occasionally circumstances occur in which toil and pain can procure him some great pleasure.&lt;/p&gt;</div>','2022-01-03 09:27:09','2022-01-03 09:27:09','2022-01-03 09:27:09',1,1,0,'magefan_blog/b-4.jpg',NULL,4,NULL,NULL,NULL,NULL,NULL,NULL,NULL,NULL,NULL,0,NULL,'<div data-content-type=\"html\" data-appearance=\"default\" data-element=\"main\">&lt;p&gt;Egestas mus a mus rhoncus adipiscing iaculis facilisis a eu nunc varius a per parturient vestibulum suspendisse aenean semper velit aliquam&lt;/p&gt;</div>',NULL);

--
-- Table structure for table `magefan_blog_post_category`
--

CREATE TABLE `magefan_blog_post_category` (
  `post_id` int(11) NOT NULL COMMENT 'Post ID',
  `category_id` int(11) NOT NULL COMMENT 'Category ID',
  PRIMARY KEY (`post_id`,`category_id`),
  KEY `MAGEFAN_BLOG_POST_CATEGORY_CATEGORY_ID` (`category_id`)
) ENGINE=InnoDB DEFAULT CHARSET=utf8 COMMENT='Magefan Blog Post To Category Linkage Table';

--
-- Dumping data for table `magefan_blog_post_category`
--

INSERT INTO `magefan_blog_post_category` VALUES (1,1),(2,1),(3,1),(4,1),(5,1),(6,1),(1,2),(3,2),(4,2),(5,2),(6,2),(1,3),(2,3),(3,3),(4,3),(5,3),(6,3),(1,4),(2,4),(3,4),(4,4),(5,4),(6,4),(1,5),(3,5),(4,5),(5,5),(6,5),(1,6),(2,6),(3,6),(4,6),(5,6),(6,6),(7,7),(8,7),(9,7),(10,8),(11,8),(12,8),(13,8);

--
-- Table structure for table `magefan_blog_post_relatedpost`
--

CREATE TABLE `magefan_blog_post_relatedpost` (
  `post_id` int(11) NOT NULL COMMENT 'Post ID',
  `related_id` int(11) NOT NULL COMMENT 'Related Post ID',
  `position` int(11) NOT NULL COMMENT 'Position',
  PRIMARY KEY (`post_id`,`related_id`),
  KEY `MAGEFAN_BLOG_POST_RELATEDPRODUCT_RELATED_ID` (`related_id`)
) ENGINE=InnoDB DEFAULT CHARSET=utf8 COMMENT='Magefan Blog Post To Post Linkage Table';

--
-- Dumping data for table `magefan_blog_post_relatedpost`
--


--
-- Table structure for table `magefan_blog_post_relatedproduct`
--

CREATE TABLE `magefan_blog_post_relatedproduct` (
  `post_id` int(11) NOT NULL COMMENT 'Post ID',
  `related_id` int(10) unsigned NOT NULL COMMENT 'Related Product ID',
  `position` int(11) NOT NULL COMMENT 'Position',
  PRIMARY KEY (`post_id`,`related_id`),
  KEY `MAGEFAN_BLOG_POST_RELATEDPRODUCT_RELATED_ID` (`related_id`)
) ENGINE=InnoDB DEFAULT CHARSET=utf8 COMMENT='Magefan Blog Post To Product Linkage Table';

--
-- Dumping data for table `magefan_blog_post_relatedproduct`
--


--
-- Table structure for table `magefan_blog_post_store`
--

CREATE TABLE `magefan_blog_post_store` (
  `post_id` int(11) NOT NULL COMMENT 'Post ID',
  `store_id` smallint(5) unsigned NOT NULL COMMENT 'Store ID',
  PRIMARY KEY (`post_id`,`store_id`),
  KEY `MAGEFAN_BLOG_POST_STORE_STORE_ID` (`store_id`)
) ENGINE=InnoDB DEFAULT CHARSET=utf8 COMMENT='Magefan Blog Post To Store Linkage Table';

--
-- Dumping data for table `magefan_blog_post_store`
--

INSERT INTO `magefan_blog_post_store` VALUES (1,0),(2,0),(3,0),(4,0),(5,0),(6,0);

--
-- Table structure for table `magefan_blog_post_tag`
--

CREATE TABLE `magefan_blog_post_tag` (
  `post_id` int(11) NOT NULL COMMENT 'Post ID',
  `tag_id` int(11) NOT NULL COMMENT 'Tag ID',
  PRIMARY KEY (`post_id`,`tag_id`),
  KEY `MAGEFAN_BLOG_POST_TAG_TAG_ID` (`tag_id`)
) ENGINE=InnoDB DEFAULT CHARSET=utf8 COMMENT='Magefan Blog Post To Category Linkage Table';

--
-- Dumping data for table `magefan_blog_post_tag`
--

INSERT INTO `magefan_blog_post_tag` VALUES (1,1),(2,1),(4,1),(1,2),(2,2),(5,2),(6,2),(1,3),(2,3),(6,3),(1,4),(6,4),(1,5),(4,6),(5,7);

--
-- Table structure for table `magefan_blog_tag`
--

CREATE TABLE `magefan_blog_tag` (
  `tag_id` int(11) NOT NULL AUTO_INCREMENT COMMENT 'Tag ID',
  `title` varchar(255) DEFAULT NULL COMMENT 'Tag Title',
  `meta_robots` varchar(255) DEFAULT NULL COMMENT 'Tag Default Robots',
  `meta_description` varchar(255) DEFAULT NULL COMMENT 'Tag Meta Description',
  `meta_keywords` varchar(255) DEFAULT NULL COMMENT 'Tag Meta Keywords',
  `meta_title` varchar(255) DEFAULT NULL COMMENT 'Tag Meta Title',
  `identifier` varchar(100) DEFAULT NULL COMMENT 'Tag String Identifier',
  `page_layout` varchar(255) DEFAULT NULL COMMENT 'Tag Layout',
  `is_active` smallint(6) NOT NULL DEFAULT '1' COMMENT 'Is Tag Active',
  `content` mediumtext COMMENT 'Tag Content',
  `layout_update_xml` text COMMENT 'Tag Layout Update Content',
  `custom_theme` varchar(100) DEFAULT NULL COMMENT 'Tag Custom Theme',
  `custom_layout` varchar(255) DEFAULT NULL COMMENT 'Tag Custom Template',
  `custom_layout_update_xml` text COMMENT 'Tag Custom Layout Update Content',
  `custom_theme_from` date DEFAULT NULL COMMENT 'Tag Custom Theme Active From Date',
  `custom_theme_to` date DEFAULT NULL COMMENT 'Tag Custom Theme Active To Date',
  PRIMARY KEY (`tag_id`),
  KEY `MAGEFAN_BLOG_TAG_IDENTIFIER` (`identifier`),
  KEY `MAGEFAN_BLOG_TAG_IS_ACTIVE` (`is_active`)
) ENGINE=InnoDB AUTO_INCREMENT=8 DEFAULT CHARSET=utf8 COMMENT='Magefan Blog Tag Table';

--
-- Dumping data for table `magefan_blog_tag`
--

INSERT INTO `magefan_blog_tag` VALUES (1,'magentech',NULL,NULL,NULL,NULL,'magentech',NULL,1,NULL,NULL,NULL,NULL,NULL,NULL,NULL),(2,'market',NULL,NULL,NULL,NULL,'market',NULL,1,NULL,NULL,NULL,NULL,NULL,NULL,NULL),(3,'topmart',NULL,NULL,NULL,NULL,'topmart',NULL,1,NULL,NULL,NULL,NULL,NULL,NULL,NULL),(4,'venuse',NULL,NULL,NULL,NULL,'venuse',NULL,1,NULL,NULL,NULL,NULL,NULL,NULL,NULL),(5,'theme',NULL,NULL,NULL,NULL,'theme',NULL,1,NULL,NULL,NULL,NULL,NULL,NULL,NULL),(6,'magetheme',NULL,NULL,NULL,NULL,'magetheme',NULL,1,NULL,NULL,NULL,NULL,NULL,NULL,NULL),(7,'sm-market',NULL,NULL,NULL,NULL,'sm-market',NULL,1,NULL,NULL,NULL,NULL,NULL,NULL,NULL);

--
-- Table structure for table `magefan_blog_tag_store`
--

CREATE TABLE `magefan_blog_tag_store` (
  `tag_id` int(11) NOT NULL COMMENT 'Tag ID',
  `store_id` smallint(5) unsigned NOT NULL COMMENT 'Store ID',
  PRIMARY KEY (`tag_id`,`store_id`),
  KEY `MAGEFAN_BLOG_TAG_STORE_STORE_ID` (`store_id`)
) ENGINE=InnoDB DEFAULT CHARSET=utf8 COMMENT='Magefan Blog Tag To Store Linkage Table';

--
-- Dumping data for table `magefan_blog_tag_store`
--

INSERT INTO `magefan_blog_tag_store` VALUES (1,0),(2,0),(3,0),(4,0),(5,0),(6,0),(7,0);

--
-- Table structure for table `magento_acknowledged_bulk`
--

CREATE TABLE `magento_acknowledged_bulk` (
  `id` int(10) unsigned NOT NULL AUTO_INCREMENT COMMENT 'Internal ID',
  `bulk_uuid` varbinary(39) DEFAULT NULL COMMENT 'Related Bulk UUID',
  PRIMARY KEY (`id`),
  UNIQUE KEY `MAGENTO_ACKNOWLEDGED_BULK_BULK_UUID` (`bulk_uuid`),
  CONSTRAINT `MAGENTO_ACKNOWLEDGED_BULK_BULK_UUID_MAGENTO_BULK_UUID` FOREIGN KEY (`bulk_uuid`) REFERENCES `magento_bulk` (`uuid`) ON DELETE CASCADE
) ENGINE=InnoDB AUTO_INCREMENT=3 DEFAULT CHARSET=utf8 COMMENT='Bulk that was viewed by user from notification area';

--
-- Dumping data for table `magento_acknowledged_bulk`
--

INSERT INTO `magento_acknowledged_bulk` VALUES (1,_binary '7b9391f5-6c12-427c-ad0d-565ee548b936'),(2,_binary 'b3ede588-8019-433b-a2dc-7f5a2a3d8416');

--
-- Table structure for table `magento_bulk`
--

CREATE TABLE `magento_bulk` (
  `id` int(10) unsigned NOT NULL AUTO_INCREMENT COMMENT 'Bulk Internal ID (must not be exposed)',
  `uuid` varbinary(39) DEFAULT NULL COMMENT 'Bulk UUID (can be exposed to reference bulk entity)',
  `user_id` int(10) unsigned DEFAULT NULL COMMENT 'ID of the WebAPI user that performed an action',
  `user_type` int(11) DEFAULT NULL COMMENT 'Which type of user',
  `description` varchar(255) DEFAULT NULL COMMENT 'Bulk Description',
  `operation_count` int(10) unsigned NOT NULL COMMENT 'Total number of operations scheduled within this bulk',
  `start_time` timestamp NOT NULL DEFAULT CURRENT_TIMESTAMP COMMENT 'Bulk start time',
  PRIMARY KEY (`id`),
  UNIQUE KEY `MAGENTO_BULK_UUID` (`uuid`),
  KEY `MAGENTO_BULK_USER_ID` (`user_id`),
  KEY `MAGENTO_BULK_START_TIME` (`start_time`)
) ENGINE=InnoDB AUTO_INCREMENT=4 DEFAULT CHARSET=utf8 COMMENT='Bulk entity that represents set of related asynchronous operations';

--
-- Dumping data for table `magento_bulk`
--

INSERT INTO `magento_bulk` VALUES (1,_binary 'b3ede588-8019-433b-a2dc-7f5a2a3d8416',6,2,'Update attributes for 34 selected products',1,'2022-04-28 07:46:14'),(2,_binary '7b9391f5-6c12-427c-ad0d-565ee548b936',6,2,'Update attributes for 34 selected products',1,'2022-04-28 07:49:33'),(3,_binary 'e8b9ca56-4ce9-4131-aeb1-a63db2bec5dd',10,2,'Update attributes for 761 selected products',8,'2022-08-08 11:47:03');

--
-- Table structure for table `magento_login_as_customer_log`
--

CREATE TABLE `magento_login_as_customer_log` (
  `log_id` int(11) NOT NULL AUTO_INCREMENT COMMENT 'Log Id',
  `time` timestamp NULL DEFAULT NULL COMMENT 'Event Date',
  `user_id` int(10) unsigned DEFAULT NULL COMMENT 'User Id',
  `user_name` varchar(40) DEFAULT NULL COMMENT 'User Name',
  `customer_id` int(10) unsigned DEFAULT NULL COMMENT 'Customer Id',
  `customer_email` varchar(40) DEFAULT NULL COMMENT 'Customer email',
  PRIMARY KEY (`log_id`),
  KEY `MAGENTO_LOGIN_AS_CUSTOMER_LOG_USER_ID` (`user_id`)
) ENGINE=InnoDB DEFAULT CHARSET=utf8 COMMENT='Login as Customer Logging';

--
-- Dumping data for table `magento_login_as_customer_log`
--


--
-- Table structure for table `magento_operation`
--

CREATE TABLE `magento_operation` (
  `id` int(10) unsigned NOT NULL AUTO_INCREMENT COMMENT 'Operation ID',
  `operation_key` int(10) unsigned DEFAULT NULL COMMENT 'Operation Key',
  `bulk_uuid` varbinary(39) DEFAULT NULL COMMENT 'Related Bulk UUID',
  `topic_name` varchar(255) DEFAULT NULL COMMENT 'Name of the related message queue topic',
  `serialized_data` blob COMMENT 'Data (serialized) required to perform an operation',
  `result_serialized_data` blob COMMENT 'Result data (serialized) after perform an operation',
  `status` smallint(6) DEFAULT '0' COMMENT 'Operation status (OPEN | COMPLETE | RETRIABLY_FAILED | NOT_RETRIABLY_FAILED)',
  `error_code` smallint(6) DEFAULT NULL COMMENT 'Code of the error that appeared during operation execution (used to aggregate related failed operations)',
  `result_message` varchar(255) DEFAULT NULL COMMENT 'Operation result message',
  PRIMARY KEY (`id`),
  KEY `MAGENTO_OPERATION_BULK_UUID_ERROR_CODE` (`bulk_uuid`,`error_code`),
  CONSTRAINT `MAGENTO_OPERATION_BULK_UUID_MAGENTO_BULK_UUID` FOREIGN KEY (`bulk_uuid`) REFERENCES `magento_bulk` (`uuid`) ON DELETE CASCADE
) ENGINE=InnoDB AUTO_INCREMENT=3 DEFAULT CHARSET=utf8 COMMENT='Operation entity';

--
-- Dumping data for table `magento_operation`
--

INSERT INTO `magento_operation` VALUES (1,NULL,_binary '7b9391f5-6c12-427c-ad0d-565ee548b936','product_action_attribute.update',_binary '{\"meta_information\":\"Update product attributes\",\"product_ids\":[\"264\",\"265\",\"266\",\"267\",\"268\",\"269\",\"270\",\"271\",\"272\",\"273\",\"274\",\"275\",\"276\",\"277\",\"278\",\"279\",\"280\",\"281\",\"282\",\"283\",\"284\",\"285\",\"286\",\"287\",\"288\",\"289\",\"290\",\"291\",\"292\",\"293\",\"294\",\"295\",\"296\",\"297\"],\"store_id\":0,\"website_id\":\"0\",\"attributes\":{\"product_has_weight\":\"1\"}}',NULL,1,NULL,NULL),(2,NULL,_binary 'b3ede588-8019-433b-a2dc-7f5a2a3d8416','product_action_attribute.website.update',_binary '{\"meta_information\":\"Update website assign\",\"product_ids\":[\"264\",\"265\",\"266\",\"267\",\"268\",\"269\",\"270\",\"271\",\"272\",\"273\",\"274\",\"275\",\"276\",\"277\",\"278\",\"279\",\"280\",\"281\",\"282\",\"283\",\"284\",\"285\",\"286\",\"287\",\"288\",\"289\",\"290\",\"291\",\"292\",\"293\",\"294\",\"295\",\"296\",\"297\"],\"store_id\":0,\"website_id\":\"0\",\"attributes\":{\"website_assign\":[\"1\"],\"website_detach\":[]}}',NULL,1,NULL,NULL);

--
-- Table structure for table `mageplaza_smtp_abandonedcart`
--

CREATE TABLE `mageplaza_smtp_abandonedcart` (
  `id` int(10) unsigned NOT NULL AUTO_INCREMENT COMMENT 'Log Id',
  `log_ids` varchar(255) DEFAULT NULL COMMENT 'Log Ids',
  `token` varchar(255) DEFAULT NULL COMMENT 'Token',
  `quote_id` int(10) unsigned NOT NULL DEFAULT '0' COMMENT 'Quote Id',
  `status` smallint(6) NOT NULL COMMENT 'Status',
  `created_at` timestamp NULL DEFAULT CURRENT_TIMESTAMP COMMENT 'Created At',
  PRIMARY KEY (`id`),
  KEY `MAGEPLAZA_SMTP_ABANDONEDCART_QUOTE_ID_QUOTE_ENTITY_ID` (`quote_id`),
  CONSTRAINT `MAGEPLAZA_SMTP_ABANDONEDCART_QUOTE_ID_QUOTE_ENTITY_ID` FOREIGN KEY (`quote_id`) REFERENCES `quote` (`entity_id`) ON DELETE CASCADE
) ENGINE=InnoDB DEFAULT CHARSET=utf8 COMMENT='SMTP Abandoned Cart';

--
-- Dumping data for table `mageplaza_smtp_abandonedcart`
--


--
-- Table structure for table `mageplaza_smtp_log`
--

CREATE TABLE `mageplaza_smtp_log` (
  `id` int(10) unsigned NOT NULL AUTO_INCREMENT COMMENT 'Log ID',
  `subject` varchar(255) DEFAULT NULL COMMENT 'Email Subject',
  `email_content` text COMMENT 'Email Content',
  `status` smallint(6) NOT NULL COMMENT 'Status',
  `created_at` timestamp NULL DEFAULT NULL COMMENT 'Created At',
  `sender` varchar(255) DEFAULT NULL COMMENT 'Sender',
  `recipient` varchar(255) DEFAULT NULL COMMENT 'Recipient',
  `cc` varchar(255) DEFAULT NULL COMMENT 'Cc',
  `bcc` varchar(255) DEFAULT NULL COMMENT 'Bcc',
  PRIMARY KEY (`id`),
  KEY `MAGEPLAZA_SMTP_LOG_STATUS` (`status`)
) ENGINE=InnoDB DEFAULT CHARSET=utf8 COMMENT='mageplaza_smtp_log';

--
-- Dumping data for table `mageplaza_smtp_log`
--


--
-- Table structure for table `media_content_asset`
--

CREATE TABLE `media_content_asset` (
  `asset_id` int(10) unsigned NOT NULL COMMENT 'Entity ID',
  `entity_type` varchar(255) NOT NULL COMMENT 'Content type',
  `entity_id` varchar(255) NOT NULL COMMENT 'Content entity id',
  `field` varchar(255) NOT NULL COMMENT 'Content field',
  PRIMARY KEY (`entity_type`,`entity_id`,`field`,`asset_id`),
  KEY `MEDIA_CONTENT_ASSET_ASSET_ID` (`asset_id`)
) ENGINE=InnoDB DEFAULT CHARSET=utf8 COMMENT='Relation between media content and media asset';

--
-- Dumping data for table `media_content_asset`
--


--
-- Table structure for table `media_gallery_asset`
--

CREATE TABLE `media_gallery_asset` (
  `id` int(10) unsigned NOT NULL AUTO_INCREMENT COMMENT 'Entity ID',
  `path` text COMMENT 'Path',
  `title` varchar(255) DEFAULT NULL COMMENT 'Title',
  `description` text COMMENT 'Description',
  `source` varchar(255) DEFAULT NULL COMMENT 'Source',
  `hash` varchar(255) DEFAULT NULL COMMENT 'File hash',
  `content_type` varchar(255) DEFAULT NULL COMMENT 'Content Type',
  `width` int(10) unsigned NOT NULL DEFAULT '0' COMMENT 'Width',
  `height` int(10) unsigned NOT NULL DEFAULT '0' COMMENT 'Height',
  `size` int(10) unsigned NOT NULL COMMENT 'Asset file size in bytes',
  `created_at` timestamp NOT NULL DEFAULT CURRENT_TIMESTAMP COMMENT 'Created At',
  `updated_at` timestamp NOT NULL DEFAULT CURRENT_TIMESTAMP ON UPDATE CURRENT_TIMESTAMP COMMENT 'Updated At',
  PRIMARY KEY (`id`),
  KEY `MEDIA_GALLERY_ASSET_ID` (`id`),
  FULLTEXT KEY `MEDIA_GALLERY_ASSET_TITLE` (`title`)
) ENGINE=InnoDB DEFAULT CHARSET=utf8 COMMENT='Media Gallery Asset';

--
-- Dumping data for table `media_gallery_asset`
--


--
-- Table structure for table `media_gallery_asset_keyword`
--

CREATE TABLE `media_gallery_asset_keyword` (
  `keyword_id` int(10) unsigned NOT NULL COMMENT 'Keyword Id',
  `asset_id` int(10) unsigned NOT NULL COMMENT 'Asset ID',
  PRIMARY KEY (`keyword_id`,`asset_id`),
  KEY `MEDIA_GALLERY_ASSET_KEYWORD_ASSET_ID` (`asset_id`),
  KEY `MEDIA_GALLERY_ASSET_KEYWORD_KEYWORD_ID` (`keyword_id`),
  CONSTRAINT `MEDIA_GALLERY_ASSET_KEYWORD_ASSET_ID_MEDIA_GALLERY_ASSET_ID` FOREIGN KEY (`asset_id`) REFERENCES `media_gallery_asset` (`id`) ON DELETE CASCADE,
  CONSTRAINT `MEDIA_GALLERY_ASSET_KEYWORD_KEYWORD_ID_MEDIA_GALLERY_KEYWORD_ID` FOREIGN KEY (`keyword_id`) REFERENCES `media_gallery_keyword` (`id`) ON DELETE CASCADE
) ENGINE=InnoDB DEFAULT CHARSET=utf8 COMMENT='Media Gallery Asset Keyword';

--
-- Dumping data for table `media_gallery_asset_keyword`
--


--
-- Table structure for table `media_gallery_keyword`
--

CREATE TABLE `media_gallery_keyword` (
  `id` int(10) unsigned NOT NULL AUTO_INCREMENT COMMENT 'Keyword ID',
  `keyword` varchar(255) NOT NULL COMMENT 'Keyword',
  PRIMARY KEY (`id`),
  UNIQUE KEY `MEDIA_GALLERY_KEYWORD_KEYWORD` (`keyword`),
  KEY `MEDIA_GALLERY_KEYWORD_ID` (`id`)
) ENGINE=InnoDB DEFAULT CHARSET=utf8 COMMENT='Media Gallery Keyword';

--
-- Dumping data for table `media_gallery_keyword`
--


--
-- Table structure for table `mgs_brand`
--

CREATE TABLE `mgs_brand` (
  `brand_id` int(10) unsigned NOT NULL AUTO_INCREMENT COMMENT 'Brand Id',
  `name` varchar(250) NOT NULL COMMENT 'Name',
  `url_key` varchar(250) NOT NULL COMMENT 'Url Key',
  `small_image` text COMMENT 'Small Image',
  `image` text COMMENT 'Image',
  `description` text COMMENT 'Description',
  `meta_keywords` text COMMENT 'Meta Keywords',
  `meta_description` text COMMENT 'Meta Description',
  `status` smallint(6) NOT NULL DEFAULT '1' COMMENT 'Status',
  `is_featured` smallint(6) NOT NULL DEFAULT '0' COMMENT 'Featured Brand',
  `sort_order` int(11) NOT NULL DEFAULT '0' COMMENT 'Sort Order',
  `option_id` int(10) unsigned NOT NULL DEFAULT '0' COMMENT 'Option Id',
  PRIMARY KEY (`brand_id`)
) ENGINE=InnoDB DEFAULT CHARSET=utf8 COMMENT='Brands';

--
-- Dumping data for table `mgs_brand`
--


--
-- Table structure for table `mgs_brand_product`
--

CREATE TABLE `mgs_brand_product` (
  `entity_id` int(10) unsigned NOT NULL AUTO_INCREMENT COMMENT 'Entity Id',
  `brand_id` int(10) unsigned NOT NULL COMMENT 'Brand Id',
  `product_id` int(10) unsigned NOT NULL COMMENT 'Product Id',
  `position` int(10) unsigned NOT NULL COMMENT 'Position',
  PRIMARY KEY (`entity_id`)
) ENGINE=InnoDB DEFAULT CHARSET=utf8 COMMENT='Products of Brand';

--
-- Dumping data for table `mgs_brand_product`
--


--
-- Table structure for table `mgs_brand_store`
--

CREATE TABLE `mgs_brand_store` (
  `brand_id` int(10) unsigned NOT NULL COMMENT 'Brand Id',
  `store_id` smallint(5) unsigned NOT NULL COMMENT 'Store Id',
  PRIMARY KEY (`brand_id`,`store_id`),
  KEY `MGS_BRAND_STORE_STORE_ID` (`store_id`),
  CONSTRAINT `MGS_BRAND_STORE_BRAND_ID_MGS_BRAND_BRAND_ID` FOREIGN KEY (`brand_id`) REFERENCES `mgs_brand` (`brand_id`) ON DELETE CASCADE,
  CONSTRAINT `MGS_BRAND_STORE_STORE_ID_STORE_STORE_ID` FOREIGN KEY (`store_id`) REFERENCES `store` (`store_id`) ON DELETE CASCADE
) ENGINE=InnoDB DEFAULT CHARSET=utf8 COMMENT='Brands of Store';

--
-- Dumping data for table `mgs_brand_store`
--


--
-- Table structure for table `mview_state`
--

CREATE TABLE `mview_state` (
  `state_id` int(10) unsigned NOT NULL AUTO_INCREMENT COMMENT 'View State ID',
  `view_id` varchar(255) DEFAULT NULL COMMENT 'View ID',
  `mode` varchar(16) DEFAULT 'disabled' COMMENT 'View Mode',
  `status` varchar(16) DEFAULT 'idle' COMMENT 'View Status',
  `updated` datetime DEFAULT NULL COMMENT 'View updated time',
  `version_id` int(10) unsigned DEFAULT NULL COMMENT 'View Version ID',
  PRIMARY KEY (`state_id`),
  KEY `MVIEW_STATE_VIEW_ID` (`view_id`),
  KEY `MVIEW_STATE_MODE` (`mode`)
) ENGINE=InnoDB DEFAULT CHARSET=utf8 COMMENT='View State';

--
-- Dumping data for table `mview_state`
--


--
-- Table structure for table `newsletter_problem`
--

CREATE TABLE `newsletter_problem` (
  `problem_id` int(10) unsigned NOT NULL AUTO_INCREMENT COMMENT 'Problem ID',
  `subscriber_id` int(10) unsigned DEFAULT NULL COMMENT 'Subscriber ID',
  `queue_id` int(10) unsigned NOT NULL DEFAULT '0' COMMENT 'Queue ID',
  `problem_error_code` int(10) unsigned DEFAULT '0' COMMENT 'Problem Error Code',
  `problem_error_text` varchar(200) DEFAULT NULL COMMENT 'Problem Error Text',
  PRIMARY KEY (`problem_id`),
  KEY `NEWSLETTER_PROBLEM_SUBSCRIBER_ID` (`subscriber_id`),
  KEY `NEWSLETTER_PROBLEM_QUEUE_ID` (`queue_id`),
  CONSTRAINT `NEWSLETTER_PROBLEM_QUEUE_ID_NEWSLETTER_QUEUE_QUEUE_ID` FOREIGN KEY (`queue_id`) REFERENCES `newsletter_queue` (`queue_id`) ON DELETE CASCADE,
  CONSTRAINT `NLTTR_PROBLEM_SUBSCRIBER_ID_NLTTR_SUBSCRIBER_SUBSCRIBER_ID` FOREIGN KEY (`subscriber_id`) REFERENCES `newsletter_subscriber` (`subscriber_id`) ON DELETE CASCADE
) ENGINE=InnoDB DEFAULT CHARSET=utf8 COMMENT='Newsletter Problems';

--
-- Dumping data for table `newsletter_problem`
--


--
-- Table structure for table `newsletter_queue`
--

CREATE TABLE `newsletter_queue` (
  `queue_id` int(10) unsigned NOT NULL AUTO_INCREMENT COMMENT 'Queue ID',
  `template_id` int(10) unsigned NOT NULL DEFAULT '0' COMMENT 'Template ID',
  `newsletter_type` int(11) DEFAULT NULL COMMENT 'Newsletter Type',
  `newsletter_text` text COMMENT 'Newsletter Text',
  `newsletter_styles` text COMMENT 'Newsletter Styles',
  `newsletter_subject` varchar(200) DEFAULT NULL COMMENT 'Newsletter Subject',
  `newsletter_sender_name` varchar(200) DEFAULT NULL COMMENT 'Newsletter Sender Name',
  `newsletter_sender_email` varchar(200) DEFAULT NULL COMMENT 'Newsletter Sender Email',
  `queue_status` int(10) unsigned NOT NULL DEFAULT '0' COMMENT 'Queue Status',
  `queue_start_at` timestamp NULL DEFAULT NULL COMMENT 'Queue Start At',
  `queue_finish_at` timestamp NULL DEFAULT NULL COMMENT 'Queue Finish At',
  PRIMARY KEY (`queue_id`),
  KEY `NEWSLETTER_QUEUE_TEMPLATE_ID` (`template_id`),
  CONSTRAINT `NEWSLETTER_QUEUE_TEMPLATE_ID_NEWSLETTER_TEMPLATE_TEMPLATE_ID` FOREIGN KEY (`template_id`) REFERENCES `newsletter_template` (`template_id`) ON DELETE CASCADE
) ENGINE=InnoDB DEFAULT CHARSET=utf8 COMMENT='Newsletter Queue';

--
-- Dumping data for table `newsletter_queue`
--


--
-- Table structure for table `newsletter_queue_link`
--

CREATE TABLE `newsletter_queue_link` (
  `queue_link_id` int(10) unsigned NOT NULL AUTO_INCREMENT COMMENT 'Queue Link ID',
  `queue_id` int(10) unsigned NOT NULL DEFAULT '0' COMMENT 'Queue ID',
  `subscriber_id` int(10) unsigned NOT NULL DEFAULT '0' COMMENT 'Subscriber ID',
  `letter_sent_at` timestamp NULL DEFAULT NULL COMMENT 'Letter Sent At',
  PRIMARY KEY (`queue_link_id`),
  KEY `NEWSLETTER_QUEUE_LINK_SUBSCRIBER_ID` (`subscriber_id`),
  KEY `NEWSLETTER_QUEUE_LINK_QUEUE_ID_LETTER_SENT_AT` (`queue_id`,`letter_sent_at`),
  CONSTRAINT `NEWSLETTER_QUEUE_LINK_QUEUE_ID_NEWSLETTER_QUEUE_QUEUE_ID` FOREIGN KEY (`queue_id`) REFERENCES `newsletter_queue` (`queue_id`) ON DELETE CASCADE,
  CONSTRAINT `NLTTR_QUEUE_LNK_SUBSCRIBER_ID_NLTTR_SUBSCRIBER_SUBSCRIBER_ID` FOREIGN KEY (`subscriber_id`) REFERENCES `newsletter_subscriber` (`subscriber_id`) ON DELETE CASCADE
) ENGINE=InnoDB DEFAULT CHARSET=utf8 COMMENT='Newsletter Queue Link';

--
-- Dumping data for table `newsletter_queue_link`
--


--
-- Table structure for table `newsletter_queue_store_link`
--

CREATE TABLE `newsletter_queue_store_link` (
  `queue_id` int(10) unsigned NOT NULL DEFAULT '0' COMMENT 'Queue ID',
  `store_id` smallint(5) unsigned NOT NULL DEFAULT '0' COMMENT 'Store ID',
  PRIMARY KEY (`queue_id`,`store_id`),
  KEY `NEWSLETTER_QUEUE_STORE_LINK_STORE_ID` (`store_id`),
  CONSTRAINT `NEWSLETTER_QUEUE_STORE_LINK_QUEUE_ID_NEWSLETTER_QUEUE_QUEUE_ID` FOREIGN KEY (`queue_id`) REFERENCES `newsletter_queue` (`queue_id`) ON DELETE CASCADE,
  CONSTRAINT `NEWSLETTER_QUEUE_STORE_LINK_STORE_ID_STORE_STORE_ID` FOREIGN KEY (`store_id`) REFERENCES `store` (`store_id`) ON DELETE CASCADE
) ENGINE=InnoDB DEFAULT CHARSET=utf8 COMMENT='Newsletter Queue Store Link';

--
-- Dumping data for table `newsletter_queue_store_link`
--


--
-- Table structure for table `newsletter_subscriber`
--

CREATE TABLE `newsletter_subscriber` (
  `subscriber_id` int(10) unsigned NOT NULL AUTO_INCREMENT COMMENT 'Subscriber ID',
  `store_id` smallint(5) unsigned DEFAULT '0' COMMENT 'Store ID',
  `change_status_at` timestamp NULL DEFAULT NULL COMMENT 'Change Status At',
  `customer_id` int(10) unsigned NOT NULL DEFAULT '0' COMMENT 'Customer ID',
  `subscriber_email` varchar(150) DEFAULT NULL COMMENT 'Subscriber Email',
  `subscriber_status` int(11) NOT NULL DEFAULT '0' COMMENT 'Subscriber Status',
  `subscriber_confirm_code` varchar(32) DEFAULT 'NULL' COMMENT 'Subscriber Confirm Code',
  `mp_smtp_email_marketing_synced` smallint(6) DEFAULT '0' COMMENT 'Mp SMTP Email Marketing synced',
  PRIMARY KEY (`subscriber_id`),
  KEY `NEWSLETTER_SUBSCRIBER_CUSTOMER_ID` (`customer_id`),
  KEY `NEWSLETTER_SUBSCRIBER_STORE_ID` (`store_id`),
  KEY `NEWSLETTER_SUBSCRIBER_SUBSCRIBER_EMAIL` (`subscriber_email`),
  CONSTRAINT `NEWSLETTER_SUBSCRIBER_STORE_ID_STORE_STORE_ID` FOREIGN KEY (`store_id`) REFERENCES `store` (`store_id`) ON DELETE SET NULL
) ENGINE=InnoDB DEFAULT CHARSET=utf8 COMMENT='Newsletter Subscriber';

--
-- Dumping data for table `newsletter_subscriber`
--


--
-- Table structure for table `newsletter_template`
--

CREATE TABLE `newsletter_template` (
  `template_id` int(10) unsigned NOT NULL AUTO_INCREMENT COMMENT 'Template ID',
  `template_code` varchar(150) DEFAULT NULL COMMENT 'Template Code',
  `template_text` text COMMENT 'Template Text',
  `template_styles` text COMMENT 'Template Styles',
  `template_type` int(10) unsigned DEFAULT NULL COMMENT 'Template Type',
  `template_subject` varchar(200) DEFAULT NULL COMMENT 'Template Subject',
  `template_sender_name` varchar(200) DEFAULT NULL COMMENT 'Template Sender Name',
  `template_sender_email` varchar(200) DEFAULT NULL COMMENT 'Template Sender Email',
  `template_actual` smallint(5) unsigned DEFAULT '1' COMMENT 'Template Actual',
  `added_at` timestamp NULL DEFAULT NULL COMMENT 'Added At',
  `modified_at` timestamp NULL DEFAULT NULL COMMENT 'Modified At',
  `is_legacy` tinyint(1) NOT NULL DEFAULT '0' COMMENT 'Should the template render in legacy mode',
  PRIMARY KEY (`template_id`),
  KEY `NEWSLETTER_TEMPLATE_TEMPLATE_ACTUAL` (`template_actual`),
  KEY `NEWSLETTER_TEMPLATE_ADDED_AT` (`added_at`),
  KEY `NEWSLETTER_TEMPLATE_MODIFIED_AT` (`modified_at`)
) ENGINE=InnoDB DEFAULT CHARSET=utf8 COMMENT='Newsletter Template';

--
-- Dumping data for table `newsletter_template`
--


--
-- Table structure for table `oauth_consumer`
--

CREATE TABLE `oauth_consumer` (
  `entity_id` int(10) unsigned NOT NULL AUTO_INCREMENT COMMENT 'Entity ID',
  `created_at` timestamp NOT NULL DEFAULT CURRENT_TIMESTAMP COMMENT 'Created At',
  `updated_at` timestamp NULL DEFAULT '0000-00-00 00:00:00' ON UPDATE CURRENT_TIMESTAMP COMMENT 'Updated At',
  `name` varchar(255) NOT NULL COMMENT 'Name of consumer',
  `key` varchar(32) NOT NULL COMMENT 'Key code',
  `secret` varchar(32) NOT NULL COMMENT 'Secret code',
  `callback_url` text COMMENT 'Callback URL',
  `rejected_callback_url` text NOT NULL COMMENT 'Rejected callback URL',
  PRIMARY KEY (`entity_id`),
  UNIQUE KEY `OAUTH_CONSUMER_KEY` (`key`),
  UNIQUE KEY `OAUTH_CONSUMER_SECRET` (`secret`),
  KEY `OAUTH_CONSUMER_CREATED_AT` (`created_at`),
  KEY `OAUTH_CONSUMER_UPDATED_AT` (`updated_at`)
) ENGINE=InnoDB DEFAULT CHARSET=utf8 COMMENT='OAuth Consumers';

--
-- Dumping data for table `oauth_consumer`
--


--
-- Table structure for table `oauth_nonce`
--

CREATE TABLE `oauth_nonce` (
  `nonce` varchar(32) NOT NULL COMMENT 'Nonce String',
  `timestamp` int(10) unsigned NOT NULL COMMENT 'Nonce Timestamp',
  `consumer_id` int(10) unsigned NOT NULL COMMENT 'Consumer ID',
  PRIMARY KEY (`nonce`,`consumer_id`),
  KEY `OAUTH_NONCE_CONSUMER_ID_OAUTH_CONSUMER_ENTITY_ID` (`consumer_id`),
  KEY `OAUTH_NONCE_TIMESTAMP` (`timestamp`),
  CONSTRAINT `OAUTH_NONCE_CONSUMER_ID_OAUTH_CONSUMER_ENTITY_ID` FOREIGN KEY (`consumer_id`) REFERENCES `oauth_consumer` (`entity_id`) ON DELETE CASCADE
) ENGINE=InnoDB DEFAULT CHARSET=utf8 COMMENT='OAuth Nonce';

--
-- Dumping data for table `oauth_nonce`
--


--
-- Table structure for table `oauth_token`
--

CREATE TABLE `oauth_token` (
  `entity_id` int(10) unsigned NOT NULL AUTO_INCREMENT COMMENT 'Entity ID',
  `consumer_id` int(10) unsigned DEFAULT NULL COMMENT 'Oauth Consumer ID',
  `admin_id` int(10) unsigned DEFAULT NULL COMMENT 'Admin user ID',
  `customer_id` int(10) unsigned DEFAULT NULL COMMENT 'Customer user ID',
  `type` varchar(16) NOT NULL COMMENT 'Token Type',
  `token` varchar(32) NOT NULL COMMENT 'Token',
  `secret` varchar(32) NOT NULL COMMENT 'Token Secret',
  `verifier` varchar(32) DEFAULT NULL COMMENT 'Token Verifier',
  `callback_url` text NOT NULL COMMENT 'Token Callback URL',
  `revoked` smallint(5) unsigned NOT NULL DEFAULT '0' COMMENT 'Is Token revoked',
  `authorized` smallint(5) unsigned NOT NULL DEFAULT '0' COMMENT 'Is Token authorized',
  `user_type` int(11) DEFAULT NULL COMMENT 'User type',
  `created_at` timestamp NOT NULL DEFAULT CURRENT_TIMESTAMP COMMENT 'Token creation timestamp',
  PRIMARY KEY (`entity_id`),
  UNIQUE KEY `OAUTH_TOKEN_TOKEN` (`token`),
  KEY `OAUTH_TOKEN_ADMIN_ID_ADMIN_USER_USER_ID` (`admin_id`),
  KEY `OAUTH_TOKEN_CUSTOMER_ID_CUSTOMER_ENTITY_ENTITY_ID` (`customer_id`),
  KEY `OAUTH_TOKEN_CONSUMER_ID` (`consumer_id`),
  CONSTRAINT `OAUTH_TOKEN_ADMIN_ID_ADMIN_USER_USER_ID` FOREIGN KEY (`admin_id`) REFERENCES `admin_user` (`user_id`) ON DELETE CASCADE,
  CONSTRAINT `OAUTH_TOKEN_CONSUMER_ID_OAUTH_CONSUMER_ENTITY_ID` FOREIGN KEY (`consumer_id`) REFERENCES `oauth_consumer` (`entity_id`) ON DELETE CASCADE,
  CONSTRAINT `OAUTH_TOKEN_CUSTOMER_ID_CUSTOMER_ENTITY_ENTITY_ID` FOREIGN KEY (`customer_id`) REFERENCES `customer_entity` (`entity_id`) ON DELETE CASCADE
) ENGINE=InnoDB DEFAULT CHARSET=utf8 COMMENT='OAuth Tokens';

--
-- Dumping data for table `oauth_token`
--


--
-- Table structure for table `oauth_token_request_log`
--

CREATE TABLE `oauth_token_request_log` (
  `log_id` int(10) unsigned NOT NULL AUTO_INCREMENT COMMENT 'Log ID',
  `user_name` varchar(255) NOT NULL COMMENT 'Customer email or admin login',
  `user_type` smallint(5) unsigned NOT NULL COMMENT 'User type (admin or customer)',
  `failures_count` smallint(5) unsigned DEFAULT '0' COMMENT 'Number of failed authentication attempts in a row',
  `lock_expires_at` timestamp NOT NULL DEFAULT CURRENT_TIMESTAMP ON UPDATE CURRENT_TIMESTAMP COMMENT 'Lock expiration time',
  PRIMARY KEY (`log_id`),
  UNIQUE KEY `OAUTH_TOKEN_REQUEST_LOG_USER_NAME_USER_TYPE` (`user_name`,`user_type`)
) ENGINE=InnoDB DEFAULT CHARSET=utf8 COMMENT='Log of token request authentication failures.';

--
-- Dumping data for table `oauth_token_request_log`
--


--
-- Table structure for table `pagebuilder_template`
--

CREATE TABLE `pagebuilder_template` (
  `template_id` int(11) NOT NULL AUTO_INCREMENT COMMENT 'Template ID Auto Increment',
  `name` varchar(1024) NOT NULL COMMENT 'Template Name',
  `preview_image` varchar(1024) DEFAULT NULL COMMENT 'Template Preview Image',
  `template` longtext NOT NULL COMMENT 'Master Format HTML',
  `created_for` varchar(255) DEFAULT NULL COMMENT 'Created For',
  `created_at` timestamp NOT NULL DEFAULT CURRENT_TIMESTAMP COMMENT 'Creation Time',
  `updated_at` timestamp NOT NULL DEFAULT CURRENT_TIMESTAMP ON UPDATE CURRENT_TIMESTAMP COMMENT 'Update Time',
  PRIMARY KEY (`template_id`),
  FULLTEXT KEY `PAGEBUILDER_TEMPLATE_NAME` (`name`)
) ENGINE=InnoDB DEFAULT CHARSET=utf8 COMMENT='Page Builder Templates';

--
-- Dumping data for table `pagebuilder_template`
--


--
-- Table structure for table `password_reset_request_event`
--

CREATE TABLE `password_reset_request_event` (
  `id` int(10) unsigned NOT NULL AUTO_INCREMENT COMMENT 'Entity ID',
  `request_type` smallint(5) unsigned NOT NULL COMMENT 'Type of the event under a security control',
  `account_reference` varchar(255) DEFAULT NULL COMMENT 'An identifier for existing account or another target',
  `created_at` timestamp NOT NULL DEFAULT CURRENT_TIMESTAMP COMMENT 'Timestamp when the event occurs',
  `ip` varchar(15) NOT NULL COMMENT 'Remote user IP',
  PRIMARY KEY (`id`),
  KEY `PASSWORD_RESET_REQUEST_EVENT_ACCOUNT_REFERENCE` (`account_reference`),
  KEY `PASSWORD_RESET_REQUEST_EVENT_CREATED_AT` (`created_at`)
) ENGINE=InnoDB AUTO_INCREMENT=5 DEFAULT CHARSET=utf8 COMMENT='Password Reset Request Event under a security control';

--
-- Dumping data for table `password_reset_request_event`
--

INSERT INTO `password_reset_request_event` VALUES (1,0,'tejas.ambole@rahisystems.com','2022-07-29 14:39:53','172.68.35.15'),(2,0,'kevin.chemparathy@rahisystems.com','2022-08-03 16:47:01','172.68.34.138'),(3,1,'tejas.ambole@rahisystems.com','2022-08-03 17:11:43','172.70.131.221'),(4,1,'tejas.ambole@rahisystems.com','2022-08-08 10:06:29','172.70.130.104');

--
-- Table structure for table `patch_list`
--

CREATE TABLE `patch_list` (
  `patch_id` int(11) NOT NULL AUTO_INCREMENT COMMENT 'Patch Auto Increment',
  `patch_name` varchar(1024) NOT NULL COMMENT 'Patch Class Name',
  PRIMARY KEY (`patch_id`)
) ENGINE=InnoDB AUTO_INCREMENT=183 DEFAULT CHARSET=utf8 COMMENT='List of data/schema patches';

--
-- Dumping data for table `patch_list`
--

INSERT INTO `patch_list` VALUES (1,'Magento\\Store\\Setup\\Patch\\Schema\\InitializeStoresAndWebsites'),(2,'Magento\\Catalog\\Setup\\Patch\\Schema\\EnableSegmentation'),(3,'Magento\\Bundle\\Setup\\Patch\\Schema\\UpdateBundleRelatedSchema'),(4,'Magento\\InventoryCatalog\\Setup\\Patch\\Schema\\CreateLegacyStockStatusView'),(5,'Magento\\InventoryCatalog\\Setup\\Patch\\Schema\\InitializeDefaultStock'),(6,'Magento\\InventoryCatalog\\Setup\\Patch\\Schema\\UpdateInventorySourceItem'),(7,'Magento\\InventoryCatalog\\Setup\\Patch\\Schema\\ReindexDefaultSource'),(8,'Magento\\InventorySales\\Setup\\Patch\\Schema\\InitializeWebsiteDefaultSock'),(9,'Magento\\Review\\Setup\\Patch\\Schema\\AddUniqueConstraintToReviewEntitySummary'),(10,'Magento\\TwoFactorAuth\\Setup\\Patch\\Schema\\CopyTablesFromOldModule'),(11,'Temando\\ShippingRemover\\Setup\\Patch\\Schema\\EmptyTablesRemoval'),(12,'Magento\\Store\\Setup\\Patch\\Data\\DisableSid'),(13,'Magento\\Store\\Setup\\Patch\\Data\\UpdateStoreGroupCodes'),(14,'Magento\\Directory\\Setup\\Patch\\Data\\InitializeDirectoryData'),(15,'Magento\\Directory\\Setup\\Patch\\Data\\AddCountriesCaribbeanCuracaoKosovoSintMaarten'),(16,'Magento\\Directory\\Setup\\Patch\\Data\\AddDataForCroatia'),(17,'Magento\\Directory\\Setup\\Patch\\Data\\AddDataForIndia'),(18,'Magento\\Directory\\Setup\\Patch\\Data\\AddDataForAustralia'),(19,'Magento\\Directory\\Setup\\Patch\\Data\\AddDataForBelgium'),(20,'Magento\\Directory\\Setup\\Patch\\Data\\AddDataForBulgaria'),(21,'Magento\\Directory\\Setup\\Patch\\Data\\AddDataForChina'),(22,'Magento\\Directory\\Setup\\Patch\\Data\\AddDataForColombia'),(23,'Magento\\Directory\\Setup\\Patch\\Data\\AddDataForItaly'),(24,'Magento\\Directory\\Setup\\Patch\\Data\\AddDataForMexico'),(25,'Magento\\Directory\\Setup\\Patch\\Data\\AddDataForPoland'),(26,'Magento\\Theme\\Setup\\Patch\\Data\\RegisterThemes'),(27,'Magento\\Theme\\Setup\\Patch\\Data\\ConvertSerializedData'),(28,'Magento\\Config\\Setup\\Patch\\Data\\UnsetTinymce3'),(29,'Magento\\Config\\Setup\\Patch\\Data\\UpdateClassAliases'),(30,'Magento\\Authorization\\Setup\\Patch\\Data\\InitializeAuthRoles'),(31,'Magento\\Eav\\Setup\\Patch\\Data\\InitializeAttributeModels'),(32,'Magento\\Customer\\Setup\\Patch\\Data\\DefaultCustomerGroupsAndAttributes'),(33,'Magento\\Customer\\Setup\\Patch\\Data\\UpdateCustomerAttributesMetadata'),(34,'Magento\\Customer\\Setup\\Patch\\Data\\AddNonSpecifiedGenderAttributeOption'),(35,'Magento\\Customer\\Setup\\Patch\\Data\\UpdateIdentifierCustomerAttributesVisibility'),(36,'Magento\\Customer\\Setup\\Patch\\Data\\AddCustomerUpdatedAtAttribute'),(37,'Magento\\Customer\\Setup\\Patch\\Data\\UpgradePasswordHashAndAddress'),(38,'Magento\\Customer\\Setup\\Patch\\Data\\RemoveCheckoutRegisterAndUpdateAttributes'),(39,'Magento\\Customer\\Setup\\Patch\\Data\\AddSecurityTrackingAttributes'),(40,'Magento\\Customer\\Setup\\Patch\\Data\\UpdateAutocompleteOnStorefrontConfigPath'),(41,'Magento\\Customer\\Setup\\Patch\\Data\\MigrateStoresAllowedCountriesToWebsite'),(42,'Magento\\Customer\\Setup\\Patch\\Data\\ConvertValidationRulesFromSerializedToJson'),(43,'Magento\\Customer\\Setup\\Patch\\Data\\UpdateCustomerAddressAttributesSortOrder'),(44,'Magento\\Customer\\Setup\\Patch\\Data\\UpdateVATNumber'),(45,'Magento\\Customer\\Setup\\Patch\\Data\\UpdateCustomerAttributeInputFilters'),(46,'Magento\\Customer\\Setup\\Patch\\Data\\UpdateDefaultCustomerGroupInConfig'),(47,'Magento\\Indexer\\Setup\\Patch\\Data\\InitializeIndexerState'),(48,'Magento\\Cms\\Setup\\Patch\\Data\\CreateDefaultPages'),(49,'Magento\\Cms\\Setup\\Patch\\Data\\UpdatePrivacyPolicyPage'),(50,'Magento\\Cms\\Setup\\Patch\\Data\\ConvertWidgetConditionsToJson'),(51,'Magento\\Catalog\\Setup\\Patch\\Data\\InstallDefaultCategories'),(52,'Magento\\Catalog\\Setup\\Patch\\Data\\SetNewResourceModelsPaths'),(53,'Magento\\Catalog\\Setup\\Patch\\Data\\UpdateDefaultAttributeValue'),(54,'Magento\\Catalog\\Setup\\Patch\\Data\\UpdateMediaAttributesBackendTypes'),(55,'Magento\\Catalog\\Setup\\Patch\\Data\\UpdateProductAttributes'),(56,'Magento\\Catalog\\Setup\\Patch\\Data\\UpdateProductMetaDescription'),(57,'Magento\\Catalog\\Setup\\Patch\\Data\\ChangePriceAttributeDefaultScope'),(58,'Magento\\Catalog\\Setup\\Patch\\Data\\DisallowUsingHtmlForProductName'),(59,'Magento\\Catalog\\Setup\\Patch\\Data\\EnableDirectiveParsing'),(60,'Magento\\Catalog\\Setup\\Patch\\Data\\EnableSegmentation'),(61,'Magento\\Catalog\\Setup\\Patch\\Data\\UpdateCustomLayoutAttributes'),(62,'Magento\\Catalog\\Setup\\Patch\\Data\\UpdateProductDescriptionOrder'),(63,'Magento\\Catalog\\Setup\\Patch\\Data\\UpgradeWidgetData'),(64,'Magento\\Catalog\\Setup\\Patch\\Data\\UpgradeWebsiteAttributes'),(65,'Magento\\CatalogInventory\\Setup\\Patch\\Data\\CreateDefaultStock'),(66,'Magento\\CatalogInventory\\Setup\\Patch\\Data\\UpdateStockItemsWebsite'),(67,'Magento\\CatalogInventory\\Setup\\Patch\\Data\\ConvertSerializedDataToJson'),(68,'Magento\\CatalogRule\\Setup\\Patch\\Data\\UpdateClassAliasesForCatalogRules'),(69,'Magento\\CatalogRule\\Setup\\Patch\\Data\\ConvertSerializedDataToJson'),(70,'Magento\\CatalogUrlRewrite\\Setup\\Patch\\Data\\CreateUrlAttributes'),(71,'Magento\\CatalogUrlRewrite\\Setup\\Patch\\Data\\UpdateUrlKeyForProducts'),(72,'Magento\\CatalogUrlRewrite\\Setup\\Patch\\Data\\UpdateUrlKeySearchable'),(73,'Magento\\Widget\\Setup\\Patch\\Data\\UpgradeModelInstanceClassAliases'),(74,'Magento\\Widget\\Setup\\Patch\\Data\\ConvertSerializedData'),(75,'Magento\\Quote\\Setup\\Patch\\Data\\InstallEntityTypes'),(76,'Magento\\Quote\\Setup\\Patch\\Data\\ConvertSerializedDataToJson'),(77,'Magento\\Quote\\Setup\\Patch\\Data\\WishlistDataCleanUp'),(78,'Magento\\User\\Setup\\Patch\\Data\\UpgradePasswordHashes'),(79,'Magento\\User\\Setup\\Patch\\Data\\UpgradeSerializedFields'),(80,'Magento\\Msrp\\Setup\\Patch\\Data\\InitializeMsrpAttributes'),(81,'Magento\\Msrp\\Setup\\Patch\\Data\\ChangeMsrpAttributeLabel'),(82,'Magento\\Msrp\\Setup\\Patch\\Data\\ChangePriceAttributeDefaultScope'),(83,'Magento\\Sales\\Setup\\Patch\\Data\\InstallOrderStatusesAndInitialSalesConfig'),(84,'Magento\\Sales\\Setup\\Patch\\Data\\UpdateEntityTypes'),(85,'Magento\\Sales\\Setup\\Patch\\Data\\ConvertSerializedDataToJson'),(86,'Magento\\Sales\\Setup\\Patch\\Data\\FillQuoteAddressIdInSalesOrderAddress'),(87,'Magento\\Sales\\Setup\\Patch\\Data\\UpdateEntityTypeModelForInvoice'),(88,'Magento\\Sales\\Setup\\Patch\\Data\\WishlistDataCleanUp'),(89,'Magento\\Checkout\\Setup\\Patch\\Data\\PrepareInitialCheckoutConfiguration'),(90,'Magento\\CurrencySymbol\\Setup\\Patch\\Data\\ConvertSerializedCustomCurrencySymbolToJson'),(91,'Magento\\Integration\\Setup\\Patch\\Data\\RemoveInactiveTokens'),(92,'Magento\\Downloadable\\Setup\\Patch\\Data\\AddDownloadableHostsConfig'),(93,'Magento\\Downloadable\\Setup\\Patch\\Data\\InstallDownloadableAttributes'),(94,'Magento\\Downloadable\\Setup\\Patch\\Data\\UpdateLinksExistDefaultAttributeValue'),(95,'Magento\\Dhl\\Setup\\Patch\\Data\\PrepareShipmentDays'),(96,'Magento\\ConfigurableProduct\\Setup\\Patch\\Data\\InstallInitialConfigurableAttributes'),(97,'Magento\\ConfigurableProduct\\Setup\\Patch\\Data\\UpdateManufacturerAttribute'),(98,'Magento\\ConfigurableProduct\\Setup\\Patch\\Data\\UpdateTierPriceAttribute'),(99,'Magento\\CatalogSearch\\Setup\\Patch\\Data\\MySQLSearchRemovalNotification'),(100,'Magento\\CatalogSearch\\Setup\\Patch\\Data\\SetInitialSearchWeightForAttributes'),(101,'Magento\\Elasticsearch\\Setup\\Patch\\Data\\InvalidateIndex'),(102,'Magento\\Email\\Setup\\Patch\\Data\\FlagLegacyTemplates'),(103,'Magento\\EncryptionKey\\Setup\\Patch\\Data\\SodiumChachaPatch'),(104,'Magento\\Fedex\\Setup\\Patch\\Data\\ConfigureFedexDefaults'),(105,'Magento\\GiftMessage\\Setup\\Patch\\Data\\AddGiftMessageAttributes'),(106,'Magento\\GiftMessage\\Setup\\Patch\\Data\\MoveGiftMessageToGiftOptionsGroup'),(107,'Magento\\GiftMessage\\Setup\\Patch\\Data\\UpdateGiftMessageAttribute'),(108,'Magento\\GroupedProduct\\Setup\\Patch\\Data\\InitializeGroupedProductLinks'),(109,'Magento\\GroupedProduct\\Setup\\Patch\\Data\\UpdateProductRelations'),(110,'Magento\\Bundle\\Setup\\Patch\\Data\\ApplyAttributesUpdate'),(111,'Magento\\Bundle\\Setup\\Patch\\Data\\UpdateBundleRelatedEntityTypes'),(112,'Magento\\Analytics\\Setup\\Patch\\Data\\PrepareInitialConfig'),(113,'Magento\\Analytics\\Setup\\Patch\\Data\\ActivateDataCollection'),(114,'Magento\\InventoryLowQuantityNotification\\Setup\\Patch\\Data\\MigrateCatalogInventoryNotifyStockQuantityData'),(115,'Magento\\Reports\\Setup\\Patch\\Data\\InitializeReportEntityTypesAndPages'),(116,'Magento\\Reports\\Setup\\Patch\\Data\\ReportDisableNotification'),(117,'Magento\\Newsletter\\Setup\\Patch\\Data\\FlagLegacyTemplates'),(118,'Magento\\SalesRule\\Setup\\Patch\\Data\\PrepareRuleModelSerializedData'),(119,'Magento\\SalesRule\\Setup\\Patch\\Data\\ConvertSerializedDataToJson'),(120,'Magento\\SalesRule\\Setup\\Patch\\Data\\FillSalesRuleProductAttributeTable'),(121,'Magento\\Vault\\Setup\\Patch\\Data\\SetCreditCardAsDefaultTokenType'),(122,'Magento\\Paypal\\Setup\\Patch\\Data\\AddPaypalOrderStatuses'),(123,'Magento\\Paypal\\Setup\\Patch\\Data\\UpdatePaypalCreditOption'),(124,'Magento\\Paypal\\Setup\\Patch\\Data\\UpdateSmartButtonLabel'),(125,'Magento\\Paypal\\Setup\\Patch\\Data\\UpdateSmartButtonSize'),(126,'Magento\\ReCaptchaMigration\\Setup\\Patch\\Data\\MigrateConfigToRecaptchaModules'),(127,'Magento\\Review\\Setup\\Patch\\Data\\InitReviewStatusesAndData'),(128,'Magento\\OfflineShipping\\Setup\\Patch\\Data\\UpdateQuoteShippingAddresses'),(129,'Magento\\OfflineShipping\\Setup\\Patch\\Data\\UpdateShippingTablerate'),(130,'Magento\\UrlRewrite\\Setup\\Patch\\Data\\ConvertSerializedDataToJson'),(131,'Magento\\Swatches\\Setup\\Patch\\Data\\AddSwatchImageAttribute'),(132,'Magento\\Swatches\\Setup\\Patch\\Data\\AddSwatchImageToDefaultAttribtueSet'),(133,'Magento\\Swatches\\Setup\\Patch\\Data\\UpdateAdminTextSwatchValues'),(134,'Magento\\Swatches\\Setup\\Patch\\Data\\ConvertAdditionalDataToJson'),(135,'Magento\\Tax\\Setup\\Patch\\Data\\AddTaxAttributeAndTaxClasses'),(136,'Magento\\Tax\\Setup\\Patch\\Data\\UpdateTaxClassAttributeVisibility'),(137,'Magento\\Tax\\Setup\\Patch\\Data\\UpdateTaxRegionId'),(138,'Magento\\TwoFactorAuth\\Setup\\Patch\\Data\\CopyConfigFromOldModule'),(139,'Magento\\TwoFactorAuth\\Setup\\Patch\\Data\\EncryptConfiguration'),(140,'Magento\\TwoFactorAuth\\Setup\\Patch\\Data\\EncryptGoogleSecrets'),(141,'Magento\\TwoFactorAuth\\Setup\\Patch\\Data\\EncryptSecrets'),(142,'Magento\\TwoFactorAuth\\Setup\\Patch\\Data\\GenerateDuoSecurityKey'),(143,'Magento\\TwoFactorAuth\\Setup\\Patch\\Data\\PopulateCountryTable'),(144,'Magento\\TwoFactorAuth\\Setup\\Patch\\Data\\ResetU2fConfig'),(145,'Magento\\SampleData\\Setup\\Patch\\Data\\ClearSampleDataState'),(146,'Magento\\Usps\\Setup\\Patch\\Data\\UpdateAllowedMethods'),(147,'Magento\\Weee\\Setup\\Patch\\Data\\InitQuoteAndOrderAttributes'),(148,'Magento\\Wishlist\\Setup\\Patch\\Data\\ConvertSerializedData'),(149,'Magento\\Wishlist\\Setup\\Patch\\Data\\WishlistDataCleanUp'),(150,'Klarna\\Core\\Setup\\Patch\\Data\\UpdateKcoApiPathsInCoreConfig'),(151,'Klarna\\Core\\Setup\\Patch\\Data\\UpdateKlarnaApiVersionInCoreConfig'),(152,'Klarna\\Kp\\Setup\\Patch\\Data\\RemoveHtmlTag'),(153,'Klarna\\Kp\\Setup\\Patch\\Data\\ResetIsActive'),(154,'Temando\\ShippingRemover\\Setup\\Patch\\Data\\AttributesRemoval'),(155,'Temando\\ShippingRemover\\Setup\\Patch\\Data\\BookmarkCleaner'),(156,'Temando\\ShippingRemover\\Setup\\Patch\\Data\\ConfigRemoval'),(157,'Vertex\\Tax\\Setup\\Patch\\Data\\DetermineCurrentConfigForShippingOriginUse'),(158,'Vertex\\Tax\\Setup\\Patch\\Data\\EnableCacheType'),(159,'Vertex\\Tax\\Setup\\Patch\\Data\\ExpandDefaultTaxClassesPatch'),(160,'Vertex\\Tax\\Setup\\Patch\\Data\\MigrateCustomerCodeFromEav'),(161,'Magento\\Directory\\Setup\\Patch\\Data\\AddDataForUruguay'),(162,'Magento\\MediaGalleryUi\\Setup\\Patch\\Data\\AddMediaGalleryPermissions'),(163,'Magento\\Directory\\Setup\\Patch\\Data\\AddDataForAlbania'),(164,'Magento\\Directory\\Setup\\Patch\\Data\\AddDataForArgentina'),(165,'Magento\\Directory\\Setup\\Patch\\Data\\AddDataForBolivia'),(166,'Magento\\Directory\\Setup\\Patch\\Data\\AddDataForChile'),(167,'Magento\\Directory\\Setup\\Patch\\Data\\AddDataForDenmark'),(168,'Magento\\Directory\\Setup\\Patch\\Data\\AddDataForEcuador'),(169,'Magento\\Directory\\Setup\\Patch\\Data\\AddDataForGreece'),(170,'Magento\\Directory\\Setup\\Patch\\Data\\AddDataForGuyana'),(171,'Magento\\Directory\\Setup\\Patch\\Data\\AddDataForIceland'),(172,'Magento\\Directory\\Setup\\Patch\\Data\\AddDataForParaguay'),(173,'Magento\\Directory\\Setup\\Patch\\Data\\AddDataForPeru'),(174,'Magento\\Directory\\Setup\\Patch\\Data\\AddDataForPortugal'),(175,'Magento\\Directory\\Setup\\Patch\\Data\\AddDataForSuriname'),(176,'Magento\\Directory\\Setup\\Patch\\Data\\AddDataForSweden'),(177,'Magento\\Directory\\Setup\\Patch\\Data\\AddDataForVenezuela'),(178,'Magento\\PageBuilder\\Setup\\Patch\\Data\\UpdateProductAttribute'),(179,'Magento\\PageBuilder\\Setup\\Patch\\Data\\UpgradePageBuilderStripStyles'),(180,'Magento\\Paypal\\Setup\\Patch\\Data\\UpdateBmltoPayLater'),(181,'Vertex\\Tax\\Setup\\Patch\\Data\\UpdateCronConfiguration'),(182,'Vertex\\RequestLogging\\Setup\\Patch\\Data\\UpdateCronConfiguration');

--
-- Table structure for table `paypal_billing_agreement`
--

CREATE TABLE `paypal_billing_agreement` (
  `agreement_id` int(10) unsigned NOT NULL AUTO_INCREMENT COMMENT 'Agreement ID',
  `customer_id` int(10) unsigned NOT NULL COMMENT 'Customer ID',
  `method_code` varchar(32) NOT NULL COMMENT 'Method Code',
  `reference_id` varchar(32) NOT NULL COMMENT 'Reference ID',
  `status` varchar(20) NOT NULL COMMENT 'Status',
  `created_at` timestamp NOT NULL DEFAULT CURRENT_TIMESTAMP COMMENT 'Created At',
  `updated_at` timestamp NULL DEFAULT NULL COMMENT 'Updated At',
  `store_id` smallint(5) unsigned DEFAULT NULL COMMENT 'Store ID',
  `agreement_label` varchar(255) DEFAULT NULL COMMENT 'Agreement Label',
  PRIMARY KEY (`agreement_id`),
  KEY `PAYPAL_BILLING_AGREEMENT_CUSTOMER_ID` (`customer_id`),
  KEY `PAYPAL_BILLING_AGREEMENT_STORE_ID` (`store_id`),
  CONSTRAINT `PAYPAL_BILLING_AGREEMENT_CUSTOMER_ID_CUSTOMER_ENTITY_ENTITY_ID` FOREIGN KEY (`customer_id`) REFERENCES `customer_entity` (`entity_id`) ON DELETE CASCADE,
  CONSTRAINT `PAYPAL_BILLING_AGREEMENT_STORE_ID_STORE_STORE_ID` FOREIGN KEY (`store_id`) REFERENCES `store` (`store_id`) ON DELETE SET NULL
) ENGINE=InnoDB DEFAULT CHARSET=utf8 COMMENT='Sales Billing Agreement';

--
-- Dumping data for table `paypal_billing_agreement`
--


--
-- Table structure for table `paypal_billing_agreement_order`
--

CREATE TABLE `paypal_billing_agreement_order` (
  `agreement_id` int(10) unsigned NOT NULL COMMENT 'Agreement ID',
  `order_id` int(10) unsigned NOT NULL COMMENT 'Order ID',
  PRIMARY KEY (`agreement_id`,`order_id`),
  KEY `PAYPAL_BILLING_AGREEMENT_ORDER_ORDER_ID` (`order_id`),
  CONSTRAINT `PAYPAL_BILLING_AGREEMENT_ORDER_ORDER_ID_SALES_ORDER_ENTITY_ID` FOREIGN KEY (`order_id`) REFERENCES `sales_order` (`entity_id`) ON DELETE CASCADE,
  CONSTRAINT `PAYPAL_BILLING_AGRT_ORDER_AGRT_ID_PAYPAL_BILLING_AGRT_AGRT_ID` FOREIGN KEY (`agreement_id`) REFERENCES `paypal_billing_agreement` (`agreement_id`) ON DELETE CASCADE
) ENGINE=InnoDB DEFAULT CHARSET=utf8 COMMENT='Sales Billing Agreement Order';

--
-- Dumping data for table `paypal_billing_agreement_order`
--


--
-- Table structure for table `paypal_cert`
--

CREATE TABLE `paypal_cert` (
  `cert_id` smallint(5) unsigned NOT NULL AUTO_INCREMENT COMMENT 'Cert ID',
  `website_id` smallint(5) unsigned NOT NULL DEFAULT '0' COMMENT 'Website ID',
  `content` text COMMENT 'Content',
  `updated_at` timestamp NULL DEFAULT NULL COMMENT 'Updated At',
  PRIMARY KEY (`cert_id`),
  KEY `PAYPAL_CERT_WEBSITE_ID` (`website_id`),
  CONSTRAINT `PAYPAL_CERT_WEBSITE_ID_STORE_WEBSITE_WEBSITE_ID` FOREIGN KEY (`website_id`) REFERENCES `store_website` (`website_id`) ON DELETE CASCADE
) ENGINE=InnoDB DEFAULT CHARSET=utf8 COMMENT='Paypal Certificate Table';

--
-- Dumping data for table `paypal_cert`
--


--
-- Table structure for table `paypal_payment_transaction`
--

CREATE TABLE `paypal_payment_transaction` (
  `transaction_id` int(10) unsigned NOT NULL AUTO_INCREMENT COMMENT 'Entity ID',
  `txn_id` varchar(100) DEFAULT NULL COMMENT 'Txn ID',
  `additional_information` blob COMMENT 'Additional Information',
  `created_at` timestamp NULL DEFAULT NULL COMMENT 'Created At',
  PRIMARY KEY (`transaction_id`),
  UNIQUE KEY `PAYPAL_PAYMENT_TRANSACTION_TXN_ID` (`txn_id`)
) ENGINE=InnoDB DEFAULT CHARSET=utf8 COMMENT='PayPal Payflow Link Payment Transaction';

--
-- Dumping data for table `paypal_payment_transaction`
--


--
-- Table structure for table `paypal_settlement_report`
--

CREATE TABLE `paypal_settlement_report` (
  `report_id` int(10) unsigned NOT NULL AUTO_INCREMENT COMMENT 'Report ID',
  `report_date` date DEFAULT NULL COMMENT 'Report Date',
  `account_id` varchar(64) DEFAULT NULL COMMENT 'Account ID',
  `filename` varchar(24) DEFAULT NULL COMMENT 'Filename',
  `last_modified` timestamp NULL DEFAULT NULL COMMENT 'Last Modified',
  PRIMARY KEY (`report_id`),
  UNIQUE KEY `PAYPAL_SETTLEMENT_REPORT_REPORT_DATE_ACCOUNT_ID` (`report_date`,`account_id`)
) ENGINE=InnoDB DEFAULT CHARSET=utf8 COMMENT='Paypal Settlement Report Table';

--
-- Dumping data for table `paypal_settlement_report`
--


--
-- Table structure for table `paypal_settlement_report_row`
--

CREATE TABLE `paypal_settlement_report_row` (
  `row_id` int(10) unsigned NOT NULL AUTO_INCREMENT COMMENT 'Row ID',
  `report_id` int(10) unsigned NOT NULL COMMENT 'Report ID',
  `transaction_id` varchar(19) DEFAULT NULL COMMENT 'Transaction ID',
  `invoice_id` varchar(127) DEFAULT NULL COMMENT 'Invoice ID',
  `paypal_reference_id` varchar(19) DEFAULT NULL COMMENT 'Paypal Reference ID',
  `paypal_reference_id_type` varchar(3) DEFAULT NULL COMMENT 'Paypal Reference ID Type',
  `transaction_event_code` varchar(5) DEFAULT NULL COMMENT 'Transaction Event Code',
  `transaction_initiation_date` timestamp NULL DEFAULT NULL COMMENT 'Transaction Initiation Date',
  `transaction_completion_date` timestamp NULL DEFAULT NULL COMMENT 'Transaction Completion Date',
  `transaction_debit_or_credit` varchar(2) NOT NULL DEFAULT 'CR' COMMENT 'Transaction Debit Or Credit',
  `gross_transaction_amount` decimal(20,6) NOT NULL DEFAULT '0.000000' COMMENT 'Gross Transaction Amount',
  `gross_transaction_currency` varchar(3) DEFAULT NULL COMMENT 'Gross Transaction Currency',
  `fee_debit_or_credit` varchar(2) DEFAULT NULL COMMENT 'Fee Debit Or Credit',
  `fee_amount` decimal(20,6) NOT NULL DEFAULT '0.000000' COMMENT 'Fee Amount',
  `fee_currency` varchar(3) DEFAULT NULL COMMENT 'Fee Currency',
  `custom_field` varchar(255) DEFAULT NULL COMMENT 'Custom Field',
  `consumer_id` varchar(127) DEFAULT NULL COMMENT 'Consumer ID',
  `payment_tracking_id` varchar(255) DEFAULT NULL COMMENT 'Payment Tracking ID',
  `store_id` varchar(50) DEFAULT NULL COMMENT 'Store ID',
  PRIMARY KEY (`row_id`),
  KEY `PAYPAL_SETTLEMENT_REPORT_ROW_REPORT_ID` (`report_id`),
  CONSTRAINT `FK_E183E488F593E0DE10C6EBFFEBAC9B55` FOREIGN KEY (`report_id`) REFERENCES `paypal_settlement_report` (`report_id`) ON DELETE CASCADE
) ENGINE=InnoDB DEFAULT CHARSET=utf8 COMMENT='Paypal Settlement Report Row Table';

--
-- Dumping data for table `paypal_settlement_report_row`
--


--
-- Table structure for table `persistent_session`
--

CREATE TABLE `persistent_session` (
  `persistent_id` int(10) unsigned NOT NULL AUTO_INCREMENT COMMENT 'Session ID',
  `key` varchar(50) NOT NULL COMMENT 'Unique cookie key',
  `customer_id` int(10) unsigned DEFAULT NULL COMMENT 'Customer ID',
  `website_id` smallint(5) unsigned NOT NULL DEFAULT '0' COMMENT 'Website ID',
  `info` text COMMENT 'Session Data',
  `updated_at` timestamp NOT NULL DEFAULT CURRENT_TIMESTAMP ON UPDATE CURRENT_TIMESTAMP COMMENT 'Updated At',
  PRIMARY KEY (`persistent_id`),
  UNIQUE KEY `PERSISTENT_SESSION_KEY` (`key`),
  UNIQUE KEY `PERSISTENT_SESSION_CUSTOMER_ID` (`customer_id`),
  KEY `PERSISTENT_SESSION_WEBSITE_ID_STORE_WEBSITE_WEBSITE_ID` (`website_id`),
  KEY `PERSISTENT_SESSION_UPDATED_AT` (`updated_at`),
  CONSTRAINT `PERSISTENT_SESSION_CUSTOMER_ID_CUSTOMER_ENTITY_ENTITY_ID` FOREIGN KEY (`customer_id`) REFERENCES `customer_entity` (`entity_id`) ON DELETE CASCADE,
  CONSTRAINT `PERSISTENT_SESSION_WEBSITE_ID_STORE_WEBSITE_WEBSITE_ID` FOREIGN KEY (`website_id`) REFERENCES `store_website` (`website_id`) ON DELETE CASCADE
) ENGINE=InnoDB DEFAULT CHARSET=utf8 COMMENT='Persistent Session';

--
-- Dumping data for table `persistent_session`
--


--
-- Table structure for table `product_alert_price`
--

CREATE TABLE `product_alert_price` (
  `alert_price_id` int(10) unsigned NOT NULL AUTO_INCREMENT COMMENT 'Product alert price ID',
  `customer_id` int(10) unsigned NOT NULL DEFAULT '0' COMMENT 'Customer ID',
  `product_id` int(10) unsigned NOT NULL DEFAULT '0' COMMENT 'Product ID',
  `price` decimal(20,6) NOT NULL DEFAULT '0.000000' COMMENT 'Price amount',
  `website_id` smallint(5) unsigned NOT NULL DEFAULT '0' COMMENT 'Website ID',
  `store_id` smallint(5) unsigned DEFAULT '0' COMMENT 'Store ID',
  `add_date` timestamp NOT NULL DEFAULT CURRENT_TIMESTAMP COMMENT 'Product alert add date',
  `last_send_date` timestamp NULL DEFAULT NULL COMMENT 'Product alert last send date',
  `send_count` smallint(5) unsigned NOT NULL DEFAULT '0' COMMENT 'Product alert send count',
  `status` smallint(5) unsigned NOT NULL DEFAULT '0' COMMENT 'Product alert status',
  PRIMARY KEY (`alert_price_id`),
  KEY `PRODUCT_ALERT_PRICE_CUSTOMER_ID` (`customer_id`),
  KEY `PRODUCT_ALERT_PRICE_PRODUCT_ID` (`product_id`),
  KEY `PRODUCT_ALERT_PRICE_WEBSITE_ID` (`website_id`),
  KEY `PRODUCT_ALERT_PRICE_STORE_ID` (`store_id`),
  CONSTRAINT `PRODUCT_ALERT_PRICE_CUSTOMER_ID_CUSTOMER_ENTITY_ENTITY_ID` FOREIGN KEY (`customer_id`) REFERENCES `customer_entity` (`entity_id`) ON DELETE CASCADE,
  CONSTRAINT `PRODUCT_ALERT_PRICE_PRODUCT_ID_CATALOG_PRODUCT_ENTITY_ENTITY_ID` FOREIGN KEY (`product_id`) REFERENCES `catalog_product_entity` (`entity_id`) ON DELETE CASCADE,
  CONSTRAINT `PRODUCT_ALERT_PRICE_STORE_ID_STORE_STORE_ID` FOREIGN KEY (`store_id`) REFERENCES `store` (`store_id`) ON DELETE CASCADE,
  CONSTRAINT `PRODUCT_ALERT_PRICE_WEBSITE_ID_STORE_WEBSITE_WEBSITE_ID` FOREIGN KEY (`website_id`) REFERENCES `store_website` (`website_id`) ON DELETE CASCADE
) ENGINE=InnoDB DEFAULT CHARSET=utf8 COMMENT='Product Alert Price';

--
-- Dumping data for table `product_alert_price`
--


--
-- Table structure for table `product_alert_stock`
--

CREATE TABLE `product_alert_stock` (
  `alert_stock_id` int(10) unsigned NOT NULL AUTO_INCREMENT COMMENT 'Product alert stock ID',
  `customer_id` int(10) unsigned NOT NULL DEFAULT '0' COMMENT 'Customer ID',
  `product_id` int(10) unsigned NOT NULL DEFAULT '0' COMMENT 'Product ID',
  `website_id` smallint(5) unsigned NOT NULL DEFAULT '0' COMMENT 'Website ID',
  `store_id` smallint(5) unsigned DEFAULT '0' COMMENT 'Store ID',
  `add_date` timestamp NOT NULL DEFAULT CURRENT_TIMESTAMP COMMENT 'Product alert add date',
  `send_date` timestamp NULL DEFAULT NULL COMMENT 'Product alert send date',
  `send_count` smallint(5) unsigned NOT NULL DEFAULT '0' COMMENT 'Send Count',
  `status` smallint(5) unsigned NOT NULL DEFAULT '0' COMMENT 'Product alert status',
  PRIMARY KEY (`alert_stock_id`),
  KEY `PRODUCT_ALERT_STOCK_CUSTOMER_ID` (`customer_id`),
  KEY `PRODUCT_ALERT_STOCK_PRODUCT_ID` (`product_id`),
  KEY `PRODUCT_ALERT_STOCK_WEBSITE_ID` (`website_id`),
  KEY `PRODUCT_ALERT_STOCK_STORE_ID` (`store_id`),
  CONSTRAINT `PRODUCT_ALERT_STOCK_CUSTOMER_ID_CUSTOMER_ENTITY_ENTITY_ID` FOREIGN KEY (`customer_id`) REFERENCES `customer_entity` (`entity_id`) ON DELETE CASCADE,
  CONSTRAINT `PRODUCT_ALERT_STOCK_PRODUCT_ID_CATALOG_PRODUCT_ENTITY_ENTITY_ID` FOREIGN KEY (`product_id`) REFERENCES `catalog_product_entity` (`entity_id`) ON DELETE CASCADE,
  CONSTRAINT `PRODUCT_ALERT_STOCK_STORE_ID_STORE_STORE_ID` FOREIGN KEY (`store_id`) REFERENCES `store` (`store_id`) ON DELETE CASCADE,
  CONSTRAINT `PRODUCT_ALERT_STOCK_WEBSITE_ID_STORE_WEBSITE_WEBSITE_ID` FOREIGN KEY (`website_id`) REFERENCES `store_website` (`website_id`) ON DELETE CASCADE
) ENGINE=InnoDB DEFAULT CHARSET=utf8 COMMENT='Product Alert Stock';

--
-- Dumping data for table `product_alert_stock`
--


--
-- Table structure for table `queue`
--

CREATE TABLE `queue` (
  `id` int(10) unsigned NOT NULL AUTO_INCREMENT COMMENT 'Queue ID',
  `name` varchar(255) DEFAULT NULL COMMENT 'Queue name',
  PRIMARY KEY (`id`),
  UNIQUE KEY `QUEUE_NAME` (`name`)
) ENGINE=InnoDB AUTO_INCREMENT=18 DEFAULT CHARSET=utf8 COMMENT='Table storing unique queues';

--
-- Dumping data for table `queue`
--

INSERT INTO `queue` VALUES (15,'async.operations.all'),(9,'codegenerator'),(3,'export'),(10,'inventory.indexer.sourceItem'),(11,'inventory.indexer.stock'),(5,'inventory.mass.update'),(6,'inventory.reservations.cleanup'),(7,'inventory.reservations.update'),(12,'inventory.reservations.updateSalabilityStatus'),(4,'inventory.source.items.cleanup'),(13,'media.content.synchronization'),(16,'media.gallery.renditions.update'),(14,'media.gallery.synchronization'),(8,'media.storage.catalog.image.resize'),(1,'product_action_attribute.update'),(2,'product_action_attribute.website.update'),(17,'sales.rule.update.coupon.usage');

--
-- Table structure for table `queue_lock`
--

CREATE TABLE `queue_lock` (
  `id` int(10) unsigned NOT NULL AUTO_INCREMENT COMMENT 'Message ID',
  `message_code` varchar(255) NOT NULL DEFAULT '' COMMENT 'Message Code',
  `created_at` timestamp NOT NULL DEFAULT CURRENT_TIMESTAMP ON UPDATE CURRENT_TIMESTAMP COMMENT 'Created At',
  PRIMARY KEY (`id`),
  UNIQUE KEY `QUEUE_LOCK_MESSAGE_CODE` (`message_code`)
) ENGINE=InnoDB AUTO_INCREMENT=32 DEFAULT CHARSET=utf8 COMMENT='Messages that were processed are inserted here to be locked.';

--
-- Dumping data for table `queue_lock`
--

INSERT INTO `queue_lock` VALUES (31,'cd5a83f103a559fddecc21fbd5807014','2022-08-08 11:57:58');

--
-- Table structure for table `queue_message`
--

CREATE TABLE `queue_message` (
  `id` bigint(20) unsigned NOT NULL AUTO_INCREMENT COMMENT 'Message ID',
  `topic_name` varchar(255) DEFAULT NULL COMMENT 'Message topic',
  `body` longtext COMMENT 'Message body',
  PRIMARY KEY (`id`)
) ENGINE=InnoDB AUTO_INCREMENT=44 DEFAULT CHARSET=utf8 COMMENT='Queue messages';

--
-- Dumping data for table `queue_message`
--

INSERT INTO `queue_message` VALUES (1,'inventory.reservations.updateSalabilityStatus','{\"skus\":[\"MK-01289\"],\"stock\":1}'),(2,'inventory.reservations.updateSalabilityStatus','{\"skus\":[\"MK-01289\"],\"stock\":1}'),(3,'inventory.reservations.updateSalabilityStatus','{\"skus\":[\"MK-965870\",\"MK-9635013\",\"MK-96301\"],\"stock\":1}'),(4,'inventory.reservations.updateSalabilityStatus','{\"skus\":[\"MK-45013\",\"MK-018034\",\"MK-96503\",\"MK-01289\",\"MK-01953\",\"MK-96501\"],\"stock\":1}'),(5,'inventory.reservations.updateSalabilityStatus','{\"skus\":[\"MK-965027\",\"MK-965874\",\"MK-01953\"],\"stock\":1}'),(6,'inventory.reservations.updateSalabilityStatus','{\"skus\":[\"MK-01953\",\"MK-0109735\",\"MK-583642\",\"MK-4253901\",\"MK-96354\",\"MK-879020\",\"MK-012967\",\"MK-852456\"],\"stock\":1}'),(7,'inventory.reservations.updateSalabilityStatus','{\"skus\":[\"MK-01953\",\"MK-0109735\",\"MK-583642\",\"MK-4253901\",\"MK-96354\",\"MK-879020\",\"MK-012967\",\"MK-852456\"],\"stock\":1}'),(8,'inventory.reservations.updateSalabilityStatus','{\"skus\":[\"MK-852456\",\"MK-965027\",\"MK-85602-1\",\"MK-968012\",\"MK-01963\",\"MK-01289\",\"MK-96803\"],\"stock\":1}'),(9,'inventory.reservations.updateSalabilityStatus','{\"skus\":[\"MK-852456\",\"MK-965027\",\"MK-85602-1\",\"MK-968012\",\"MK-01963\",\"MK-01289\",\"MK-96803\"],\"stock\":1}'),(10,'inventory.reservations.updateSalabilityStatus','{\"skus\":[\"MK-965803\",\"MK-010201\",\"MK-741254\",\"MK-524096\",\"MK-8758596\",\"MK-8896574\"],\"stock\":1}'),(11,'inventory.reservations.updateSalabilityStatus','{\"skus\":[\"MK-8570645\",\"MK-0130102\",\"MK-858696\",\"MK-0853102\",\"MK-777031\",\"MK-455023\"],\"stock\":1}'),(12,'inventory.reservations.updateSalabilityStatus','{\"skus\":[\"MK-8570645\",\"MK-0130102\",\"MK-858696\",\"MK-0853102\",\"MK-777031\",\"MK-455023\"],\"stock\":1}'),(13,'inventory.reservations.updateSalabilityStatus','{\"skus\":[\"MK-85901348\",\"MK-5863103\",\"MK-452136\",\"MK-5860123\"],\"stock\":1}'),(14,'inventory.reservations.updateSalabilityStatus','{\"skus\":[\"MK-452136\"],\"stock\":1}'),(15,'import_export.export','{\"skip_attr\":[],\"file_name\":\"catalog_product_20220427_113043.csv\",\"file_format\":\"csv\",\"content_type\":\"text\\/csv\",\"entity\":\"catalog_product\",\"export_filter\":\"{\\\"auto_manufacturer\\\":\\\"\\\",\\\"category_ids\\\":\\\"\\\",\\\"color\\\":\\\"\\\",\\\"cost\\\":[\\\"\\\",\\\"\\\"],\\\"country_of_manufacture\\\":\\\"\\\",\\\"created_at\\\":[\\\"\\\",\\\"\\\"],\\\"custom_design\\\":\\\"\\\",\\\"custom_design_from\\\":[\\\"\\\",\\\"\\\"],\\\"custom_design_to\\\":[\\\"\\\",\\\"\\\"],\\\"custom_layout\\\":\\\"\\\",\\\"custom_layout_update\\\":\\\"\\\",\\\"custom_layout_update_file\\\":\\\"\\\",\\\"description\\\":\\\"\\\",\\\"gallery\\\":\\\"\\\",\\\"gift_message_available\\\":\\\"\\\",\\\"has_options\\\":\\\"\\\",\\\"image\\\":\\\"\\\",\\\"image_label\\\":\\\"\\\",\\\"links_exist\\\":[\\\"\\\",\\\"\\\"],\\\"links_purchased_separately\\\":[\\\"\\\",\\\"\\\"],\\\"links_title\\\":\\\"\\\",\\\"manufacturer\\\":\\\"\\\",\\\"media_gallery\\\":\\\"\\\",\\\"meta_description\\\":\\\"\\\",\\\"meta_keyword\\\":\\\"\\\",\\\"meta_title\\\":\\\"\\\",\\\"minimal_price\\\":[\\\"\\\",\\\"\\\"],\\\"model\\\":\\\"\\\",\\\"msrp\\\":[\\\"\\\",\\\"\\\"],\\\"msrp_display_actual_price_type\\\":\\\"\\\",\\\"name\\\":\\\"\\\",\\\"news_from_date\\\":[\\\"\\\",\\\"\\\"],\\\"news_to_date\\\":[\\\"\\\",\\\"\\\"],\\\"old_id\\\":[\\\"\\\",\\\"\\\"],\\\"options_container\\\":\\\"\\\",\\\"page_layout\\\":\\\"\\\",\\\"price\\\":[\\\"\\\",\\\"\\\"],\\\"price_type\\\":[\\\"\\\",\\\"\\\"],\\\"price_view\\\":\\\"\\\",\\\"quantity_and_stock_status\\\":\\\"\\\",\\\"required_options\\\":\\\"\\\",\\\"samples_title\\\":\\\"\\\",\\\"shipment_type\\\":\\\"\\\",\\\"short_description\\\":\\\"\\\",\\\"size\\\":\\\"\\\",\\\"sku\\\":\\\"\\\",\\\"sku_type\\\":[\\\"\\\",\\\"\\\"],\\\"sm_degree_height\\\":\\\"\\\",\\\"sm_degree_index\\\":\\\"\\\",\\\"sm_degree_path\\\":\\\"\\\",\\\"sm_degree_width\\\":\\\"\\\",\\\"sm_featured\\\":\\\"\\\",\\\"sm_hoverimage\\\":\\\"\\\",\\\"sm_sizechart\\\":\\\"\\\",\\\"small_image\\\":\\\"\\\",\\\"small_image_label\\\":\\\"\\\",\\\"special_from_date\\\":[\\\"\\\",\\\"\\\"],\\\"special_price\\\":[\\\"\\\",\\\"\\\"],\\\"special_to_date\\\":[\\\"\\\",\\\"\\\"],\\\"status\\\":\\\"\\\",\\\"swatch_image\\\":\\\"\\\",\\\"tax_class_id\\\":\\\"\\\",\\\"thumbnail\\\":\\\"\\\",\\\"thumbnail_label\\\":\\\"\\\",\\\"tier_price\\\":[\\\"\\\",\\\"\\\"],\\\"updated_at\\\":[\\\"\\\",\\\"\\\"],\\\"url_key\\\":\\\"\\\",\\\"url_path\\\":\\\"\\\",\\\"visibility\\\":\\\"\\\",\\\"weight\\\":[\\\"\\\",\\\"\\\"],\\\"weight_type\\\":[\\\"\\\",\\\"\\\"],\\\"year\\\":\\\"\\\"}\"}'),(16,'import_export.export','{\"skip_attr\":[],\"file_name\":\"catalog_product_20220427_113220.csv\",\"file_format\":\"csv\",\"content_type\":\"text\\/csv\",\"entity\":\"catalog_product\",\"export_filter\":\"{\\\"auto_manufacturer\\\":\\\"\\\",\\\"category_ids\\\":\\\"\\\",\\\"color\\\":\\\"\\\",\\\"cost\\\":[\\\"\\\",\\\"\\\"],\\\"country_of_manufacture\\\":\\\"\\\",\\\"created_at\\\":[\\\"\\\",\\\"\\\"],\\\"custom_design\\\":\\\"\\\",\\\"custom_design_from\\\":[\\\"\\\",\\\"\\\"],\\\"custom_design_to\\\":[\\\"\\\",\\\"\\\"],\\\"custom_layout\\\":\\\"\\\",\\\"custom_layout_update\\\":\\\"\\\",\\\"custom_layout_update_file\\\":\\\"\\\",\\\"description\\\":\\\"\\\",\\\"gallery\\\":\\\"\\\",\\\"gift_message_available\\\":\\\"\\\",\\\"has_options\\\":\\\"\\\",\\\"image\\\":\\\"\\\",\\\"image_label\\\":\\\"\\\",\\\"links_exist\\\":[\\\"\\\",\\\"\\\"],\\\"links_purchased_separately\\\":[\\\"\\\",\\\"\\\"],\\\"links_title\\\":\\\"\\\",\\\"manufacturer\\\":\\\"\\\",\\\"media_gallery\\\":\\\"\\\",\\\"meta_description\\\":\\\"\\\",\\\"meta_keyword\\\":\\\"\\\",\\\"meta_title\\\":\\\"\\\",\\\"minimal_price\\\":[\\\"\\\",\\\"\\\"],\\\"model\\\":\\\"\\\",\\\"msrp\\\":[\\\"\\\",\\\"\\\"],\\\"msrp_display_actual_price_type\\\":\\\"\\\",\\\"name\\\":\\\"\\\",\\\"news_from_date\\\":[\\\"\\\",\\\"\\\"],\\\"news_to_date\\\":[\\\"\\\",\\\"\\\"],\\\"old_id\\\":[\\\"\\\",\\\"\\\"],\\\"options_container\\\":\\\"\\\",\\\"page_layout\\\":\\\"\\\",\\\"price\\\":[\\\"\\\",\\\"\\\"],\\\"price_type\\\":[\\\"\\\",\\\"\\\"],\\\"price_view\\\":\\\"\\\",\\\"quantity_and_stock_status\\\":\\\"\\\",\\\"required_options\\\":\\\"\\\",\\\"samples_title\\\":\\\"\\\",\\\"shipment_type\\\":\\\"\\\",\\\"short_description\\\":\\\"\\\",\\\"size\\\":\\\"\\\",\\\"sku\\\":\\\"\\\",\\\"sku_type\\\":[\\\"\\\",\\\"\\\"],\\\"sm_degree_height\\\":\\\"\\\",\\\"sm_degree_index\\\":\\\"\\\",\\\"sm_degree_path\\\":\\\"\\\",\\\"sm_degree_width\\\":\\\"\\\",\\\"sm_featured\\\":\\\"\\\",\\\"sm_hoverimage\\\":\\\"\\\",\\\"sm_sizechart\\\":\\\"\\\",\\\"small_image\\\":\\\"\\\",\\\"small_image_label\\\":\\\"\\\",\\\"special_from_date\\\":[\\\"\\\",\\\"\\\"],\\\"special_price\\\":[\\\"\\\",\\\"\\\"],\\\"special_to_date\\\":[\\\"\\\",\\\"\\\"],\\\"status\\\":\\\"\\\",\\\"swatch_image\\\":\\\"\\\",\\\"tax_class_id\\\":\\\"\\\",\\\"thumbnail\\\":\\\"\\\",\\\"thumbnail_label\\\":\\\"\\\",\\\"tier_price\\\":[\\\"\\\",\\\"\\\"],\\\"updated_at\\\":[\\\"\\\",\\\"\\\"],\\\"url_key\\\":\\\"\\\",\\\"url_path\\\":\\\"\\\",\\\"visibility\\\":\\\"\\\",\\\"weight\\\":[\\\"\\\",\\\"\\\"],\\\"weight_type\\\":[\\\"\\\",\\\"\\\"],\\\"year\\\":\\\"\\\"}\"}'),(17,'import_export.export','{\"skip_attr\":[],\"file_name\":\"catalog_product_20220427_113934.csv\",\"file_format\":\"csv\",\"content_type\":\"text\\/csv\",\"entity\":\"catalog_product\",\"export_filter\":\"{\\\"auto_manufacturer\\\":\\\"\\\",\\\"category_ids\\\":\\\"\\\",\\\"color\\\":\\\"\\\",\\\"cost\\\":[\\\"\\\",\\\"\\\"],\\\"country_of_manufacture\\\":\\\"\\\",\\\"created_at\\\":[\\\"\\\",\\\"\\\"],\\\"custom_design\\\":\\\"\\\",\\\"custom_design_from\\\":[\\\"\\\",\\\"\\\"],\\\"custom_design_to\\\":[\\\"\\\",\\\"\\\"],\\\"custom_layout\\\":\\\"\\\",\\\"custom_layout_update\\\":\\\"\\\",\\\"custom_layout_update_file\\\":\\\"\\\",\\\"description\\\":\\\"\\\",\\\"gallery\\\":\\\"\\\",\\\"gift_message_available\\\":\\\"\\\",\\\"has_options\\\":\\\"\\\",\\\"image\\\":\\\"\\\",\\\"image_label\\\":\\\"\\\",\\\"links_exist\\\":[\\\"\\\",\\\"\\\"],\\\"links_purchased_separately\\\":[\\\"\\\",\\\"\\\"],\\\"links_title\\\":\\\"\\\",\\\"manufacturer\\\":\\\"\\\",\\\"media_gallery\\\":\\\"\\\",\\\"meta_description\\\":\\\"\\\",\\\"meta_keyword\\\":\\\"\\\",\\\"meta_title\\\":\\\"\\\",\\\"minimal_price\\\":[\\\"\\\",\\\"\\\"],\\\"model\\\":\\\"\\\",\\\"msrp\\\":[\\\"\\\",\\\"\\\"],\\\"msrp_display_actual_price_type\\\":\\\"\\\",\\\"name\\\":\\\"\\\",\\\"news_from_date\\\":[\\\"\\\",\\\"\\\"],\\\"news_to_date\\\":[\\\"\\\",\\\"\\\"],\\\"old_id\\\":[\\\"\\\",\\\"\\\"],\\\"options_container\\\":\\\"\\\",\\\"page_layout\\\":\\\"\\\",\\\"price\\\":[\\\"\\\",\\\"\\\"],\\\"price_type\\\":[\\\"\\\",\\\"\\\"],\\\"price_view\\\":\\\"\\\",\\\"quantity_and_stock_status\\\":\\\"\\\",\\\"required_options\\\":\\\"\\\",\\\"samples_title\\\":\\\"\\\",\\\"shipment_type\\\":\\\"\\\",\\\"short_description\\\":\\\"\\\",\\\"size\\\":\\\"\\\",\\\"sku\\\":\\\"\\\",\\\"sku_type\\\":[\\\"\\\",\\\"\\\"],\\\"sm_degree_height\\\":\\\"\\\",\\\"sm_degree_index\\\":\\\"\\\",\\\"sm_degree_path\\\":\\\"\\\",\\\"sm_degree_width\\\":\\\"\\\",\\\"sm_featured\\\":\\\"\\\",\\\"sm_hoverimage\\\":\\\"\\\",\\\"sm_sizechart\\\":\\\"\\\",\\\"small_image\\\":\\\"\\\",\\\"small_image_label\\\":\\\"\\\",\\\"special_from_date\\\":[\\\"\\\",\\\"\\\"],\\\"special_price\\\":[\\\"\\\",\\\"\\\"],\\\"special_to_date\\\":[\\\"\\\",\\\"\\\"],\\\"status\\\":\\\"\\\",\\\"swatch_image\\\":\\\"\\\",\\\"tax_class_id\\\":\\\"\\\",\\\"thumbnail\\\":\\\"\\\",\\\"thumbnail_label\\\":\\\"\\\",\\\"tier_price\\\":[\\\"\\\",\\\"\\\"],\\\"updated_at\\\":[\\\"\\\",\\\"\\\"],\\\"url_key\\\":\\\"\\\",\\\"url_path\\\":\\\"\\\",\\\"visibility\\\":\\\"\\\",\\\"weight\\\":[\\\"\\\",\\\"\\\"],\\\"weight_type\\\":[\\\"\\\",\\\"\\\"],\\\"year\\\":\\\"\\\"}\"}'),(18,'product_action_attribute.website.update','{\"id\":null,\"bulk_uuid\":\"b3ede588-8019-433b-a2dc-7f5a2a3d8416\",\"topic_name\":\"product_action_attribute.website.update\",\"serialized_data\":\"{\\\"meta_information\\\":\\\"Update website assign\\\",\\\"product_ids\\\":[\\\"264\\\",\\\"265\\\",\\\"266\\\",\\\"267\\\",\\\"268\\\",\\\"269\\\",\\\"270\\\",\\\"271\\\",\\\"272\\\",\\\"273\\\",\\\"274\\\",\\\"275\\\",\\\"276\\\",\\\"277\\\",\\\"278\\\",\\\"279\\\",\\\"280\\\",\\\"281\\\",\\\"282\\\",\\\"283\\\",\\\"284\\\",\\\"285\\\",\\\"286\\\",\\\"287\\\",\\\"288\\\",\\\"289\\\",\\\"290\\\",\\\"291\\\",\\\"292\\\",\\\"293\\\",\\\"294\\\",\\\"295\\\",\\\"296\\\",\\\"297\\\"],\\\"store_id\\\":0,\\\"website_id\\\":\\\"0\\\",\\\"attributes\\\":{\\\"website_assign\\\":[\\\"1\\\"],\\\"website_detach\\\":[]}}\",\"result_serialized_data\":null,\"status\":4,\"result_message\":null,\"error_code\":null}'),(19,'product_action_attribute.update','{\"id\":null,\"bulk_uuid\":\"7b9391f5-6c12-427c-ad0d-565ee548b936\",\"topic_name\":\"product_action_attribute.update\",\"serialized_data\":\"{\\\"meta_information\\\":\\\"Update product attributes\\\",\\\"product_ids\\\":[\\\"264\\\",\\\"265\\\",\\\"266\\\",\\\"267\\\",\\\"268\\\",\\\"269\\\",\\\"270\\\",\\\"271\\\",\\\"272\\\",\\\"273\\\",\\\"274\\\",\\\"275\\\",\\\"276\\\",\\\"277\\\",\\\"278\\\",\\\"279\\\",\\\"280\\\",\\\"281\\\",\\\"282\\\",\\\"283\\\",\\\"284\\\",\\\"285\\\",\\\"286\\\",\\\"287\\\",\\\"288\\\",\\\"289\\\",\\\"290\\\",\\\"291\\\",\\\"292\\\",\\\"293\\\",\\\"294\\\",\\\"295\\\",\\\"296\\\",\\\"297\\\"],\\\"store_id\\\":0,\\\"website_id\\\":\\\"0\\\",\\\"attributes\\\":{\\\"product_has_weight\\\":\\\"1\\\"}}\",\"result_serialized_data\":null,\"status\":4,\"result_message\":null,\"error_code\":null}'),(20,'inventory.mass.update','{\"skus\":[\"Test\",\"AP4425\",\"AP8853\",\"AP4423\",\"AP9565\",\"AP9335TH\",\"AP7921B\",\"AP8953\",\"APDU9959EU3\",\"NBES0301\",\"NBRK0250\",\"AR3350\",\"ECX-JC-C13C14-16AWG-1M\",\"ECX-JC-C13C14-16AWG-2M\",\"ECX-JC-C14C15-16AWG-1M\",\"ECX-JC-C14C15-16AWG-2M\",\"ECX-JC-C19C20-12AWG-2M\",\"ECX-JC-C19C14-16AWG-2M\",\"ECX-JC-C19CSP15A-14AWG-2M\",\"Standard: C14 to Universal Female Converter\",\"ECX-JC-C13CSP-16AWG-2M\",\"ECX-NEMA 5-15P-C19-2M\",\"ECX-JC-C18C7-16AWG-2M\",\"ECX-JC-C195ACSP-16AWG-3M\",\"MX984\",\"GCL1800\",\"G2L5203P\",\"GUC10KM\",\"43SE3KE\",\"2200-48810-025\",\"4870-48810-362\",\"2200-86660-019\",\"2200-86430-001\",\"4870-86240-362\"],\"data\":\"{\\\"qty\\\":\\\"1000\\\",\\\"is_in_stock\\\":\\\"1\\\"}\"}'),(21,'import_export.export','{\"skip_attr\":[],\"file_name\":\"catalog_product_20220513_101551.csv\",\"file_format\":\"csv\",\"content_type\":\"text\\/csv\",\"entity\":\"catalog_product\",\"export_filter\":\"{\\\"auto_manufacturer\\\":\\\"\\\",\\\"category_ids\\\":\\\"\\\",\\\"color\\\":\\\"\\\",\\\"cost\\\":[\\\"\\\",\\\"\\\"],\\\"country_of_manufacture\\\":\\\"\\\",\\\"created_at\\\":[\\\"\\\",\\\"\\\"],\\\"custom_design\\\":\\\"\\\",\\\"custom_design_from\\\":[\\\"\\\",\\\"\\\"],\\\"custom_design_to\\\":[\\\"\\\",\\\"\\\"],\\\"custom_layout\\\":\\\"\\\",\\\"custom_layout_update\\\":\\\"\\\",\\\"custom_layout_update_file\\\":\\\"\\\",\\\"description\\\":\\\"\\\",\\\"gallery\\\":\\\"\\\",\\\"gift_message_available\\\":\\\"\\\",\\\"has_options\\\":\\\"\\\",\\\"image\\\":\\\"\\\",\\\"image_label\\\":\\\"\\\",\\\"is_featured\\\":\\\"\\\",\\\"lead_time\\\":\\\"\\\",\\\"links_exist\\\":[\\\"\\\",\\\"\\\"],\\\"links_purchased_separately\\\":[\\\"\\\",\\\"\\\"],\\\"links_title\\\":\\\"\\\",\\\"manufacturer\\\":\\\"\\\",\\\"media_gallery\\\":\\\"\\\",\\\"meta_description\\\":\\\"\\\",\\\"meta_keyword\\\":\\\"\\\",\\\"meta_title\\\":\\\"\\\",\\\"minimal_price\\\":[\\\"\\\",\\\"\\\"],\\\"model\\\":\\\"\\\",\\\"mpn\\\":\\\"\\\",\\\"msrp\\\":[\\\"\\\",\\\"\\\"],\\\"msrp_display_actual_price_type\\\":\\\"\\\",\\\"name\\\":\\\"\\\",\\\"news_from_date\\\":[\\\"\\\",\\\"\\\"],\\\"news_to_date\\\":[\\\"\\\",\\\"\\\"],\\\"old_id\\\":[\\\"\\\",\\\"\\\"],\\\"options_container\\\":\\\"\\\",\\\"page_layout\\\":\\\"\\\",\\\"price\\\":[\\\"\\\",\\\"\\\"],\\\"price_type\\\":[\\\"\\\",\\\"\\\"],\\\"price_view\\\":\\\"\\\",\\\"quantity_and_stock_status\\\":\\\"\\\",\\\"required_options\\\":\\\"\\\",\\\"samples_title\\\":\\\"\\\",\\\"shipment_type\\\":\\\"\\\",\\\"short_description\\\":\\\"\\\",\\\"size\\\":\\\"\\\",\\\"sku\\\":\\\"\\\",\\\"sku_type\\\":[\\\"\\\",\\\"\\\"],\\\"sm_degree_height\\\":\\\"\\\",\\\"sm_degree_index\\\":\\\"\\\",\\\"sm_degree_path\\\":\\\"\\\",\\\"sm_degree_width\\\":\\\"\\\",\\\"sm_featured\\\":\\\"\\\",\\\"sm_hoverimage\\\":\\\"\\\",\\\"sm_sizechart\\\":\\\"\\\",\\\"small_image\\\":\\\"\\\",\\\"small_image_label\\\":\\\"\\\",\\\"special_from_date\\\":[\\\"\\\",\\\"\\\"],\\\"special_price\\\":[\\\"\\\",\\\"\\\"],\\\"special_to_date\\\":[\\\"\\\",\\\"\\\"],\\\"status\\\":\\\"\\\",\\\"swatch_image\\\":\\\"\\\",\\\"tax_class_id\\\":\\\"\\\",\\\"thumbnail\\\":\\\"\\\",\\\"thumbnail_label\\\":\\\"\\\",\\\"tier_price\\\":[\\\"\\\",\\\"\\\"],\\\"updated_at\\\":[\\\"\\\",\\\"\\\"],\\\"url_key\\\":\\\"\\\",\\\"url_path\\\":\\\"\\\",\\\"visibility\\\":\\\"\\\",\\\"weight\\\":[\\\"\\\",\\\"\\\"],\\\"weight_type\\\":[\\\"\\\",\\\"\\\"],\\\"year\\\":\\\"\\\"}\"}'),(22,'import_export.export','{\"skip_attr\":[],\"file_name\":\"catalog_product_20220513_101714.csv\",\"file_format\":\"csv\",\"content_type\":\"text\\/csv\",\"entity\":\"catalog_product\",\"export_filter\":\"{\\\"auto_manufacturer\\\":\\\"\\\",\\\"category_ids\\\":\\\"\\\",\\\"color\\\":\\\"\\\",\\\"cost\\\":[\\\"\\\",\\\"\\\"],\\\"country_of_manufacture\\\":\\\"\\\",\\\"created_at\\\":[\\\"\\\",\\\"\\\"],\\\"custom_design\\\":\\\"\\\",\\\"custom_design_from\\\":[\\\"\\\",\\\"\\\"],\\\"custom_design_to\\\":[\\\"\\\",\\\"\\\"],\\\"custom_layout\\\":\\\"\\\",\\\"custom_layout_update\\\":\\\"\\\",\\\"custom_layout_update_file\\\":\\\"\\\",\\\"description\\\":\\\"\\\",\\\"gallery\\\":\\\"\\\",\\\"gift_message_available\\\":\\\"\\\",\\\"has_options\\\":\\\"\\\",\\\"image\\\":\\\"\\\",\\\"image_label\\\":\\\"\\\",\\\"is_featured\\\":\\\"\\\",\\\"lead_time\\\":\\\"\\\",\\\"links_exist\\\":[\\\"\\\",\\\"\\\"],\\\"links_purchased_separately\\\":[\\\"\\\",\\\"\\\"],\\\"links_title\\\":\\\"\\\",\\\"manufacturer\\\":\\\"\\\",\\\"media_gallery\\\":\\\"\\\",\\\"meta_description\\\":\\\"\\\",\\\"meta_keyword\\\":\\\"\\\",\\\"meta_title\\\":\\\"\\\",\\\"minimal_price\\\":[\\\"\\\",\\\"\\\"],\\\"model\\\":\\\"\\\",\\\"mpn\\\":\\\"\\\",\\\"msrp\\\":[\\\"\\\",\\\"\\\"],\\\"msrp_display_actual_price_type\\\":\\\"\\\",\\\"name\\\":\\\"\\\",\\\"news_from_date\\\":[\\\"\\\",\\\"\\\"],\\\"news_to_date\\\":[\\\"\\\",\\\"\\\"],\\\"old_id\\\":[\\\"\\\",\\\"\\\"],\\\"options_container\\\":\\\"\\\",\\\"page_layout\\\":\\\"\\\",\\\"price\\\":[\\\"\\\",\\\"\\\"],\\\"price_type\\\":[\\\"\\\",\\\"\\\"],\\\"price_view\\\":\\\"\\\",\\\"quantity_and_stock_status\\\":\\\"\\\",\\\"required_options\\\":\\\"\\\",\\\"samples_title\\\":\\\"\\\",\\\"shipment_type\\\":\\\"\\\",\\\"short_description\\\":\\\"\\\",\\\"size\\\":\\\"\\\",\\\"sku\\\":\\\"\\\",\\\"sku_type\\\":[\\\"\\\",\\\"\\\"],\\\"sm_degree_height\\\":\\\"\\\",\\\"sm_degree_index\\\":\\\"\\\",\\\"sm_degree_path\\\":\\\"\\\",\\\"sm_degree_width\\\":\\\"\\\",\\\"sm_featured\\\":\\\"\\\",\\\"sm_hoverimage\\\":\\\"\\\",\\\"sm_sizechart\\\":\\\"\\\",\\\"small_image\\\":\\\"\\\",\\\"small_image_label\\\":\\\"\\\",\\\"special_from_date\\\":[\\\"\\\",\\\"\\\"],\\\"special_price\\\":[\\\"\\\",\\\"\\\"],\\\"special_to_date\\\":[\\\"\\\",\\\"\\\"],\\\"status\\\":\\\"\\\",\\\"swatch_image\\\":\\\"\\\",\\\"tax_class_id\\\":\\\"\\\",\\\"thumbnail\\\":\\\"\\\",\\\"thumbnail_label\\\":\\\"\\\",\\\"tier_price\\\":[\\\"\\\",\\\"\\\"],\\\"updated_at\\\":[\\\"\\\",\\\"\\\"],\\\"url_key\\\":\\\"\\\",\\\"url_path\\\":\\\"\\\",\\\"visibility\\\":\\\"\\\",\\\"weight\\\":[\\\"\\\",\\\"\\\"],\\\"weight_type\\\":[\\\"\\\",\\\"\\\"],\\\"year\\\":\\\"\\\"}\"}'),(23,'import_export.export','{\"skip_attr\":[],\"file_name\":\"catalog_product_20220513_101826.csv\",\"file_format\":\"csv\",\"content_type\":\"text\\/csv\",\"entity\":\"catalog_product\",\"export_filter\":\"{\\\"auto_manufacturer\\\":\\\"\\\",\\\"category_ids\\\":\\\"\\\",\\\"color\\\":\\\"\\\",\\\"cost\\\":[\\\"\\\",\\\"\\\"],\\\"country_of_manufacture\\\":\\\"\\\",\\\"created_at\\\":[\\\"\\\",\\\"\\\"],\\\"custom_design\\\":\\\"\\\",\\\"custom_design_from\\\":[\\\"\\\",\\\"\\\"],\\\"custom_design_to\\\":[\\\"\\\",\\\"\\\"],\\\"custom_layout\\\":\\\"\\\",\\\"custom_layout_update\\\":\\\"\\\",\\\"custom_layout_update_file\\\":\\\"\\\",\\\"description\\\":\\\"\\\",\\\"gallery\\\":\\\"\\\",\\\"gift_message_available\\\":\\\"\\\",\\\"has_options\\\":\\\"\\\",\\\"image\\\":\\\"\\\",\\\"image_label\\\":\\\"\\\",\\\"is_featured\\\":\\\"\\\",\\\"lead_time\\\":\\\"\\\",\\\"links_exist\\\":[\\\"\\\",\\\"\\\"],\\\"links_purchased_separately\\\":[\\\"\\\",\\\"\\\"],\\\"links_title\\\":\\\"\\\",\\\"manufacturer\\\":\\\"\\\",\\\"media_gallery\\\":\\\"\\\",\\\"meta_description\\\":\\\"\\\",\\\"meta_keyword\\\":\\\"\\\",\\\"meta_title\\\":\\\"\\\",\\\"minimal_price\\\":[\\\"\\\",\\\"\\\"],\\\"model\\\":\\\"\\\",\\\"mpn\\\":\\\"\\\",\\\"msrp\\\":[\\\"\\\",\\\"\\\"],\\\"msrp_display_actual_price_type\\\":\\\"\\\",\\\"name\\\":\\\"\\\",\\\"news_from_date\\\":[\\\"\\\",\\\"\\\"],\\\"news_to_date\\\":[\\\"\\\",\\\"\\\"],\\\"old_id\\\":[\\\"\\\",\\\"\\\"],\\\"options_container\\\":\\\"\\\",\\\"page_layout\\\":\\\"\\\",\\\"price\\\":[\\\"\\\",\\\"\\\"],\\\"price_type\\\":[\\\"\\\",\\\"\\\"],\\\"price_view\\\":\\\"\\\",\\\"quantity_and_stock_status\\\":\\\"\\\",\\\"required_options\\\":\\\"\\\",\\\"samples_title\\\":\\\"\\\",\\\"shipment_type\\\":\\\"\\\",\\\"short_description\\\":\\\"\\\",\\\"size\\\":\\\"\\\",\\\"sku\\\":\\\"\\\",\\\"sku_type\\\":[\\\"\\\",\\\"\\\"],\\\"sm_degree_height\\\":\\\"\\\",\\\"sm_degree_index\\\":\\\"\\\",\\\"sm_degree_path\\\":\\\"\\\",\\\"sm_degree_width\\\":\\\"\\\",\\\"sm_featured\\\":\\\"\\\",\\\"sm_hoverimage\\\":\\\"\\\",\\\"sm_sizechart\\\":\\\"\\\",\\\"small_image\\\":\\\"\\\",\\\"small_image_label\\\":\\\"\\\",\\\"special_from_date\\\":[\\\"\\\",\\\"\\\"],\\\"special_price\\\":[\\\"\\\",\\\"\\\"],\\\"special_to_date\\\":[\\\"\\\",\\\"\\\"],\\\"status\\\":\\\"\\\",\\\"swatch_image\\\":\\\"\\\",\\\"tax_class_id\\\":\\\"\\\",\\\"thumbnail\\\":\\\"\\\",\\\"thumbnail_label\\\":\\\"\\\",\\\"tier_price\\\":[\\\"\\\",\\\"\\\"],\\\"updated_at\\\":[\\\"\\\",\\\"\\\"],\\\"url_key\\\":\\\"\\\",\\\"url_path\\\":\\\"\\\",\\\"visibility\\\":\\\"\\\",\\\"weight\\\":[\\\"\\\",\\\"\\\"],\\\"weight_type\\\":[\\\"\\\",\\\"\\\"],\\\"year\\\":\\\"\\\"}\"}'),(24,'import_export.export','{\"skip_attr\":[],\"file_name\":\"catalog_product_20220609_041913.csv\",\"file_format\":\"csv\",\"content_type\":\"text\\/csv\",\"entity\":\"catalog_product\",\"export_filter\":\"{\\\"auto_manufacturer\\\":\\\"\\\",\\\"category_ids\\\":\\\"\\\",\\\"color\\\":\\\"\\\",\\\"cost\\\":[\\\"\\\",\\\"\\\"],\\\"country_of_manufacture\\\":\\\"\\\",\\\"created_at\\\":[\\\"\\\",\\\"\\\"],\\\"custom_design\\\":\\\"\\\",\\\"custom_design_from\\\":[\\\"\\\",\\\"\\\"],\\\"custom_design_to\\\":[\\\"\\\",\\\"\\\"],\\\"custom_layout\\\":\\\"\\\",\\\"custom_layout_update\\\":\\\"\\\",\\\"custom_layout_update_file\\\":\\\"\\\",\\\"description\\\":\\\"\\\",\\\"gallery\\\":\\\"\\\",\\\"gift_message_available\\\":\\\"\\\",\\\"has_options\\\":\\\"\\\",\\\"image\\\":\\\"\\\",\\\"image_label\\\":\\\"\\\",\\\"is_featured\\\":\\\"\\\",\\\"lead_time\\\":\\\"\\\",\\\"links_exist\\\":[\\\"\\\",\\\"\\\"],\\\"links_purchased_separately\\\":[\\\"\\\",\\\"\\\"],\\\"links_title\\\":\\\"\\\",\\\"manufacturer\\\":\\\"\\\",\\\"media_gallery\\\":\\\"\\\",\\\"meta_description\\\":\\\"\\\",\\\"meta_keyword\\\":\\\"\\\",\\\"meta_title\\\":\\\"\\\",\\\"minimal_price\\\":[\\\"\\\",\\\"\\\"],\\\"model\\\":\\\"\\\",\\\"mpn\\\":\\\"\\\",\\\"msrp\\\":[\\\"\\\",\\\"\\\"],\\\"msrp_display_actual_price_type\\\":\\\"\\\",\\\"name\\\":\\\"\\\",\\\"news_from_date\\\":[\\\"\\\",\\\"\\\"],\\\"news_to_date\\\":[\\\"\\\",\\\"\\\"],\\\"ns_item_id\\\":\\\"\\\",\\\"old_id\\\":[\\\"\\\",\\\"\\\"],\\\"options_container\\\":\\\"\\\",\\\"page_layout\\\":\\\"\\\",\\\"price\\\":[\\\"\\\",\\\"\\\"],\\\"price_type\\\":[\\\"\\\",\\\"\\\"],\\\"price_view\\\":\\\"\\\",\\\"quantity_and_stock_status\\\":\\\"\\\",\\\"required_options\\\":\\\"\\\",\\\"samples_title\\\":\\\"\\\",\\\"shipment_type\\\":\\\"\\\",\\\"short_description\\\":\\\"\\\",\\\"size\\\":\\\"\\\",\\\"sku\\\":\\\"\\\",\\\"sku_type\\\":[\\\"\\\",\\\"\\\"],\\\"sm_degree_height\\\":\\\"\\\",\\\"sm_degree_index\\\":\\\"\\\",\\\"sm_degree_path\\\":\\\"\\\",\\\"sm_degree_width\\\":\\\"\\\",\\\"sm_featured\\\":\\\"\\\",\\\"sm_hoverimage\\\":\\\"\\\",\\\"sm_sizechart\\\":\\\"\\\",\\\"small_image\\\":\\\"\\\",\\\"small_image_label\\\":\\\"\\\",\\\"special_from_date\\\":[\\\"\\\",\\\"\\\"],\\\"special_price\\\":[\\\"\\\",\\\"\\\"],\\\"special_to_date\\\":[\\\"\\\",\\\"\\\"],\\\"status\\\":\\\"1\\\",\\\"swatch_image\\\":\\\"\\\",\\\"tax_class_id\\\":\\\"\\\",\\\"thumbnail\\\":\\\"\\\",\\\"thumbnail_label\\\":\\\"\\\",\\\"tier_price\\\":[\\\"\\\",\\\"\\\"],\\\"updated_at\\\":[\\\"\\\",\\\"\\\"],\\\"url_key\\\":\\\"\\\",\\\"url_path\\\":\\\"\\\",\\\"visibility\\\":\\\"\\\",\\\"weight\\\":[\\\"\\\",\\\"\\\"],\\\"weight_type\\\":[\\\"\\\",\\\"\\\"],\\\"year\\\":\\\"\\\"}\"}'),(25,'import_export.export','{\"skip_attr\":[],\"file_name\":\"catalog_product_20220623_121453.csv\",\"file_format\":\"csv\",\"content_type\":\"text\\/csv\",\"entity\":\"catalog_product\",\"export_filter\":\"{\\\"auto_manufacturer\\\":\\\"\\\",\\\"category_ids\\\":\\\"\\\",\\\"color\\\":\\\"\\\",\\\"cost\\\":[\\\"\\\",\\\"\\\"],\\\"country_of_manufacture\\\":\\\"\\\",\\\"created_at\\\":[\\\"\\\",\\\"\\\"],\\\"custom_design\\\":\\\"\\\",\\\"custom_design_from\\\":[\\\"\\\",\\\"\\\"],\\\"custom_design_to\\\":[\\\"\\\",\\\"\\\"],\\\"custom_layout\\\":\\\"\\\",\\\"custom_layout_update\\\":\\\"\\\",\\\"custom_layout_update_file\\\":\\\"\\\",\\\"description\\\":\\\"\\\",\\\"gallery\\\":\\\"\\\",\\\"gift_message_available\\\":\\\"\\\",\\\"has_options\\\":\\\"\\\",\\\"image\\\":\\\"\\\",\\\"image_label\\\":\\\"\\\",\\\"is_featured\\\":\\\"\\\",\\\"lead_time\\\":\\\"\\\",\\\"links_exist\\\":[\\\"\\\",\\\"\\\"],\\\"links_purchased_separately\\\":[\\\"\\\",\\\"\\\"],\\\"links_title\\\":\\\"\\\",\\\"manufacturer\\\":\\\"\\\",\\\"media_gallery\\\":\\\"\\\",\\\"meta_description\\\":\\\"\\\",\\\"meta_keyword\\\":\\\"\\\",\\\"meta_title\\\":\\\"\\\",\\\"minimal_price\\\":[\\\"\\\",\\\"\\\"],\\\"model\\\":\\\"\\\",\\\"mpn\\\":\\\"\\\",\\\"msrp\\\":[\\\"\\\",\\\"\\\"],\\\"msrp_display_actual_price_type\\\":\\\"\\\",\\\"name\\\":\\\"\\\",\\\"news_from_date\\\":[\\\"\\\",\\\"\\\"],\\\"news_to_date\\\":[\\\"\\\",\\\"\\\"],\\\"ns_item_id\\\":\\\"\\\",\\\"old_id\\\":[\\\"\\\",\\\"\\\"],\\\"options_container\\\":\\\"\\\",\\\"page_layout\\\":\\\"\\\",\\\"price\\\":[\\\"\\\",\\\"\\\"],\\\"price_type\\\":[\\\"\\\",\\\"\\\"],\\\"price_view\\\":\\\"\\\",\\\"quantity_and_stock_status\\\":\\\"\\\",\\\"required_options\\\":\\\"\\\",\\\"samples_title\\\":\\\"\\\",\\\"shipment_type\\\":\\\"\\\",\\\"short_description\\\":\\\"\\\",\\\"size\\\":\\\"\\\",\\\"sku\\\":\\\"\\\",\\\"sku_type\\\":[\\\"\\\",\\\"\\\"],\\\"sm_degree_height\\\":\\\"\\\",\\\"sm_degree_index\\\":\\\"\\\",\\\"sm_degree_path\\\":\\\"\\\",\\\"sm_degree_width\\\":\\\"\\\",\\\"sm_featured\\\":\\\"\\\",\\\"sm_hoverimage\\\":\\\"\\\",\\\"sm_sizechart\\\":\\\"\\\",\\\"small_image\\\":\\\"\\\",\\\"small_image_label\\\":\\\"\\\",\\\"special_from_date\\\":[\\\"\\\",\\\"\\\"],\\\"special_price\\\":[\\\"\\\",\\\"\\\"],\\\"special_to_date\\\":[\\\"\\\",\\\"\\\"],\\\"status\\\":\\\"1\\\",\\\"swatch_image\\\":\\\"\\\",\\\"tax_class_id\\\":\\\"\\\",\\\"thumbnail\\\":\\\"\\\",\\\"thumbnail_label\\\":\\\"\\\",\\\"tier_price\\\":[\\\"\\\",\\\"\\\"],\\\"updated_at\\\":[\\\"\\\",\\\"\\\"],\\\"url_key\\\":\\\"\\\",\\\"url_path\\\":\\\"\\\",\\\"visibility\\\":\\\"\\\",\\\"weight\\\":[\\\"\\\",\\\"\\\"],\\\"weight_type\\\":[\\\"\\\",\\\"\\\"],\\\"year\\\":\\\"\\\"}\"}'),(26,'import_export.export','{\"skip_attr\":[],\"file_name\":\"catalog_product_20220624_090932.csv\",\"file_format\":\"csv\",\"content_type\":\"text\\/csv\",\"entity\":\"catalog_product\",\"export_filter\":\"{\\\"auto_manufacturer\\\":\\\"\\\",\\\"category_ids\\\":\\\"\\\",\\\"color\\\":\\\"\\\",\\\"cost\\\":[\\\"\\\",\\\"\\\"],\\\"country_of_manufacture\\\":\\\"\\\",\\\"created_at\\\":[\\\"\\\",\\\"\\\"],\\\"custom_design\\\":\\\"\\\",\\\"custom_design_from\\\":[\\\"\\\",\\\"\\\"],\\\"custom_design_to\\\":[\\\"\\\",\\\"\\\"],\\\"custom_layout\\\":\\\"\\\",\\\"custom_layout_update\\\":\\\"\\\",\\\"custom_layout_update_file\\\":\\\"\\\",\\\"description\\\":\\\"\\\",\\\"gallery\\\":\\\"\\\",\\\"gift_message_available\\\":\\\"\\\",\\\"has_options\\\":\\\"\\\",\\\"image\\\":\\\"\\\",\\\"image_label\\\":\\\"\\\",\\\"is_featured\\\":\\\"\\\",\\\"lead_time\\\":\\\"\\\",\\\"links_exist\\\":[\\\"\\\",\\\"\\\"],\\\"links_purchased_separately\\\":[\\\"\\\",\\\"\\\"],\\\"links_title\\\":\\\"\\\",\\\"manufacturer\\\":\\\"\\\",\\\"media_gallery\\\":\\\"\\\",\\\"meta_description\\\":\\\"\\\",\\\"meta_keyword\\\":\\\"\\\",\\\"meta_title\\\":\\\"\\\",\\\"minimal_price\\\":[\\\"\\\",\\\"\\\"],\\\"model\\\":\\\"\\\",\\\"mpn\\\":\\\"\\\",\\\"msrp\\\":[\\\"\\\",\\\"\\\"],\\\"msrp_display_actual_price_type\\\":\\\"\\\",\\\"name\\\":\\\"\\\",\\\"news_from_date\\\":[\\\"\\\",\\\"\\\"],\\\"news_to_date\\\":[\\\"\\\",\\\"\\\"],\\\"ns_item_id\\\":\\\"\\\",\\\"old_id\\\":[\\\"\\\",\\\"\\\"],\\\"options_container\\\":\\\"\\\",\\\"page_layout\\\":\\\"\\\",\\\"price\\\":[\\\"\\\",\\\"\\\"],\\\"price_type\\\":[\\\"\\\",\\\"\\\"],\\\"price_view\\\":\\\"\\\",\\\"quantity_and_stock_status\\\":\\\"\\\",\\\"required_options\\\":\\\"\\\",\\\"samples_title\\\":\\\"\\\",\\\"shipment_type\\\":\\\"\\\",\\\"short_description\\\":\\\"\\\",\\\"size\\\":\\\"\\\",\\\"sku\\\":\\\"\\\",\\\"sku_type\\\":[\\\"\\\",\\\"\\\"],\\\"sm_degree_height\\\":\\\"\\\",\\\"sm_degree_index\\\":\\\"\\\",\\\"sm_degree_path\\\":\\\"\\\",\\\"sm_degree_width\\\":\\\"\\\",\\\"sm_featured\\\":\\\"\\\",\\\"sm_hoverimage\\\":\\\"\\\",\\\"sm_sizechart\\\":\\\"\\\",\\\"small_image\\\":\\\"\\\",\\\"small_image_label\\\":\\\"\\\",\\\"special_from_date\\\":[\\\"\\\",\\\"\\\"],\\\"special_price\\\":[\\\"\\\",\\\"\\\"],\\\"special_to_date\\\":[\\\"\\\",\\\"\\\"],\\\"status\\\":\\\"1\\\",\\\"swatch_image\\\":\\\"\\\",\\\"tax_class_id\\\":\\\"\\\",\\\"thumbnail\\\":\\\"\\\",\\\"thumbnail_label\\\":\\\"\\\",\\\"tier_price\\\":[\\\"\\\",\\\"\\\"],\\\"updated_at\\\":[\\\"\\\",\\\"\\\"],\\\"url_key\\\":\\\"\\\",\\\"url_path\\\":\\\"\\\",\\\"visibility\\\":\\\"\\\",\\\"weight\\\":[\\\"\\\",\\\"\\\"],\\\"weight_type\\\":[\\\"\\\",\\\"\\\"],\\\"year\\\":\\\"\\\"}\"}'),(27,'import_export.export','{\"skip_attr\":[],\"file_name\":\"catalog_product_20220628_114607.csv\",\"file_format\":\"csv\",\"content_type\":\"text\\/csv\",\"entity\":\"catalog_product\",\"export_filter\":\"{\\\"auto_manufacturer\\\":\\\"\\\",\\\"category_ids\\\":\\\"\\\",\\\"color\\\":\\\"\\\",\\\"cost\\\":[\\\"\\\",\\\"\\\"],\\\"country_of_manufacture\\\":\\\"\\\",\\\"created_at\\\":[\\\"\\\",\\\"\\\"],\\\"custom_design\\\":\\\"\\\",\\\"custom_design_from\\\":[\\\"\\\",\\\"\\\"],\\\"custom_design_to\\\":[\\\"\\\",\\\"\\\"],\\\"custom_layout\\\":\\\"\\\",\\\"custom_layout_update\\\":\\\"\\\",\\\"custom_layout_update_file\\\":\\\"\\\",\\\"description\\\":\\\"\\\",\\\"gallery\\\":\\\"\\\",\\\"gift_message_available\\\":\\\"\\\",\\\"has_options\\\":\\\"\\\",\\\"image\\\":\\\"\\\",\\\"image_label\\\":\\\"\\\",\\\"is_featured\\\":\\\"\\\",\\\"lead_time\\\":\\\"\\\",\\\"links_exist\\\":[\\\"\\\",\\\"\\\"],\\\"links_purchased_separately\\\":[\\\"\\\",\\\"\\\"],\\\"links_title\\\":\\\"\\\",\\\"manufacturer\\\":\\\"\\\",\\\"media_gallery\\\":\\\"\\\",\\\"meta_description\\\":\\\"\\\",\\\"meta_keyword\\\":\\\"\\\",\\\"meta_title\\\":\\\"\\\",\\\"minimal_price\\\":[\\\"\\\",\\\"\\\"],\\\"model\\\":\\\"\\\",\\\"mpn\\\":\\\"\\\",\\\"msrp\\\":[\\\"\\\",\\\"\\\"],\\\"msrp_display_actual_price_type\\\":\\\"\\\",\\\"name\\\":\\\"\\\",\\\"news_from_date\\\":[\\\"\\\",\\\"\\\"],\\\"news_to_date\\\":[\\\"\\\",\\\"\\\"],\\\"ns_item_id\\\":\\\"\\\",\\\"old_id\\\":[\\\"\\\",\\\"\\\"],\\\"options_container\\\":\\\"\\\",\\\"page_layout\\\":\\\"\\\",\\\"price\\\":[\\\"\\\",\\\"\\\"],\\\"price_type\\\":[\\\"\\\",\\\"\\\"],\\\"price_view\\\":\\\"\\\",\\\"quantity_and_stock_status\\\":\\\"\\\",\\\"required_options\\\":\\\"\\\",\\\"samples_title\\\":\\\"\\\",\\\"shipment_type\\\":\\\"\\\",\\\"short_description\\\":\\\"\\\",\\\"size\\\":\\\"\\\",\\\"sku\\\":\\\"\\\",\\\"sku_type\\\":[\\\"\\\",\\\"\\\"],\\\"sm_degree_height\\\":\\\"\\\",\\\"sm_degree_index\\\":\\\"\\\",\\\"sm_degree_path\\\":\\\"\\\",\\\"sm_degree_width\\\":\\\"\\\",\\\"sm_featured\\\":\\\"\\\",\\\"sm_hoverimage\\\":\\\"\\\",\\\"sm_sizechart\\\":\\\"\\\",\\\"small_image\\\":\\\"\\\",\\\"small_image_label\\\":\\\"\\\",\\\"special_from_date\\\":[\\\"\\\",\\\"\\\"],\\\"special_price\\\":[\\\"\\\",\\\"\\\"],\\\"special_to_date\\\":[\\\"\\\",\\\"\\\"],\\\"status\\\":\\\"1\\\",\\\"swatch_image\\\":\\\"\\\",\\\"tax_class_id\\\":\\\"\\\",\\\"thumbnail\\\":\\\"\\\",\\\"thumbnail_label\\\":\\\"\\\",\\\"tier_price\\\":[\\\"\\\",\\\"\\\"],\\\"updated_at\\\":[\\\"\\\",\\\"\\\"],\\\"url_key\\\":\\\"\\\",\\\"url_path\\\":\\\"\\\",\\\"visibility\\\":\\\"\\\",\\\"weight\\\":[\\\"\\\",\\\"\\\"],\\\"weight_type\\\":[\\\"\\\",\\\"\\\"],\\\"year\\\":\\\"\\\"}\"}'),(28,'import_export.export','{\"skip_attr\":[],\"file_name\":\"catalog_product_20220711_161307.csv\",\"file_format\":\"csv\",\"content_type\":\"text\\/csv\",\"entity\":\"catalog_product\",\"export_filter\":\"{\\\"auto_manufacturer\\\":\\\"\\\",\\\"category_ids\\\":\\\"\\\",\\\"color\\\":\\\"\\\",\\\"cost\\\":[\\\"\\\",\\\"\\\"],\\\"country_of_manufacture\\\":\\\"\\\",\\\"created_at\\\":[\\\"\\\",\\\"\\\"],\\\"custom_design\\\":\\\"\\\",\\\"custom_design_from\\\":[\\\"\\\",\\\"\\\"],\\\"custom_design_to\\\":[\\\"\\\",\\\"\\\"],\\\"custom_layout\\\":\\\"\\\",\\\"custom_layout_update\\\":\\\"\\\",\\\"custom_layout_update_file\\\":\\\"\\\",\\\"description\\\":\\\"\\\",\\\"gallery\\\":\\\"\\\",\\\"gift_message_available\\\":\\\"\\\",\\\"has_options\\\":\\\"\\\",\\\"image\\\":\\\"\\\",\\\"image_label\\\":\\\"\\\",\\\"is_featured\\\":\\\"\\\",\\\"lead_time\\\":\\\"\\\",\\\"links_exist\\\":[\\\"\\\",\\\"\\\"],\\\"links_purchased_separately\\\":[\\\"\\\",\\\"\\\"],\\\"links_title\\\":\\\"\\\",\\\"manufacturer\\\":\\\"\\\",\\\"media_gallery\\\":\\\"\\\",\\\"meta_description\\\":\\\"\\\",\\\"meta_keyword\\\":\\\"\\\",\\\"meta_title\\\":\\\"\\\",\\\"minimal_price\\\":[\\\"\\\",\\\"\\\"],\\\"model\\\":\\\"\\\",\\\"mpn\\\":\\\"\\\",\\\"msrp\\\":[\\\"\\\",\\\"\\\"],\\\"msrp_display_actual_price_type\\\":\\\"\\\",\\\"name\\\":\\\"\\\",\\\"news_from_date\\\":[\\\"\\\",\\\"\\\"],\\\"news_to_date\\\":[\\\"\\\",\\\"\\\"],\\\"ns_item_id\\\":\\\"\\\",\\\"old_id\\\":[\\\"\\\",\\\"\\\"],\\\"options_container\\\":\\\"\\\",\\\"page_layout\\\":\\\"\\\",\\\"price\\\":[\\\"\\\",\\\"\\\"],\\\"price_type\\\":[\\\"\\\",\\\"\\\"],\\\"price_view\\\":\\\"\\\",\\\"quantity_and_stock_status\\\":\\\"\\\",\\\"required_options\\\":\\\"\\\",\\\"samples_title\\\":\\\"\\\",\\\"shipment_type\\\":\\\"\\\",\\\"short_description\\\":\\\"\\\",\\\"size\\\":\\\"\\\",\\\"sku\\\":\\\"\\\",\\\"sku_type\\\":[\\\"\\\",\\\"\\\"],\\\"sm_degree_height\\\":\\\"\\\",\\\"sm_degree_index\\\":\\\"\\\",\\\"sm_degree_path\\\":\\\"\\\",\\\"sm_degree_width\\\":\\\"\\\",\\\"sm_featured\\\":\\\"\\\",\\\"sm_hoverimage\\\":\\\"\\\",\\\"sm_sizechart\\\":\\\"\\\",\\\"small_image\\\":\\\"\\\",\\\"small_image_label\\\":\\\"\\\",\\\"special_from_date\\\":[\\\"\\\",\\\"\\\"],\\\"special_price\\\":[\\\"\\\",\\\"\\\"],\\\"special_to_date\\\":[\\\"\\\",\\\"\\\"],\\\"status\\\":\\\"1\\\",\\\"swatch_image\\\":\\\"\\\",\\\"tax_class_id\\\":\\\"\\\",\\\"thumbnail\\\":\\\"\\\",\\\"thumbnail_label\\\":\\\"\\\",\\\"tier_price\\\":[\\\"\\\",\\\"\\\"],\\\"updated_at\\\":[\\\"\\\",\\\"\\\"],\\\"url_key\\\":\\\"\\\",\\\"url_path\\\":\\\"\\\",\\\"visibility\\\":\\\"\\\",\\\"weight\\\":[\\\"\\\",\\\"\\\"],\\\"weight_type\\\":[\\\"\\\",\\\"\\\"],\\\"year\\\":\\\"\\\"}\"}'),(29,'import_export.export','{\"skip_attr\":[],\"file_name\":\"catalog_product_20220720_052746.csv\",\"file_format\":\"csv\",\"content_type\":\"text\\/csv\",\"entity\":\"catalog_product\",\"export_filter\":\"{\\\"auto_manufacturer\\\":\\\"\\\",\\\"category_ids\\\":\\\"\\\",\\\"color\\\":\\\"\\\",\\\"cost\\\":[\\\"\\\",\\\"\\\"],\\\"country_of_manufacture\\\":\\\"\\\",\\\"created_at\\\":[\\\"\\\",\\\"\\\"],\\\"custom_design\\\":\\\"\\\",\\\"custom_design_from\\\":[\\\"\\\",\\\"\\\"],\\\"custom_design_to\\\":[\\\"\\\",\\\"\\\"],\\\"custom_layout\\\":\\\"\\\",\\\"custom_layout_update\\\":\\\"\\\",\\\"custom_layout_update_file\\\":\\\"\\\",\\\"description\\\":\\\"\\\",\\\"gallery\\\":\\\"\\\",\\\"gift_message_available\\\":\\\"\\\",\\\"has_options\\\":\\\"\\\",\\\"image\\\":\\\"\\\",\\\"image_label\\\":\\\"\\\",\\\"is_featured\\\":\\\"\\\",\\\"lead_time\\\":\\\"\\\",\\\"links_exist\\\":[\\\"\\\",\\\"\\\"],\\\"links_purchased_separately\\\":[\\\"\\\",\\\"\\\"],\\\"links_title\\\":\\\"\\\",\\\"manufacturer\\\":\\\"\\\",\\\"media_gallery\\\":\\\"\\\",\\\"meta_description\\\":\\\"\\\",\\\"meta_keyword\\\":\\\"\\\",\\\"meta_title\\\":\\\"\\\",\\\"minimal_price\\\":[\\\"\\\",\\\"\\\"],\\\"model\\\":\\\"\\\",\\\"mpn\\\":\\\"\\\",\\\"msrp\\\":[\\\"\\\",\\\"\\\"],\\\"msrp_display_actual_price_type\\\":\\\"\\\",\\\"name\\\":\\\"\\\",\\\"news_from_date\\\":[\\\"\\\",\\\"\\\"],\\\"news_to_date\\\":[\\\"\\\",\\\"\\\"],\\\"ns_item_id\\\":\\\"\\\",\\\"old_id\\\":[\\\"\\\",\\\"\\\"],\\\"options_container\\\":\\\"\\\",\\\"page_layout\\\":\\\"\\\",\\\"price\\\":[\\\"\\\",\\\"\\\"],\\\"price_type\\\":[\\\"\\\",\\\"\\\"],\\\"price_view\\\":\\\"\\\",\\\"quantity_and_stock_status\\\":\\\"\\\",\\\"required_options\\\":\\\"\\\",\\\"samples_title\\\":\\\"\\\",\\\"shipment_type\\\":\\\"\\\",\\\"short_description\\\":\\\"\\\",\\\"size\\\":\\\"\\\",\\\"sku\\\":\\\"\\\",\\\"sku_type\\\":[\\\"\\\",\\\"\\\"],\\\"sm_degree_height\\\":\\\"\\\",\\\"sm_degree_index\\\":\\\"\\\",\\\"sm_degree_path\\\":\\\"\\\",\\\"sm_degree_width\\\":\\\"\\\",\\\"sm_featured\\\":\\\"\\\",\\\"sm_hoverimage\\\":\\\"\\\",\\\"sm_sizechart\\\":\\\"\\\",\\\"small_image\\\":\\\"\\\",\\\"small_image_label\\\":\\\"\\\",\\\"special_from_date\\\":[\\\"\\\",\\\"\\\"],\\\"special_price\\\":[\\\"\\\",\\\"\\\"],\\\"special_to_date\\\":[\\\"\\\",\\\"\\\"],\\\"status\\\":\\\"1\\\",\\\"swatch_image\\\":\\\"\\\",\\\"tax_class_id\\\":\\\"\\\",\\\"thumbnail\\\":\\\"\\\",\\\"thumbnail_label\\\":\\\"\\\",\\\"tier_price\\\":[\\\"\\\",\\\"\\\"],\\\"updated_at\\\":[\\\"\\\",\\\"\\\"],\\\"url_key\\\":\\\"\\\",\\\"url_path\\\":\\\"\\\",\\\"visibility\\\":\\\"\\\",\\\"weight\\\":[\\\"\\\",\\\"\\\"],\\\"weight_type\\\":[\\\"\\\",\\\"\\\"],\\\"year\\\":\\\"\\\"}\"}'),(30,'import_export.export','{\"skip_attr\":[],\"file_name\":\"catalog_product_20220720_063856.csv\",\"file_format\":\"csv\",\"content_type\":\"text\\/csv\",\"entity\":\"catalog_product\",\"export_filter\":\"{\\\"auto_manufacturer\\\":\\\"\\\",\\\"category_ids\\\":\\\"\\\",\\\"color\\\":\\\"\\\",\\\"cost\\\":[\\\"\\\",\\\"\\\"],\\\"country_of_manufacture\\\":\\\"\\\",\\\"created_at\\\":[\\\"\\\",\\\"\\\"],\\\"custom_design\\\":\\\"\\\",\\\"custom_design_from\\\":[\\\"\\\",\\\"\\\"],\\\"custom_design_to\\\":[\\\"\\\",\\\"\\\"],\\\"custom_layout\\\":\\\"\\\",\\\"custom_layout_update\\\":\\\"\\\",\\\"custom_layout_update_file\\\":\\\"\\\",\\\"description\\\":\\\"\\\",\\\"gallery\\\":\\\"\\\",\\\"gift_message_available\\\":\\\"\\\",\\\"has_options\\\":\\\"\\\",\\\"image\\\":\\\"\\\",\\\"image_label\\\":\\\"\\\",\\\"is_featured\\\":\\\"\\\",\\\"lead_time\\\":\\\"\\\",\\\"links_exist\\\":[\\\"\\\",\\\"\\\"],\\\"links_purchased_separately\\\":[\\\"\\\",\\\"\\\"],\\\"links_title\\\":\\\"\\\",\\\"manufacturer\\\":\\\"\\\",\\\"media_gallery\\\":\\\"\\\",\\\"meta_description\\\":\\\"\\\",\\\"meta_keyword\\\":\\\"\\\",\\\"meta_title\\\":\\\"\\\",\\\"minimal_price\\\":[\\\"\\\",\\\"\\\"],\\\"model\\\":\\\"\\\",\\\"mpn\\\":\\\"\\\",\\\"msrp\\\":[\\\"\\\",\\\"\\\"],\\\"msrp_display_actual_price_type\\\":\\\"\\\",\\\"name\\\":\\\"\\\",\\\"news_from_date\\\":[\\\"\\\",\\\"\\\"],\\\"news_to_date\\\":[\\\"\\\",\\\"\\\"],\\\"ns_item_id\\\":\\\"\\\",\\\"old_id\\\":[\\\"\\\",\\\"\\\"],\\\"options_container\\\":\\\"\\\",\\\"page_layout\\\":\\\"\\\",\\\"price\\\":[\\\"\\\",\\\"\\\"],\\\"price_type\\\":[\\\"\\\",\\\"\\\"],\\\"price_view\\\":\\\"\\\",\\\"quantity_and_stock_status\\\":\\\"\\\",\\\"required_options\\\":\\\"\\\",\\\"samples_title\\\":\\\"\\\",\\\"shipment_type\\\":\\\"\\\",\\\"short_description\\\":\\\"\\\",\\\"size\\\":\\\"\\\",\\\"sku\\\":\\\"\\\",\\\"sku_type\\\":[\\\"\\\",\\\"\\\"],\\\"sm_degree_height\\\":\\\"\\\",\\\"sm_degree_index\\\":\\\"\\\",\\\"sm_degree_path\\\":\\\"\\\",\\\"sm_degree_width\\\":\\\"\\\",\\\"sm_featured\\\":\\\"\\\",\\\"sm_hoverimage\\\":\\\"\\\",\\\"sm_sizechart\\\":\\\"\\\",\\\"small_image\\\":\\\"\\\",\\\"small_image_label\\\":\\\"\\\",\\\"special_from_date\\\":[\\\"\\\",\\\"\\\"],\\\"special_price\\\":[\\\"\\\",\\\"\\\"],\\\"special_to_date\\\":[\\\"\\\",\\\"\\\"],\\\"status\\\":\\\"1\\\",\\\"swatch_image\\\":\\\"\\\",\\\"tax_class_id\\\":\\\"\\\",\\\"thumbnail\\\":\\\"\\\",\\\"thumbnail_label\\\":\\\"\\\",\\\"tier_price\\\":[\\\"\\\",\\\"\\\"],\\\"updated_at\\\":[\\\"\\\",\\\"\\\"],\\\"url_key\\\":\\\"\\\",\\\"url_path\\\":\\\"\\\",\\\"visibility\\\":\\\"\\\",\\\"weight\\\":[\\\"\\\",\\\"\\\"],\\\"weight_type\\\":[\\\"\\\",\\\"\\\"],\\\"year\\\":\\\"\\\"}\"}'),(31,'inventory.reservations.updateSalabilityStatus','{\"skus\":[\"1020401\"],\"stock\":1}'),(32,'inventory.reservations.updateSalabilityStatus','{\"skus\":[\"1069235\"],\"stock\":1}'),(33,'inventory.reservations.updateSalabilityStatus','{\"skus\":[\"ADB0036\"],\"stock\":1}'),(34,'product_action_attribute.update','{\"id\":null,\"bulk_uuid\":\"e8b9ca56-4ce9-4131-aeb1-a63db2bec5dd\",\"topic_name\":\"product_action_attribute.update\",\"serialized_data\":\"{\\\"meta_information\\\":\\\"Update product attributes\\\",\\\"product_ids\\\":[\\\"477\\\",\\\"478\\\",\\\"479\\\",\\\"696\\\",\\\"697\\\",\\\"739\\\",\\\"860\\\",\\\"966\\\",\\\"967\\\",\\\"971\\\",\\\"995\\\",\\\"996\\\",\\\"998\\\",\\\"999\\\",\\\"1000\\\",\\\"1001\\\",\\\"1002\\\",\\\"1003\\\",\\\"1005\\\",\\\"1006\\\",\\\"1007\\\",\\\"1008\\\",\\\"1010\\\",\\\"1011\\\",\\\"1012\\\",\\\"1013\\\",\\\"1014\\\",\\\"1020\\\",\\\"1022\\\",\\\"1024\\\",\\\"1029\\\",\\\"1030\\\",\\\"1127\\\",\\\"1134\\\",\\\"1135\\\",\\\"1136\\\",\\\"1372\\\",\\\"1421\\\",\\\"1429\\\",\\\"1430\\\",\\\"1431\\\",\\\"1432\\\",\\\"1433\\\",\\\"1437\\\",\\\"1448\\\",\\\"1470\\\",\\\"1471\\\",\\\"1472\\\",\\\"1473\\\",\\\"1616\\\",\\\"1617\\\",\\\"1622\\\",\\\"1623\\\",\\\"1626\\\",\\\"1651\\\",\\\"1667\\\",\\\"1668\\\",\\\"1669\\\",\\\"1670\\\",\\\"1671\\\",\\\"1672\\\",\\\"1675\\\",\\\"1678\\\",\\\"1679\\\",\\\"1680\\\",\\\"1681\\\",\\\"1682\\\",\\\"1683\\\",\\\"1684\\\",\\\"1685\\\",\\\"1686\\\",\\\"1687\\\",\\\"1688\\\",\\\"1689\\\",\\\"1690\\\",\\\"1691\\\",\\\"1692\\\",\\\"1693\\\",\\\"1694\\\",\\\"1695\\\",\\\"1696\\\",\\\"1697\\\",\\\"1699\\\",\\\"1700\\\",\\\"1702\\\",\\\"1703\\\",\\\"1708\\\",\\\"1709\\\",\\\"1710\\\",\\\"1711\\\",\\\"1712\\\",\\\"1714\\\",\\\"1715\\\",\\\"1716\\\",\\\"1717\\\",\\\"1718\\\",\\\"1719\\\",\\\"1720\\\",\\\"1721\\\",\\\"1734\\\"],\\\"store_id\\\":0,\\\"website_id\\\":\\\"0\\\",\\\"attributes\\\":{\\\"product_has_weight\\\":\\\"1\\\"}}\",\"result_serialized_data\":null,\"status\":4,\"result_message\":null,\"error_code\":null}'),(35,'product_action_attribute.update','{\"id\":null,\"bulk_uuid\":\"e8b9ca56-4ce9-4131-aeb1-a63db2bec5dd\",\"topic_name\":\"product_action_attribute.update\",\"serialized_data\":\"{\\\"meta_information\\\":\\\"Update product attributes\\\",\\\"product_ids\\\":[\\\"1735\\\",\\\"1848\\\",\\\"1849\\\",\\\"1851\\\",\\\"1852\\\",\\\"1853\\\",\\\"1863\\\",\\\"1864\\\",\\\"1871\\\",\\\"1872\\\",\\\"1893\\\",\\\"1919\\\",\\\"1920\\\",\\\"1937\\\",\\\"1938\\\",\\\"1940\\\",\\\"1942\\\",\\\"1943\\\",\\\"1944\\\",\\\"1945\\\",\\\"1946\\\",\\\"2000\\\",\\\"2001\\\",\\\"2002\\\",\\\"2003\\\",\\\"2004\\\",\\\"2005\\\",\\\"2006\\\",\\\"2007\\\",\\\"2008\\\",\\\"2011\\\",\\\"2015\\\",\\\"2016\\\",\\\"2017\\\",\\\"2019\\\",\\\"2020\\\",\\\"2021\\\",\\\"2022\\\",\\\"2023\\\",\\\"2024\\\",\\\"2025\\\",\\\"2026\\\",\\\"2027\\\",\\\"2029\\\",\\\"2030\\\",\\\"2031\\\",\\\"2032\\\",\\\"2033\\\",\\\"2034\\\",\\\"2035\\\",\\\"2036\\\",\\\"2037\\\",\\\"2039\\\",\\\"2040\\\",\\\"2041\\\",\\\"2042\\\",\\\"2043\\\",\\\"2044\\\",\\\"2045\\\",\\\"2046\\\",\\\"2047\\\",\\\"2048\\\",\\\"2049\\\",\\\"2051\\\",\\\"2052\\\",\\\"2053\\\",\\\"2054\\\",\\\"2055\\\",\\\"2057\\\",\\\"2058\\\",\\\"2059\\\",\\\"2060\\\",\\\"2069\\\",\\\"2073\\\",\\\"2074\\\",\\\"2075\\\",\\\"2076\\\",\\\"2077\\\",\\\"2078\\\",\\\"2079\\\",\\\"2080\\\",\\\"2084\\\",\\\"2085\\\",\\\"2088\\\",\\\"2089\\\",\\\"2090\\\",\\\"2092\\\",\\\"2093\\\",\\\"2096\\\",\\\"2097\\\",\\\"2098\\\",\\\"2101\\\",\\\"2102\\\",\\\"2103\\\",\\\"2104\\\",\\\"2105\\\",\\\"2106\\\",\\\"2107\\\",\\\"2202\\\",\\\"2233\\\"],\\\"store_id\\\":0,\\\"website_id\\\":\\\"0\\\",\\\"attributes\\\":{\\\"product_has_weight\\\":\\\"1\\\"}}\",\"result_serialized_data\":null,\"status\":4,\"result_message\":null,\"error_code\":null}'),(36,'product_action_attribute.update','{\"id\":null,\"bulk_uuid\":\"e8b9ca56-4ce9-4131-aeb1-a63db2bec5dd\",\"topic_name\":\"product_action_attribute.update\",\"serialized_data\":\"{\\\"meta_information\\\":\\\"Update product attributes\\\",\\\"product_ids\\\":[\\\"2234\\\",\\\"2529\\\",\\\"2530\\\",\\\"2531\\\",\\\"2532\\\",\\\"2533\\\",\\\"2535\\\",\\\"2536\\\",\\\"2537\\\",\\\"2538\\\",\\\"2539\\\",\\\"2540\\\",\\\"2601\\\",\\\"2602\\\",\\\"2603\\\",\\\"2604\\\",\\\"2605\\\",\\\"2611\\\",\\\"2612\\\",\\\"2621\\\",\\\"2622\\\",\\\"2623\\\",\\\"2624\\\",\\\"2625\\\",\\\"2626\\\",\\\"2627\\\",\\\"2631\\\",\\\"2632\\\",\\\"2633\\\",\\\"2638\\\",\\\"2640\\\",\\\"2642\\\",\\\"2643\\\",\\\"2644\\\",\\\"2646\\\",\\\"2647\\\",\\\"2648\\\",\\\"2649\\\",\\\"2650\\\",\\\"2665\\\",\\\"2666\\\",\\\"2667\\\",\\\"2668\\\",\\\"2669\\\",\\\"2671\\\",\\\"2674\\\",\\\"2675\\\",\\\"2764\\\",\\\"2886\\\",\\\"2887\\\",\\\"2923\\\",\\\"2933\\\",\\\"2935\\\",\\\"2936\\\",\\\"2937\\\",\\\"2968\\\",\\\"3013\\\",\\\"3035\\\",\\\"3153\\\",\\\"3154\\\",\\\"3476\\\",\\\"3689\\\",\\\"3828\\\",\\\"3829\\\",\\\"3836\\\",\\\"3837\\\",\\\"3838\\\",\\\"3839\\\",\\\"3840\\\",\\\"3841\\\",\\\"3842\\\",\\\"3843\\\",\\\"3844\\\",\\\"3846\\\",\\\"3847\\\",\\\"3848\\\",\\\"3849\\\",\\\"3850\\\",\\\"3851\\\",\\\"3852\\\",\\\"3853\\\",\\\"3854\\\",\\\"3855\\\",\\\"3856\\\",\\\"3857\\\",\\\"3858\\\",\\\"3859\\\",\\\"3861\\\",\\\"3863\\\",\\\"3865\\\",\\\"3879\\\",\\\"3880\\\",\\\"3881\\\",\\\"3886\\\",\\\"3888\\\",\\\"3889\\\",\\\"3890\\\",\\\"3891\\\",\\\"4056\\\",\\\"4058\\\"],\\\"store_id\\\":0,\\\"website_id\\\":\\\"0\\\",\\\"attributes\\\":{\\\"product_has_weight\\\":\\\"1\\\"}}\",\"result_serialized_data\":null,\"status\":4,\"result_message\":null,\"error_code\":null}'),(37,'product_action_attribute.update','{\"id\":null,\"bulk_uuid\":\"e8b9ca56-4ce9-4131-aeb1-a63db2bec5dd\",\"topic_name\":\"product_action_attribute.update\",\"serialized_data\":\"{\\\"meta_information\\\":\\\"Update product attributes\\\",\\\"product_ids\\\":[\\\"4059\\\",\\\"4265\\\",\\\"4315\\\",\\\"4316\\\",\\\"4317\\\",\\\"4318\\\",\\\"4319\\\",\\\"4321\\\",\\\"4322\\\",\\\"4323\\\",\\\"4324\\\",\\\"4330\\\",\\\"4546\\\",\\\"4628\\\",\\\"4643\\\",\\\"4645\\\",\\\"4651\\\",\\\"4717\\\",\\\"4749\\\",\\\"4750\\\",\\\"4751\\\",\\\"4752\\\",\\\"4762\\\",\\\"4763\\\",\\\"7740\\\",\\\"7741\\\",\\\"7742\\\",\\\"7743\\\",\\\"7744\\\",\\\"7745\\\",\\\"7746\\\",\\\"7747\\\",\\\"7748\\\",\\\"7749\\\",\\\"7750\\\",\\\"7771\\\",\\\"7846\\\",\\\"9709\\\",\\\"9713\\\",\\\"9723\\\",\\\"9735\\\",\\\"9736\\\",\\\"9737\\\",\\\"9739\\\",\\\"9741\\\",\\\"9743\\\",\\\"9745\\\",\\\"9747\\\",\\\"9763\\\",\\\"9834\\\",\\\"9897\\\",\\\"9920\\\",\\\"9922\\\",\\\"9923\\\",\\\"9929\\\",\\\"9941\\\",\\\"10000\\\",\\\"10001\\\",\\\"10002\\\",\\\"10004\\\",\\\"10005\\\",\\\"10006\\\",\\\"10007\\\",\\\"10008\\\",\\\"10010\\\",\\\"10013\\\",\\\"10014\\\",\\\"10015\\\",\\\"10016\\\",\\\"10018\\\",\\\"10019\\\",\\\"10020\\\",\\\"10021\\\",\\\"10022\\\",\\\"10023\\\",\\\"10024\\\",\\\"10029\\\",\\\"10030\\\",\\\"10031\\\",\\\"10035\\\",\\\"10036\\\",\\\"10037\\\",\\\"10038\\\",\\\"10039\\\",\\\"10040\\\",\\\"10041\\\",\\\"10043\\\",\\\"10044\\\",\\\"10047\\\",\\\"10068\\\",\\\"10156\\\",\\\"10157\\\",\\\"10237\\\",\\\"10432\\\",\\\"10434\\\",\\\"10435\\\",\\\"10436\\\",\\\"10439\\\",\\\"10584\\\",\\\"10586\\\"],\\\"store_id\\\":0,\\\"website_id\\\":\\\"0\\\",\\\"attributes\\\":{\\\"product_has_weight\\\":\\\"1\\\"}}\",\"result_serialized_data\":null,\"status\":4,\"result_message\":null,\"error_code\":null}'),(38,'product_action_attribute.update','{\"id\":null,\"bulk_uuid\":\"e8b9ca56-4ce9-4131-aeb1-a63db2bec5dd\",\"topic_name\":\"product_action_attribute.update\",\"serialized_data\":\"{\\\"meta_information\\\":\\\"Update product attributes\\\",\\\"product_ids\\\":[\\\"10587\\\",\\\"10679\\\",\\\"10681\\\",\\\"10683\\\",\\\"10835\\\",\\\"10851\\\",\\\"10884\\\",\\\"10891\\\",\\\"10905\\\",\\\"11057\\\",\\\"11076\\\",\\\"11155\\\",\\\"11233\\\",\\\"11270\\\",\\\"11373\\\",\\\"11407\\\",\\\"11508\\\",\\\"11509\\\",\\\"11511\\\",\\\"11520\\\",\\\"11571\\\",\\\"11624\\\",\\\"11625\\\",\\\"11626\\\",\\\"11627\\\",\\\"11628\\\",\\\"11629\\\",\\\"11630\\\",\\\"11631\\\",\\\"11632\\\",\\\"11633\\\",\\\"11634\\\",\\\"11636\\\",\\\"11638\\\",\\\"11639\\\",\\\"11640\\\",\\\"11641\\\",\\\"11643\\\",\\\"11644\\\",\\\"11645\\\",\\\"11647\\\",\\\"11648\\\",\\\"11649\\\",\\\"11651\\\",\\\"11652\\\",\\\"11653\\\",\\\"11655\\\",\\\"11686\\\",\\\"11751\\\",\\\"11753\\\",\\\"11787\\\",\\\"12227\\\",\\\"12239\\\",\\\"12240\\\",\\\"12241\\\",\\\"12242\\\",\\\"12243\\\",\\\"12244\\\",\\\"12245\\\",\\\"12246\\\",\\\"12247\\\",\\\"12248\\\",\\\"12249\\\",\\\"12250\\\",\\\"12251\\\",\\\"12252\\\",\\\"12253\\\",\\\"12254\\\",\\\"12277\\\",\\\"12279\\\",\\\"12380\\\",\\\"12414\\\",\\\"12423\\\",\\\"12503\\\",\\\"12535\\\",\\\"12613\\\",\\\"12617\\\",\\\"12618\\\",\\\"12619\\\",\\\"12626\\\",\\\"12627\\\",\\\"12642\\\",\\\"12643\\\",\\\"12644\\\",\\\"12657\\\",\\\"12658\\\",\\\"12659\\\",\\\"12660\\\",\\\"12661\\\",\\\"12662\\\",\\\"12663\\\",\\\"12664\\\",\\\"12703\\\",\\\"12767\\\",\\\"12837\\\",\\\"12882\\\",\\\"12883\\\",\\\"12884\\\",\\\"12965\\\",\\\"12966\\\"],\\\"store_id\\\":0,\\\"website_id\\\":\\\"0\\\",\\\"attributes\\\":{\\\"product_has_weight\\\":\\\"1\\\"}}\",\"result_serialized_data\":null,\"status\":4,\"result_message\":null,\"error_code\":null}'),(39,'product_action_attribute.update','{\"id\":null,\"bulk_uuid\":\"e8b9ca56-4ce9-4131-aeb1-a63db2bec5dd\",\"topic_name\":\"product_action_attribute.update\",\"serialized_data\":\"{\\\"meta_information\\\":\\\"Update product attributes\\\",\\\"product_ids\\\":[\\\"12968\\\",\\\"12976\\\",\\\"12990\\\",\\\"13160\\\",\\\"13264\\\",\\\"13274\\\",\\\"13310\\\",\\\"13348\\\",\\\"13371\\\",\\\"13667\\\",\\\"13668\\\",\\\"13670\\\",\\\"13823\\\",\\\"13824\\\",\\\"13827\\\",\\\"13843\\\",\\\"13877\\\",\\\"13883\\\",\\\"13884\\\",\\\"13885\\\",\\\"13887\\\",\\\"13889\\\",\\\"13895\\\",\\\"13896\\\",\\\"13924\\\",\\\"14080\\\",\\\"14081\\\",\\\"14092\\\",\\\"14370\\\",\\\"14415\\\",\\\"14471\\\",\\\"14473\\\",\\\"14474\\\",\\\"14475\\\",\\\"14476\\\",\\\"14501\\\",\\\"14514\\\",\\\"14530\\\",\\\"14537\\\",\\\"14538\\\",\\\"14674\\\",\\\"14722\\\",\\\"14726\\\",\\\"14727\\\",\\\"14728\\\",\\\"14730\\\",\\\"14731\\\",\\\"14732\\\",\\\"14866\\\",\\\"14867\\\",\\\"14934\\\",\\\"14955\\\",\\\"15043\\\",\\\"15063\\\",\\\"15082\\\",\\\"15133\\\",\\\"15228\\\",\\\"15236\\\",\\\"15237\\\",\\\"15238\\\",\\\"15239\\\",\\\"15240\\\",\\\"15241\\\",\\\"15310\\\",\\\"15344\\\",\\\"15355\\\",\\\"15362\\\",\\\"15363\\\",\\\"15366\\\",\\\"15368\\\",\\\"15382\\\",\\\"15483\\\",\\\"15499\\\",\\\"15544\\\",\\\"15570\\\",\\\"15571\\\",\\\"15595\\\",\\\"15596\\\",\\\"15597\\\",\\\"15598\\\",\\\"15669\\\",\\\"15670\\\",\\\"15671\\\",\\\"15672\\\",\\\"15683\\\",\\\"15684\\\",\\\"15685\\\",\\\"15746\\\",\\\"15747\\\",\\\"15786\\\",\\\"15787\\\",\\\"15838\\\",\\\"15839\\\",\\\"15840\\\",\\\"15841\\\",\\\"15842\\\",\\\"15843\\\",\\\"15844\\\",\\\"15876\\\",\\\"15877\\\"],\\\"store_id\\\":0,\\\"website_id\\\":\\\"0\\\",\\\"attributes\\\":{\\\"product_has_weight\\\":\\\"1\\\"}}\",\"result_serialized_data\":null,\"status\":4,\"result_message\":null,\"error_code\":null}'),(40,'product_action_attribute.update','{\"id\":null,\"bulk_uuid\":\"e8b9ca56-4ce9-4131-aeb1-a63db2bec5dd\",\"topic_name\":\"product_action_attribute.update\",\"serialized_data\":\"{\\\"meta_information\\\":\\\"Update product attributes\\\",\\\"product_ids\\\":[\\\"15878\\\",\\\"15879\\\",\\\"15880\\\",\\\"15881\\\",\\\"15885\\\",\\\"15886\\\",\\\"15903\\\",\\\"15905\\\",\\\"15928\\\",\\\"15929\\\",\\\"15930\\\",\\\"15931\\\",\\\"15955\\\",\\\"15956\\\",\\\"15957\\\",\\\"15958\\\",\\\"15959\\\",\\\"15960\\\",\\\"15961\\\",\\\"15966\\\",\\\"15967\\\",\\\"15968\\\",\\\"15969\\\",\\\"15971\\\",\\\"15978\\\",\\\"15979\\\",\\\"15980\\\",\\\"15995\\\",\\\"16010\\\",\\\"16196\\\",\\\"16255\\\",\\\"16256\\\",\\\"16257\\\",\\\"16270\\\",\\\"16302\\\",\\\"16303\\\",\\\"16308\\\",\\\"16315\\\",\\\"16338\\\",\\\"16356\\\",\\\"16357\\\",\\\"16358\\\",\\\"16451\\\",\\\"16452\\\",\\\"16453\\\",\\\"16458\\\",\\\"16485\\\",\\\"16779\\\",\\\"16780\\\",\\\"16782\\\",\\\"17041\\\",\\\"17043\\\",\\\"17044\\\",\\\"17229\\\",\\\"17230\\\",\\\"17288\\\",\\\"17405\\\",\\\"17406\\\",\\\"17407\\\",\\\"17408\\\",\\\"17409\\\",\\\"17410\\\",\\\"17411\\\",\\\"17412\\\",\\\"17413\\\",\\\"17414\\\",\\\"17415\\\",\\\"17416\\\",\\\"17417\\\",\\\"17418\\\",\\\"17419\\\",\\\"17420\\\",\\\"17421\\\",\\\"17422\\\",\\\"17423\\\",\\\"17424\\\",\\\"17425\\\",\\\"17426\\\",\\\"17427\\\",\\\"17428\\\",\\\"17429\\\",\\\"17430\\\",\\\"17431\\\",\\\"17432\\\",\\\"17433\\\",\\\"17434\\\",\\\"17435\\\",\\\"17436\\\",\\\"17636\\\",\\\"17658\\\",\\\"17659\\\",\\\"17660\\\",\\\"17661\\\",\\\"17662\\\",\\\"17663\\\",\\\"17673\\\",\\\"17732\\\",\\\"17733\\\",\\\"17785\\\",\\\"18160\\\"],\\\"store_id\\\":0,\\\"website_id\\\":\\\"0\\\",\\\"attributes\\\":{\\\"product_has_weight\\\":\\\"1\\\"}}\",\"result_serialized_data\":null,\"status\":4,\"result_message\":null,\"error_code\":null}'),(41,'product_action_attribute.update','{\"id\":null,\"bulk_uuid\":\"e8b9ca56-4ce9-4131-aeb1-a63db2bec5dd\",\"topic_name\":\"product_action_attribute.update\",\"serialized_data\":\"{\\\"meta_information\\\":\\\"Update product attributes\\\",\\\"product_ids\\\":[\\\"18715\\\",\\\"18904\\\",\\\"18906\\\",\\\"19084\\\",\\\"19085\\\",\\\"19203\\\",\\\"19204\\\",\\\"19258\\\",\\\"19259\\\",\\\"19395\\\",\\\"19397\\\",\\\"19487\\\",\\\"19488\\\",\\\"19510\\\",\\\"19511\\\",\\\"19512\\\",\\\"19513\\\",\\\"19514\\\",\\\"19515\\\",\\\"19516\\\",\\\"19517\\\",\\\"19518\\\",\\\"19519\\\",\\\"19520\\\",\\\"19521\\\",\\\"19522\\\",\\\"19523\\\",\\\"19524\\\",\\\"19525\\\",\\\"19526\\\",\\\"19527\\\",\\\"19528\\\",\\\"19529\\\",\\\"19530\\\",\\\"19531\\\",\\\"19532\\\",\\\"19533\\\",\\\"19534\\\",\\\"19535\\\",\\\"19536\\\",\\\"19537\\\",\\\"19549\\\",\\\"19550\\\",\\\"19552\\\",\\\"19556\\\",\\\"19557\\\",\\\"19558\\\",\\\"19560\\\",\\\"19561\\\",\\\"19562\\\",\\\"19563\\\",\\\"19564\\\",\\\"19565\\\",\\\"19566\\\",\\\"19567\\\",\\\"19568\\\",\\\"19570\\\",\\\"19571\\\",\\\"19572\\\",\\\"19574\\\",\\\"19575\\\"],\\\"store_id\\\":0,\\\"website_id\\\":\\\"0\\\",\\\"attributes\\\":{\\\"product_has_weight\\\":\\\"1\\\"}}\",\"result_serialized_data\":null,\"status\":4,\"result_message\":null,\"error_code\":null}'),(42,'inventory.mass.update','{\"skus\":[\"1111015\",\"1111011\",\"1111013\",\"1096790\",\"1096791\",\"1096762\",\"1097600\",\"1093690\",\"7088679\",\"7088675\",\"42000624-01\",\"1056029\",\"1049319\",\"1076155\",\"1033582\",\"1049320\",\"1033577\",\"1049321\",\"1049322\",\"1049323\",\"1033578\",\"1076156\",\"1080561\",\"1049324\",\"1080562\",\"1076157\",\"1080563\",\"1093917\",\"1054149\",\"7088699\",\"1043645\",\"1054150\",\"1113888\",\"7130676\",\"7117118\",\"7122777\",\"7088657\",\"7088696\",\"1093518\",\"7088680\",\"7088698\",\"7088678\",\"1054151\",\"1093519\",\"1120095\",\"7065781\",\"1097620\",\"1110886\",\"1097623\",\"1116489\",\"1115764\",\"7120187\",\"7120188\",\"1115325\",\"7088676\",\"7068578\",\"7068577\",\"1069269\",\"1069270\",\"1069265\",\"1069266\",\"7068579\",\"7113821\",\"7073025\",\"7069293\",\"1054206\",\"7058763\",\"7073027\",\"7069294\",\"1069097\",\"1111227\",\"1111210\",\"1111211\",\"7113829\",\"7117961\",\"7117962\",\"7113828\",\"7117963\",\"7117964\",\"7113825\",\"7113826\",\"1112998\",\"7058800\",\"1069109\",\"1069110\",\"7113824\",\"7113823\",\"7113827\",\"1116570\",\"1116571\",\"1116572\",\"1110911\",\"1114304\",\"1110912\",\"1110914\",\"1097633\",\"1097625\",\"1110915\",\"1097630\",\"7119923\",\"7117918\",\"7024852\",\"7088694\",\"7024853\",\"7088700\",\"7088692\",\"1054152\",\"7088681\",\"1093521\",\"1093522\",\"1103640\",\"1081028\",\"1081027\",\"1092726\",\"1106028\",\"13000330-01\",\"13000346-01\",\"1117461\",\"7134350\",\"1106029\",\"1044194\",\"1069137\",\"1106030\",\"1069141\",\"1106031\",\"1069142\",\"1069423\",\"1106032\",\"1070518\",\"1070455\",\"1114483\",\"7069296\",\"7113817\",\"1032129\",\"7068561\",\"7068564\",\"1064412\",\"1076161\",\"7058544\",\"1111716\",\"1093186\",\"1094709\",\"1080959\",\"7127264\",\"7058657\",\"1080964\",\"7134347\",\"7113818\",\"1020964\",\"1055801\",\"7065985\",\"7058541\",\"1069301\",\"7058686\",\"1069936\",\"7127265\",\"1080969\",\"1069938\",\"7058681\",\"1080972\",\"7058511\",\"1080982\",\"1076162\",\"7058512\",\"1099196\",\"1106033\",\"1106034\",\"7058549\",\"7123017\",\"7068565\",\"7113822\",\"7134348\",\"1081790\",\"1103562\",\"1103559\",\"1103556\",\"1059091\",\"1103560\",\"1103558\",\"1070403\",\"1059093\",\"7127504\",\"1080984\",\"1069304\",\"1114321\",\"1069429\",\"1097838\",\"1069841\",\"1069840\",\"7127493\",\"1069842\",\"1116584\",\"1069843\",\"1069844\",\"1069845\",\"1080956\",\"1103553\",\"1111063\",\"1121797\",\"1053888\",\"1110998\",\"1085538\",\"1087401\",\"1087715\",\"1087733\",\"1111130\",\"1041702\",\"1111131\",\"1085099\",\"1111132\",\"1041841\",\"1041925\",\"7117888\",\"7117889\",\"7117891\",\"1097544\",\"7117890\",\"7119924\",\"7119925\",\"1114473\",\"7043214\",\"1040094\",\"1040095\",\"7126499\",\"1045729\",\"7126493\",\"1095053\",\"1095034\",\"1095033\",\"1124448\",\"1095039\",\"1124212\",\"1095029\",\"1119662\",\"1119664\",\"1120357\",\"1122542\",\"1095106\",\"7125316\",\"1110907\",\"1110908\",\"1110909\",\"1111212\",\"1111133\",\"1122244\",\"1123015\",\"1096731\",\"1121186\",\"1096754\",\"1096763\",\"1110728\",\"1120708\",\"1110730\",\"1097652\",\"1110731\",\"1120305\",\"1080977\",\"1103159\",\"1080983\",\"1080985\",\"7102496\",\"7088677\",\"1110732\",\"1110733\",\"7136056\",\"1120762\",\"1088056\",\"1093495\",\"1120763\",\"1120761\",\"1120760\",\"1080259\",\"1088038\",\"1088033\",\"1088035\",\"1088034\",\"1088039\",\"1088040\",\"1088041\",\"1080293\",\"1080265\",\"1080264\",\"1080262\",\"1088054\",\"1088052\",\"1094536\",\"1093520\",\"1096428\",\"1092805\",\"1093525\",\"1110734\",\"1110735\",\"1110736\",\"1110741\",\"1110596\",\"1110597\",\"1110599\",\"1110642\",\"1057398\",\"1070157\",\"1070160\",\"1083759\",\"1111372\",\"1111387\",\"1111467\",\"1111373\",\"1111465\",\"1111061\",\"1111386\",\"1111544\",\"1111204\",\"1081420\",\"1113002\",\"1098617\",\"1120714\",\"1083056\",\"1113063\",\"7123666\",\"1093189\",\"1044307\",\"7121481\",\"1111913\",\"1055462\",\"1065264\",\"1091183\",\"1091372\",\"1097859\",\"1097866\",\"1097872\",\"1093500\",\"1069326\",\"1112809\",\"7113820\",\"7113819\",\"1111473\",\"7136054\",\"1032797\",\"1046373\",\"1054195\",\"1051880\",\"7108335\",\"7108336\",\"7117093\",\"7117098\",\"7117090\",\"7108340\",\"7108342\",\"1103938\",\"1080823\",\"1111020\",\"1051941\",\"1096784\",\"1096788\",\"1096789\",\"1080825\",\"1037055\",\"7117914\",\"7117915\",\"1097886\",\"1110602\",\"1080089\",\"1069250\",\"1069960\",\"1069251\",\"1069257\",\"1112952\",\"1116991\",\"1110603\",\"1110604\",\"1110605\",\"1110606\",\"1110609\",\"1097890\",\"1097893\",\"1097895\",\"1097765\",\"7122973\",\"7122975-1FT\",\"7122975-250FT\",\"1059124\",\"1122117\",\"7122978\",\"1059128\",\"1064353\",\"7047850\",\"1065930\",\"1118410\",\"7131010\",\"7122981\",\"1110566\",\"1059137\",\"1049249\",\"1029940\",\"1059172\",\"1115489\",\"1116540\",\"1103355\",\"1104259\",\"15000401-01\",\"1102307\",\"1102080\",\"1069258\",\"1058618\",\"1058620\",\"1081976\",\"1069263\",\"1080830\",\"1080831\",\"1045740\",\"1069253\",\"7042406\",\"1059266\",\"7123459\",\"1055802\",\"1047738\",\"1114853\",\"1037737\",\"1037739\",\"7123577\",\"1096751\",\"1111024\",\"1086751\",\"1086746\",\"1086752\",\"1086747\",\"1086753\",\"1086748\",\"1111908\",\"1091989\",\"1086755\",\"1086749\",\"1086754\",\"1111909\",\"1065082\",\"1065083\",\"1065084\",\"1065078\",\"1065079\",\"1065077\",\"1065057\",\"1032489\",\"1032494\",\"1032497\",\"1032816\",\"1071642\",\"1047211\",\"1112751\",\"1080962\",\"1107117\",\"1074659\",\"901264\",\"1045330\",\"1096037\",\"1096440\",\"1096439\",\"1096036\",\"1096035\",\"1096043\",\"1096041\",\"1096032\",\"1096042\",\"1096038\",\"1096039\",\"1096040\",\"1096044\",\"1096034\",\"1096031\",\"1096033\",\"1093673\",\"1093767\",\"7123461\",\"1098722\",\"1066993\",\"1080968\",\"1068087\",\"1033700\",\"7090571\",\"1059300\",\"7102504\",\"1045191\",\"1059302\",\"7123455\",\"7128110\",\"7128073\",\"1076195\",\"1076196\",\"1020399\",\"1020401\",\"1080970\",\"1020402\",\"1080971\",\"1020400\",\"1044932\",\"1076197\",\"1045404\",\"7081412\",\"7085140\",\"7120268\",\"1103370\",\"7074152\",\"1045092\",\"1092068\",\"7108200\",\"1088058\",\"7022795\",\"7074149\",\"1122933\",\"7131941\",\"1090959\",\"7124641\",\"1049152\",\"1081667\",\"1104873\",\"1104871\",\"1080975\",\"1040232\",\"7115846\",\"1068094\",\"1068095\",\"1068096\",\"1068098\",\"1068099\",\"1104668\",\"1104702\",\"1080976\",\"7052861\",\"7052860\",\"7125254\",\"7123004\",\"7114459\",\"1080978\",\"1080980\",\"1080981\",\"1111618\",\"1080954\",\"7122582\",\"1029937\",\"1034585\",\"1028362\",\"1107109\",\"1029418\",\"1114490\",\"1088050\",\"1080290\",\"1080300\",\"1091531\",\"1091394\",\"1100496\",\"1080670\",\"1085849\",\"7126344\",\"1113476\",\"1086720\",\"1080836\",\"1054201\",\"1093084\",\"1080672\",\"1048625\",\"1041315\",\"1041313\",\"1041312\",\"1041311\",\"1041314\",\"1093645\",\"1096631\",\"1080673\",\"1085259\",\"1037940\",\"1085260\",\"7123460\",\"1080839\",\"1058622\",\"1080294\",\"1080837\",\"7059794\",\"1086668\",\"1116539\",\"1068120\",\"7058804\",\"1032886\",\"1085509\",\"1085505\",\"1025438\",\"1085261\",\"1029950\",\"1080847\",\"1054200\",\"1111033\",\"1111037\",\"1069236\",\"1069235\",\"1080279\",\"1088057\",\"1080281\",\"1080284\",\"1112805\",\"1112806\",\"1112807\",\"1066995\",\"1066996\",\"1080850\",\"1111628\",\"1080870\",\"1080875\",\"1080877\",\"7135888\",\"1054328\",\"1103346\",\"1070521\",\"1070524\",\"1070523\",\"1070522\",\"1090869\",\"13000324-01\",\"1114639\",\"1090868\",\"7132261\",\"7131938\",\"7131936\",\"1091658\",\"1114636\",\"1114635\",\"7131933\",\"7131937\",\"1114638\",\"7132263\",\"7131935\",\"7132264\",\"7140222\",\"1036859\",\"1106093\",\"1076332\",\"1068126\",\"1081676\",\"1068128\",\"1068129\",\"1068131\",\"1080888\",\"1111128\",\"7074127\",\"13000318-01\",\"1080892\",\"1081240\",\"7129331\",\"7075097\",\"1096752\",\"1051440\",\"1049155\",\"1085346\",\"1081245\",\"1068138\",\"1068140\",\"1068141\",\"1037548\",\"1085855\",\"7131942\",\"1040651\",\"1041713\",\"1041699\",\"1041664\",\"1041628\",\"1041559\",\"1041625\",\"1041597\",\"1041671\",\"1041665\",\"1040661\",\"1041849\",\"1087716\",\"1087383\",\"1087385\",\"1087713\",\"1087351\",\"1055385\",\"1087382\",\"1087344\",\"1087352\",\"1055372\",\"1055386\",\"1055291\",\"1087714\",\"1087353\",\"1087732\",\"1087354\",\"1087731\",\"1087433\",\"1087734\",\"1087386\",\"1120249\",\"7095465\",\"1081612\",\"1094718\",\"7123463\",\"1037546\",\"1113130\",\"1111624\",\"1112954\",\"1112950\",\"1113960\",\"1037543\",\"7123458\",\"1114474\",\"1118701\",\"1096787\",\"1096785\",\"7107212\",\"7120955\",\"1110612\",\"1110614\",\"1114849\",\"1104605\",\"7102507\",\"1045179\",\"1119478\",\"1114234\",\"1122821\",\"1051422\",\"1106938\",\"1122820\",\"1112541\",\"1069264\",\"1129213\",\"1071821\",\"1069272\",\"1088226\",\"1085571\",\"1131045\",\"1105381\",\"1105576\",\"1105577\",\"1054267\",\"1117056\",\"1119901\",\"1115780\",\"7123151\",\"1090429\",\"1091542\",\"1114991\",\"1115460\",\"7117916\",\"1136295\",\"ADB0036\",\"123456789\",\"2342432\",\"mpnTest\",\"mpn12\",\"1413-H-060\",\"1134783\",\"47956219BNNX-01\",\"44277GGDKK\",\"test\",\"RS2416RP+\",\"1096598-AFP\",\"3000057780761.1\",\"B01LD7GZES\",\"1583A 004U1000\",\"34067\",\"SL-1000X\",\"9011011320\",\"9011011320123\",\"234567\"],\"data\":\"{\\\"qty\\\":\\\"9999\\\",\\\"is_in_stock\\\":\\\"1\\\"}\"}'),(43,'import_export.export','{\"skip_attr\":[],\"file_name\":\"catalog_product_20220808_115654.csv\",\"file_format\":\"csv\",\"content_type\":\"text\\/csv\",\"entity\":\"catalog_product\",\"export_filter\":\"{\\\"auto_manufacturer\\\":\\\"\\\",\\\"category_ids\\\":\\\"\\\",\\\"color\\\":\\\"\\\",\\\"cost\\\":[\\\"\\\",\\\"\\\"],\\\"country_of_manufacture\\\":\\\"\\\",\\\"created_at\\\":[\\\"\\\",\\\"\\\"],\\\"custom_design\\\":\\\"\\\",\\\"custom_design_from\\\":[\\\"\\\",\\\"\\\"],\\\"custom_design_to\\\":[\\\"\\\",\\\"\\\"],\\\"custom_layout\\\":\\\"\\\",\\\"custom_layout_update\\\":\\\"\\\",\\\"custom_layout_update_file\\\":\\\"\\\",\\\"description\\\":\\\"\\\",\\\"gallery\\\":\\\"\\\",\\\"gift_message_available\\\":\\\"\\\",\\\"has_options\\\":\\\"\\\",\\\"image\\\":\\\"\\\",\\\"image_label\\\":\\\"\\\",\\\"is_featured\\\":\\\"\\\",\\\"lead_time\\\":\\\"\\\",\\\"links_exist\\\":[\\\"\\\",\\\"\\\"],\\\"links_purchased_separately\\\":[\\\"\\\",\\\"\\\"],\\\"links_title\\\":\\\"\\\",\\\"manufacturer\\\":\\\"\\\",\\\"media_gallery\\\":\\\"\\\",\\\"meta_description\\\":\\\"\\\",\\\"meta_keyword\\\":\\\"\\\",\\\"meta_title\\\":\\\"\\\",\\\"mgs_brand\\\":\\\"\\\",\\\"minimal_price\\\":[\\\"\\\",\\\"\\\"],\\\"model\\\":\\\"\\\",\\\"mpn\\\":\\\"\\\",\\\"msrp\\\":[\\\"\\\",\\\"\\\"],\\\"msrp_display_actual_price_type\\\":\\\"\\\",\\\"name\\\":\\\"\\\",\\\"news_from_date\\\":[\\\"\\\",\\\"\\\"],\\\"news_to_date\\\":[\\\"\\\",\\\"\\\"],\\\"ns_item_id\\\":\\\"\\\",\\\"old_id\\\":[\\\"\\\",\\\"\\\"],\\\"options_container\\\":\\\"\\\",\\\"page_layout\\\":\\\"\\\",\\\"price\\\":[\\\"\\\",\\\"\\\"],\\\"price_type\\\":[\\\"\\\",\\\"\\\"],\\\"price_view\\\":\\\"\\\",\\\"quantity_and_stock_status\\\":\\\"\\\",\\\"required_options\\\":\\\"\\\",\\\"samples_title\\\":\\\"\\\",\\\"shipment_type\\\":\\\"\\\",\\\"short_description\\\":\\\"\\\",\\\"size\\\":\\\"\\\",\\\"sku\\\":\\\"\\\",\\\"sku_type\\\":[\\\"\\\",\\\"\\\"],\\\"sm_degree_height\\\":\\\"\\\",\\\"sm_degree_index\\\":\\\"\\\",\\\"sm_degree_path\\\":\\\"\\\",\\\"sm_degree_width\\\":\\\"\\\",\\\"sm_featured\\\":\\\"\\\",\\\"sm_hoverimage\\\":\\\"\\\",\\\"sm_sizechart\\\":\\\"\\\",\\\"small_image\\\":\\\"\\\",\\\"small_image_label\\\":\\\"\\\",\\\"special_from_date\\\":[\\\"\\\",\\\"\\\"],\\\"special_price\\\":[\\\"\\\",\\\"\\\"],\\\"special_to_date\\\":[\\\"\\\",\\\"\\\"],\\\"status\\\":\\\"1\\\",\\\"swatch_image\\\":\\\"\\\",\\\"tax_class_id\\\":\\\"\\\",\\\"thumbnail\\\":\\\"\\\",\\\"thumbnail_label\\\":\\\"\\\",\\\"tier_price\\\":[\\\"\\\",\\\"\\\"],\\\"updated_at\\\":[\\\"\\\",\\\"\\\"],\\\"url_key\\\":\\\"\\\",\\\"url_path\\\":\\\"\\\",\\\"visibility\\\":\\\"\\\",\\\"weight\\\":[\\\"\\\",\\\"\\\"],\\\"weight_type\\\":[\\\"\\\",\\\"\\\"],\\\"year\\\":\\\"\\\"}\"}');

--
-- Table structure for table `queue_message_status`
--

CREATE TABLE `queue_message_status` (
  `id` bigint(20) unsigned NOT NULL AUTO_INCREMENT COMMENT 'Relation ID',
  `queue_id` int(10) unsigned NOT NULL COMMENT 'Queue ID',
  `message_id` bigint(20) unsigned NOT NULL COMMENT 'Message ID',
  `updated_at` timestamp NOT NULL DEFAULT CURRENT_TIMESTAMP ON UPDATE CURRENT_TIMESTAMP COMMENT 'Updated At',
  `status` smallint(5) unsigned NOT NULL COMMENT 'Message status in particular queue',
  `number_of_trials` smallint(5) unsigned NOT NULL DEFAULT '0' COMMENT 'Number of trials to processed failed message processing',
  PRIMARY KEY (`id`),
  UNIQUE KEY `QUEUE_MESSAGE_STATUS_QUEUE_ID_MESSAGE_ID` (`queue_id`,`message_id`),
  KEY `QUEUE_MESSAGE_STATUS_MESSAGE_ID_QUEUE_MESSAGE_ID` (`message_id`),
  KEY `QUEUE_MESSAGE_STATUS_STATUS_UPDATED_AT` (`status`,`updated_at`),
  CONSTRAINT `QUEUE_MESSAGE_STATUS_MESSAGE_ID_QUEUE_MESSAGE_ID` FOREIGN KEY (`message_id`) REFERENCES `queue_message` (`id`) ON DELETE CASCADE,
  CONSTRAINT `QUEUE_MESSAGE_STATUS_QUEUE_ID_QUEUE_ID` FOREIGN KEY (`queue_id`) REFERENCES `queue` (`id`) ON DELETE CASCADE
) ENGINE=InnoDB AUTO_INCREMENT=44 DEFAULT CHARSET=utf8 COMMENT='Relation table to keep associations between queues and messages';

--
-- Dumping data for table `queue_message_status`
--

INSERT INTO `queue_message_status` VALUES (1,12,1,'2022-04-27 11:31:39',4,1),(2,12,2,'2022-04-27 11:31:39',4,0),(3,12,3,'2022-04-27 11:31:39',4,0),(4,12,4,'2022-04-27 11:31:39',4,0),(5,12,5,'2022-04-27 11:31:39',4,0),(6,12,6,'2022-04-27 11:31:39',4,0),(7,12,7,'2022-04-27 11:31:39',4,0),(8,12,8,'2022-04-27 11:31:39',4,0),(9,12,9,'2022-04-27 11:31:39',4,0),(10,12,10,'2022-04-27 11:31:39',4,0),(11,12,11,'2022-04-27 11:31:39',4,0),(12,12,12,'2022-04-27 11:31:39',4,0),(13,12,13,'2022-04-27 11:31:39',4,0),(14,12,14,'2022-04-27 11:31:39',4,0),(15,3,15,'2022-04-27 11:31:39',4,1),(16,3,16,'2022-04-27 11:32:21',4,0),(17,3,17,'2022-04-27 11:39:34',4,0),(18,2,18,'2022-04-28 07:50:21',4,1),(19,1,19,'2022-04-28 07:50:19',4,1),(20,5,20,'2022-04-28 07:50:22',4,1),(21,3,21,'2022-05-13 10:17:15',4,0),(22,3,22,'2022-05-13 10:17:15',3,0),(23,3,23,'2022-05-13 10:18:29',3,0),(24,3,24,'2022-06-09 04:40:19',4,0),(25,3,25,'2022-06-23 12:15:56',4,0),(26,3,26,'2022-06-24 09:10:55',4,0),(27,3,27,'2022-06-28 11:46:25',4,0),(28,3,28,'2022-07-11 16:13:28',4,0),(29,3,29,'2022-07-20 05:29:13',4,0),(30,3,30,'2022-07-20 06:39:18',4,0),(31,12,31,'2022-08-04 16:27:02',2,0),(32,12,32,'2022-08-04 16:27:50',2,0),(33,12,33,'2022-08-04 20:06:48',2,0),(34,1,34,'2022-08-08 11:47:03',2,0),(35,1,35,'2022-08-08 11:47:03',2,0),(36,1,36,'2022-08-08 11:47:03',2,0),(37,1,37,'2022-08-08 11:47:03',2,0),(38,1,38,'2022-08-08 11:47:03',2,0),(39,1,39,'2022-08-08 11:47:03',2,0),(40,1,40,'2022-08-08 11:47:03',2,0),(41,1,41,'2022-08-08 11:47:03',2,0),(42,5,42,'2022-08-08 11:47:03',2,0),(43,3,43,'2022-08-08 11:58:00',4,0);

--
-- Table structure for table `queue_poison_pill`
--

CREATE TABLE `queue_poison_pill` (
  `version` varchar(255) NOT NULL COMMENT 'Poison Pill version.'
) ENGINE=InnoDB DEFAULT CHARSET=utf8 COMMENT='Sequence table for poison pill versions';

--
-- Dumping data for table `queue_poison_pill`
--

INSERT INTO `queue_poison_pill` VALUES ('version-62ea2c9dc699b');

--
-- Table structure for table `quote`
--

CREATE TABLE `quote` (
  `entity_id` int(10) unsigned NOT NULL AUTO_INCREMENT COMMENT 'Entity ID',
  `store_id` smallint(5) unsigned NOT NULL DEFAULT '0' COMMENT 'Store ID',
  `created_at` timestamp NOT NULL DEFAULT CURRENT_TIMESTAMP COMMENT 'Created At',
  `updated_at` timestamp NOT NULL DEFAULT CURRENT_TIMESTAMP ON UPDATE CURRENT_TIMESTAMP,
  `converted_at` timestamp NULL DEFAULT NULL COMMENT 'Converted At',
  `is_active` smallint(5) unsigned DEFAULT '1' COMMENT 'Is Active',
  `is_virtual` smallint(5) unsigned DEFAULT '0' COMMENT 'Is Virtual',
  `is_multi_shipping` smallint(5) unsigned DEFAULT '0' COMMENT 'Is Multi Shipping',
  `items_count` int(10) unsigned DEFAULT '0' COMMENT 'Items Count',
  `items_qty` decimal(12,4) DEFAULT '0.0000' COMMENT 'Items Qty',
  `orig_order_id` int(10) unsigned DEFAULT '0' COMMENT 'Orig Order ID',
  `store_to_base_rate` decimal(12,4) DEFAULT '0.0000' COMMENT 'Store To Base Rate',
  `store_to_quote_rate` decimal(12,4) DEFAULT '0.0000' COMMENT 'Store To Quote Rate',
  `base_currency_code` varchar(255) DEFAULT NULL COMMENT 'Base Currency Code',
  `store_currency_code` varchar(255) DEFAULT NULL COMMENT 'Store Currency Code',
  `quote_currency_code` varchar(255) DEFAULT NULL COMMENT 'Quote Currency Code',
  `grand_total` decimal(20,4) DEFAULT '0.0000' COMMENT 'Grand Total',
  `base_grand_total` decimal(20,4) DEFAULT '0.0000' COMMENT 'Base Grand Total',
  `checkout_method` varchar(255) DEFAULT NULL COMMENT 'Checkout Method',
  `customer_id` int(10) unsigned DEFAULT NULL COMMENT 'Customer ID',
  `customer_tax_class_id` int(10) unsigned DEFAULT NULL COMMENT 'Customer Tax Class ID',
  `customer_group_id` int(10) unsigned DEFAULT '0' COMMENT 'Customer Group ID',
  `customer_email` varchar(255) DEFAULT NULL COMMENT 'Customer Email',
  `customer_prefix` varchar(40) DEFAULT NULL COMMENT 'Customer Prefix',
  `customer_firstname` varchar(255) DEFAULT NULL COMMENT 'Customer Firstname',
  `customer_middlename` varchar(40) DEFAULT NULL COMMENT 'Customer Middlename',
  `customer_lastname` varchar(255) DEFAULT NULL COMMENT 'Customer Lastname',
  `customer_suffix` varchar(40) DEFAULT NULL COMMENT 'Customer Suffix',
  `customer_dob` datetime DEFAULT NULL COMMENT 'Customer Dob',
  `customer_note` text COMMENT 'Customer Note',
  `customer_note_notify` smallint(5) unsigned DEFAULT '1' COMMENT 'Customer Note Notify',
  `customer_is_guest` smallint(5) unsigned DEFAULT '0' COMMENT 'Customer Is Guest',
  `remote_ip` varchar(45) DEFAULT NULL COMMENT 'Remote Ip',
  `applied_rule_ids` varchar(255) DEFAULT NULL COMMENT 'Applied Rule Ids',
  `reserved_order_id` varchar(64) DEFAULT NULL COMMENT 'Reserved Order ID',
  `password_hash` varchar(255) DEFAULT NULL COMMENT 'Password Hash',
  `coupon_code` varchar(255) DEFAULT NULL COMMENT 'Coupon Code',
  `global_currency_code` varchar(255) DEFAULT NULL COMMENT 'Global Currency Code',
  `base_to_global_rate` decimal(20,4) DEFAULT NULL COMMENT 'Base To Global Rate',
  `base_to_quote_rate` decimal(20,4) DEFAULT NULL COMMENT 'Base To Quote Rate',
  `customer_taxvat` varchar(255) DEFAULT NULL COMMENT 'Customer Taxvat',
  `customer_gender` varchar(255) DEFAULT NULL COMMENT 'Customer Gender',
  `subtotal` decimal(20,4) DEFAULT NULL COMMENT 'Subtotal',
  `base_subtotal` decimal(20,4) DEFAULT NULL COMMENT 'Base Subtotal',
  `subtotal_with_discount` decimal(20,4) DEFAULT NULL COMMENT 'Subtotal With Discount',
  `base_subtotal_with_discount` decimal(20,4) DEFAULT NULL COMMENT 'Base Subtotal With Discount',
  `is_changed` int(10) unsigned DEFAULT NULL COMMENT 'Is Changed',
  `trigger_recollect` smallint(6) NOT NULL DEFAULT '0' COMMENT 'Trigger Recollect',
  `ext_shipping_info` text COMMENT 'Ext Shipping Info',
  `gift_message_id` int(11) DEFAULT NULL COMMENT 'Gift Message ID',
  `is_persistent` smallint(5) unsigned DEFAULT '0' COMMENT 'Is Quote Persistent',
  `mp_smtp_ace_token` varchar(255) DEFAULT NULL COMMENT 'ACE Token',
  `mp_smtp_ace_sent` smallint(6) DEFAULT '0' COMMENT 'ACE Sent',
  `mp_smtp_ace_log_ids` text COMMENT 'ACE Log Ids',
  `mp_smtp_ace_log_data` text COMMENT 'ACE Log Data',
  PRIMARY KEY (`entity_id`),
  KEY `QUOTE_CUSTOMER_ID_STORE_ID_IS_ACTIVE` (`customer_id`,`store_id`,`is_active`),
  KEY `QUOTE_STORE_ID` (`store_id`),
  CONSTRAINT `QUOTE_STORE_ID_STORE_STORE_ID` FOREIGN KEY (`store_id`) REFERENCES `store` (`store_id`) ON DELETE CASCADE
) ENGINE=InnoDB AUTO_INCREMENT=395 DEFAULT CHARSET=utf8 COMMENT='Sales Flat Quote';

--
-- Dumping data for table `quote`
--

INSERT INTO `quote` VALUES (110,5,'2022-04-27 15:47:19','2022-04-27 15:47:19',NULL,1,0,0,0,0.0000,0,0.0000,0.0000,'INR','INR','INR',0.0000,0.0000,NULL,5,NULL,1,'katie.hamilton@punchout2go.com',NULL,'Katie',NULL,'Hamilton',NULL,NULL,NULL,1,0,'162.158.212.192',NULL,NULL,NULL,NULL,'INR',1.0000,1.0000,NULL,'0',0.0000,0.0000,0.0000,0.0000,1,0,NULL,NULL,0,NULL,0,NULL,NULL),(111,5,'2022-04-27 15:49:11','2022-04-27 15:49:11',NULL,1,0,0,0,0.0000,0,0.0000,0.0000,'INR','INR','INR',0.0000,0.0000,NULL,5,NULL,1,'katie.hamilton@punchout2go.com',NULL,'Katie',NULL,'Hamilton',NULL,NULL,NULL,1,0,'162.158.212.192',NULL,NULL,NULL,NULL,'INR',1.0000,1.0000,NULL,'0',0.0000,0.0000,0.0000,0.0000,1,0,NULL,NULL,0,NULL,0,NULL,NULL),(112,5,'2022-04-27 16:19:49','2022-04-27 16:19:50',NULL,1,0,0,0,0.0000,0,0.0000,0.0000,'INR','INR','INR',0.0000,0.0000,NULL,5,NULL,1,'katie.hamilton@punchout2go.com',NULL,'Katie',NULL,'Hamilton',NULL,NULL,NULL,1,0,'172.70.178.12',NULL,NULL,NULL,NULL,'INR',1.0000,1.0000,NULL,'0',0.0000,0.0000,0.0000,0.0000,1,0,NULL,NULL,0,NULL,0,NULL,NULL),(113,5,'2022-04-27 18:09:59','2022-04-27 18:09:59',NULL,1,0,0,0,0.0000,0,0.0000,0.0000,'INR','INR','INR',0.0000,0.0000,NULL,6,NULL,1,'brianna.lacasse@punchout2go.com',NULL,'Brianna',NULL,'LaCasse',NULL,NULL,NULL,1,0,'172.70.42.168',NULL,NULL,NULL,NULL,'INR',1.0000,1.0000,NULL,'0',0.0000,0.0000,0.0000,0.0000,1,0,NULL,NULL,0,NULL,0,NULL,NULL),(114,5,'2022-04-27 18:25:47','2022-04-27 18:26:16',NULL,1,0,0,0,0.0000,0,0.0000,0.0000,'INR','INR','INR',100.0000,100.0000,NULL,5,3,1,'katie.hamilton@punchout2go.com',NULL,'Katie',NULL,'Hamilton',NULL,NULL,NULL,1,0,'172.70.131.45',NULL,NULL,NULL,NULL,'INR',1.0000,1.0000,NULL,'0',100.0000,100.0000,100.0000,100.0000,1,0,NULL,NULL,0,NULL,0,NULL,NULL),(115,5,'2022-04-27 18:27:28','2022-04-27 18:27:43',NULL,1,0,0,0,0.0000,0,0.0000,0.0000,'INR','INR','INR',100.0000,100.0000,NULL,5,3,1,'katie.hamilton@punchout2go.com',NULL,'Katie',NULL,'Hamilton',NULL,NULL,NULL,1,0,'172.70.178.118',NULL,NULL,NULL,NULL,'INR',1.0000,1.0000,NULL,'0',100.0000,100.0000,100.0000,100.0000,1,0,NULL,NULL,0,NULL,0,NULL,NULL),(116,5,'2022-04-27 18:34:26','2022-04-27 18:34:58',NULL,1,0,0,0,0.0000,0,0.0000,0.0000,'INR','INR','INR',105.0000,105.0000,NULL,5,3,1,'katie.hamilton@punchout2go.com',NULL,'Katie',NULL,'Hamilton',NULL,NULL,NULL,1,0,'172.70.178.108',NULL,NULL,NULL,NULL,'INR',1.0000,1.0000,NULL,'0',100.0000,100.0000,100.0000,100.0000,1,0,NULL,NULL,0,NULL,0,NULL,NULL),(117,5,'2022-04-27 18:37:56','2022-04-27 18:38:20',NULL,1,0,0,0,0.0000,0,0.0000,0.0000,'INR','INR','INR',100.0000,100.0000,NULL,5,3,1,'katie.hamilton@punchout2go.com',NULL,'Katie',NULL,'Hamilton',NULL,NULL,NULL,1,0,'172.70.178.198',NULL,NULL,NULL,NULL,'INR',1.0000,1.0000,NULL,'0',100.0000,100.0000,100.0000,100.0000,1,0,NULL,NULL,0,NULL,0,NULL,NULL),(118,5,'2022-04-27 21:04:14','2022-04-27 21:04:14',NULL,1,0,0,0,0.0000,0,0.0000,0.0000,'INR','INR','INR',0.0000,0.0000,NULL,6,NULL,1,'brianna.lacasse@punchout2go.com',NULL,'Brianna',NULL,'LaCasse',NULL,NULL,NULL,1,0,'172.70.178.36',NULL,NULL,NULL,NULL,'INR',1.0000,1.0000,NULL,'0',0.0000,0.0000,0.0000,0.0000,1,0,NULL,NULL,0,NULL,0,NULL,NULL),(119,5,'2022-04-27 23:54:01','2022-04-27 23:54:01',NULL,1,0,0,0,0.0000,0,0.0000,0.0000,'INR','INR','INR',0.0000,0.0000,NULL,7,NULL,1,'rebecca.anderson@punchout2go.com',NULL,'Rebecca',NULL,'Anderson',NULL,NULL,NULL,1,0,'172.70.178.144',NULL,NULL,NULL,NULL,'INR',1.0000,1.0000,NULL,'0',0.0000,0.0000,0.0000,0.0000,1,0,NULL,NULL,0,NULL,0,NULL,NULL),(120,5,'2022-04-28 00:01:21','2022-04-28 00:01:21',NULL,1,0,0,0,0.0000,0,0.0000,0.0000,'INR','INR','INR',0.0000,0.0000,NULL,7,NULL,1,'rebecca.anderson@punchout2go.com',NULL,'Rebecca',NULL,'Anderson',NULL,NULL,NULL,1,0,'172.70.178.234',NULL,NULL,NULL,NULL,'INR',1.0000,1.0000,NULL,'0',0.0000,0.0000,0.0000,0.0000,1,0,NULL,NULL,0,NULL,0,NULL,NULL),(121,5,'2022-04-28 15:33:41','2022-04-28 15:34:26',NULL,1,0,0,0,0.0000,0,0.0000,0.0000,'INR','INR','INR',105.0000,105.0000,NULL,8,3,1,'tucker.gregg@punchout2go.com',NULL,'Tucker',NULL,'Gregg',NULL,NULL,NULL,1,0,'172.70.174.238',NULL,NULL,NULL,NULL,'INR',1.0000,1.0000,NULL,'0',100.0000,100.0000,100.0000,100.0000,1,0,NULL,NULL,0,NULL,0,NULL,NULL),(122,5,'2022-04-28 16:46:24','2022-04-28 16:47:38',NULL,1,0,0,0,0.0000,0,0.0000,0.0000,'INR','INR','INR',36939.0000,36939.0000,NULL,8,3,1,'tucker.gregg@punchout2go.com',NULL,'Tucker',NULL,'Gregg',NULL,NULL,NULL,1,0,'172.70.178.208',NULL,NULL,NULL,NULL,'INR',1.0000,1.0000,NULL,'0',36934.0000,36934.0000,36934.0000,36934.0000,1,0,NULL,NULL,0,NULL,0,NULL,NULL),(123,5,'2022-05-03 15:07:46','2022-05-03 15:08:08',NULL,1,0,0,0,0.0000,0,0.0000,0.0000,'INR','INR','INR',607.0000,607.0000,NULL,8,3,1,'tucker.gregg@punchout2go.com',NULL,'Tucker',NULL,'Gregg',NULL,NULL,NULL,1,0,'172.70.178.224',NULL,NULL,NULL,NULL,'INR',1.0000,1.0000,NULL,'0',607.0000,607.0000,607.0000,607.0000,1,0,NULL,NULL,0,NULL,0,NULL,NULL),(124,5,'2022-05-04 13:00:27','2022-05-04 13:00:27',NULL,1,0,0,0,0.0000,0,0.0000,0.0000,'INR','INR','INR',0.0000,0.0000,NULL,8,NULL,1,'tucker.gregg@punchout2go.com',NULL,'Tucker',NULL,'Gregg',NULL,NULL,NULL,1,0,'172.70.178.136',NULL,NULL,NULL,NULL,'INR',1.0000,1.0000,NULL,'0',0.0000,0.0000,0.0000,0.0000,1,0,NULL,NULL,0,NULL,0,NULL,NULL),(125,5,'2022-05-04 13:16:21','2022-05-04 13:18:22',NULL,1,0,0,0,0.0000,0,0.0000,0.0000,'INR','INR','INR',607.0000,607.0000,NULL,5,3,1,'katie.hamilton@punchout2go.com',NULL,'Katie',NULL,'Hamilton',NULL,NULL,NULL,1,0,'172.70.178.182',NULL,NULL,NULL,NULL,'INR',1.0000,1.0000,NULL,'0',607.0000,607.0000,607.0000,607.0000,1,0,NULL,NULL,0,NULL,0,NULL,NULL),(126,5,'2022-05-04 13:26:31','2022-05-04 13:26:50',NULL,1,0,0,0,0.0000,0,0.0000,0.0000,'INR','INR','INR',607.0000,607.0000,NULL,5,3,1,'katie.hamilton@punchout2go.com',NULL,'Katie',NULL,'Hamilton',NULL,NULL,NULL,1,0,'172.70.179.25',NULL,NULL,NULL,NULL,'INR',1.0000,1.0000,NULL,'0',607.0000,607.0000,607.0000,607.0000,1,0,NULL,NULL,0,NULL,0,NULL,NULL),(127,5,'2022-05-04 13:31:04','2022-05-04 13:33:51',NULL,1,0,0,0,0.0000,0,0.0000,0.0000,'INR','INR','INR',607.0000,607.0000,NULL,5,3,1,'katie.hamilton@punchout2go.com',NULL,'Katie',NULL,'Hamilton',NULL,NULL,NULL,1,0,'162.158.212.192',NULL,NULL,NULL,NULL,'INR',1.0000,1.0000,NULL,'0',607.0000,607.0000,607.0000,607.0000,1,0,NULL,NULL,0,NULL,0,NULL,NULL),(128,5,'2022-05-04 13:38:08','2022-05-04 13:38:35',NULL,1,0,0,0,0.0000,0,0.0000,0.0000,'INR','INR','INR',607.0000,607.0000,NULL,5,3,1,'katie.hamilton@punchout2go.com',NULL,'Katie',NULL,'Hamilton',NULL,NULL,NULL,1,0,'172.70.178.120',NULL,NULL,NULL,NULL,'INR',1.0000,1.0000,NULL,'0',607.0000,607.0000,607.0000,607.0000,1,0,NULL,NULL,0,NULL,0,NULL,NULL),(129,5,'2022-05-04 14:08:39','2022-05-04 14:26:54',NULL,1,0,0,0,0.0000,0,0.0000,0.0000,'INR','INR','INR',607.0000,607.0000,NULL,7,3,1,'rebecca.anderson@punchout2go.com',NULL,'Rebecca',NULL,'Anderson',NULL,NULL,NULL,1,0,'172.70.130.72',NULL,NULL,NULL,NULL,'INR',1.0000,1.0000,NULL,'0',607.0000,607.0000,607.0000,607.0000,1,0,NULL,NULL,0,NULL,0,NULL,NULL),(130,5,'2022-05-04 14:11:44','2022-05-04 14:11:57',NULL,1,0,0,0,0.0000,0,0.0000,0.0000,'INR','INR','INR',607.0000,607.0000,NULL,5,3,1,'katie.hamilton@punchout2go.com',NULL,'Katie',NULL,'Hamilton',NULL,NULL,NULL,1,0,'172.70.178.144',NULL,NULL,NULL,NULL,'INR',1.0000,1.0000,NULL,'0',607.0000,607.0000,607.0000,607.0000,1,0,NULL,NULL,0,NULL,0,NULL,NULL),(131,5,'2022-05-04 14:56:27','2022-05-04 14:56:27',NULL,1,0,0,0,0.0000,0,0.0000,0.0000,'INR','INR','INR',0.0000,0.0000,NULL,5,NULL,1,'katie.hamilton@punchout2go.com',NULL,'Katie',NULL,'Hamilton',NULL,NULL,NULL,1,0,'172.70.178.246',NULL,NULL,NULL,NULL,'INR',1.0000,1.0000,NULL,'0',0.0000,0.0000,0.0000,0.0000,1,0,NULL,NULL,0,NULL,0,NULL,NULL),(132,5,'2022-05-04 15:15:58','2022-05-04 15:16:19',NULL,1,0,0,0,0.0000,0,0.0000,0.0000,'INR','INR','INR',607.0000,607.0000,NULL,5,3,1,'katie.hamilton@punchout2go.com',NULL,'Katie',NULL,'Hamilton',NULL,NULL,NULL,1,0,'172.70.178.184',NULL,NULL,NULL,NULL,'INR',1.0000,1.0000,NULL,'0',607.0000,607.0000,607.0000,607.0000,1,0,NULL,NULL,0,NULL,0,NULL,NULL),(133,5,'2022-05-04 17:51:47','2022-05-04 17:52:16',NULL,1,0,0,0,0.0000,0,0.0000,0.0000,'INR','INR','INR',105.0000,105.0000,NULL,7,3,1,'rebecca.anderson@punchout2go.com',NULL,'Rebecca',NULL,'Anderson',NULL,NULL,NULL,1,0,'172.70.178.230',NULL,NULL,NULL,NULL,'INR',1.0000,1.0000,NULL,'0',100.0000,100.0000,100.0000,100.0000,1,0,NULL,NULL,0,NULL,0,NULL,NULL),(134,5,'2022-05-04 18:15:01','2022-05-04 18:15:18',NULL,1,0,0,0,0.0000,0,0.0000,0.0000,'INR','INR','INR',100.0000,100.0000,NULL,5,3,1,'katie.hamilton@punchout2go.com',NULL,'Katie',NULL,'Hamilton',NULL,NULL,NULL,1,0,'172.70.178.140',NULL,NULL,NULL,NULL,'INR',1.0000,1.0000,NULL,'0',100.0000,100.0000,100.0000,100.0000,1,0,NULL,NULL,0,NULL,0,NULL,NULL),(135,5,'2022-05-04 18:26:51','2022-05-04 18:27:17',NULL,1,0,0,0,0.0000,0,0.0000,0.0000,'INR','INR','INR',607.0000,607.0000,NULL,5,3,1,'katie.hamilton@punchout2go.com',NULL,'Katie',NULL,'Hamilton',NULL,NULL,NULL,1,0,'172.70.178.128',NULL,NULL,NULL,NULL,'INR',1.0000,1.0000,NULL,'0',607.0000,607.0000,607.0000,607.0000,1,0,NULL,NULL,0,NULL,0,NULL,NULL),(136,5,'2022-05-04 18:31:07','2022-05-04 18:31:36',NULL,1,0,0,0,0.0000,0,0.0000,0.0000,'INR','INR','INR',612.0000,612.0000,NULL,5,3,1,'katie.hamilton@punchout2go.com',NULL,'Katie',NULL,'Hamilton',NULL,NULL,NULL,1,0,'172.70.178.152',NULL,NULL,NULL,NULL,'INR',1.0000,1.0000,NULL,'0',607.0000,607.0000,607.0000,607.0000,1,0,NULL,NULL,0,NULL,0,NULL,NULL),(137,5,'2022-05-04 18:33:34','2022-05-04 18:34:05',NULL,1,0,0,0,0.0000,0,0.0000,0.0000,'INR','INR','INR',607.0000,607.0000,NULL,5,3,1,'katie.hamilton@punchout2go.com',NULL,'Katie',NULL,'Hamilton',NULL,NULL,NULL,1,0,'172.70.178.244',NULL,NULL,NULL,NULL,'INR',1.0000,1.0000,NULL,'0',607.0000,607.0000,607.0000,607.0000,1,0,NULL,NULL,0,NULL,0,NULL,NULL),(138,5,'2022-05-05 13:41:48','2022-05-05 13:42:19',NULL,1,0,0,0,0.0000,0,0.0000,0.0000,'INR','INR','INR',607.0000,607.0000,NULL,5,3,1,'katie.hamilton@punchout2go.com',NULL,'Katie',NULL,'Hamilton',NULL,NULL,NULL,1,0,'172.70.178.254',NULL,NULL,NULL,NULL,'INR',1.0000,1.0000,NULL,'0',607.0000,607.0000,607.0000,607.0000,1,0,NULL,NULL,0,NULL,0,NULL,NULL),(139,5,'2022-05-05 16:03:00','2022-05-05 16:03:15',NULL,1,0,0,0,0.0000,0,0.0000,0.0000,'INR','INR','INR',607.0000,607.0000,NULL,5,3,1,'katie.hamilton@punchout2go.com',NULL,'Katie',NULL,'Hamilton',NULL,NULL,NULL,1,0,'172.70.178.60',NULL,NULL,NULL,NULL,'INR',1.0000,1.0000,NULL,'0',607.0000,607.0000,607.0000,607.0000,1,0,NULL,NULL,0,NULL,0,NULL,NULL),(140,5,'2022-05-06 09:59:28','2022-05-06 09:59:28',NULL,1,0,0,0,0.0000,0,0.0000,0.0000,'INR','INR','INR',100.0000,100.0000,NULL,NULL,3,0,NULL,NULL,NULL,NULL,NULL,NULL,NULL,NULL,1,1,'172.70.178.244',NULL,NULL,NULL,NULL,'INR',1.0000,1.0000,NULL,NULL,100.0000,100.0000,100.0000,100.0000,1,0,NULL,NULL,0,NULL,0,NULL,NULL),(141,5,'2022-05-06 17:07:55','2022-05-06 17:08:51',NULL,1,0,0,0,0.0000,0,0.0000,0.0000,'INR','INR','INR',26465.0000,26465.0000,NULL,5,3,1,'katie.hamilton@punchout2go.com',NULL,'Katie',NULL,'Hamilton',NULL,NULL,NULL,1,0,'172.70.178.120',NULL,NULL,NULL,NULL,'INR',1.0000,1.0000,NULL,'0',26460.0000,26460.0000,26460.0000,26460.0000,1,0,NULL,NULL,0,NULL,0,NULL,NULL),(142,5,'2022-05-06 19:50:31','2022-05-06 19:51:23',NULL,1,0,0,0,0.0000,0,0.0000,0.0000,'INR','INR','INR',26465.0000,26465.0000,NULL,5,3,1,'katie.hamilton@punchout2go.com',NULL,'Katie',NULL,'Hamilton',NULL,NULL,NULL,1,0,'172.70.178.86',NULL,NULL,NULL,NULL,'INR',1.0000,1.0000,NULL,'0',26460.0000,26460.0000,26460.0000,26460.0000,1,0,NULL,NULL,0,NULL,0,NULL,NULL),(143,5,'2022-05-06 20:10:18','2022-05-06 20:11:21',NULL,1,0,0,0,0.0000,0,0.0000,0.0000,'INR','INR','INR',26465.0000,26465.0000,NULL,9,3,1,'bobby@punchout2go.com',NULL,'Bobby',NULL,'Pearson',NULL,NULL,NULL,1,0,'172.70.178.10',NULL,NULL,NULL,NULL,'INR',1.0000,1.0000,NULL,'0',26460.0000,26460.0000,26460.0000,26460.0000,1,0,NULL,NULL,0,NULL,0,NULL,NULL),(144,5,'2022-05-06 20:13:18','2022-05-06 20:13:47',NULL,1,0,0,0,0.0000,0,0.0000,0.0000,'INR','INR','INR',56920.0000,56920.0000,NULL,9,3,1,'bobby@punchout2go.com',NULL,'Bobby',NULL,'Pearson',NULL,NULL,NULL,1,0,'172.70.178.250',NULL,NULL,NULL,NULL,'INR',1.0000,1.0000,NULL,'0',56910.0000,56910.0000,56910.0000,56910.0000,1,0,NULL,NULL,0,NULL,0,NULL,NULL),(145,5,'2022-05-09 13:16:06','2022-05-09 13:16:06',NULL,1,0,0,0,0.0000,0,0.0000,0.0000,'INR','INR','INR',0.0000,0.0000,NULL,5,NULL,1,'katie.hamilton@punchout2go.com',NULL,'Katie',NULL,'Hamilton',NULL,NULL,NULL,1,0,'172.70.178.250',NULL,NULL,NULL,NULL,'INR',1.0000,1.0000,NULL,'0',0.0000,0.0000,0.0000,0.0000,1,0,NULL,NULL,0,NULL,0,NULL,NULL),(146,5,'2022-05-09 13:29:10','2022-05-09 13:29:19',NULL,1,0,0,0,0.0000,0,0.0000,0.0000,'INR','INR','INR',26460.0000,26460.0000,NULL,5,3,1,'katie.hamilton@punchout2go.com',NULL,'Katie',NULL,'Hamilton',NULL,NULL,NULL,1,0,'172.70.178.8',NULL,NULL,NULL,NULL,'INR',1.0000,1.0000,NULL,'0',26460.0000,26460.0000,26460.0000,26460.0000,1,0,NULL,NULL,0,NULL,0,NULL,NULL),(147,5,'2022-05-09 13:54:28','2022-05-09 13:54:38',NULL,1,0,0,0,0.0000,0,0.0000,0.0000,'INR','INR','INR',5940.0000,5940.0000,NULL,5,3,1,'katie.hamilton@punchout2go.com',NULL,'Katie',NULL,'Hamilton',NULL,NULL,NULL,1,0,'172.70.179.23',NULL,NULL,NULL,NULL,'INR',1.0000,1.0000,NULL,'0',5940.0000,5940.0000,5940.0000,5940.0000,1,0,NULL,NULL,0,NULL,0,NULL,NULL),(148,5,'2022-05-09 14:00:59','2022-05-09 14:01:07',NULL,1,0,0,0,0.0000,0,0.0000,0.0000,'INR','INR','INR',100.0000,100.0000,NULL,5,3,1,'katie.hamilton@punchout2go.com',NULL,'Katie',NULL,'Hamilton',NULL,NULL,NULL,1,0,'172.70.178.112',NULL,NULL,NULL,NULL,'INR',1.0000,1.0000,NULL,'0',100.0000,100.0000,100.0000,100.0000,1,0,NULL,NULL,0,NULL,0,NULL,NULL),(149,5,'2022-05-13 06:50:21','2022-05-13 06:50:21',NULL,1,0,0,1,1.0000,0,0.0000,0.0000,'INR','INR','INR',2.0000,2.0000,NULL,NULL,3,0,NULL,NULL,NULL,NULL,NULL,NULL,NULL,NULL,1,1,'172.70.178.170',NULL,NULL,NULL,NULL,'INR',1.0000,1.0000,NULL,NULL,2.0000,2.0000,2.0000,2.0000,1,1,NULL,NULL,0,NULL,0,NULL,NULL),(150,5,'2022-05-20 00:50:43','2022-05-20 00:50:43',NULL,1,0,0,0,0.0000,0,0.0000,0.0000,'INR','INR','INR',0.0000,0.0000,NULL,8,NULL,1,'tucker.gregg@punchout2go.com',NULL,'Tucker',NULL,'Gregg',NULL,NULL,NULL,1,0,'172.70.178.48',NULL,NULL,NULL,NULL,'INR',1.0000,1.0000,NULL,'0',0.0000,0.0000,0.0000,0.0000,1,0,NULL,NULL,0,NULL,0,NULL,NULL),(151,5,'2022-05-20 16:12:31','2022-05-20 16:12:32',NULL,1,0,0,0,0.0000,0,0.0000,0.0000,'INR','INR','INR',0.0000,0.0000,NULL,8,NULL,1,'tucker.gregg@punchout2go.com',NULL,'Tucker',NULL,'Gregg',NULL,NULL,NULL,1,0,'172.70.178.234',NULL,NULL,NULL,NULL,'INR',1.0000,1.0000,NULL,'0',0.0000,0.0000,0.0000,0.0000,1,0,NULL,NULL,0,NULL,0,NULL,NULL),(152,5,'2022-05-23 23:44:43','2022-05-23 23:44:43',NULL,1,0,0,0,0.0000,0,0.0000,0.0000,'INR','INR','INR',0.0000,0.0000,NULL,8,NULL,1,'tucker.gregg@punchout2go.com',NULL,'Tucker',NULL,'Gregg',NULL,NULL,NULL,1,0,'172.70.178.100',NULL,NULL,NULL,NULL,'INR',1.0000,1.0000,NULL,'0',0.0000,0.0000,0.0000,0.0000,1,0,NULL,NULL,0,NULL,0,NULL,NULL),(153,5,'2022-05-24 09:48:40','2022-05-24 09:48:41',NULL,1,0,0,1,2.0000,0,0.0000,0.0000,'INR','INR','INR',3652.0000,3652.0000,NULL,NULL,3,0,NULL,NULL,NULL,NULL,NULL,NULL,NULL,NULL,1,1,'172.70.178.90',NULL,NULL,NULL,NULL,'INR',1.0000,1.0000,NULL,NULL,3652.0000,3652.0000,3652.0000,3652.0000,1,0,NULL,NULL,0,NULL,0,NULL,NULL),(154,5,'2022-05-24 13:43:35','2022-05-24 13:43:53',NULL,1,0,0,1,1.0000,0,0.0000,0.0000,'INR','INR','INR',9.0000,9.0000,NULL,8,3,1,'tucker.gregg@punchout2go.com',NULL,'Tucker',NULL,'Gregg',NULL,NULL,NULL,1,0,'172.70.178.102',NULL,NULL,NULL,NULL,'INR',1.0000,1.0000,NULL,'0',9.0000,9.0000,9.0000,9.0000,1,0,NULL,NULL,0,NULL,0,NULL,NULL),(155,5,'2022-05-24 23:37:20','2022-05-24 23:37:47',NULL,1,0,0,1,1.0000,0,0.0000,0.0000,'INR','INR','INR',10.5000,10.5000,NULL,10,3,1,'Carol.Njama@punchout2go.com',NULL,'Carol',NULL,'Njama',NULL,NULL,NULL,1,0,'172.69.42.30',NULL,NULL,NULL,NULL,'INR',1.0000,1.0000,NULL,'0',10.5000,10.5000,10.5000,10.5000,1,0,NULL,NULL,0,NULL,0,NULL,NULL),(156,5,'2022-05-24 23:38:27','2022-05-24 23:39:31',NULL,1,0,0,1,1.0000,0,0.0000,0.0000,'INR','INR','INR',1.0000,1.0000,NULL,NULL,3,0,NULL,NULL,NULL,NULL,NULL,NULL,NULL,NULL,1,1,'172.69.42.128',NULL,NULL,NULL,NULL,'INR',1.0000,1.0000,NULL,NULL,1.0000,1.0000,1.0000,1.0000,1,0,NULL,NULL,0,NULL,0,NULL,NULL),(157,5,'2022-05-26 18:30:51','2022-05-26 18:30:51',NULL,1,0,0,0,0.0000,0,0.0000,0.0000,'INR','INR','INR',0.0000,0.0000,NULL,11,NULL,1,'steve.mullins@punchout2go.com',NULL,'Steve',NULL,'Mullins',NULL,NULL,NULL,1,0,'172.70.178.24',NULL,NULL,NULL,NULL,'INR',1.0000,1.0000,NULL,'0',0.0000,0.0000,0.0000,0.0000,1,0,NULL,NULL,0,NULL,0,NULL,NULL),(158,5,'2022-06-02 00:49:32','2022-06-02 00:49:32',NULL,1,0,0,0,0.0000,0,0.0000,0.0000,'INR','INR','INR',0.0000,0.0000,NULL,12,NULL,1,'catalog_tester@ariba.com',NULL,'Punchout User',NULL,'No Last Name',NULL,NULL,NULL,1,0,'172.70.175.151',NULL,NULL,NULL,NULL,'INR',1.0000,1.0000,NULL,'0',0.0000,0.0000,0.0000,0.0000,1,0,NULL,NULL,0,NULL,0,NULL,NULL),(159,5,'2022-06-02 15:02:36','2022-06-02 15:02:36',NULL,1,0,0,0,0.0000,0,0.0000,0.0000,'INR','INR','INR',0.0000,0.0000,NULL,13,NULL,1,'sujitprusti@google.com',NULL,'Punchout User',NULL,'No Last Name',NULL,NULL,NULL,1,0,'172.70.131.63',NULL,NULL,NULL,NULL,'INR',1.0000,1.0000,NULL,'0',0.0000,0.0000,0.0000,0.0000,1,0,NULL,NULL,0,NULL,0,NULL,NULL),(160,5,'2022-06-02 15:03:37','2022-06-02 15:04:02',NULL,1,0,0,1,1.0000,0,0.0000,0.0000,'INR','INR','INR',31347.0000,31347.0000,NULL,13,3,1,'sujitprusti@google.com',NULL,'Punchout User',NULL,'No Last Name',NULL,NULL,NULL,1,0,'172.70.130.192',NULL,NULL,NULL,NULL,'INR',1.0000,1.0000,NULL,'0',31342.0000,31342.0000,31342.0000,31342.0000,1,0,NULL,NULL,0,NULL,0,NULL,NULL),(161,5,'2022-06-02 15:07:47','2022-06-02 15:07:47',NULL,1,0,0,0,0.0000,0,0.0000,0.0000,'INR','INR','INR',0.0000,0.0000,NULL,13,NULL,1,'sujitprusti@google.com',NULL,'Punchout User',NULL,'No Last Name',NULL,NULL,NULL,1,0,'172.70.178.252',NULL,NULL,NULL,NULL,'INR',1.0000,1.0000,NULL,'0',0.0000,0.0000,0.0000,0.0000,1,0,NULL,NULL,0,NULL,0,NULL,NULL),(162,5,'2022-06-02 15:08:55','2022-06-02 15:08:55',NULL,1,0,0,0,0.0000,0,0.0000,0.0000,'INR','INR','INR',0.0000,0.0000,NULL,13,NULL,1,'sujitprusti@google.com',NULL,'Punchout User',NULL,'No Last Name',NULL,NULL,NULL,1,0,'172.70.130.72',NULL,NULL,NULL,NULL,'INR',1.0000,1.0000,NULL,'0',0.0000,0.0000,0.0000,0.0000,1,0,NULL,NULL,0,NULL,0,NULL,NULL),(163,5,'2022-06-02 15:10:00','2022-06-02 15:12:08',NULL,1,0,0,1,1.0000,0,0.0000,0.0000,'INR','INR','INR',31347.0000,31347.0000,NULL,13,3,1,'sujitprusti@google.com',NULL,'Punchout User',NULL,'No Last Name',NULL,NULL,NULL,1,0,'172.70.130.186',NULL,NULL,NULL,NULL,'INR',1.0000,1.0000,NULL,'0',31342.0000,31342.0000,31342.0000,31342.0000,1,0,NULL,NULL,0,NULL,0,NULL,NULL),(164,5,'2022-06-02 15:29:33','2022-06-02 15:29:33',NULL,1,0,0,0,0.0000,0,0.0000,0.0000,'INR','INR','INR',0.0000,0.0000,NULL,14,NULL,1,'manusingh@google.com',NULL,'Punchout User',NULL,'No Last Name',NULL,NULL,NULL,1,0,'172.70.131.49',NULL,NULL,NULL,NULL,'INR',1.0000,1.0000,NULL,'0',0.0000,0.0000,0.0000,0.0000,1,0,NULL,NULL,0,NULL,0,NULL,NULL),(165,5,'2022-06-02 15:32:07','2022-06-02 15:32:16',NULL,1,0,0,1,1.0000,0,0.0000,0.0000,'INR','INR','INR',6678.0000,6678.0000,NULL,8,3,1,'tucker.gregg@punchout2go.com',NULL,'Tucker',NULL,'Gregg',NULL,NULL,NULL,1,0,'172.70.131.153',NULL,NULL,NULL,NULL,'INR',1.0000,1.0000,NULL,'0',6678.0000,6678.0000,6678.0000,6678.0000,1,0,NULL,NULL,0,NULL,0,NULL,NULL),(166,5,'2022-06-02 15:57:07','2022-06-02 15:57:57',NULL,1,0,0,1,1.0000,0,0.0000,0.0000,'INR','INR','INR',7781.3000,7781.3000,NULL,15,3,1,'ashish.bubne@rahisystems.com',NULL,'Ashish',NULL,'Bubne',NULL,NULL,NULL,1,0,'172.70.131.197',NULL,NULL,NULL,NULL,'INR',1.0000,1.0000,NULL,'0',7776.3000,7776.3000,7776.3000,7776.3000,1,0,NULL,NULL,0,NULL,0,NULL,NULL),(167,5,'2022-06-02 16:54:25','2022-06-02 16:54:25',NULL,1,0,0,1,1.0000,0,0.0000,0.0000,'INR','INR','INR',31342.0000,31342.0000,NULL,NULL,3,0,NULL,NULL,NULL,NULL,NULL,NULL,NULL,NULL,1,1,'162.158.166.152',NULL,NULL,NULL,NULL,'INR',1.0000,1.0000,NULL,NULL,31342.0000,31342.0000,31342.0000,31342.0000,1,0,NULL,NULL,0,NULL,0,NULL,NULL),(168,5,'2022-06-02 16:56:41','2022-06-02 16:56:41',NULL,1,0,0,0,0.0000,0,0.0000,0.0000,'INR','INR','INR',0.0000,0.0000,NULL,16,NULL,1,'mounika.a@rahisystems.com',NULL,'Mounika',NULL,'Alla',NULL,NULL,NULL,1,0,'172.68.34.150',NULL,NULL,NULL,NULL,'INR',1.0000,1.0000,NULL,NULL,0.0000,0.0000,0.0000,0.0000,1,0,NULL,NULL,0,NULL,0,NULL,NULL),(169,5,'2022-06-02 16:59:11','2022-06-02 16:59:29',NULL,0,0,0,1,1.0000,0,0.0000,0.0000,'INR','INR','INR',33205.0000,33205.0000,NULL,16,3,1,'mounika.a@rahisystems.com',NULL,'Mounika',NULL,'Alla',NULL,NULL,NULL,1,0,'172.68.133.130',NULL,NULL,NULL,NULL,'INR',1.0000,1.0000,NULL,NULL,33200.0000,33200.0000,33200.0000,33200.0000,1,0,NULL,NULL,0,NULL,0,NULL,NULL),(170,5,'2022-06-02 17:00:38','2022-06-02 17:00:45',NULL,1,0,0,1,1.0000,0,0.0000,0.0000,'INR','INR','INR',33205.0000,33205.0000,NULL,16,3,1,'mounika.a@rahisystems.com',NULL,'Mounika',NULL,'Alla',NULL,NULL,NULL,1,0,'172.68.35.19',NULL,NULL,NULL,NULL,'INR',1.0000,1.0000,NULL,NULL,33200.0000,33200.0000,33200.0000,33200.0000,1,0,NULL,NULL,0,NULL,0,NULL,NULL),(171,5,'2022-06-02 17:10:58','2022-06-02 17:11:15',NULL,0,0,0,1,1.0000,0,0.0000,0.0000,'INR','INR','INR',33200.0000,33200.0000,NULL,15,3,1,'ashish.bubne@rahisystems.com',NULL,'Ashish',NULL,'Bubne',NULL,NULL,NULL,1,0,'172.68.35.19',NULL,NULL,NULL,NULL,'INR',1.0000,1.0000,NULL,'0',33200.0000,33200.0000,33200.0000,33200.0000,1,0,NULL,NULL,0,NULL,0,NULL,NULL),(172,5,'2022-06-02 17:16:38','2022-06-02 17:16:38',NULL,1,0,0,0,0.0000,0,0.0000,0.0000,'INR','INR','INR',0.0000,0.0000,NULL,16,NULL,1,'mounika.a@rahisystems.com',NULL,'Mounika',NULL,'Alla',NULL,NULL,NULL,1,0,'172.68.35.17',NULL,NULL,NULL,NULL,'INR',1.0000,1.0000,NULL,NULL,0.0000,0.0000,0.0000,0.0000,1,0,NULL,NULL,0,NULL,0,NULL,NULL),(173,5,'2022-06-02 17:32:14','2022-06-02 17:32:54',NULL,0,0,0,1,1.0000,0,0.0000,0.0000,'INR','INR','INR',33205.0000,33205.0000,NULL,8,3,1,'tucker.gregg@punchout2go.com',NULL,'Tucker',NULL,'Gregg',NULL,NULL,NULL,1,0,'172.70.131.65',NULL,NULL,NULL,NULL,'INR',1.0000,1.0000,NULL,'0',33200.0000,33200.0000,33200.0000,33200.0000,1,0,NULL,NULL,0,NULL,0,NULL,NULL),(174,5,'2022-06-02 19:29:56','2022-06-02 19:29:56',NULL,1,0,0,0,0.0000,0,0.0000,0.0000,'INR','INR','INR',0.0000,0.0000,NULL,10,NULL,1,'Carol.Njama@punchout2go.com',NULL,'Carol',NULL,'Njama',NULL,NULL,NULL,1,0,'172.68.34.150',NULL,NULL,NULL,NULL,'INR',1.0000,1.0000,NULL,'0',0.0000,0.0000,0.0000,0.0000,1,0,NULL,NULL,0,NULL,0,NULL,NULL),(175,5,'2022-06-03 15:48:36','2022-06-03 15:48:36',NULL,1,0,0,0,0.0000,0,0.0000,0.0000,'USD','USD','USD',0.0000,0.0000,NULL,14,NULL,1,'manusingh@google.com',NULL,'Punchout User',NULL,'No Last Name',NULL,NULL,NULL,1,0,'172.70.131.175',NULL,NULL,NULL,NULL,'USD',1.0000,1.0000,NULL,'0',0.0000,0.0000,0.0000,0.0000,1,0,NULL,NULL,0,NULL,0,NULL,NULL),(176,5,'2022-06-03 15:49:37','2022-06-03 15:49:57',NULL,0,0,0,1,1.0000,0,0.0000,0.0000,'USD','USD','USD',33200.0000,33200.0000,NULL,14,3,1,'manusingh@google.com',NULL,'Punchout User',NULL,'No Last Name',NULL,NULL,NULL,1,0,'172.70.131.171',NULL,NULL,NULL,NULL,'USD',1.0000,1.0000,NULL,'0',33200.0000,33200.0000,33200.0000,33200.0000,1,0,NULL,NULL,0,NULL,0,NULL,NULL),(177,5,'2022-06-03 16:22:45','2022-06-03 16:23:46',NULL,1,0,0,1,1.0000,0,0.0000,0.0000,'USD','USD','USD',38141.0000,38141.0000,NULL,8,3,1,'tucker.gregg@punchout2go.com',NULL,'Tucker',NULL,'Gregg',NULL,NULL,NULL,1,0,'172.70.131.167',NULL,NULL,NULL,NULL,'USD',1.0000,1.0000,NULL,'0',38136.0000,38136.0000,38136.0000,38136.0000,1,0,NULL,NULL,0,NULL,0,NULL,NULL),(178,5,'2022-06-07 09:39:07','2022-06-07 09:41:32',NULL,1,0,0,0,0.0000,0,0.0000,0.0000,'USD','USD','USD',0.0000,0.0000,NULL,NULL,3,0,NULL,NULL,NULL,NULL,NULL,NULL,NULL,NULL,1,1,'172.70.131.77',NULL,NULL,NULL,NULL,'USD',1.0000,1.0000,NULL,NULL,0.0000,0.0000,0.0000,0.0000,1,0,NULL,NULL,0,NULL,0,NULL,NULL),(179,5,'2022-06-07 09:52:26','2022-06-07 09:52:43',NULL,1,0,0,1,1.0000,0,0.0000,0.0000,'USD','USD','USD',33205.0000,33205.0000,NULL,15,3,1,'ashish.bubne@rahisystems.com',NULL,'Ashish',NULL,'Bubne',NULL,NULL,NULL,1,0,'172.70.131.137',NULL,NULL,NULL,NULL,'USD',1.0000,1.0000,NULL,'0',33200.0000,33200.0000,33200.0000,33200.0000,1,0,NULL,NULL,0,NULL,0,NULL,NULL),(180,5,'2022-06-07 12:46:17','2022-06-07 12:46:53',NULL,0,0,0,2,3.0000,0,0.0000,0.0000,'USD','USD','USD',22245.6000,22245.6000,NULL,9,3,1,'bobby@punchout2go.com',NULL,'Bobby',NULL,'Pearson',NULL,NULL,NULL,1,0,'172.70.130.4',NULL,NULL,NULL,NULL,'USD',1.0000,1.0000,NULL,'0',22230.6000,22230.6000,22230.6000,22230.6000,1,0,NULL,NULL,0,NULL,0,NULL,NULL),(181,5,'2022-06-08 18:41:29','2022-06-08 18:42:45',NULL,0,0,0,1,1.0000,0,0.0000,0.0000,'USD','USD','USD',21329.2800,21329.2800,NULL,14,3,1,'manusingh@google.com',NULL,'Punchout User',NULL,'No Last Name',NULL,NULL,NULL,1,0,'172.70.130.250',NULL,NULL,NULL,NULL,'USD',1.0000,1.0000,NULL,'0',21329.2800,21329.2800,21329.2800,21329.2800,1,0,NULL,NULL,0,NULL,0,NULL,NULL),(182,5,'2022-06-08 18:51:35','2022-06-08 18:53:12',NULL,0,0,0,2,2.0000,0,0.0000,0.0000,'USD','USD','USD',156.7500,156.7500,NULL,16,3,1,'mounika.a@rahisystems.com',NULL,'Mounika',NULL,'Alla',NULL,NULL,NULL,1,0,'172.68.34.250',NULL,NULL,NULL,NULL,'USD',1.0000,1.0000,NULL,NULL,156.7500,156.7500,156.7500,156.7500,1,0,NULL,NULL,0,NULL,0,NULL,NULL),(183,5,'2022-06-08 19:01:13','2022-06-08 19:01:13',NULL,1,0,0,0,0.0000,0,0.0000,0.0000,'USD','USD','USD',0.0000,0.0000,NULL,14,NULL,1,'manusingh@google.com',NULL,'Punchout User',NULL,'No Last Name',NULL,NULL,NULL,1,0,'162.158.227.224',NULL,NULL,NULL,NULL,'USD',1.0000,1.0000,NULL,'0',0.0000,0.0000,0.0000,0.0000,1,0,NULL,NULL,0,NULL,0,NULL,NULL),(184,5,'2022-06-08 19:02:24','2022-06-08 19:04:10',NULL,0,0,0,1,1.0000,0,0.0000,0.0000,'USD','USD','USD',38136.0000,38136.0000,NULL,14,3,1,'manusingh@google.com',NULL,'Punchout User',NULL,'No Last Name',NULL,NULL,NULL,1,0,'172.70.131.47',NULL,NULL,NULL,NULL,'USD',1.0000,1.0000,NULL,'0',38136.0000,38136.0000,38136.0000,38136.0000,1,0,NULL,NULL,0,NULL,0,NULL,NULL),(185,5,'2022-06-08 19:13:14','2022-06-08 19:14:39',NULL,0,0,0,1,1.0000,0,0.0000,0.0000,'USD','USD','USD',748.0000,748.0000,NULL,18,3,1,'aribatestall@gmail.com',NULL,'Punchout',NULL,'User',NULL,NULL,NULL,1,0,'172.70.130.186',NULL,NULL,NULL,NULL,'USD',1.0000,1.0000,NULL,NULL,743.0000,743.0000,743.0000,743.0000,1,0,NULL,NULL,0,NULL,0,NULL,NULL),(186,5,'2022-06-08 19:20:54','2022-06-08 19:22:06',NULL,0,0,0,3,5.0000,0,0.0000,0.0000,'USD','USD','USD',1345.5300,1345.5300,NULL,14,3,1,'manusingh@google.com',NULL,'Punchout User',NULL,'No Last Name',NULL,NULL,NULL,1,0,'172.70.130.180',NULL,NULL,NULL,NULL,'USD',1.0000,1.0000,NULL,'0',1320.5300,1320.5300,1320.5300,1320.5300,1,0,NULL,NULL,0,NULL,0,NULL,NULL),(187,5,'2022-06-08 19:47:51','2022-06-08 19:47:51',NULL,1,0,0,0,0.0000,0,0.0000,0.0000,'USD','USD','USD',0.0000,0.0000,NULL,16,NULL,1,'mounika.a@rahisystems.com',NULL,'Mounika',NULL,'Alla',NULL,NULL,NULL,1,0,'172.68.35.15',NULL,NULL,NULL,NULL,'USD',1.0000,1.0000,NULL,NULL,0.0000,0.0000,0.0000,0.0000,1,0,NULL,NULL,0,NULL,0,NULL,NULL),(188,5,'2022-06-09 16:41:34','2022-06-09 16:41:34',NULL,1,0,0,0,0.0000,0,0.0000,0.0000,'USD','USD','USD',0.0000,0.0000,NULL,19,NULL,1,'aribatestall-uat-venkannadoraa@gmail.com',NULL,'Punchout',NULL,'User',NULL,NULL,NULL,1,0,'172.70.178.150',NULL,NULL,NULL,NULL,'USD',1.0000,1.0000,NULL,NULL,0.0000,0.0000,0.0000,0.0000,1,0,NULL,NULL,0,NULL,0,NULL,NULL),(189,5,'2022-06-09 16:41:34','2022-06-09 16:41:34',NULL,1,0,0,0,0.0000,0,0.0000,0.0000,'USD','USD','USD',0.0000,0.0000,NULL,19,NULL,1,'aribatestall-uat-venkannadoraa@gmail.com',NULL,'Punchout',NULL,'User',NULL,NULL,NULL,1,0,NULL,NULL,NULL,NULL,NULL,'USD',1.0000,1.0000,NULL,NULL,0.0000,0.0000,0.0000,0.0000,1,0,NULL,NULL,0,NULL,0,NULL,NULL),(190,5,'2022-06-09 16:41:41','2022-06-09 16:42:33',NULL,0,0,0,2,2.0000,0,0.0000,0.0000,'USD','USD','USD',405.9700,405.9700,NULL,19,3,1,'aribatestall-uat-venkannadoraa@gmail.com',NULL,'Punchout',NULL,'User',NULL,NULL,NULL,1,0,'172.71.22.94',NULL,NULL,NULL,NULL,'USD',1.0000,1.0000,NULL,NULL,405.9700,405.9700,405.9700,405.9700,1,0,NULL,NULL,0,NULL,0,NULL,NULL),(191,5,'2022-06-09 17:27:15','2022-06-09 17:27:45',NULL,0,0,0,1,1.0000,0,0.0000,0.0000,'USD','USD','USD',10305.0000,10305.0000,NULL,13,3,1,'sujitprusti@google.com',NULL,'Punchout User',NULL,'No Last Name',NULL,NULL,NULL,1,0,'172.70.130.182',NULL,NULL,NULL,NULL,'USD',1.0000,1.0000,NULL,'0',10300.0000,10300.0000,10300.0000,10300.0000,1,0,NULL,NULL,0,NULL,0,NULL,NULL),(192,5,'2022-06-09 17:33:54','2022-06-09 17:34:46',NULL,0,0,0,1,2.0000,0,0.0000,0.0000,'USD','USD','USD',124.0000,124.0000,NULL,14,3,1,'manusingh@google.com',NULL,'Punchout User',NULL,'No Last Name',NULL,NULL,NULL,1,0,'172.70.130.122',NULL,NULL,NULL,NULL,'USD',1.0000,1.0000,NULL,'0',114.0000,114.0000,114.0000,114.0000,1,0,NULL,NULL,0,NULL,0,NULL,NULL),(193,5,'2022-06-13 19:37:00','2022-06-13 19:37:00',NULL,1,0,0,0,0.0000,0,0.0000,0.0000,'USD','USD','USD',0.0000,0.0000,NULL,20,NULL,1,'Jason.Wynn@punchout2go.com',NULL,'Jason',NULL,'Wynn',NULL,NULL,NULL,1,0,'172.68.35.25',NULL,NULL,NULL,NULL,'USD',1.0000,1.0000,NULL,NULL,0.0000,0.0000,0.0000,0.0000,1,0,NULL,NULL,0,NULL,0,NULL,NULL),(194,5,'2022-06-14 13:59:35','2022-06-14 14:00:14',NULL,0,0,0,2,2.0000,0,0.0000,0.0000,'USD','USD','USD',1002.2500,1002.2500,NULL,19,3,1,'aribatestall-uat-venkannadoraa@gmail.com',NULL,'Punchout',NULL,'User',NULL,NULL,NULL,1,0,'172.70.130.124',NULL,NULL,NULL,NULL,'USD',1.0000,1.0000,NULL,NULL,992.2500,992.2500,992.2500,992.2500,1,0,NULL,NULL,0,NULL,0,NULL,NULL),(195,5,'2022-06-16 16:05:51','2022-06-16 16:05:51',NULL,1,0,0,0,0.0000,0,0.0000,0.0000,'USD','USD','USD',0.0000,0.0000,NULL,16,NULL,1,'mounika.a@rahisystems.com',NULL,'Mounika',NULL,'Alla',NULL,NULL,NULL,1,0,'172.68.35.25',NULL,NULL,NULL,NULL,'USD',1.0000,1.0000,NULL,NULL,0.0000,0.0000,0.0000,0.0000,1,0,NULL,NULL,0,NULL,0,NULL,NULL),(196,5,'2022-06-21 13:03:11','2022-06-21 13:04:17',NULL,0,0,0,1,1.0000,0,0.0000,0.0000,'USD','USD','USD',7781.3000,7781.3000,NULL,21,3,1,'elliott.karlinsky@punchout2go.com',NULL,'Elliott',NULL,'Karlinsky',NULL,NULL,NULL,1,0,'172.70.178.244',NULL,NULL,NULL,NULL,'USD',1.0000,1.0000,NULL,NULL,7776.3000,7776.3000,7776.3000,7776.3000,1,0,NULL,NULL,0,NULL,0,NULL,NULL),(197,5,'2022-06-22 14:10:39','2022-06-22 14:29:15',NULL,0,0,0,1,1.0000,0,0.0000,0.0000,'USD','USD','USD',5684.0000,5684.0000,NULL,19,3,1,'aribatestall-uat-venkannadoraa@gmail.com',NULL,'Punchout',NULL,'User',NULL,NULL,NULL,1,0,'172.70.130.240',NULL,NULL,NULL,NULL,'USD',1.0000,1.0000,NULL,NULL,5684.0000,5684.0000,5684.0000,5684.0000,1,0,NULL,NULL,0,NULL,0,NULL,NULL),(198,5,'2022-06-22 17:03:37','2022-06-22 17:03:56',NULL,0,0,0,2,2.0000,0,0.0000,0.0000,'USD','USD','USD',39878.0000,39878.0000,NULL,15,3,1,'ashish.bubne@rahisystems.com',NULL,'Ashish',NULL,'Bubne',NULL,NULL,NULL,1,0,'172.70.130.170',NULL,NULL,NULL,NULL,'USD',1.0000,1.0000,NULL,'0',39878.0000,39878.0000,39878.0000,39878.0000,1,0,NULL,NULL,0,NULL,0,NULL,NULL),(199,5,'2022-06-22 17:45:25','2022-06-22 17:45:25',NULL,1,0,0,0,0.0000,0,0.0000,0.0000,'USD','USD','USD',0.0000,0.0000,NULL,21,NULL,1,'elliott.karlinsky@punchout2go.com',NULL,'Elliott',NULL,'Karlinsky',NULL,NULL,NULL,1,0,'172.70.178.8',NULL,NULL,NULL,NULL,'USD',1.0000,1.0000,NULL,NULL,0.0000,0.0000,0.0000,0.0000,1,0,NULL,NULL,0,NULL,0,NULL,NULL),(200,5,'2022-06-22 18:02:59','2022-06-22 18:02:59',NULL,1,0,0,0,0.0000,0,0.0000,0.0000,'USD','USD','USD',0.0000,0.0000,NULL,22,NULL,1,'john.jertson@punchout2go.com',NULL,'John',NULL,'Jertson',NULL,NULL,NULL,1,0,'172.70.178.158',NULL,NULL,NULL,NULL,'USD',1.0000,1.0000,NULL,NULL,0.0000,0.0000,0.0000,0.0000,1,0,NULL,NULL,0,NULL,0,NULL,NULL),(201,5,'2022-06-22 18:05:49','2022-06-22 18:05:49',NULL,1,0,0,0,0.0000,0,0.0000,0.0000,'USD','USD','USD',0.0000,0.0000,NULL,22,NULL,1,'john.jertson@punchout2go.com',NULL,'John',NULL,'Jertson',NULL,NULL,NULL,1,0,'172.70.178.110',NULL,NULL,NULL,NULL,'USD',1.0000,1.0000,NULL,NULL,0.0000,0.0000,0.0000,0.0000,1,0,NULL,NULL,0,NULL,0,NULL,NULL),(202,5,'2022-06-22 18:07:38','2022-06-22 18:07:38',NULL,1,0,0,0,0.0000,0,0.0000,0.0000,'USD','USD','USD',0.0000,0.0000,NULL,22,NULL,1,'john.jertson@punchout2go.com',NULL,'John',NULL,'Jertson',NULL,NULL,NULL,1,0,'172.70.178.190',NULL,NULL,NULL,NULL,'USD',1.0000,1.0000,NULL,NULL,0.0000,0.0000,0.0000,0.0000,1,0,NULL,NULL,0,NULL,0,NULL,NULL),(203,5,'2022-06-22 19:24:37','2022-06-22 19:25:04',NULL,0,0,0,1,2.0000,0,0.0000,0.0000,'USD','USD','USD',66410.0000,66410.0000,NULL,13,3,1,'sujitprusti@google.com',NULL,'Punchout User',NULL,'No Last Name',NULL,NULL,NULL,1,0,'172.70.178.126',NULL,NULL,NULL,NULL,'USD',1.0000,1.0000,NULL,'0',66400.0000,66400.0000,66400.0000,66400.0000,1,0,NULL,NULL,0,NULL,0,NULL,NULL),(204,5,'2022-06-23 06:05:54','2022-06-23 06:06:37',NULL,0,0,0,2,2.0000,0,0.0000,0.0000,'USD','USD','USD',39878.0000,39878.0000,NULL,15,3,1,'ashish.bubne@rahisystems.com',NULL,'Ashish',NULL,'Bubne',NULL,NULL,NULL,1,0,'172.70.178.200',NULL,NULL,NULL,NULL,'USD',1.0000,1.0000,NULL,'0',39878.0000,39878.0000,39878.0000,39878.0000,1,0,NULL,NULL,0,NULL,0,NULL,NULL),(205,5,'2022-06-23 17:24:04','2022-06-23 17:25:01',NULL,0,0,0,2,2.0000,0,0.0000,0.0000,'USD','USD','USD',127.0000,127.0000,NULL,19,3,1,'aribatestall-uat-venkannadoraa@gmail.com',NULL,'Punchout',NULL,'User',NULL,NULL,NULL,1,0,'172.70.178.56',NULL,NULL,NULL,NULL,'USD',1.0000,1.0000,NULL,NULL,117.0000,117.0000,117.0000,117.0000,1,0,NULL,NULL,0,NULL,0,NULL,NULL),(206,5,'2022-06-23 17:34:51','2022-06-23 17:35:11',NULL,0,0,0,2,2.0000,0,0.0000,0.0000,'USD','USD','USD',127.0000,127.0000,NULL,19,3,1,'aribatestall-uat-venkannadoraa@gmail.com',NULL,'Punchout',NULL,'User',NULL,NULL,NULL,1,0,'172.70.130.58',NULL,NULL,NULL,NULL,'USD',1.0000,1.0000,NULL,NULL,117.0000,117.0000,117.0000,117.0000,1,0,NULL,NULL,0,NULL,0,NULL,NULL),(207,5,'2022-06-23 17:42:24','2022-06-23 17:42:25',NULL,1,0,0,0,0.0000,0,0.0000,0.0000,'USD','USD','USD',0.0000,0.0000,NULL,19,NULL,1,'aribatestall-uat-venkannadoraa@gmail.com',NULL,'Punchout',NULL,'User',NULL,NULL,NULL,1,0,'172.70.130.248',NULL,NULL,NULL,NULL,'USD',1.0000,1.0000,NULL,NULL,0.0000,0.0000,0.0000,0.0000,1,0,NULL,NULL,0,NULL,0,NULL,NULL),(208,5,'2022-06-23 18:22:56','2022-06-23 18:23:21',NULL,0,0,0,2,2.0000,0,0.0000,0.0000,'USD','USD','USD',117.0000,117.0000,NULL,19,3,1,'aribatestall-uat-venkannadoraa@gmail.com',NULL,'Punchout',NULL,'User',NULL,NULL,NULL,1,0,'172.70.179.25',NULL,NULL,NULL,NULL,'USD',1.0000,1.0000,NULL,NULL,117.0000,117.0000,117.0000,117.0000,1,0,NULL,NULL,0,NULL,0,NULL,NULL),(209,5,'2022-06-24 12:58:14','2022-06-24 12:59:39',NULL,0,0,0,2,12.0000,0,0.0000,0.0000,'USD','USD','USD',145.5000,145.5000,NULL,14,3,1,'manusingh@google.com',NULL,'Punchout User',NULL,'No Last Name',NULL,NULL,NULL,1,0,'172.70.218.48',NULL,NULL,NULL,NULL,'USD',1.0000,1.0000,NULL,'0',145.5000,145.5000,145.5000,145.5000,1,0,NULL,NULL,0,NULL,0,NULL,NULL),(210,5,'2022-06-24 13:10:16','2022-06-24 13:11:02',NULL,0,0,0,1,20.0000,0,0.0000,0.0000,'USD','USD','USD',492.8000,492.8000,NULL,14,3,1,'manusingh@google.com',NULL,'Punchout User',NULL,'No Last Name',NULL,NULL,NULL,1,0,'172.70.130.178',NULL,NULL,NULL,NULL,'USD',1.0000,1.0000,NULL,'0',392.8000,392.8000,392.8000,392.8000,1,0,NULL,NULL,0,NULL,0,NULL,NULL),(211,5,'2022-06-28 14:08:03','2022-06-28 14:10:44',NULL,1,0,0,1,100.0000,0,0.0000,0.0000,'USD','USD','USD',777630.0000,777630.0000,NULL,23,3,1,'elliott.karlinsky@tradecentric.com',NULL,'Elliott',NULL,'Karlinsky',NULL,NULL,NULL,1,0,'172.70.179.19',NULL,NULL,NULL,NULL,'USD',1.0000,1.0000,NULL,NULL,777630.0000,777630.0000,777630.0000,777630.0000,1,0,NULL,NULL,0,NULL,0,NULL,NULL),(212,5,'2022-06-28 15:33:52','2022-06-28 15:33:52',NULL,1,0,0,1,1.0000,0,0.0000,0.0000,'USD','USD','USD',33200.0000,33200.0000,NULL,NULL,3,0,NULL,NULL,NULL,NULL,NULL,NULL,NULL,NULL,1,1,'172.70.131.185',NULL,NULL,NULL,NULL,'USD',1.0000,1.0000,NULL,NULL,33200.0000,33200.0000,33200.0000,33200.0000,1,0,NULL,NULL,0,NULL,0,NULL,NULL),(213,5,'2022-06-28 20:12:39','2022-06-28 20:12:39',NULL,1,0,0,0,0.0000,0,0.0000,0.0000,'USD','USD','USD',0.0000,0.0000,NULL,24,NULL,1,'robbiny@google.com',NULL,'Punchout',NULL,'User',NULL,NULL,NULL,1,0,'162.158.166.58',NULL,NULL,NULL,NULL,'USD',1.0000,1.0000,NULL,NULL,0.0000,0.0000,0.0000,0.0000,1,0,NULL,NULL,0,NULL,0,NULL,NULL),(214,5,'2022-06-28 20:13:34','2022-06-28 20:13:34',NULL,1,0,0,0,0.0000,0,0.0000,0.0000,'USD','USD','USD',0.0000,0.0000,NULL,24,NULL,1,'robbiny@google.com',NULL,'Punchout',NULL,'User',NULL,NULL,NULL,1,0,'172.68.35.29',NULL,NULL,NULL,NULL,'USD',1.0000,1.0000,NULL,NULL,0.0000,0.0000,0.0000,0.0000,1,0,NULL,NULL,0,NULL,0,NULL,NULL),(215,5,'2022-06-28 20:14:25','2022-06-28 20:14:25',NULL,1,0,0,0,0.0000,0,0.0000,0.0000,'USD','USD','USD',0.0000,0.0000,NULL,24,NULL,1,'robbiny@google.com',NULL,'Punchout',NULL,'User',NULL,NULL,NULL,1,0,'172.68.34.144',NULL,NULL,NULL,NULL,'USD',1.0000,1.0000,NULL,NULL,0.0000,0.0000,0.0000,0.0000,1,0,NULL,NULL,0,NULL,0,NULL,NULL),(216,5,'2022-06-28 20:19:37','2022-06-28 20:19:37',NULL,1,0,0,0,0.0000,0,0.0000,0.0000,'USD','USD','USD',0.0000,0.0000,NULL,24,NULL,1,'robbiny@google.com',NULL,'Punchout',NULL,'User',NULL,NULL,NULL,1,0,'172.68.34.216',NULL,NULL,NULL,NULL,'USD',1.0000,1.0000,NULL,NULL,0.0000,0.0000,0.0000,0.0000,1,0,NULL,NULL,0,NULL,0,NULL,NULL),(217,5,'2022-06-28 20:23:56','2022-06-28 20:23:56',NULL,1,0,0,0,0.0000,0,0.0000,0.0000,'USD','USD','USD',0.0000,0.0000,NULL,24,NULL,1,'robbiny@google.com',NULL,'Punchout',NULL,'User',NULL,NULL,NULL,1,0,'172.68.34.156',NULL,NULL,NULL,NULL,'USD',1.0000,1.0000,NULL,NULL,0.0000,0.0000,0.0000,0.0000,1,0,NULL,NULL,0,NULL,0,NULL,NULL),(218,5,'2022-06-29 11:47:01','2022-06-29 11:49:00',NULL,1,0,0,1,1.0000,0,0.0000,0.0000,'USD','USD','USD',12.6000,12.6000,NULL,14,3,1,'manusingh@google.com',NULL,'Punchout User',NULL,'No Last Name',NULL,NULL,NULL,1,0,'172.70.130.144',NULL,NULL,NULL,NULL,'USD',1.0000,1.0000,NULL,'0',12.6000,12.6000,12.6000,12.6000,1,0,NULL,NULL,0,NULL,0,NULL,NULL),(219,5,'2022-06-29 12:47:30','2022-06-29 12:47:56',NULL,0,0,0,1,1.0000,0,0.0000,0.0000,'USD','USD','USD',6678.0000,6678.0000,NULL,15,3,1,'ashish.bubne@rahisystems.com',NULL,'Ashish',NULL,'Bubne',NULL,NULL,NULL,1,0,'172.70.131.117',NULL,NULL,NULL,NULL,'USD',1.0000,1.0000,NULL,'0',6678.0000,6678.0000,6678.0000,6678.0000,1,0,NULL,NULL,0,NULL,0,NULL,NULL),(220,5,'2022-06-29 12:51:53','2022-06-29 12:51:53',NULL,1,0,0,1,1.0000,0,0.0000,0.0000,'USD','USD','USD',12.6000,12.6000,NULL,NULL,3,0,NULL,NULL,NULL,NULL,NULL,NULL,NULL,NULL,1,1,'172.70.131.189',NULL,NULL,NULL,NULL,'USD',1.0000,1.0000,NULL,NULL,12.6000,12.6000,12.6000,12.6000,1,0,NULL,NULL,0,NULL,0,NULL,NULL),(221,5,'2022-06-29 13:32:01','2022-06-29 13:33:06',NULL,0,0,0,1,5.0000,0,0.0000,0.0000,'USD','USD','USD',73.5000,73.5000,NULL,14,3,1,'manusingh@google.com',NULL,'Punchout User',NULL,'No Last Name',NULL,NULL,NULL,1,0,'172.70.130.172',NULL,NULL,NULL,NULL,'USD',1.0000,1.0000,NULL,'0',73.5000,73.5000,73.5000,73.5000,1,0,NULL,NULL,0,NULL,0,NULL,NULL),(222,5,'2022-06-29 13:33:59','2022-06-29 13:33:59',NULL,0,0,0,0,0.0000,0,0.0000,0.0000,'USD','USD','USD',0.0000,0.0000,NULL,NULL,NULL,0,NULL,NULL,NULL,NULL,NULL,NULL,NULL,NULL,1,1,'172.70.130.54',NULL,NULL,NULL,NULL,'USD',1.0000,1.0000,NULL,NULL,0.0000,0.0000,0.0000,0.0000,1,0,NULL,NULL,0,NULL,0,NULL,NULL),(223,5,'2022-06-29 13:34:27','2022-06-29 13:34:27',NULL,1,0,0,1,5.0000,0,0.0000,0.0000,'USD','USD','USD',73.5000,73.5000,NULL,NULL,3,0,NULL,NULL,NULL,NULL,NULL,NULL,NULL,NULL,1,1,'172.70.131.65',NULL,NULL,NULL,NULL,'USD',1.0000,1.0000,NULL,NULL,73.5000,73.5000,73.5000,73.5000,1,0,NULL,NULL,0,NULL,0,NULL,NULL),(224,5,'2022-06-29 13:37:57','2022-06-29 13:38:44',NULL,0,0,0,1,5.0000,0,0.0000,0.0000,'USD','USD','USD',73.5000,73.5000,NULL,14,3,1,'manusingh@google.com',NULL,'Punchout User',NULL,'No Last Name',NULL,NULL,NULL,1,0,'172.70.131.43',NULL,NULL,NULL,NULL,'USD',1.0000,1.0000,NULL,'0',73.5000,73.5000,73.5000,73.5000,1,0,NULL,NULL,0,NULL,0,NULL,NULL),(225,5,'2022-06-29 13:43:43','2022-06-29 13:44:46',NULL,0,0,0,2,7.0000,0,0.0000,0.0000,'USD','USD','USD',154.7000,154.7000,NULL,14,3,1,'manusingh@google.com',NULL,'Punchout User',NULL,'No Last Name',NULL,NULL,NULL,1,0,'172.70.131.23',NULL,NULL,NULL,NULL,'USD',1.0000,1.0000,NULL,'0',119.7000,119.7000,119.7000,119.7000,1,0,NULL,NULL,0,NULL,0,NULL,NULL),(226,5,'2022-06-30 04:04:22','2022-06-30 04:04:22',NULL,1,0,0,1,1.0000,0,0.0000,0.0000,'USD','USD','USD',5684.0000,5684.0000,NULL,NULL,3,0,NULL,NULL,NULL,NULL,NULL,NULL,NULL,NULL,1,1,'172.70.130.178',NULL,NULL,NULL,NULL,'USD',1.0000,1.0000,NULL,NULL,5684.0000,5684.0000,5684.0000,5684.0000,1,0,NULL,NULL,0,NULL,0,NULL,NULL),(227,5,'2022-06-30 06:26:57','2022-06-30 06:26:57',NULL,1,0,0,0,0.0000,0,0.0000,0.0000,'USD','USD','USD',0.0000,0.0000,NULL,25,NULL,1,'tejas.ambole@rahisystems.com',NULL,'Tejas',NULL,'Ambole',NULL,NULL,NULL,1,0,'172.70.131.191',NULL,NULL,NULL,NULL,'USD',1.0000,1.0000,NULL,NULL,0.0000,0.0000,0.0000,0.0000,1,0,NULL,NULL,0,NULL,0,NULL,NULL),(228,5,'2022-07-06 20:12:53','2022-07-06 20:12:53',NULL,1,0,0,0,0.0000,0,0.0000,0.0000,'USD','USD','USD',0.0000,0.0000,NULL,26,NULL,1,'aribatestall-uat-ankurjai@gmail.com',NULL,'Punchout',NULL,'User',NULL,NULL,NULL,1,0,'172.68.35.25',NULL,NULL,NULL,NULL,'USD',1.0000,1.0000,NULL,NULL,0.0000,0.0000,0.0000,0.0000,1,0,NULL,NULL,0,NULL,0,NULL,NULL),(229,5,'2022-07-06 20:13:45','2022-07-06 20:13:45',NULL,1,0,0,0,0.0000,0,0.0000,0.0000,'USD','USD','USD',0.0000,0.0000,NULL,26,NULL,1,'aribatestall-uat-ankurjai@gmail.com',NULL,'Punchout',NULL,'User',NULL,NULL,NULL,1,0,'172.68.34.192',NULL,NULL,NULL,NULL,'USD',1.0000,1.0000,NULL,NULL,0.0000,0.0000,0.0000,0.0000,1,0,NULL,NULL,0,NULL,0,NULL,NULL),(230,5,'2022-07-06 20:16:41','2022-07-06 20:16:41',NULL,1,0,0,0,0.0000,0,0.0000,0.0000,'USD','USD','USD',0.0000,0.0000,NULL,26,NULL,1,'aribatestall-uat-ankurjai@gmail.com',NULL,'Punchout',NULL,'User',NULL,NULL,NULL,1,0,'172.68.35.19',NULL,NULL,NULL,NULL,'USD',1.0000,1.0000,NULL,NULL,0.0000,0.0000,0.0000,0.0000,1,0,NULL,NULL,0,NULL,0,NULL,NULL),(231,5,'2022-07-06 20:17:58','2022-07-06 20:18:24',NULL,0,0,0,1,1.0000,0,0.0000,0.0000,'USD','USD','USD',7776.3000,7776.3000,NULL,26,3,1,'aribatestall-uat-ankurjai@gmail.com',NULL,'Punchout',NULL,'User',NULL,NULL,NULL,1,0,'172.68.35.7',NULL,NULL,NULL,NULL,'USD',1.0000,1.0000,NULL,NULL,7776.3000,7776.3000,7776.3000,7776.3000,1,0,NULL,NULL,0,NULL,0,NULL,NULL),(232,5,'2022-07-06 20:19:06','2022-07-06 20:19:06',NULL,1,0,0,0,0.0000,0,0.0000,0.0000,'USD','USD','USD',0.0000,0.0000,NULL,24,NULL,1,'robbiny@google.com',NULL,'Punchout',NULL,'User',NULL,NULL,NULL,1,0,'172.68.35.7',NULL,NULL,NULL,NULL,'USD',1.0000,1.0000,NULL,NULL,0.0000,0.0000,0.0000,0.0000,1,0,NULL,NULL,0,NULL,0,NULL,NULL),(233,5,'2022-07-06 20:20:40','2022-07-06 20:20:40',NULL,1,0,0,0,0.0000,0,0.0000,0.0000,'USD','USD','USD',0.0000,0.0000,NULL,26,NULL,1,'aribatestall-uat-ankurjai@gmail.com',NULL,'Punchout',NULL,'User',NULL,NULL,NULL,1,0,'172.68.35.23',NULL,NULL,NULL,NULL,'USD',1.0000,1.0000,NULL,NULL,0.0000,0.0000,0.0000,0.0000,1,0,NULL,NULL,0,NULL,0,NULL,NULL),(234,5,'2022-07-06 20:22:08','2022-07-06 20:22:08',NULL,1,0,0,0,0.0000,0,0.0000,0.0000,'USD','USD','USD',0.0000,0.0000,NULL,24,NULL,1,'robbiny@google.com',NULL,'Punchout',NULL,'User',NULL,NULL,NULL,1,0,'162.158.166.126',NULL,NULL,NULL,NULL,'USD',1.0000,1.0000,NULL,NULL,0.0000,0.0000,0.0000,0.0000,1,0,NULL,NULL,0,NULL,0,NULL,NULL),(235,5,'2022-07-06 20:28:14','2022-07-06 20:28:14',NULL,1,0,0,0,0.0000,0,0.0000,0.0000,'USD','USD','USD',0.0000,0.0000,NULL,26,NULL,1,'aribatestall-uat-ankurjai@gmail.com',NULL,'Punchout',NULL,'User',NULL,NULL,NULL,1,0,'172.68.35.13',NULL,NULL,NULL,NULL,'USD',1.0000,1.0000,NULL,NULL,0.0000,0.0000,0.0000,0.0000,1,0,NULL,NULL,0,NULL,0,NULL,NULL),(236,5,'2022-07-06 22:15:08','2022-07-06 22:17:36',NULL,1,0,0,1,1.0000,0,0.0000,0.0000,'USD','USD','USD',7776.3000,7776.3000,NULL,16,3,1,'mounika.a@rahisystems.com',NULL,'Mounika',NULL,'Alla',NULL,NULL,NULL,1,0,'172.68.34.252',NULL,NULL,NULL,NULL,'USD',1.0000,1.0000,NULL,NULL,7776.3000,7776.3000,7776.3000,7776.3000,1,0,NULL,NULL,0,NULL,0,NULL,NULL),(237,5,'2022-07-14 18:16:08','2022-07-14 18:16:33',NULL,0,0,0,1,1.0000,0,0.0000,0.0000,'USD','USD','USD',7781.3000,7781.3000,NULL,27,3,1,'steve.mullins@tradecentric.com',NULL,'Steve',NULL,'Mullins',NULL,NULL,NULL,1,0,'172.70.178.106',NULL,NULL,NULL,NULL,'USD',1.0000,1.0000,NULL,NULL,7776.3000,7776.3000,7776.3000,7776.3000,1,0,NULL,NULL,0,NULL,0,NULL,NULL),(238,5,'2022-07-14 22:35:43','2022-07-14 22:36:00',NULL,0,0,0,1,1.0000,0,0.0000,0.0000,'USD','USD','USD',6683.0000,6683.0000,NULL,16,3,1,'mounika.a@rahisystems.com',NULL,'Mounika',NULL,'Alla',NULL,NULL,NULL,1,0,'172.68.34.252',NULL,NULL,NULL,NULL,'USD',1.0000,1.0000,NULL,NULL,6678.0000,6678.0000,6678.0000,6678.0000,1,0,NULL,NULL,0,NULL,0,NULL,NULL),(239,5,'2022-07-15 13:42:06','2022-07-15 13:43:53',NULL,0,0,0,2,2.0000,0,0.0000,0.0000,'USD','USD','USD',22988.0000,22988.0000,NULL,28,3,1,'aribatestall-uat-harishmu@gmail.com',NULL,'Punchout',NULL,'User',NULL,NULL,NULL,1,0,'172.70.131.163',NULL,NULL,NULL,NULL,'USD',1.0000,1.0000,NULL,NULL,22978.0000,22978.0000,22978.0000,22978.0000,1,0,NULL,NULL,0,NULL,0,NULL,NULL),(240,5,'2022-07-15 13:44:38','2022-07-15 13:44:49',NULL,0,0,0,1,1.0000,0,0.0000,0.0000,'USD','USD','USD',22955.0000,22955.0000,NULL,28,3,1,'aribatestall-uat-harishmu@gmail.com',NULL,'Punchout',NULL,'User',NULL,NULL,NULL,1,0,'172.70.131.25',NULL,NULL,NULL,NULL,'USD',1.0000,1.0000,NULL,NULL,22950.0000,22950.0000,22950.0000,22950.0000,1,0,NULL,NULL,0,NULL,0,NULL,NULL),(241,5,'2022-07-15 13:46:55','2022-07-15 13:47:30',NULL,0,0,0,3,3.0000,0,0.0000,0.0000,'USD','USD','USD',64.5000,64.5000,NULL,28,3,1,'aribatestall-uat-harishmu@gmail.com',NULL,'Punchout',NULL,'User',NULL,NULL,NULL,1,0,'172.70.130.252',NULL,NULL,NULL,NULL,'USD',1.0000,1.0000,NULL,NULL,49.5000,49.5000,49.5000,49.5000,1,1,NULL,NULL,0,NULL,0,NULL,NULL),(242,5,'2022-07-15 16:00:05','2022-07-15 16:01:04',NULL,0,0,0,1,1.0000,0,0.0000,0.0000,'USD','USD','USD',10.5000,10.5000,NULL,28,3,1,'aribatestall-uat-harishmu@gmail.com',NULL,'Punchout',NULL,'User',NULL,NULL,NULL,1,0,'172.70.131.47',NULL,NULL,NULL,NULL,'USD',1.0000,1.0000,NULL,NULL,10.5000,10.5000,10.5000,10.5000,1,1,NULL,NULL,0,NULL,0,NULL,NULL),(243,5,'2022-07-15 16:04:15','2022-07-15 16:05:38',NULL,0,0,0,1,100.0000,0,0.0000,0.0000,'USD','USD','USD',3320000.0000,3320000.0000,NULL,28,3,1,'aribatestall-uat-harishmu@gmail.com',NULL,'Punchout',NULL,'User',NULL,NULL,NULL,1,0,'172.70.192.158',NULL,NULL,NULL,NULL,'USD',1.0000,1.0000,NULL,NULL,3320000.0000,3320000.0000,3320000.0000,3320000.0000,1,0,NULL,NULL,0,NULL,0,NULL,NULL),(244,5,'2022-07-19 16:32:51','2022-07-19 16:32:51',NULL,1,0,0,0,0.0000,0,0.0000,0.0000,'USD','USD','USD',0.0000,0.0000,NULL,24,NULL,1,'robbiny@google.com',NULL,'Punchout',NULL,'User',NULL,NULL,NULL,1,0,'172.68.35.27',NULL,NULL,NULL,NULL,'USD',1.0000,1.0000,NULL,NULL,0.0000,0.0000,0.0000,0.0000,1,0,NULL,NULL,0,NULL,0,NULL,NULL),(245,5,'2022-07-19 16:58:58','2022-07-19 16:58:58',NULL,1,0,0,0,0.0000,0,0.0000,0.0000,'USD','USD','USD',0.0000,0.0000,NULL,18,NULL,1,'aribatestall@gmail.com',NULL,'Punchout',NULL,'User',NULL,NULL,NULL,1,0,'172.70.126.94',NULL,NULL,NULL,NULL,'USD',1.0000,1.0000,NULL,NULL,0.0000,0.0000,0.0000,0.0000,1,0,NULL,NULL,0,NULL,0,NULL,NULL),(246,5,'2022-07-19 17:01:40','2022-07-19 17:01:40',NULL,1,0,0,0,0.0000,0,0.0000,0.0000,'USD','USD','USD',0.0000,0.0000,NULL,18,NULL,1,'aribatestall@gmail.com',NULL,'Punchout',NULL,'User',NULL,NULL,NULL,1,0,'172.70.130.86',NULL,NULL,NULL,NULL,'USD',1.0000,1.0000,NULL,NULL,0.0000,0.0000,0.0000,0.0000,1,0,NULL,NULL,0,NULL,0,NULL,NULL),(247,5,'2022-07-20 06:53:29','2022-07-20 06:54:24',NULL,0,0,0,5,5.0000,0,0.0000,0.0000,'USD','USD','USD',95096.3000,95096.3000,NULL,29,3,1,'abhijeet.dhara@rahisystems.com',NULL,'Abhijeet',NULL,'Dhara',NULL,NULL,NULL,1,0,'172.70.179.3',NULL,NULL,NULL,NULL,'USD',1.0000,1.0000,NULL,NULL,95096.3000,95096.3000,95096.3000,95096.3000,1,0,NULL,NULL,0,NULL,0,NULL,NULL),(248,5,'2022-07-20 07:05:45','2022-07-20 07:06:05',NULL,0,0,0,0,0.0000,0,0.0000,0.0000,'USD','USD','USD',2000005.0000,2000005.0000,NULL,29,3,1,'abhijeet.dhara@rahisystems.com',NULL,'Abhijeet',NULL,'Dhara',NULL,NULL,NULL,1,0,'108.162.241.86',NULL,NULL,NULL,NULL,'USD',1.0000,1.0000,NULL,NULL,2000000.0000,2000000.0000,2000000.0000,2000000.0000,1,0,NULL,NULL,0,NULL,0,NULL,NULL),(249,5,'2022-07-20 07:32:41','2022-07-20 07:33:00',NULL,0,0,0,0,0.0000,0,0.0000,0.0000,'USD','USD','USD',2000000.0000,2000000.0000,NULL,29,3,1,'abhijeet.dhara@rahisystems.com',NULL,'Abhijeet',NULL,'Dhara',NULL,NULL,NULL,1,0,'172.70.179.3',NULL,NULL,NULL,NULL,'USD',1.0000,1.0000,NULL,NULL,2000000.0000,2000000.0000,2000000.0000,2000000.0000,1,0,NULL,NULL,0,NULL,0,NULL,NULL),(250,5,'2022-07-20 07:35:26','2022-07-20 07:35:43',NULL,0,0,0,0,0.0000,0,0.0000,0.0000,'USD','USD','USD',2000000.0000,2000000.0000,NULL,29,3,1,'abhijeet.dhara@rahisystems.com',NULL,'Abhijeet',NULL,'Dhara',NULL,NULL,NULL,1,0,'172.70.178.140',NULL,NULL,NULL,NULL,'USD',1.0000,1.0000,NULL,NULL,2000000.0000,2000000.0000,2000000.0000,2000000.0000,1,0,NULL,NULL,0,NULL,0,NULL,NULL),(251,5,'2022-07-20 09:39:18','2022-07-20 09:39:41',NULL,0,0,0,0,0.0000,0,0.0000,0.0000,'USD','USD','USD',2000005.0000,2000005.0000,NULL,29,3,1,'abhijeet.dhara@rahisystems.com',NULL,'Abhijeet',NULL,'Dhara',NULL,NULL,NULL,1,0,'172.70.178.126',NULL,NULL,NULL,NULL,'USD',1.0000,1.0000,NULL,NULL,2000000.0000,2000000.0000,2000000.0000,2000000.0000,1,0,NULL,NULL,0,NULL,0,NULL,NULL),(252,5,'2022-07-20 10:24:08','2022-07-20 10:25:48',NULL,0,0,0,0,0.0000,0,0.0000,0.0000,'USD','USD','USD',2000005.0000,2000005.0000,NULL,29,3,1,'abhijeet.dhara@rahisystems.com',NULL,'Abhijeet',NULL,'Dhara',NULL,NULL,NULL,1,0,'172.70.178.126',NULL,NULL,NULL,NULL,'USD',1.0000,1.0000,NULL,NULL,2000000.0000,2000000.0000,2000000.0000,2000000.0000,1,0,NULL,NULL,0,NULL,0,NULL,NULL),(253,5,'2022-07-20 10:39:56','2022-07-20 10:40:42',NULL,0,0,0,0,0.0000,0,0.0000,0.0000,'USD','USD','USD',2000005.0000,2000005.0000,NULL,29,3,1,'abhijeet.dhara@rahisystems.com',NULL,'Abhijeet',NULL,'Dhara',NULL,NULL,NULL,1,0,'172.70.218.134',NULL,NULL,NULL,NULL,'USD',1.0000,1.0000,NULL,NULL,2000000.0000,2000000.0000,2000000.0000,2000000.0000,1,0,NULL,NULL,0,NULL,0,NULL,NULL),(254,5,'2022-07-20 10:45:39','2022-07-20 10:45:39',NULL,1,0,0,0,0.0000,0,0.0000,0.0000,'USD','USD','USD',0.0000,0.0000,NULL,29,NULL,1,'abhijeet.dhara@rahisystems.com',NULL,'Abhijeet',NULL,'Dhara',NULL,NULL,NULL,1,0,'108.162.241.152',NULL,NULL,NULL,NULL,'USD',1.0000,1.0000,NULL,NULL,0.0000,0.0000,0.0000,0.0000,1,0,NULL,NULL,0,NULL,0,NULL,NULL),(255,5,'2022-07-20 17:06:19','2022-07-20 17:07:44',NULL,0,0,0,1,1.0000,0,0.0000,0.0000,'USD','USD','USD',2000157.5000,2000157.5000,NULL,29,3,1,'abhijeet.dhara@rahisystems.com',NULL,'Abhijeet',NULL,'Dhara',NULL,NULL,NULL,1,0,'108.162.241.44',NULL,NULL,NULL,NULL,'USD',1.0000,1.0000,NULL,NULL,2000157.5000,2000157.5000,2000157.5000,2000157.5000,1,0,NULL,NULL,0,NULL,0,NULL,NULL),(256,5,'2022-07-20 19:31:54','2022-07-20 19:32:30',NULL,0,0,0,2,3.0000,0,0.0000,0.0000,'USD','USD','USD',74176.3000,74176.3000,NULL,30,3,1,'tucker.gregg@tradecentric.com',NULL,'Tucker',NULL,'Gregg',NULL,NULL,NULL,1,0,'172.70.178.248',NULL,NULL,NULL,NULL,'USD',1.0000,1.0000,NULL,NULL,74176.3000,74176.3000,74176.3000,74176.3000,1,0,NULL,NULL,0,NULL,0,NULL,NULL),(257,5,'2022-07-20 20:16:44','2022-07-20 20:17:12',NULL,0,0,0,2,3.0000,0,0.0000,0.0000,'USD','USD','USD',74191.3000,74191.3000,NULL,16,3,1,'mounika.a@rahisystems.com',NULL,'Mounika',NULL,'Alla',NULL,NULL,NULL,1,0,'172.68.34.198',NULL,NULL,NULL,NULL,'USD',1.0000,1.0000,NULL,NULL,74176.3000,74176.3000,74176.3000,74176.3000,1,0,NULL,NULL,0,NULL,0,NULL,NULL),(258,5,'2022-07-20 20:20:44','2022-07-20 20:20:44',NULL,1,0,0,0,0.0000,0,0.0000,0.0000,'USD','USD','USD',0.0000,0.0000,NULL,16,NULL,1,'mounika.a@rahisystems.com',NULL,'Mounika',NULL,'Alla',NULL,NULL,NULL,1,0,'172.68.34.126',NULL,NULL,NULL,NULL,'USD',1.0000,1.0000,NULL,NULL,0.0000,0.0000,0.0000,0.0000,1,0,NULL,NULL,0,NULL,0,NULL,NULL),(259,5,'2022-07-21 08:45:44','2022-07-21 08:46:21',NULL,0,0,0,0,0.0000,0,0.0000,0.0000,'USD','USD','USD',2000000.0000,2000000.0000,NULL,29,3,1,'abhijeet.dhara@rahisystems.com',NULL,'Abhijeet',NULL,'Dhara',NULL,NULL,NULL,1,0,'108.162.241.234',NULL,NULL,NULL,NULL,'USD',1.0000,1.0000,NULL,NULL,2000000.0000,2000000.0000,2000000.0000,2000000.0000,1,0,NULL,NULL,0,NULL,0,NULL,NULL),(260,5,'2022-07-21 08:47:29','2022-07-21 08:47:52',NULL,0,0,0,0,0.0000,0,0.0000,0.0000,'USD','USD','USD',2000005.0000,2000005.0000,NULL,29,3,1,'abhijeet.dhara@rahisystems.com',NULL,'Abhijeet',NULL,'Dhara',NULL,NULL,NULL,1,0,'108.162.241.188',NULL,NULL,NULL,NULL,'USD',1.0000,1.0000,NULL,NULL,2000000.0000,2000000.0000,2000000.0000,2000000.0000,1,0,NULL,NULL,0,NULL,0,NULL,NULL),(261,5,'2022-07-21 08:52:47','2022-07-21 08:54:14',NULL,0,0,0,0,0.0000,0,0.0000,0.0000,'USD','USD','USD',2000005.0000,2000005.0000,NULL,29,3,1,'abhijeet.dhara@rahisystems.com',NULL,'Abhijeet',NULL,'Dhara',NULL,NULL,NULL,1,0,'172.70.218.30',NULL,NULL,NULL,NULL,'USD',1.0000,1.0000,NULL,NULL,2000000.0000,2000000.0000,2000000.0000,2000000.0000,1,0,NULL,NULL,0,NULL,0,NULL,NULL),(262,5,'2022-07-21 09:00:03','2022-07-21 09:11:06',NULL,0,0,0,0,0.0000,0,0.0000,0.0000,'USD','USD','USD',2000005.0000,2000005.0000,NULL,29,3,1,'abhijeet.dhara@rahisystems.com',NULL,'Abhijeet',NULL,'Dhara',NULL,NULL,NULL,1,0,'108.162.242.11',NULL,NULL,NULL,NULL,'USD',1.0000,1.0000,NULL,NULL,2000000.0000,2000000.0000,2000000.0000,2000000.0000,1,0,NULL,NULL,0,NULL,0,NULL,NULL),(263,5,'2022-07-21 09:17:53','2022-07-21 09:18:58',NULL,0,0,0,0,0.0000,0,0.0000,0.0000,'USD','USD','USD',2000005.0000,2000005.0000,NULL,29,3,1,'abhijeet.dhara@rahisystems.com',NULL,'Abhijeet',NULL,'Dhara',NULL,NULL,NULL,1,0,'108.162.242.57',NULL,NULL,NULL,NULL,'USD',1.0000,1.0000,NULL,NULL,2000000.0000,2000000.0000,2000000.0000,2000000.0000,1,0,NULL,NULL,0,NULL,0,NULL,NULL),(264,5,'2022-07-21 09:23:49','2022-07-21 09:24:50',NULL,0,0,0,0,0.0000,0,0.0000,0.0000,'USD','USD','USD',2000005.0000,2000005.0000,NULL,29,3,1,'abhijeet.dhara@rahisystems.com',NULL,'Abhijeet',NULL,'Dhara',NULL,NULL,NULL,1,0,'108.162.241.156',NULL,NULL,NULL,NULL,'USD',1.0000,1.0000,NULL,NULL,2000000.0000,2000000.0000,2000000.0000,2000000.0000,1,0,NULL,NULL,0,NULL,0,NULL,NULL),(265,5,'2022-07-21 09:51:37','2022-07-21 09:52:22',NULL,0,0,0,0,0.0000,0,0.0000,0.0000,'USD','USD','USD',2000005.0000,2000005.0000,NULL,29,3,1,'abhijeet.dhara@rahisystems.com',NULL,'Abhijeet',NULL,'Dhara',NULL,NULL,NULL,1,0,'108.162.241.224',NULL,NULL,NULL,NULL,'USD',1.0000,1.0000,NULL,NULL,2000000.0000,2000000.0000,2000000.0000,2000000.0000,1,0,NULL,NULL,0,NULL,0,NULL,NULL),(266,5,'2022-07-21 10:54:01','2022-07-21 10:56:18',NULL,0,0,0,1,1.0000,0,0.0000,0.0000,'USD','USD','USD',7781.3000,7781.3000,NULL,29,3,1,'abhijeet.dhara@rahisystems.com',NULL,'Abhijeet',NULL,'Dhara',NULL,NULL,NULL,1,0,'108.162.242.41',NULL,NULL,NULL,NULL,'USD',1.0000,1.0000,NULL,NULL,7776.3000,7776.3000,7776.3000,7776.3000,1,0,NULL,NULL,0,NULL,0,NULL,NULL),(267,5,'2022-07-21 10:58:34','2022-07-21 10:58:48',NULL,0,0,0,1,1.0000,0,0.0000,0.0000,'USD','USD','USD',7781.3000,7781.3000,NULL,29,3,1,'abhijeet.dhara@rahisystems.com',NULL,'Abhijeet',NULL,'Dhara',NULL,NULL,NULL,1,0,'108.162.242.53',NULL,NULL,NULL,NULL,'USD',1.0000,1.0000,NULL,NULL,7776.3000,7776.3000,7776.3000,7776.3000,1,0,NULL,NULL,0,NULL,0,NULL,NULL),(268,5,'2022-07-21 12:21:14','2022-07-21 12:21:51',NULL,0,0,0,0,0.0000,0,0.0000,0.0000,'USD','USD','USD',2000005.0000,2000005.0000,NULL,29,3,1,'abhijeet.dhara@rahisystems.com',NULL,'Abhijeet',NULL,'Dhara',NULL,NULL,NULL,1,0,'172.70.178.194',NULL,NULL,NULL,NULL,'USD',1.0000,1.0000,NULL,NULL,2000000.0000,2000000.0000,2000000.0000,2000000.0000,1,0,NULL,NULL,0,NULL,0,NULL,NULL),(269,5,'2022-07-21 12:32:42','2022-07-21 12:33:04',NULL,0,0,0,1,1.0000,0,0.0000,0.0000,'USD','USD','USD',7776.3000,7776.3000,NULL,29,3,1,'abhijeet.dhara@rahisystems.com',NULL,'Abhijeet',NULL,'Dhara',NULL,NULL,NULL,1,0,'108.162.241.242',NULL,NULL,NULL,NULL,'USD',1.0000,1.0000,NULL,NULL,7776.3000,7776.3000,7776.3000,7776.3000,1,0,NULL,NULL,0,NULL,0,NULL,NULL),(270,5,'2022-07-21 16:15:53','2022-07-21 16:17:12',NULL,0,0,0,3,3.0000,0,0.0000,0.0000,'USD','USD','USD',176.7000,176.7000,NULL,14,3,1,'manusingh@google.com',NULL,'Punchout User',NULL,'No Last Name',NULL,NULL,NULL,1,0,'162.158.46.6',NULL,NULL,NULL,NULL,'USD',1.0000,1.0000,NULL,'0',176.7000,176.7000,176.7000,176.7000,1,0,NULL,NULL,0,NULL,0,NULL,NULL),(271,5,'2022-07-21 16:36:40','2022-07-21 16:36:40',NULL,1,0,0,0,0.0000,0,0.0000,0.0000,'USD','USD','USD',0.0000,0.0000,NULL,16,NULL,1,'mounika.a@rahisystems.com',NULL,'Mounika',NULL,'Alla',NULL,NULL,NULL,1,0,'172.68.34.138',NULL,NULL,NULL,NULL,'USD',1.0000,1.0000,NULL,NULL,0.0000,0.0000,0.0000,0.0000,1,0,NULL,NULL,0,NULL,0,NULL,NULL),(272,5,'2022-07-21 16:59:50','2022-07-21 17:00:46',NULL,0,0,0,1,1.0000,0,0.0000,0.0000,'USD','USD','USD',13.0000,13.0000,NULL,18,3,1,'aribatestall@gmail.com',NULL,'Punchout',NULL,'User',NULL,NULL,NULL,1,0,'172.68.35.15',NULL,NULL,NULL,NULL,'USD',1.0000,1.0000,NULL,NULL,13.0000,13.0000,13.0000,13.0000,1,0,NULL,NULL,0,NULL,0,NULL,NULL),(273,5,'2022-07-21 17:04:03','2022-07-21 17:04:21',NULL,0,0,0,1,1.0000,0,0.0000,0.0000,'USD','USD','USD',5689.0000,5689.0000,NULL,18,3,1,'aribatestall@gmail.com',NULL,'Punchout',NULL,'User',NULL,NULL,NULL,1,0,'172.68.35.21',NULL,NULL,NULL,NULL,'USD',1.0000,1.0000,NULL,NULL,5684.0000,5684.0000,5684.0000,5684.0000,1,0,NULL,NULL,0,NULL,0,NULL,NULL),(274,5,'2022-07-25 04:26:06','2022-07-25 04:28:32',NULL,0,0,0,0,0.0000,0,0.0000,0.0000,'USD','USD','USD',2000000.0000,2000000.0000,NULL,29,3,1,'abhijeet.dhara@rahisystems.com',NULL,'Abhijeet',NULL,'Dhara',NULL,NULL,NULL,1,0,'108.162.242.77',NULL,NULL,NULL,NULL,'USD',1.0000,1.0000,NULL,NULL,2000000.0000,2000000.0000,2000000.0000,2000000.0000,1,0,NULL,NULL,0,NULL,0,NULL,NULL),(275,5,'2022-07-25 14:50:49','2022-07-25 14:51:29',NULL,0,0,0,0,0.0000,0,0.0000,0.0000,'USD','USD','USD',2000005.0000,2000005.0000,NULL,29,3,1,'abhijeet.dhara@rahisystems.com',NULL,'Abhijeet',NULL,'Dhara',NULL,NULL,NULL,1,0,'108.162.242.83',NULL,NULL,NULL,NULL,'USD',1.0000,1.0000,NULL,NULL,2000000.0000,2000000.0000,2000000.0000,2000000.0000,1,0,NULL,NULL,0,NULL,0,NULL,NULL),(276,5,'2022-07-25 15:09:25','2022-07-25 15:09:51',NULL,0,0,0,0,0.0000,0,0.0000,0.0000,'USD','USD','USD',2000000.0000,2000000.0000,NULL,29,3,1,'abhijeet.dhara@rahisystems.com',NULL,'Abhijeet',NULL,'Dhara',NULL,NULL,NULL,1,0,'172.70.130.104',NULL,NULL,NULL,NULL,'USD',1.0000,1.0000,NULL,NULL,2000000.0000,2000000.0000,2000000.0000,2000000.0000,1,0,NULL,NULL,0,NULL,0,NULL,NULL),(277,5,'2022-07-25 16:44:14','2022-07-25 16:44:51',NULL,0,0,0,1,1.0000,0,0.0000,0.0000,'USD','USD','USD',15.5000,15.5000,NULL,18,3,1,'aribatestall@gmail.com',NULL,'Punchout',NULL,'User',NULL,NULL,NULL,1,0,'172.68.35.9',NULL,NULL,NULL,NULL,'USD',1.0000,1.0000,NULL,NULL,10.5000,10.5000,10.5000,10.5000,1,1,NULL,NULL,0,NULL,0,NULL,NULL),(278,5,'2022-07-25 16:56:24','2022-07-25 16:57:06',NULL,0,0,0,1,1.0000,0,0.0000,0.0000,'USD','USD','USD',57.0000,57.0000,NULL,14,3,1,'manusingh@google.com',NULL,'Punchout User',NULL,'No Last Name',NULL,NULL,NULL,1,0,'172.70.178.248',NULL,NULL,NULL,NULL,'USD',1.0000,1.0000,NULL,'0',57.0000,57.0000,57.0000,57.0000,1,0,NULL,NULL,0,NULL,0,NULL,NULL),(279,5,'2022-07-25 17:59:15','2022-07-25 17:59:42',NULL,0,0,0,1,1.0000,0,0.0000,0.0000,'USD','USD','USD',6683.0000,6683.0000,NULL,13,3,1,'sujitprusti@google.com',NULL,'Punchout User',NULL,'No Last Name',NULL,NULL,NULL,1,0,'172.70.130.124',NULL,NULL,NULL,NULL,'USD',1.0000,1.0000,NULL,'0',6678.0000,6678.0000,6678.0000,6678.0000,1,0,NULL,NULL,0,NULL,0,NULL,NULL),(280,5,'2022-07-26 04:34:00','2022-07-26 04:34:38',NULL,0,0,0,2,2.0000,0,0.0000,0.0000,'USD','USD','USD',40986.3000,40986.3000,NULL,15,3,1,'ashish.bubne@rahisystems.com',NULL,'Ashish',NULL,'Bubne',NULL,NULL,NULL,1,0,'172.70.131.213',NULL,NULL,NULL,NULL,'USD',1.0000,1.0000,NULL,'0',40976.3000,40976.3000,40976.3000,40976.3000,1,0,NULL,NULL,0,NULL,0,NULL,NULL),(281,5,'2022-07-26 04:40:54','2022-07-26 04:41:16',NULL,1,0,0,1,1.0000,0,0.0000,0.0000,'USD','USD','USD',33205.0000,33205.0000,NULL,15,3,1,'ashish.bubne@rahisystems.com',NULL,'Ashish',NULL,'Bubne',NULL,NULL,NULL,1,0,'172.70.131.43',NULL,NULL,NULL,NULL,'USD',1.0000,1.0000,NULL,'0',33200.0000,33200.0000,33200.0000,33200.0000,1,0,NULL,NULL,0,NULL,0,NULL,NULL),(282,5,'2022-07-26 18:15:28','2022-07-26 18:15:28',NULL,1,0,0,0,0.0000,0,0.0000,0.0000,'USD','USD','USD',0.0000,0.0000,NULL,24,NULL,1,'robbiny@google.com',NULL,'Punchout',NULL,'User',NULL,NULL,NULL,1,0,'172.68.35.21',NULL,NULL,NULL,NULL,'USD',1.0000,1.0000,NULL,NULL,0.0000,0.0000,0.0000,0.0000,1,0,NULL,NULL,0,NULL,0,NULL,NULL),(283,5,'2022-07-26 18:16:08','2022-07-26 18:16:08',NULL,1,0,0,0,0.0000,0,0.0000,0.0000,'USD','USD','USD',0.0000,0.0000,NULL,24,NULL,1,'robbiny@google.com',NULL,'Punchout',NULL,'User',NULL,NULL,NULL,1,0,'172.68.35.17',NULL,NULL,NULL,NULL,'USD',1.0000,1.0000,NULL,NULL,0.0000,0.0000,0.0000,0.0000,1,0,NULL,NULL,0,NULL,0,NULL,NULL),(284,5,'2022-07-26 18:16:58','2022-07-26 18:16:58',NULL,1,0,0,0,0.0000,0,0.0000,0.0000,'USD','USD','USD',0.0000,0.0000,NULL,24,NULL,1,'robbiny@google.com',NULL,'Punchout',NULL,'User',NULL,NULL,NULL,1,0,'172.68.34.218',NULL,NULL,NULL,NULL,'USD',1.0000,1.0000,NULL,NULL,0.0000,0.0000,0.0000,0.0000,1,0,NULL,NULL,0,NULL,0,NULL,NULL),(285,5,'2022-07-26 18:31:49','2022-07-26 18:31:49',NULL,1,0,0,0,0.0000,0,0.0000,0.0000,'USD','USD','USD',0.0000,0.0000,NULL,15,NULL,1,'ashish.bubne@rahisystems.com',NULL,'Ashish',NULL,'Bubne',NULL,NULL,NULL,1,0,'108.162.241.224',NULL,NULL,NULL,NULL,'USD',1.0000,1.0000,NULL,'0',0.0000,0.0000,0.0000,0.0000,1,0,NULL,NULL,0,NULL,0,NULL,NULL),(286,5,'2022-07-27 07:09:08','2022-07-27 07:09:08',NULL,1,0,0,0,0.0000,0,0.0000,0.0000,'USD','USD','USD',0.0000,0.0000,NULL,29,NULL,1,'abhijeet.dhara@rahisystems.com',NULL,'Abhijeet',NULL,'Dhara',NULL,NULL,NULL,1,0,'108.162.242.49',NULL,NULL,NULL,NULL,'USD',1.0000,1.0000,NULL,NULL,0.0000,0.0000,0.0000,0.0000,1,0,NULL,NULL,0,NULL,0,NULL,NULL),(287,5,'2022-07-27 09:04:44','2022-07-27 09:05:11',NULL,1,0,0,2,2.0000,0,0.0000,0.0000,'USD','USD','USD',14464.3000,14464.3000,NULL,29,3,1,'abhijeet.dhara@rahisystems.com',NULL,'Abhijeet',NULL,'Dhara',NULL,NULL,NULL,1,0,'172.70.131.101',NULL,NULL,NULL,NULL,'USD',1.0000,1.0000,NULL,NULL,14454.3000,14454.3000,14454.3000,14454.3000,1,0,NULL,NULL,0,NULL,0,NULL,NULL),(288,5,'2022-07-27 14:33:28','2022-07-27 14:33:28',NULL,1,0,0,0,0.0000,0,0.0000,0.0000,'USD','USD','USD',0.0000,0.0000,NULL,16,NULL,1,'mounika.a@rahisystems.com',NULL,'Mounika',NULL,'Alla',NULL,NULL,NULL,1,0,'172.68.35.9',NULL,NULL,NULL,NULL,'USD',1.0000,1.0000,NULL,NULL,0.0000,0.0000,0.0000,0.0000,1,0,NULL,NULL,0,NULL,0,NULL,NULL),(289,5,'2022-07-27 14:45:47','2022-07-27 14:46:10',NULL,0,0,0,2,2.0000,0,0.0000,0.0000,'USD','USD','USD',22976.0000,22976.0000,NULL,16,3,1,'mounika.a@rahisystems.com',NULL,'Mounika',NULL,'Alla',NULL,NULL,NULL,1,0,'172.68.35.7',NULL,NULL,NULL,NULL,'USD',1.0000,1.0000,NULL,NULL,22976.0000,22976.0000,22976.0000,22976.0000,1,0,NULL,NULL,0,NULL,0,NULL,NULL),(290,5,'2022-07-28 02:38:53','2022-07-28 02:39:22',NULL,0,0,0,2,3.0000,0,0.0000,0.0000,'USD','USD','USD',77.5000,77.5000,NULL,16,3,1,'mounika.a@rahisystems.com',NULL,'Mounika',NULL,'Alla',NULL,NULL,NULL,1,0,'172.68.34.216',NULL,NULL,NULL,NULL,'USD',1.0000,1.0000,NULL,NULL,62.5000,62.5000,62.5000,62.5000,1,1,NULL,NULL,0,NULL,0,NULL,NULL),(291,5,'2022-07-29 07:38:05','2022-07-29 07:38:38',NULL,0,0,0,0,0.0000,0,0.0000,0.0000,'USD','USD','USD',2000000.0000,2000000.0000,NULL,29,3,1,'abhijeet.dhara@rahisystems.com',NULL,'Abhijeet',NULL,'Dhara',NULL,NULL,NULL,1,0,'172.70.218.134',NULL,NULL,NULL,NULL,'USD',1.0000,1.0000,NULL,NULL,2000000.0000,2000000.0000,2000000.0000,2000000.0000,1,0,NULL,NULL,0,NULL,0,NULL,NULL),(292,5,'2022-07-29 07:41:00','2022-07-29 07:41:00',NULL,1,0,0,0,0.0000,0,0.0000,0.0000,'USD','USD','USD',0.0000,0.0000,NULL,29,NULL,1,'abhijeet.dhara@rahisystems.com',NULL,'Abhijeet',NULL,'Dhara',NULL,NULL,NULL,1,0,'172.70.179.25',NULL,NULL,NULL,NULL,'USD',1.0000,1.0000,NULL,NULL,0.0000,0.0000,0.0000,0.0000,1,0,NULL,NULL,0,NULL,0,NULL,NULL),(293,5,'2022-07-29 13:09:43','2022-07-29 13:09:43',NULL,1,0,0,0,0.0000,0,0.0000,0.0000,'USD','USD','USD',0.0000,0.0000,NULL,31,NULL,1,'kaustubh.borate@rahisystems.com',NULL,'Kaustubh',NULL,'Borate',NULL,NULL,NULL,1,0,'172.70.218.30',NULL,NULL,NULL,NULL,'USD',1.0000,1.0000,NULL,NULL,0.0000,0.0000,0.0000,0.0000,1,0,NULL,NULL,0,NULL,0,NULL,NULL),(294,5,'2022-07-29 13:34:44','2022-08-04 17:28:55',NULL,1,0,0,0,0.0000,0,0.0000,0.0000,'USD','USD','USD',0.0000,0.0000,NULL,32,NULL,1,'sumit.nautiyal@rahisystems.com',NULL,'Sumit',NULL,'Nautiyal',NULL,NULL,NULL,1,0,'172.68.34.174',NULL,NULL,NULL,NULL,'USD',1.0000,1.0000,NULL,NULL,0.0000,0.0000,0.0000,0.0000,1,0,NULL,NULL,0,'lgs76ggsV61FNCUJCwECFmy7FF8Sr2RZ',0,NULL,NULL),(295,5,'2022-07-29 15:06:29','2022-07-29 15:07:11',NULL,0,0,0,3,3.0000,0,0.0000,0.0000,'USD','USD','USD',47669.3000,47669.3000,NULL,29,3,1,'abhijeet.dhara@rahisystems.com',NULL,'Abhijeet',NULL,'Dhara',NULL,NULL,NULL,1,0,'172.70.178.76',NULL,NULL,NULL,NULL,'USD',1.0000,1.0000,NULL,NULL,47654.3000,47654.3000,47654.3000,47654.3000,1,0,NULL,NULL,0,NULL,0,NULL,NULL),(296,5,'2022-07-29 15:36:45','2022-07-29 15:36:45',NULL,1,0,0,0,0.0000,0,0.0000,0.0000,'USD','USD','USD',0.0000,0.0000,NULL,33,NULL,1,'thomas.davis@tradecentric.com',NULL,'Thomas',NULL,'Davis',NULL,NULL,NULL,1,0,'172.70.179.25',NULL,NULL,NULL,NULL,'USD',1.0000,1.0000,NULL,NULL,0.0000,0.0000,0.0000,0.0000,1,0,NULL,NULL,0,NULL,0,NULL,NULL),(297,5,'2022-07-29 15:42:55','2022-07-29 15:43:12',NULL,0,0,0,1,1.0000,0,0.0000,0.0000,'USD','USD','USD',5684.0000,5684.0000,NULL,33,3,1,'thomas.davis@tradecentric.com',NULL,'Thomas',NULL,'Davis',NULL,NULL,NULL,1,0,'172.70.178.104',NULL,NULL,NULL,NULL,'USD',1.0000,1.0000,NULL,NULL,5684.0000,5684.0000,5684.0000,5684.0000,1,0,NULL,NULL,0,NULL,0,NULL,NULL),(298,5,'2022-07-29 16:34:58','2022-07-29 16:34:58',NULL,1,0,0,0,0.0000,0,0.0000,0.0000,'USD','USD','USD',0.0000,0.0000,NULL,15,NULL,1,'ashish.bubne@rahisystems.com',NULL,'Ashish',NULL,'Bubne',NULL,NULL,NULL,1,0,'172.68.34.248',NULL,NULL,NULL,NULL,'USD',1.0000,1.0000,NULL,'0',0.0000,0.0000,0.0000,0.0000,1,0,NULL,NULL,0,NULL,0,NULL,NULL),(299,5,'2022-07-29 17:08:43','2022-07-29 17:09:11',NULL,0,0,0,1,1.0000,0,0.0000,0.0000,'USD','USD','USD',7776.3000,7776.3000,NULL,29,3,1,'abhijeet.dhara@rahisystems.com',NULL,'Abhijeet',NULL,'Dhara',NULL,NULL,NULL,1,0,'162.158.227.122',NULL,NULL,NULL,NULL,'USD',1.0000,1.0000,NULL,NULL,7776.3000,7776.3000,7776.3000,7776.3000,1,0,NULL,NULL,0,NULL,0,NULL,NULL),(300,5,'2022-07-29 17:10:30','2022-07-29 17:10:44',NULL,0,0,0,1,1.0000,0,0.0000,0.0000,'USD','USD','USD',7781.3000,7781.3000,NULL,29,3,1,'abhijeet.dhara@rahisystems.com',NULL,'Abhijeet',NULL,'Dhara',NULL,NULL,NULL,1,0,'172.70.178.94',NULL,NULL,NULL,NULL,'USD',1.0000,1.0000,NULL,NULL,7776.3000,7776.3000,7776.3000,7776.3000,1,0,NULL,NULL,0,NULL,0,NULL,NULL),(301,5,'2022-07-29 17:37:11','2022-07-29 17:37:33',NULL,1,0,0,1,1.0000,0,0.0000,0.0000,'USD','USD','USD',22950.0000,22950.0000,NULL,16,3,1,'mounika.a@rahisystems.com',NULL,'Mounika',NULL,'Alla',NULL,NULL,NULL,1,0,'172.68.34.198',NULL,NULL,NULL,NULL,'USD',1.0000,1.0000,NULL,NULL,22950.0000,22950.0000,22950.0000,22950.0000,1,0,NULL,NULL,0,NULL,0,NULL,NULL),(302,5,'2022-07-29 18:38:38','2022-07-29 18:38:38',NULL,1,0,0,0,0.0000,0,0.0000,0.0000,'USD','USD','USD',0.0000,0.0000,NULL,16,NULL,1,'mounika.a@rahisystems.com',NULL,'Mounika',NULL,'Alla',NULL,NULL,NULL,1,0,'172.68.34.216',NULL,NULL,NULL,NULL,'USD',1.0000,1.0000,NULL,NULL,0.0000,0.0000,0.0000,0.0000,1,0,NULL,NULL,0,NULL,0,NULL,NULL),(303,5,'2022-08-01 10:25:31','2022-08-01 10:25:59',NULL,0,0,0,1,1.0000,0,0.0000,0.0000,'USD','USD','USD',7776.3000,7776.3000,NULL,29,3,1,'abhijeet.dhara@rahisystems.com',NULL,'Abhijeet',NULL,'Dhara',NULL,NULL,NULL,1,0,'162.158.191.210',NULL,NULL,NULL,NULL,'USD',1.0000,1.0000,NULL,NULL,7776.3000,7776.3000,7776.3000,7776.3000,1,0,NULL,NULL,0,NULL,0,NULL,NULL),(304,5,'2022-08-01 11:42:07','2022-08-01 11:46:12',NULL,0,0,0,1,1.0000,0,0.0000,0.0000,'USD','USD','USD',33205.0000,33205.0000,NULL,29,3,1,'abhijeet.dhara@rahisystems.com',NULL,'Abhijeet',NULL,'Dhara',NULL,NULL,NULL,1,0,'172.70.130.180',NULL,NULL,NULL,NULL,'USD',1.0000,1.0000,NULL,NULL,33200.0000,33200.0000,33200.0000,33200.0000,1,0,NULL,NULL,0,NULL,0,NULL,NULL),(305,5,'2022-08-02 08:43:15','2022-08-05 09:04:50',NULL,1,0,0,0,0.0000,0,0.0000,0.0000,'USD','USD','USD',0.0000,0.0000,NULL,34,NULL,1,'akshay.satbhai@rahisystems.com',NULL,'Akshay',NULL,'Satbhai',NULL,NULL,NULL,1,0,'172.70.178.208',NULL,NULL,NULL,NULL,'USD',1.0000,1.0000,NULL,NULL,0.0000,0.0000,0.0000,0.0000,1,0,NULL,NULL,0,'Iv7l59UXapvRcuQ7AkmxQSiZ0fkrC9aC',0,NULL,NULL),(306,5,'2022-08-02 20:00:25','2022-08-02 20:00:25',NULL,1,0,0,0,0.0000,0,0.0000,0.0000,'USD','USD','USD',0.0000,0.0000,NULL,27,NULL,1,'steve.mullins@tradecentric.com',NULL,'Steve',NULL,'Mullins',NULL,NULL,NULL,1,0,'172.71.26.32',NULL,NULL,NULL,NULL,'USD',1.0000,1.0000,NULL,NULL,0.0000,0.0000,0.0000,0.0000,1,0,NULL,NULL,0,'NTYm1FCGq3Tb1NpUBZ5A9fEfJ44LWiMP',0,NULL,NULL),(307,5,'2022-08-02 20:02:49','2022-08-02 20:02:49',NULL,1,0,0,0,0.0000,0,0.0000,0.0000,'USD','USD','USD',0.0000,0.0000,NULL,24,NULL,1,'robbiny@google.com',NULL,'Punchout',NULL,'User',NULL,NULL,NULL,1,0,'172.68.35.23',NULL,NULL,NULL,NULL,'USD',1.0000,1.0000,NULL,NULL,0.0000,0.0000,0.0000,0.0000,1,0,NULL,NULL,0,'Y9cV6K9FvQPMQkhU1VzbxZ1UDVVt64mi',0,NULL,NULL),(308,5,'2022-08-03 17:07:54','2022-08-04 16:27:51',NULL,0,0,0,1,1.0000,0,0.0000,0.0000,'USD','USD','USD',6683.0000,6683.0000,NULL,35,3,1,'kevin.chemparathy@rahisystems.com',NULL,'Kevin',NULL,'Chemparathy',NULL,NULL,NULL,1,0,'172.68.35.23',NULL,'5000000002',NULL,NULL,'USD',1.0000,1.0000,NULL,NULL,6678.0000,6678.0000,6678.0000,6678.0000,1,0,NULL,NULL,0,'lMz3GXJNELkUf3oRurEsjr3E3ytDilkJ',0,NULL,NULL),(309,5,'2022-08-03 17:09:03','2022-08-04 16:27:03',NULL,0,0,0,1,1.0000,0,0.0000,0.0000,'USD','USD','USD',33.0000,33.0000,NULL,36,3,1,'bhavya.seth@rahisystems.com',NULL,'bhavya',NULL,'seth',NULL,NULL,NULL,1,0,'172.69.134.88',NULL,'5000000001',NULL,NULL,'USD',1.0000,1.0000,NULL,NULL,28.0000,28.0000,28.0000,28.0000,1,0,NULL,NULL,0,'SCR3Bhe33oQGczFDEeXRDvWrntsrihjC',0,NULL,NULL),(310,5,'2022-08-03 17:10:30','2022-08-03 17:10:30',NULL,1,0,0,0,0.0000,0,0.0000,0.0000,'USD','USD','USD',0.0000,0.0000,NULL,37,NULL,1,'fengran.huang@rahisystems.com',NULL,'fengran',NULL,'huang',NULL,NULL,NULL,1,0,'172.68.35.23',NULL,NULL,NULL,NULL,'USD',1.0000,1.0000,NULL,NULL,0.0000,0.0000,0.0000,0.0000,1,0,NULL,NULL,0,'qtaqJMknMYzfnLggEECZ8k5GglRbsdCK',0,NULL,NULL),(311,5,'2022-08-04 06:30:52','2022-08-04 06:35:54',NULL,0,0,0,1,1.0000,0,0.0000,0.0000,'USD','USD','USD',2.0000,2.0000,NULL,15,3,1,'ashish.bubne@rahisystems.com',NULL,'Ashish',NULL,'Bubne',NULL,NULL,NULL,1,0,'172.70.178.44',NULL,NULL,NULL,NULL,'USD',1.0000,1.0000,NULL,'0',2.0000,2.0000,2.0000,2.0000,1,1,NULL,NULL,0,'PVWoHMZILnaeC0oWdcOz81WtkENzZTen',0,NULL,NULL),(312,5,'2022-08-04 06:42:36','2022-08-04 06:42:59',NULL,0,0,0,1,1.0000,0,0.0000,0.0000,'USD','USD','USD',2.0000,2.0000,NULL,15,3,1,'ashish.bubne@rahisystems.com',NULL,'Ashish',NULL,'Bubne',NULL,NULL,NULL,1,0,'172.70.178.8',NULL,NULL,NULL,NULL,'USD',1.0000,1.0000,NULL,'0',2.0000,2.0000,2.0000,2.0000,1,1,NULL,NULL,0,'ihyHHf3livB6YnorssEiitQZ13HcfsM3',0,NULL,NULL),(313,5,'2022-08-04 09:44:05','2022-08-04 09:44:05',NULL,1,0,0,0,0.0000,0,0.0000,0.0000,'USD','USD','USD',0.0000,0.0000,NULL,38,NULL,1,'bubneashish@gmail.com',NULL,'Ashish',NULL,'bubne',NULL,NULL,NULL,1,0,'172.70.178.172',NULL,NULL,NULL,NULL,'USD',1.0000,1.0000,NULL,NULL,0.0000,0.0000,0.0000,0.0000,1,0,NULL,NULL,0,'8urmCPl7KI4vaxyD6ZVOH0V5bc6psSff',0,NULL,NULL),(314,5,'2022-08-04 16:27:23','2022-08-04 16:27:30',NULL,1,0,0,1,1.0000,0,0.0000,0.0000,'USD','USD','USD',33205.0000,33205.0000,NULL,16,3,1,'mounika.a@rahisystems.com',NULL,'Mounika',NULL,'Alla',NULL,NULL,NULL,1,0,'172.68.34.198',NULL,NULL,NULL,NULL,'USD',1.0000,1.0000,NULL,NULL,33200.0000,33200.0000,33200.0000,33200.0000,1,0,NULL,NULL,0,'THCy6EghHdqjMDLip45IiaT6X1SWKQKl',0,NULL,NULL),(315,5,'2022-08-04 16:28:24','2022-08-04 16:28:24',NULL,1,0,0,0,0.0000,0,0.0000,0.0000,'USD','USD','USD',0.0000,0.0000,NULL,16,NULL,1,'mounika.a@rahisystems.com',NULL,'Mounika',NULL,'Alla',NULL,NULL,NULL,1,0,'172.68.34.156',NULL,NULL,NULL,NULL,'USD',1.0000,1.0000,NULL,NULL,0.0000,0.0000,0.0000,0.0000,1,0,NULL,NULL,0,'ZcyKucIC3qeLix75meIn0TNlQYizXNBU',0,NULL,NULL),(316,5,'2022-08-04 16:28:55','2022-08-04 16:29:12',NULL,0,0,0,2,2.0000,0,0.0000,0.0000,'USD','USD','USD',39888.0000,39888.0000,NULL,16,3,1,'mounika.a@rahisystems.com',NULL,'Mounika',NULL,'Alla',NULL,NULL,NULL,1,0,'172.68.35.19',NULL,NULL,NULL,NULL,'USD',1.0000,1.0000,NULL,NULL,39878.0000,39878.0000,39878.0000,39878.0000,1,0,NULL,NULL,0,'dOsGEwZ2YV7MqSbw4k0RleT4rTI5oGrv',0,NULL,NULL),(317,5,'2022-08-04 16:31:27','2022-08-04 16:32:10',NULL,0,0,0,2,2.0000,0,0.0000,0.0000,'USD','USD','USD',12372.0000,12372.0000,NULL,16,3,1,'mounika.a@rahisystems.com',NULL,'Mounika',NULL,'Alla',NULL,NULL,NULL,1,0,'172.68.35.27',NULL,NULL,NULL,NULL,'USD',1.0000,1.0000,NULL,NULL,12362.0000,12362.0000,12362.0000,12362.0000,1,0,NULL,NULL,0,'QIBJ2ChBMw8y5ZH6xRy9bXoGJABJyvqv',0,NULL,NULL),(318,5,'2022-08-04 16:50:43','2022-08-04 16:50:52',NULL,0,0,0,1,1.0000,0,0.0000,0.0000,'USD','USD','USD',33205.0000,33205.0000,NULL,16,3,1,'mounika.a@rahisystems.com',NULL,'Mounika',NULL,'Alla',NULL,NULL,NULL,1,0,'172.68.34.216',NULL,NULL,NULL,NULL,'USD',1.0000,1.0000,NULL,NULL,33200.0000,33200.0000,33200.0000,33200.0000,1,0,NULL,NULL,0,'ybqqJX6S2zEk6F6cqXT9OlP0GfY2m6C4',0,NULL,NULL),(319,5,'2022-08-04 16:53:30','2022-08-04 16:53:30',NULL,1,0,0,0,0.0000,0,0.0000,0.0000,'USD','USD','USD',0.0000,0.0000,NULL,16,NULL,1,'mounika.a@rahisystems.com',NULL,'Mounika',NULL,'Alla',NULL,NULL,NULL,1,0,'172.68.34.192',NULL,NULL,NULL,NULL,'USD',1.0000,1.0000,NULL,NULL,0.0000,0.0000,0.0000,0.0000,1,0,NULL,NULL,0,'zXRJ0AjMCBrjdsoZvtbFhIRDZSyFSDcY',0,NULL,NULL),(320,5,'2022-08-04 18:17:46','2022-08-04 18:17:46',NULL,1,0,0,0,0.0000,0,0.0000,0.0000,'USD','USD','USD',0.0000,0.0000,NULL,16,NULL,1,'mounika.a@rahisystems.com',NULL,'Mounika',NULL,'Alla',NULL,NULL,NULL,1,0,'172.70.178.114',NULL,NULL,NULL,NULL,'USD',1.0000,1.0000,NULL,NULL,0.0000,0.0000,0.0000,0.0000,1,0,NULL,NULL,0,'RaJbCGXnZkFDZS6nla3NfIsjovC6bDN7',0,NULL,NULL),(321,5,'2022-08-04 18:20:21','2022-08-04 18:29:56',NULL,0,0,0,1,10.0000,0,0.0000,0.0000,'USD','USD','USD',150.0000,150.0000,NULL,16,3,1,'mounika.a@rahisystems.com',NULL,'Mounika',NULL,'Alla',NULL,NULL,NULL,1,0,'172.68.35.19',NULL,NULL,NULL,NULL,'USD',1.0000,1.0000,NULL,NULL,100.0000,100.0000,100.0000,100.0000,1,0,NULL,NULL,0,'So9JV0ODLtJnRRWD18m5pR7DhN3EJmfw',0,NULL,NULL),(322,5,'2022-08-04 18:22:20','2022-08-04 18:30:45',NULL,0,0,0,1,10.0000,0,0.0000,0.0000,'USD','USD','USD',150.0000,150.0000,NULL,16,3,1,'mounika.a@rahisystems.com',NULL,'Mounika',NULL,'Alla',NULL,NULL,NULL,1,0,'172.70.178.92',NULL,NULL,NULL,NULL,'USD',1.0000,1.0000,NULL,NULL,100.0000,100.0000,100.0000,100.0000,1,0,NULL,NULL,0,'pyefMPlA81Q29B5q9I4brAhswnHDkxFd',0,NULL,NULL),(323,5,'2022-08-04 19:15:51','2022-08-04 19:17:19',NULL,0,0,0,1,10.0000,0,0.0000,0.0000,'USD','USD','USD',150.0000,150.0000,NULL,16,3,1,'mounika.a@rahisystems.com',NULL,'Mounika',NULL,'Alla',NULL,NULL,NULL,1,0,'172.70.130.228',NULL,NULL,NULL,NULL,'USD',1.0000,1.0000,NULL,NULL,100.0000,100.0000,100.0000,100.0000,1,0,NULL,NULL,0,'TnifNYQ3CFxov1HPXhdcyPcn3a83Gu25',0,NULL,NULL),(324,5,'2022-08-04 19:15:51','2022-08-04 19:16:52',NULL,0,0,0,1,10.0000,0,0.0000,0.0000,'USD','USD','USD',100.0000,100.0000,NULL,16,3,1,'mounika.a@rahisystems.com',NULL,'Mounika',NULL,'Alla',NULL,NULL,NULL,1,0,'172.68.34.162',NULL,NULL,NULL,NULL,'USD',1.0000,1.0000,NULL,NULL,100.0000,100.0000,100.0000,100.0000,1,0,NULL,NULL,0,'YDcNmDSwfLiNxP2pZYMjdD32faZdLW3J',0,NULL,NULL),(325,5,'2022-08-04 19:26:51','2022-08-04 19:26:51',NULL,1,0,0,0,0.0000,0,0.0000,0.0000,'USD','USD','USD',0.0000,0.0000,NULL,16,NULL,1,'mounika.a@rahisystems.com',NULL,'Mounika',NULL,'Alla',NULL,NULL,NULL,1,0,'172.68.34.138',NULL,NULL,NULL,NULL,'USD',1.0000,1.0000,NULL,NULL,0.0000,0.0000,0.0000,0.0000,1,0,NULL,NULL,0,'ancUSSYaldrycLMTOo9FWSQpr7UkIPiA',0,NULL,NULL),(326,5,'2022-08-04 20:05:56','2022-08-04 20:06:48',NULL,0,0,0,1,10.0000,0,0.0000,0.0000,'USD','USD','USD',100.0000,100.0000,NULL,36,3,1,'bhavya.seth@rahisystems.com',NULL,'bhavya',NULL,'seth',NULL,NULL,NULL,1,0,'172.68.35.23',NULL,'5000000003',NULL,NULL,'USD',1.0000,1.0000,NULL,NULL,50.0000,50.0000,50.0000,50.0000,1,1,NULL,NULL,0,'xmmwRsW0igXFOLVLQD9huRUtD85Qh8Yg',0,NULL,NULL),(327,5,'2022-08-04 20:13:50','2022-08-04 20:14:43',NULL,1,0,0,1,11.0000,0,0.0000,0.0000,'USD','USD','USD',110.0000,110.0000,NULL,36,3,1,'bhavya.seth@rahisystems.com',NULL,'bhavya',NULL,'seth',NULL,NULL,NULL,1,0,'172.68.35.29',NULL,NULL,NULL,NULL,'USD',1.0000,1.0000,NULL,NULL,55.0000,55.0000,55.0000,55.0000,1,1,NULL,NULL,0,'2tmPobJsAaKfUtc8M2t3LnyhZcruIugM',0,NULL,NULL),(328,5,'2022-08-04 20:16:56','2022-08-04 20:16:56',NULL,1,0,0,0,0.0000,0,0.0000,0.0000,'USD','USD','USD',0.0000,0.0000,NULL,16,NULL,1,'mounika.a@rahisystems.com',NULL,'Mounika',NULL,'Alla',NULL,NULL,NULL,1,0,'172.68.35.5',NULL,NULL,NULL,NULL,'USD',1.0000,1.0000,NULL,NULL,0.0000,0.0000,0.0000,0.0000,1,0,NULL,NULL,0,'QYm3o50lEly8uNH82AxNcw3fJtOEEPNU',0,NULL,NULL),(329,5,'2022-08-04 20:18:52','2022-08-04 20:18:52',NULL,1,0,0,0,0.0000,0,0.0000,0.0000,'USD','USD','USD',0.0000,0.0000,NULL,16,NULL,1,'mounika.a@rahisystems.com',NULL,'Mounika',NULL,'Alla',NULL,NULL,NULL,1,0,'172.68.34.222',NULL,NULL,NULL,NULL,'USD',1.0000,1.0000,NULL,NULL,0.0000,0.0000,0.0000,0.0000,1,0,NULL,NULL,0,'vz77U439kEY2OYQTIqZ5Ra8jUoGErESo',0,NULL,NULL),(330,5,'2022-08-04 20:20:38','2022-08-04 20:20:38',NULL,1,0,0,0,0.0000,0,0.0000,0.0000,'USD','USD','USD',0.0000,0.0000,NULL,16,NULL,1,'mounika.a@rahisystems.com',NULL,'Mounika',NULL,'Alla',NULL,NULL,NULL,1,0,'172.68.35.7',NULL,NULL,NULL,NULL,'USD',1.0000,1.0000,NULL,NULL,0.0000,0.0000,0.0000,0.0000,1,0,NULL,NULL,0,'Yi8C8MPniPXwBk2dZco40Q2uoDZSLKHn',0,NULL,NULL),(331,5,'2022-08-04 20:21:02','2022-08-04 20:21:41',NULL,0,0,0,1,1.0000,0,0.0000,0.0000,'USD','USD','USD',6683.0000,6683.0000,NULL,16,3,1,'mounika.a@rahisystems.com',NULL,'Mounika',NULL,'Alla',NULL,NULL,NULL,1,0,'172.68.35.29',NULL,NULL,NULL,NULL,'USD',1.0000,1.0000,NULL,NULL,6678.0000,6678.0000,6678.0000,6678.0000,1,0,NULL,NULL,0,'OJItZRumVRm7Zajv1iMLGkHnJs6xu7bC',0,NULL,NULL),(332,5,'2022-08-04 21:03:54','2022-08-10 00:45:56',NULL,1,0,0,3,3.0000,0,0.0000,0.0000,'USD','USD','USD',66.0000,66.0000,NULL,35,3,1,'kevin.chemparathy@rahisystems.com',NULL,'Kevin',NULL,'Chemparathy',NULL,NULL,NULL,1,0,'172.68.35.25',NULL,NULL,NULL,NULL,'USD',1.0000,1.0000,NULL,NULL,66.0000,66.0000,66.0000,66.0000,1,0,NULL,NULL,0,'oy94fyxH7Nvc1j3lmvhHnxfolKwhqlqx',0,NULL,NULL),(333,5,'2022-08-04 21:06:31','2022-08-04 21:06:31',NULL,1,0,0,0,0.0000,0,0.0000,0.0000,'USD','USD','USD',0.0000,0.0000,NULL,16,NULL,1,'mounika.a@rahisystems.com',NULL,'Mounika',NULL,'Alla',NULL,NULL,NULL,1,0,'172.68.34.138',NULL,NULL,NULL,NULL,'USD',1.0000,1.0000,NULL,NULL,0.0000,0.0000,0.0000,0.0000,1,0,NULL,NULL,0,'HcyDxqQgHfYv7LaX2uf7Hsf9Ro2fVD2H',0,NULL,NULL),(334,5,'2022-08-04 21:54:50','2022-08-04 21:54:50',NULL,1,0,0,0,0.0000,0,0.0000,0.0000,'USD','USD','USD',0.0000,0.0000,NULL,NULL,NULL,0,NULL,NULL,NULL,NULL,NULL,NULL,NULL,NULL,1,1,'172.68.35.27',NULL,NULL,NULL,NULL,'USD',1.0000,1.0000,NULL,NULL,0.0000,0.0000,0.0000,0.0000,1,0,NULL,NULL,0,'n3Fggrt34x3Zzq79S6VXogjS03LvlrOH',0,NULL,NULL),(335,5,'2022-08-04 21:56:36','2022-08-04 21:56:59',NULL,1,0,0,0,0.0000,0,0.0000,0.0000,'USD','USD','USD',0.0000,0.0000,NULL,16,NULL,1,'mounika.a@rahisystems.com',NULL,'Mounika',NULL,'Alla',NULL,NULL,NULL,1,0,'172.68.34.180',NULL,NULL,NULL,NULL,'USD',1.0000,1.0000,NULL,NULL,0.0000,0.0000,0.0000,0.0000,1,0,NULL,NULL,0,'3Rvp6au6toHxc7kjbl8RLXIvZcNbs8qr',0,NULL,NULL),(336,5,'2022-08-04 23:01:01','2022-08-04 23:01:01',NULL,1,0,0,0,0.0000,0,0.0000,0.0000,'USD','USD','USD',0.0000,0.0000,NULL,16,NULL,1,'mounika.a@rahisystems.com',NULL,'Mounika',NULL,'Alla',NULL,NULL,NULL,1,0,'172.68.34.150',NULL,NULL,NULL,NULL,'USD',1.0000,1.0000,NULL,NULL,0.0000,0.0000,0.0000,0.0000,1,0,NULL,NULL,0,'op9pOOFdzLK7Y73ju8VSM45yszqk3aen',0,NULL,NULL),(337,5,'2022-08-04 23:02:06','2022-08-04 23:02:43',NULL,0,0,0,2,2.0000,0,0.0000,0.0000,'USD','USD','USD',39878.0000,39878.0000,NULL,16,3,1,'mounika.a@rahisystems.com',NULL,'Mounika',NULL,'Alla',NULL,NULL,NULL,1,0,'172.68.34.144',NULL,NULL,NULL,NULL,'USD',1.0000,1.0000,NULL,NULL,39878.0000,39878.0000,39878.0000,39878.0000,1,0,NULL,NULL,0,'T0gi0ZXhmXcXFpVWQFr8Y3vkxAfe91JA',0,NULL,NULL),(338,5,'2022-08-04 23:11:12','2022-08-04 23:11:33',NULL,0,0,0,2,2.0000,0,0.0000,0.0000,'USD','USD','USD',39888.0000,39888.0000,NULL,16,3,1,'mounika.a@rahisystems.com',NULL,'Mounika',NULL,'Alla',NULL,NULL,NULL,1,0,'172.68.35.29',NULL,NULL,NULL,NULL,'USD',1.0000,1.0000,NULL,NULL,39878.0000,39878.0000,39878.0000,39878.0000,1,0,NULL,NULL,0,'3kQYPdp2gmxYXd5kxlCnfQrQGyJoPABw',0,NULL,NULL),(339,5,'2022-08-04 23:18:12','2022-08-04 23:24:29',NULL,0,0,0,1,10.0000,0,0.0000,0.0000,'USD','USD','USD',150.0000,150.0000,NULL,16,3,1,'mounika.a@rahisystems.com',NULL,'Mounika',NULL,'Alla',NULL,NULL,NULL,1,0,'172.68.34.144',NULL,NULL,NULL,NULL,'USD',1.0000,1.0000,NULL,NULL,100.0000,100.0000,100.0000,100.0000,1,0,NULL,NULL,0,'vEkUB5d7snv4ACeZ3ubDsOd8aogFZVM5',0,NULL,NULL),(340,5,'2022-08-04 23:35:34','2022-08-04 23:35:47',NULL,1,0,0,0,0.0000,0,0.0000,0.0000,'USD','USD','USD',0.0000,0.0000,NULL,16,NULL,1,'mounika.a@rahisystems.com',NULL,'Mounika',NULL,'Alla',NULL,NULL,NULL,1,0,'172.68.35.7',NULL,NULL,NULL,NULL,'USD',1.0000,1.0000,NULL,NULL,0.0000,0.0000,0.0000,0.0000,1,0,NULL,NULL,0,'HTszOSxGV4RN0Or5DYPe3jlNBFMZKV6N',0,NULL,NULL),(341,5,'2022-08-04 23:47:27','2022-08-04 23:47:27',NULL,1,0,0,0,0.0000,0,0.0000,0.0000,'USD','USD','USD',0.0000,0.0000,NULL,16,NULL,1,'mounika.a@rahisystems.com',NULL,'Mounika',NULL,'Alla',NULL,NULL,NULL,1,0,'172.69.134.88',NULL,NULL,NULL,NULL,'USD',1.0000,1.0000,NULL,NULL,0.0000,0.0000,0.0000,0.0000,1,0,NULL,NULL,0,'p9yg1ekQYZIltkjlMWfmXJMgZJEFXMHq',0,NULL,NULL),(342,5,'2022-08-04 23:48:38','2022-08-04 23:48:38',NULL,1,0,0,0,0.0000,0,0.0000,0.0000,'USD','USD','USD',0.0000,0.0000,NULL,16,NULL,1,'mounika.a@rahisystems.com',NULL,'Mounika',NULL,'Alla',NULL,NULL,NULL,1,0,'172.69.134.20',NULL,NULL,NULL,NULL,'USD',1.0000,1.0000,NULL,NULL,0.0000,0.0000,0.0000,0.0000,1,0,NULL,NULL,0,'pvAofe0x9Hru5kTfeN7iYFV7wVU5NGur',0,NULL,NULL),(343,5,'2022-08-05 04:57:28','2022-08-05 05:33:57',NULL,0,0,0,2,2.0000,0,0.0000,0.0000,'USD','USD','USD',43510.0000,43510.0000,NULL,16,3,1,'mounika.a@rahisystems.com',NULL,'Mounika',NULL,'Alla',NULL,NULL,NULL,1,0,'172.68.35.13',NULL,NULL,NULL,NULL,'USD',1.0000,1.0000,NULL,NULL,43500.0000,43500.0000,43500.0000,43500.0000,1,0,NULL,NULL,0,'7pbPNE9gJr6sAvip3T6uK8YXaJ25Lc2K',0,NULL,NULL),(344,5,'2022-08-05 06:06:51','2022-08-05 06:09:25',NULL,0,0,0,2,2.0000,0,0.0000,0.0000,'USD','USD','USD',43510.0000,43510.0000,NULL,16,3,1,'mounika.a@rahisystems.com',NULL,'Mounika',NULL,'Alla',NULL,NULL,NULL,1,0,'172.69.142.92',NULL,NULL,NULL,NULL,'USD',1.0000,1.0000,NULL,NULL,43500.0000,43500.0000,43500.0000,43500.0000,1,0,NULL,NULL,0,'6irwaVLBBVC0Z2zxPHIqUsuVCTex1Oht',0,NULL,NULL),(345,5,'2022-08-05 07:10:17','2022-08-05 07:10:17',NULL,1,0,0,0,0.0000,0,0.0000,0.0000,'USD','USD','USD',0.0000,0.0000,NULL,16,NULL,1,'mounika.a@rahisystems.com',NULL,'Mounika',NULL,'Alla',NULL,NULL,NULL,1,0,'172.70.131.165',NULL,NULL,NULL,NULL,'USD',1.0000,1.0000,NULL,NULL,0.0000,0.0000,0.0000,0.0000,1,0,NULL,NULL,0,'kcFZ750uHnjlZGy2YlwOiW0K0N4maRfu',0,NULL,NULL),(346,5,'2022-08-05 07:19:54','2022-08-05 07:19:54',NULL,1,0,0,0,0.0000,0,0.0000,0.0000,'USD','USD','USD',0.0000,0.0000,NULL,16,NULL,1,'mounika.a@rahisystems.com',NULL,'Mounika',NULL,'Alla',NULL,NULL,NULL,1,0,'172.70.218.48',NULL,NULL,NULL,NULL,'USD',1.0000,1.0000,NULL,NULL,0.0000,0.0000,0.0000,0.0000,1,0,NULL,NULL,0,'1Kpx6J2OZqGI5h1RqqHTDhO0EgkkuAyr',0,NULL,NULL),(347,5,'2022-08-05 08:02:51','2022-08-05 08:10:29',NULL,1,0,0,1,10.0000,0,0.0000,0.0000,'USD','USD','USD',150.0000,150.0000,NULL,16,3,1,'mounika.a@rahisystems.com',NULL,'Mounika',NULL,'Alla',NULL,NULL,NULL,1,0,'172.70.178.80',NULL,NULL,NULL,NULL,'USD',1.0000,1.0000,NULL,NULL,100.0000,100.0000,100.0000,100.0000,1,0,NULL,NULL,0,'LTNYmTdpVXEh6jryR4EE0NYNaFpddEM9',0,NULL,NULL),(348,5,'2022-08-05 09:16:40','2022-08-05 09:16:40',NULL,1,0,0,0,0.0000,0,0.0000,0.0000,'USD','USD','USD',0.0000,0.0000,NULL,16,NULL,1,'mounika.a@rahisystems.com',NULL,'Mounika',NULL,'Alla',NULL,NULL,NULL,1,0,'172.68.34.156',NULL,NULL,NULL,NULL,'USD',1.0000,1.0000,NULL,NULL,0.0000,0.0000,0.0000,0.0000,1,0,NULL,NULL,0,'t0BseT1qP4er7TUsWvxenvlWsLhMvoaB',0,NULL,NULL),(349,5,'2022-08-05 09:38:59','2022-08-05 09:38:59',NULL,1,0,0,0,0.0000,0,0.0000,0.0000,'USD','USD','USD',0.0000,0.0000,NULL,16,NULL,1,'mounika.a@rahisystems.com',NULL,'Mounika',NULL,'Alla',NULL,NULL,NULL,1,0,'172.69.142.72',NULL,NULL,NULL,NULL,'USD',1.0000,1.0000,NULL,NULL,0.0000,0.0000,0.0000,0.0000,1,0,NULL,NULL,0,'Cj1zC702Yj47HQ0HmhCKButAsMtI9eez',0,NULL,NULL),(350,5,'2022-08-05 09:39:40','2022-08-05 09:39:40',NULL,1,0,0,0,0.0000,0,0.0000,0.0000,'USD','USD','USD',0.0000,0.0000,NULL,16,NULL,1,'mounika.a@rahisystems.com',NULL,'Mounika',NULL,'Alla',NULL,NULL,NULL,1,0,'172.68.34.168',NULL,NULL,NULL,NULL,'USD',1.0000,1.0000,NULL,NULL,0.0000,0.0000,0.0000,0.0000,1,0,NULL,NULL,0,'EGP2YpqRMH3QIdnT3LLqLxe5QKLZt7G5',0,NULL,NULL),(351,5,'2022-08-05 09:40:02','2022-08-05 09:40:02',NULL,1,0,0,0,0.0000,0,0.0000,0.0000,'USD','USD','USD',0.0000,0.0000,NULL,16,NULL,1,'mounika.a@rahisystems.com',NULL,'Mounika',NULL,'Alla',NULL,NULL,NULL,1,0,'172.68.34.168',NULL,NULL,NULL,NULL,'USD',1.0000,1.0000,NULL,NULL,0.0000,0.0000,0.0000,0.0000,1,0,NULL,NULL,0,'MvrRPcsHJIHH8yjYxOTMsnhwggGFq05r',0,NULL,NULL),(352,5,'2022-08-05 10:05:32','2022-08-05 10:05:32',NULL,1,0,0,0,0.0000,0,0.0000,0.0000,'USD','USD','USD',0.0000,0.0000,NULL,15,NULL,1,'ashish.bubne@rahisystems.com',NULL,'Ashish',NULL,'Bubne',NULL,NULL,NULL,1,0,'172.70.179.15',NULL,NULL,NULL,NULL,'USD',1.0000,1.0000,NULL,'0',0.0000,0.0000,0.0000,0.0000,1,0,NULL,NULL,0,'amaN3IcQ8vRlhLQEoFi0yRx2zotOd7A8',0,NULL,NULL),(353,5,'2022-08-05 10:32:29','2022-08-05 10:32:29',NULL,1,0,0,0,0.0000,0,0.0000,0.0000,'USD','USD','USD',0.0000,0.0000,NULL,16,NULL,1,'mounika.a@rahisystems.com',NULL,'Mounika',NULL,'Alla',NULL,NULL,NULL,1,0,'162.158.48.94',NULL,NULL,NULL,NULL,'USD',1.0000,1.0000,NULL,NULL,0.0000,0.0000,0.0000,0.0000,1,0,NULL,NULL,0,'qVWRatvpmigfFnevfgBOToQ4KZKL71zC',0,NULL,NULL),(354,5,'2022-08-05 12:43:50','2022-08-05 13:09:28',NULL,0,0,0,1,55.0000,0,0.0000,0.0000,'USD','USD','USD',12485.0000,12485.0000,NULL,15,3,1,'ashish.bubne@rahisystems.com',NULL,'Ashish',NULL,'Bubne',NULL,NULL,NULL,1,0,'172.70.178.100',NULL,NULL,NULL,NULL,'USD',1.0000,1.0000,NULL,'0',12210.0000,12210.0000,12210.0000,12210.0000,1,0,NULL,NULL,0,'FLvkd6DPg6vV8RQ9D82fRNu0Nps4uNRq',0,NULL,NULL),(355,5,'2022-08-05 12:46:55','2022-08-05 12:48:13',NULL,0,0,0,1,10.0000,0,0.0000,0.0000,'USD','USD','USD',570.0000,570.0000,NULL,14,3,1,'manusingh@google.com',NULL,'Punchout User',NULL,'No Last Name',NULL,NULL,NULL,1,0,'172.70.131.25',NULL,NULL,NULL,NULL,'USD',1.0000,1.0000,NULL,'0',570.0000,570.0000,570.0000,570.0000,1,0,NULL,NULL,0,'QGhuM7SnMuX4ha3TBNw9r9MpeOM5rgkk',0,NULL,NULL),(356,5,'2022-08-05 12:56:09','2022-08-05 12:58:06',NULL,0,0,0,4,16.0000,0,0.0000,0.0000,'USD','USD','USD',406.0000,406.0000,NULL,14,3,1,'manusingh@google.com',NULL,'Punchout User',NULL,'No Last Name',NULL,NULL,NULL,1,0,'172.70.131.185',NULL,NULL,NULL,NULL,'USD',1.0000,1.0000,NULL,'0',326.0000,326.0000,326.0000,326.0000,1,0,NULL,NULL,0,'k4HvnIuTehwRzlVi358rT1IwRYFWZvOI',0,NULL,NULL),(357,5,'2022-08-05 13:01:04','2022-08-05 13:03:32',NULL,0,0,0,5,6.0000,0,0.0000,0.0000,'USD','USD','USD',367.8000,367.8000,NULL,14,3,1,'manusingh@google.com',NULL,'Punchout User',NULL,'No Last Name',NULL,NULL,NULL,1,0,'172.70.130.62',NULL,NULL,NULL,NULL,'USD',1.0000,1.0000,NULL,'0',337.8000,337.8000,337.8000,337.8000,1,0,NULL,NULL,0,'zE1O5fJX1gDGxxR96Q2cIAzF618SPmzR',0,NULL,NULL),(358,5,'2022-08-05 13:04:40','2022-08-05 13:05:14',NULL,0,0,0,4,5.0000,0,0.0000,0.0000,'USD','USD','USD',311.8000,311.8000,NULL,18,3,1,'aribatestall@gmail.com',NULL,'Punchout',NULL,'User',NULL,NULL,NULL,1,0,'172.70.178.196',NULL,NULL,NULL,NULL,'USD',1.0000,1.0000,NULL,NULL,286.8000,286.8000,286.8000,286.8000,1,0,NULL,NULL,0,'ogg1f3v4czfZrDouM3FsG3CXyRXfkEEW',0,NULL,NULL),(359,5,'2022-08-05 13:07:57','2022-08-05 13:08:36',NULL,0,0,0,1,25.0000,0,0.0000,0.0000,'USD','USD','USD',425.0000,425.0000,NULL,14,3,1,'manusingh@google.com',NULL,'Punchout User',NULL,'No Last Name',NULL,NULL,NULL,1,0,'172.70.178.216',NULL,NULL,NULL,NULL,'USD',1.0000,1.0000,NULL,'0',300.0000,300.0000,300.0000,300.0000,1,0,NULL,NULL,0,'KjvAsWHc6oy32SDG365wp2NF3NRp0ETN',0,NULL,NULL),(360,5,'2022-08-05 13:11:40','2022-08-05 13:11:40',NULL,1,0,0,1,55.0000,0,0.0000,0.0000,'USD','USD','USD',12210.0000,12210.0000,NULL,NULL,3,0,NULL,NULL,NULL,NULL,NULL,NULL,NULL,NULL,1,1,'172.70.178.128',NULL,NULL,NULL,NULL,'USD',1.0000,1.0000,NULL,NULL,12210.0000,12210.0000,12210.0000,12210.0000,1,0,NULL,NULL,0,'wOnZXqc4bhrCaPNzH74cf9hcEoiH5Xfh',0,NULL,NULL),(361,5,'2022-08-05 13:13:25','2022-08-05 13:31:31',NULL,1,0,0,2,100.0000,0,0.0000,0.0000,'USD','USD','USD',13610.0000,13610.0000,NULL,15,3,1,'ashish.bubne@rahisystems.com',NULL,'Ashish',NULL,'Bubne',NULL,NULL,NULL,1,0,'172.70.179.9',NULL,NULL,NULL,NULL,'USD',1.0000,1.0000,NULL,'0',13110.0000,13110.0000,13110.0000,13110.0000,1,0,NULL,NULL,0,'Tl7k9KkEjbhCQtBf9mHiqMrcYbUW8nXK',0,NULL,NULL),(362,5,'2022-08-05 13:57:46','2022-08-05 13:57:46',NULL,1,0,0,0,0.0000,0,0.0000,0.0000,'USD','USD','USD',0.0000,0.0000,NULL,15,NULL,1,'ashish.bubne@rahisystems.com',NULL,'Ashish',NULL,'Bubne',NULL,NULL,NULL,1,0,'172.70.178.220',NULL,NULL,NULL,NULL,'USD',1.0000,1.0000,NULL,'0',0.0000,0.0000,0.0000,0.0000,1,0,NULL,NULL,0,'5jQw7X7ul4CIhrJ5z0it02x80Ay4fj6U',0,NULL,NULL),(363,5,'2022-08-05 15:32:18','2022-08-05 15:32:18',NULL,1,0,0,0,0.0000,0,0.0000,0.0000,'USD','USD','USD',0.0000,0.0000,NULL,18,NULL,1,'aribatestall@gmail.com',NULL,'Punchout',NULL,'User',NULL,NULL,NULL,1,0,'172.70.35.69',NULL,NULL,NULL,NULL,'USD',1.0000,1.0000,NULL,NULL,0.0000,0.0000,0.0000,0.0000,1,0,NULL,NULL,0,'X33OBzqBWAEaoMuV7YJCEhp2HxADKsDz',0,NULL,NULL),(364,5,'2022-08-05 18:29:30','2022-08-05 19:02:01',NULL,0,0,0,2,32.0000,0,0.0000,0.0000,'USD','USD','USD',119289.0000,119289.0000,NULL,16,3,1,'mounika.a@rahisystems.com',NULL,'Mounika',NULL,'Alla',NULL,NULL,NULL,1,0,'172.68.35.13',NULL,NULL,NULL,NULL,'USD',1.0000,1.0000,NULL,NULL,119129.0000,119129.0000,119129.0000,119129.0000,1,0,NULL,NULL,0,'zOP8w03gI3Pcut7mCVUNtxoLgkyfhZ40',0,NULL,NULL),(365,5,'2022-08-07 09:45:26','2022-08-07 09:45:26',NULL,1,0,0,0,0.0000,0,0.0000,0.0000,'USD','USD','USD',0.0000,0.0000,NULL,15,NULL,1,'ashish.bubne@rahisystems.com',NULL,'Ashish',NULL,'Bubne',NULL,NULL,NULL,1,0,'172.68.35.19',NULL,NULL,NULL,NULL,'USD',1.0000,1.0000,NULL,'0',0.0000,0.0000,0.0000,0.0000,1,0,NULL,NULL,0,'ARwhLCvxivbktrQdQ7exObUo5dhvHe8T',0,NULL,NULL),(366,5,'2022-08-08 10:08:44','2022-08-08 10:08:44',NULL,1,0,0,0,0.0000,0,0.0000,0.0000,'USD','USD','USD',0.0000,0.0000,NULL,15,NULL,1,'ashish.bubne@rahisystems.com',NULL,'Ashish',NULL,'Bubne',NULL,NULL,NULL,1,0,'172.70.178.40',NULL,NULL,NULL,NULL,'USD',1.0000,1.0000,NULL,'0',0.0000,0.0000,0.0000,0.0000,1,0,NULL,NULL,0,'FFn6NPlbVD3k6XmFDzwEYhzkAziQzoD8',0,NULL,NULL),(367,5,'2022-08-08 12:07:56','2022-08-08 12:07:56',NULL,1,0,0,0,0.0000,0,0.0000,0.0000,'USD','USD','USD',0.0000,0.0000,NULL,15,NULL,1,'ashish.bubne@rahisystems.com',NULL,'Ashish',NULL,'Bubne',NULL,NULL,NULL,1,0,'172.70.131.57',NULL,NULL,NULL,NULL,'USD',1.0000,1.0000,NULL,'0',0.0000,0.0000,0.0000,0.0000,1,0,NULL,NULL,0,'HR61Oq4IvIgNJgm78Iiw6sa4n37avEbX',0,NULL,NULL),(368,5,'2022-08-08 12:25:57','2022-08-08 12:25:57',NULL,1,0,0,0,0.0000,0,0.0000,0.0000,'USD','USD','USD',0.0000,0.0000,NULL,15,NULL,1,'ashish.bubne@rahisystems.com',NULL,'Ashish',NULL,'Bubne',NULL,NULL,NULL,1,0,'172.70.131.9',NULL,NULL,NULL,NULL,'USD',1.0000,1.0000,NULL,'0',0.0000,0.0000,0.0000,0.0000,1,0,NULL,NULL,0,'5WULJB0kUjBg7e0e3EW7ZOf9pyUZTXLv',0,NULL,NULL),(369,5,'2022-08-08 12:30:57','2022-08-08 12:30:57',NULL,1,0,0,0,0.0000,0,0.0000,0.0000,'USD','USD','USD',0.0000,0.0000,NULL,15,NULL,1,'ashish.bubne@rahisystems.com',NULL,'Ashish',NULL,'Bubne',NULL,NULL,NULL,1,0,'172.70.131.185',NULL,NULL,NULL,NULL,'USD',1.0000,1.0000,NULL,'0',0.0000,0.0000,0.0000,0.0000,1,0,NULL,NULL,0,'D7c6JPHUUOTbbKSpppAtz1mpjpHGbXjr',0,NULL,NULL),(370,5,'2022-08-08 12:32:21','2022-08-08 12:32:21',NULL,1,0,0,0,0.0000,0,0.0000,0.0000,'USD','USD','USD',0.0000,0.0000,NULL,15,NULL,1,'ashish.bubne@rahisystems.com',NULL,'Ashish',NULL,'Bubne',NULL,NULL,NULL,1,0,'172.70.131.97',NULL,NULL,NULL,NULL,'USD',1.0000,1.0000,NULL,'0',0.0000,0.0000,0.0000,0.0000,1,0,NULL,NULL,0,'kNwKqhfg8PTrI2f147By0LKSyLskWSzf',0,NULL,NULL),(371,5,'2022-08-08 12:37:59','2022-08-08 12:37:59',NULL,1,0,0,0,0.0000,0,0.0000,0.0000,'USD','USD','USD',0.0000,0.0000,NULL,15,NULL,1,'ashish.bubne@rahisystems.com',NULL,'Ashish',NULL,'Bubne',NULL,NULL,NULL,1,0,'172.70.130.70',NULL,NULL,NULL,NULL,'USD',1.0000,1.0000,NULL,'0',0.0000,0.0000,0.0000,0.0000,1,0,NULL,NULL,0,'WnCcthRHD0ufvOvm8PmT7XbG8z2gidaT',0,NULL,NULL),(372,5,'2022-08-08 12:47:09','2022-08-08 12:47:09',NULL,1,0,0,0,0.0000,0,0.0000,0.0000,'USD','USD','USD',0.0000,0.0000,NULL,15,NULL,1,'ashish.bubne@rahisystems.com',NULL,'Ashish',NULL,'Bubne',NULL,NULL,NULL,1,0,'172.70.178.124',NULL,NULL,NULL,NULL,'USD',1.0000,1.0000,NULL,'0',0.0000,0.0000,0.0000,0.0000,1,0,NULL,NULL,0,'NvuHz8shaQy7tsjERmiZHFVOkvkGifQ0',0,NULL,NULL),(373,5,'2022-08-08 20:19:04','2022-08-08 20:19:04',NULL,1,0,0,0,0.0000,0,0.0000,0.0000,'USD','USD','USD',0.0000,0.0000,NULL,18,NULL,1,'aribatestall@gmail.com',NULL,'Punchout',NULL,'User',NULL,NULL,NULL,1,0,'172.70.178.100',NULL,NULL,NULL,NULL,'USD',1.0000,1.0000,NULL,NULL,0.0000,0.0000,0.0000,0.0000,1,0,NULL,NULL,0,'EMwEemkEnBc2qFDebS0JwAtdk0YcbDLt',0,NULL,NULL),(374,5,'2022-08-08 20:28:38','2022-08-08 20:28:38',NULL,1,0,0,0,0.0000,0,0.0000,0.0000,'USD','USD','USD',0.0000,0.0000,NULL,18,NULL,1,'aribatestall@gmail.com',NULL,'Punchout',NULL,'User',NULL,NULL,NULL,1,0,'172.70.178.140',NULL,NULL,NULL,NULL,'USD',1.0000,1.0000,NULL,NULL,0.0000,0.0000,0.0000,0.0000,1,0,NULL,NULL,0,'UO76dHpfIte1LdLBjKx477gBcNkpLFM9',0,NULL,NULL),(375,5,'2022-08-09 04:37:11','2022-08-09 04:37:11',NULL,1,0,0,0,0.0000,0,0.0000,0.0000,'USD','USD','USD',0.0000,0.0000,NULL,15,NULL,1,'ashish.bubne@rahisystems.com',NULL,'Ashish',NULL,'Bubne',NULL,NULL,NULL,1,0,'172.70.178.232',NULL,NULL,NULL,NULL,'USD',1.0000,1.0000,NULL,'0',0.0000,0.0000,0.0000,0.0000,1,0,NULL,NULL,0,'xsUAPkyXxnq75KXNY7DYapU8Ok2mfngd',0,NULL,NULL),(376,5,'2022-08-09 09:22:16','2022-08-09 09:22:16',NULL,1,0,0,0,0.0000,0,0.0000,0.0000,'USD','USD','USD',0.0000,0.0000,NULL,15,NULL,1,'ashish.bubne@rahisystems.com',NULL,'Ashish',NULL,'Bubne',NULL,NULL,NULL,1,0,'172.70.178.58',NULL,NULL,NULL,NULL,'USD',1.0000,1.0000,NULL,'0',0.0000,0.0000,0.0000,0.0000,1,0,NULL,NULL,0,'1PJcDElEMbpjHER7ZJRgcFBgRyOFlxmj',0,NULL,NULL),(377,5,'2022-08-09 20:26:06','2022-08-09 20:26:06',NULL,1,0,0,0,0.0000,0,0.0000,0.0000,'USD','USD','USD',0.0000,0.0000,NULL,16,NULL,1,'mounika.a@rahisystems.com',NULL,'Mounika',NULL,'Alla',NULL,NULL,NULL,1,0,'172.68.35.25',NULL,NULL,NULL,NULL,'USD',1.0000,1.0000,NULL,NULL,0.0000,0.0000,0.0000,0.0000,1,0,NULL,NULL,0,'C60MyoTsAYuFs8d4QBERhyDrgxLrJ1P0',0,NULL,NULL),(378,5,'2022-08-10 00:41:14','2022-08-10 00:41:14',NULL,1,0,0,0,0.0000,0,0.0000,0.0000,'USD','USD','USD',0.0000,0.0000,NULL,16,NULL,1,'mounika.a@rahisystems.com',NULL,'Mounika',NULL,'Alla',NULL,NULL,NULL,1,0,'172.68.35.5',NULL,NULL,NULL,NULL,'USD',1.0000,1.0000,NULL,NULL,0.0000,0.0000,0.0000,0.0000,1,0,NULL,NULL,0,'p2lqV4EDu2LPpl3wYHxTivhMnHnUfVyb',0,NULL,NULL),(380,5,'2022-08-10 03:21:39','2022-08-10 03:22:15',NULL,1,0,0,0,0.0000,0,0.0000,0.0000,'USD','USD','USD',0.0000,0.0000,NULL,15,NULL,1,'ashish.bubne@rahisystems.com',NULL,'Ashish',NULL,'Bubne',NULL,NULL,NULL,1,0,'172.70.178.36',NULL,NULL,NULL,NULL,'USD',1.0000,1.0000,NULL,'0',0.0000,0.0000,0.0000,0.0000,1,0,NULL,NULL,0,'xhZ2m3tRNLSNBKP3ywW0kYBvU5Zv7v83',0,NULL,NULL),(381,5,'2022-08-10 04:01:29','2022-08-10 04:01:29',NULL,1,0,0,0,0.0000,0,0.0000,0.0000,'USD','USD','USD',0.0000,0.0000,NULL,16,NULL,1,'mounika.a@rahisystems.com',NULL,'Mounika',NULL,'Alla',NULL,NULL,NULL,1,0,'172.68.35.21',NULL,NULL,NULL,NULL,'USD',1.0000,1.0000,NULL,NULL,0.0000,0.0000,0.0000,0.0000,1,0,NULL,NULL,0,'u2bp9rj1ucB27rN16RpQybB6PPjBMIOX',0,NULL,NULL),(382,5,'2022-08-10 04:14:16','2022-08-10 04:14:16',NULL,1,0,0,0,0.0000,0,0.0000,0.0000,'USD','USD','USD',0.0000,0.0000,NULL,15,NULL,1,'ashish.bubne@rahisystems.com',NULL,'Ashish',NULL,'Bubne',NULL,NULL,NULL,1,0,'172.70.178.52',NULL,NULL,NULL,NULL,'USD',1.0000,1.0000,NULL,'0',0.0000,0.0000,0.0000,0.0000,1,0,NULL,NULL,0,'uKmbiBzlpf5YdOyJo5OwJAOFHtuLKTQ5',0,NULL,NULL),(383,5,'2022-08-10 04:29:20','2022-08-10 04:29:20',NULL,1,0,0,0,0.0000,0,0.0000,0.0000,'USD','USD','USD',0.0000,0.0000,NULL,15,NULL,1,'ashish.bubne@rahisystems.com',NULL,'Ashish',NULL,'Bubne',NULL,NULL,NULL,1,0,'172.70.178.194',NULL,NULL,NULL,NULL,'USD',1.0000,1.0000,NULL,'0',0.0000,0.0000,0.0000,0.0000,1,0,NULL,NULL,0,'M8DfhMeK9l5yPtAw03DcXbkP5fawGIFD',0,NULL,NULL),(384,5,'2022-08-10 04:31:11','2022-08-10 04:31:11',NULL,1,0,0,0,0.0000,0,0.0000,0.0000,'USD','USD','USD',0.0000,0.0000,NULL,16,NULL,1,'mounika.a@rahisystems.com',NULL,'Mounika',NULL,'Alla',NULL,NULL,NULL,1,0,'172.68.35.9',NULL,NULL,NULL,NULL,'USD',1.0000,1.0000,NULL,NULL,0.0000,0.0000,0.0000,0.0000,1,0,NULL,NULL,0,'fJvvhaviYGLzxuRmyuqNeJxIQhQgLOcS',0,NULL,NULL),(385,5,'2022-08-10 04:31:22','2022-08-10 04:31:58',NULL,1,0,0,2,2.0000,0,0.0000,0.0000,'USD','USD','USD',40986.3000,40986.3000,NULL,15,3,1,'ashish.bubne@rahisystems.com',NULL,'Ashish',NULL,'Bubne',NULL,NULL,NULL,1,0,'172.70.178.108',NULL,NULL,NULL,NULL,'USD',1.0000,1.0000,NULL,'0',40976.3000,40976.3000,40976.3000,40976.3000,1,0,NULL,NULL,0,'vtBk9KcKc2TQoX89ExCJSH6cpSBArAzJ',0,NULL,NULL),(386,5,'2022-08-10 04:32:29','2022-08-10 04:33:19',NULL,0,0,0,2,2.0000,0,0.0000,0.0000,'USD','USD','USD',22988.0000,22988.0000,NULL,15,3,1,'ashish.bubne@rahisystems.com',NULL,'Ashish',NULL,'Bubne',NULL,NULL,NULL,1,0,'172.70.178.34',NULL,NULL,NULL,NULL,'USD',1.0000,1.0000,NULL,'0',22978.0000,22978.0000,22978.0000,22978.0000,1,0,NULL,NULL,0,'h4BBKkqwMzxxMAxzTWAqrd5pt7PKTLTU',0,NULL,NULL),(387,5,'2022-08-10 05:01:00','2022-08-10 05:01:01',NULL,1,0,0,0,0.0000,0,0.0000,0.0000,'USD','USD','USD',0.0000,0.0000,NULL,15,NULL,1,'ashish.bubne@rahisystems.com',NULL,'Ashish',NULL,'Bubne',NULL,NULL,NULL,1,0,'172.70.131.133',NULL,NULL,NULL,NULL,'USD',1.0000,1.0000,NULL,'0',0.0000,0.0000,0.0000,0.0000,1,0,NULL,NULL,0,'jnhkTT1U1j20gH0SHa7nTiUQZKOfa3ch',0,NULL,NULL),(388,5,'2022-08-10 07:15:17','2022-08-10 07:15:17',NULL,1,0,0,0,0.0000,0,0.0000,0.0000,'USD','USD','USD',0.0000,0.0000,NULL,15,NULL,1,'ashish.bubne@rahisystems.com',NULL,'Ashish',NULL,'Bubne',NULL,NULL,NULL,1,0,'172.70.179.29',NULL,NULL,NULL,NULL,'USD',1.0000,1.0000,NULL,'0',0.0000,0.0000,0.0000,0.0000,1,0,NULL,NULL,0,'W3Z3ZrvRN8fs2EBKBYSuLlgagZvrC3DB',0,NULL,NULL),(389,5,'2022-08-10 07:15:48','2022-08-10 07:15:48',NULL,1,0,0,0,0.0000,0,0.0000,0.0000,'USD','USD','USD',0.0000,0.0000,NULL,15,NULL,1,'ashish.bubne@rahisystems.com',NULL,'Ashish',NULL,'Bubne',NULL,NULL,NULL,1,0,'172.70.178.118',NULL,NULL,NULL,NULL,'USD',1.0000,1.0000,NULL,'0',0.0000,0.0000,0.0000,0.0000,1,0,NULL,NULL,0,'2Xsj61CvPrHOGTrxdAQxetC0X1fvmJuK',0,NULL,NULL),(390,5,'2022-08-10 16:21:53','2022-08-10 16:23:19',NULL,0,0,0,3,4.0000,0,0.0000,0.0000,'USD','USD','USD',83398.0000,83398.0000,NULL,16,3,1,'mounika.a@rahisystems.com',NULL,'Mounika',NULL,'Alla',NULL,NULL,NULL,1,0,'172.68.35.13',NULL,NULL,NULL,NULL,'USD',1.0000,1.0000,NULL,NULL,83378.0000,83378.0000,83378.0000,83378.0000,1,0,NULL,NULL,0,'poZyUHAyIi6sPxgOzQUiXjPmeAaIVjXs',0,NULL,NULL),(391,5,'2022-08-10 16:40:38','2022-08-10 16:48:03',NULL,0,0,0,1,2.0000,0,0.0000,0.0000,'USD','USD','USD',10.0000,10.0000,NULL,16,3,1,'mounika.a@rahisystems.com',NULL,'Mounika',NULL,'Alla',NULL,NULL,NULL,1,0,'172.68.35.29',NULL,NULL,NULL,NULL,'USD',1.0000,1.0000,NULL,NULL,0.0000,0.0000,0.0000,0.0000,1,0,NULL,NULL,0,'rCLo70SIJRY9pfLQS5vXv5OlPP32ylsv',0,NULL,NULL),(392,5,'2022-08-10 16:48:54','2022-08-10 16:51:51',NULL,0,0,0,1,2.0000,0,0.0000,0.0000,'USD','USD','USD',10.0000,10.0000,NULL,16,3,1,'mounika.a@rahisystems.com',NULL,'Mounika',NULL,'Alla',NULL,NULL,NULL,1,0,'172.68.35.17',NULL,NULL,NULL,NULL,'USD',1.0000,1.0000,NULL,NULL,0.0000,0.0000,0.0000,0.0000,1,0,NULL,NULL,0,'bZKHF08C6tV7rp434LqIyk5L7vHKTehr',0,NULL,NULL),(393,5,'2022-08-10 16:55:29','2022-08-10 17:04:35',NULL,1,0,0,1,2.0000,0,0.0000,0.0000,'USD','USD','USD',10.0000,10.0000,NULL,16,3,1,'mounika.a@rahisystems.com',NULL,'Mounika',NULL,'Alla',NULL,NULL,NULL,1,0,'172.68.34.252',NULL,NULL,NULL,NULL,'USD',1.0000,1.0000,NULL,NULL,0.0000,0.0000,0.0000,0.0000,1,0,NULL,NULL,0,'YvkKN563EZVjYWHfbeyrOUQ2prNg6O0o',0,NULL,NULL),(394,5,'2022-08-10 17:34:11','2022-08-10 17:34:11',NULL,0,0,0,0,0.0000,0,0.0000,0.0000,'USD','USD','USD',0.0000,0.0000,NULL,NULL,NULL,0,NULL,NULL,NULL,NULL,NULL,NULL,NULL,NULL,1,1,'172.68.35.7',NULL,NULL,NULL,NULL,'USD',1.0000,1.0000,NULL,NULL,0.0000,0.0000,0.0000,0.0000,1,0,NULL,NULL,0,'L4FScR22hoEttaiK7VU6wwIUM2N5ZIFL',0,NULL,NULL);

--
